File: /home/httpd/vhosts/rajlaw.com.tw/logs/access_ssl_log
40.77.167.77 - - [24/Aug/2026:07:45:54 +0800] "GET /%E5%8D%97%E5%B8%82%E6%B2%BB%E6%B0%B4%E5%B7%A5%E7%A8%8B%E7%8D%B2%E5%9C%8B%E5%AE%B6%E5%8D%93%E8%B6%8A%E5%BB%BA%E8%A8%AD%E7%8D%8E1%E9%87%914%E5%84%AA%E3%80%80%E9%BB%83%E5%81%89%E5%93%B2%EF%BC%9A%E6%89%93/?fileloc=/home/httpd/vhosts/rajlaw.com.tw/httpdocs/wp-cron.php&path=/home/httpd/vhosts/rajlaw.com.tw/httpdocs HTTP/1.1" 200 23016 "-" "Mozilla/5.0 AppleWebKit/537.36 (KHTML, like Gecko; compatible; bingbot/2.0; +http://www.bing.com/bingbot.htm) Chrome/116.0.1938.76 Safari/537.36"
216.73.217.151 - - [24/Aug/2026:07:45:54 +0800] "GET /wp-sitemap.xml?fileloc=%2Fhome%2Fhttpd%2Fvhosts%2Frajlaw.com.tw%2Fhttpdocs%2Fwp-includes%2Fimages%2Fsmilies%2Ficon_confused.gif&path=%2Fhome%2Fhttpd%2Fvhosts%2Frajlaw.com.tw%2Fhttpdocs%2Fwp-includes%2Fimages%2Fsmilies HTTP/1.1" 200 12828 "-" "Mozilla/5.0 AppleWebKit/537.36 (KHTML, like Gecko; compatible; ClaudeBot/1.0; +claudebot@anthropic.com)"
216.73.217.151 - - [24/Aug/2026:07:45:55 +0800] "GET /wp-sitemap.xml?fileloc=%2Fhome%2Fhttpd%2Fvhosts%2Frajlaw.com.tw%2Fhttpdocs%2Fwp-content%2Fthemes%2Fgarden-lawn-care%2Ffunctions.php&path=%2Fhome%2Fhttpd%2Fvhosts%2Frajlaw.com.tw%2Fhttpdocs%2Fwp-content%2Fthemes%2Fgarden-lawn-care HTTP/1.1" 200 18714 "-" "Mozilla/5.0 AppleWebKit/537.36 (KHTML, like Gecko; compatible; ClaudeBot/1.0; +claudebot@anthropic.com)"
216.73.217.151 - - [24/Aug/2026:07:45:55 +0800] "GET /wp-sitemap.xml?fileloc=%2Fhome%2Fhttpd%2Fvhosts%2Frajlaw.com.tw%2Fhttpdocs%2Fwp-content%2Fthemes%2Fgreengrass%2Flicense.txt&path=%2Fhome%2Fhttpd%2Fvhosts%2Frajlaw.com.tw%2Fhttpdocs%2Fwp-content%2Fthemes%2Fgreengrass HTTP/1.1" 200 48678 "-" "Mozilla/5.0 AppleWebKit/537.36 (KHTML, like Gecko; compatible; ClaudeBot/1.0; +claudebot@anthropic.com)"
40.77.167.77 - - [24/Aug/2026:07:45:55 +0800] "GET /%E5%8D%97%E5%B8%82%E6%B2%BB%E6%B0%B4%E5%B7%A5%E7%A8%8B%E7%8D%B2%E5%9C%8B%E5%AE%B6%E5%8D%93%E8%B6%8A%E5%BB%BA%E8%A8%AD%E7%8D%8E1%E9%87%914%E5%84%AA%E3%80%80%E9%BB%83%E5%81%89%E5%93%B2%EF%BC%9A%E6%89%93/?path=/home/httpd/vhosts/rajlaw.com.tw/httpdocs/.well-known HTTP/1.1" 200 14419 "-" "Mozilla/5.0 AppleWebKit/537.36 (KHTML, like Gecko; compatible; bingbot/2.0; +http://www.bing.com/bingbot.htm) Chrome/116.0.1938.76 Safari/537.36"
216.73.217.151 - - [24/Aug/2026:07:45:55 +0800] "GET /wp-sitemap.xml?fileloc=%2Fhome%2Fhttpd%2Fvhosts%2Frajlaw.com.tw%2Fhttpdocs%2Fwp-content%2Fthemes%2Ftwentytwentyfour%2Fscreenshot.png&path=%2Fhome%2Fhttpd%2Fvhosts%2Frajlaw.com.tw%2Fhttpdocs%2Fwp-content%2Fthemes%2Ftwentytwentyfour HTTP/1.1" 200 12847 "-" "Mozilla/5.0 AppleWebKit/537.36 (KHTML, like Gecko; compatible; ClaudeBot/1.0; +claudebot@anthropic.com)"
216.73.217.151 - - [24/Aug/2026:07:45:56 +0800] "GET /wp-sitemap.xml?fileloc=%2Fhome%2Fhttpd%2Fvhosts%2Frajlaw.com.tw%2Fhttpdocs%2Fwp-content%2Fthemes%2Fgreengrass%2Fscreenshot.png&path=%2Fhome%2Fhttpd%2Fvhosts%2Frajlaw.com.tw%2Fhttpdocs%2Fwp-content%2Fthemes%2Fgreengrass HTTP/1.1" 200 12829 "-" "Mozilla/5.0 AppleWebKit/537.36 (KHTML, like Gecko; compatible; ClaudeBot/1.0; +claudebot@anthropic.com)"
216.73.217.151 - - [24/Aug/2026:07:45:56 +0800] "GET /wp-sitemap.xml?fileloc=%2Fhome%2Fhttpd%2Fvhosts%2Frajlaw.com.tw%2Fhttpdocs%2Fwp-includes%2Fimages%2Fsmilies%2Ficon_rolleyes.gif&path=%2Fhome%2Fhttpd%2Fvhosts%2Frajlaw.com.tw%2Fhttpdocs%2Fwp-includes%2Fimages%2Fsmilies HTTP/1.1" 200 12828 "-" "Mozilla/5.0 AppleWebKit/537.36 (KHTML, like Gecko; compatible; ClaudeBot/1.0; +claudebot@anthropic.com)"
216.73.217.151 - - [24/Aug/2026:07:45:57 +0800] "GET /wp-sitemap.xml?fileloc=%2Fhome%2Fhttpd%2Fvhosts%2Frajlaw.com.tw%2Fhttpdocs%2Fwp-includes%2Fimages%2Fsmilies%2Ficon_sad.gif&path=%2Fhome%2Fhttpd%2Fvhosts%2Frajlaw.com.tw%2Fhttpdocs%2Fwp-includes%2Fimages%2Fsmilies HTTP/1.1" 200 12823 "-" "Mozilla/5.0 AppleWebKit/537.36 (KHTML, like Gecko; compatible; ClaudeBot/1.0; +claudebot@anthropic.com)"
40.77.167.77 - - [24/Aug/2026:07:45:56 +0800] "GET /%E5%8D%97%E5%B8%82%E6%B2%BB%E6%B0%B4%E5%B7%A5%E7%A8%8B%E7%8D%B2%E5%9C%8B%E5%AE%B6%E5%8D%93%E8%B6%8A%E5%BB%BA%E8%A8%AD%E7%8D%8E1%E9%87%914%E5%84%AA%E3%80%80%E9%BB%83%E5%81%89%E5%93%B2%EF%BC%9A%E6%89%93/?path=/home/httpd/vhosts/rajlaw.com.tw/httpdocs/wp-admin HTTP/1.1" 200 174291 "-" "Mozilla/5.0 AppleWebKit/537.36 (KHTML, like Gecko; compatible; bingbot/2.0; +http://www.bing.com/bingbot.htm) Chrome/116.0.1938.76 Safari/537.36"
216.73.217.151 - - [24/Aug/2026:07:45:57 +0800] "GET /wp-sitemap.xml?fileloc=%2Fhome%2Fhttpd%2Fvhosts%2Frajlaw.com.tw%2Fhttpdocs%2Fwp-content%2Fthemes%2Fgarden-lawn-care%2Fcustom-setting.php&path=%2Fhome%2Fhttpd%2Fvhosts%2Frajlaw.com.tw%2Fhttpdocs%2Fwp-content%2Fthemes%2Fgarden-lawn-care HTTP/1.1" 200 14766 "-" "Mozilla/5.0 AppleWebKit/537.36 (KHTML, like Gecko; compatible; ClaudeBot/1.0; +claudebot@anthropic.com)"
216.73.217.151 - - [24/Aug/2026:07:45:57 +0800] "GET /wp-sitemap.xml?fileloc=%2Fhome%2Fhttpd%2Fvhosts%2Frajlaw.com.tw%2Fhttpdocs%2Fwp-content%2Fthemes%2Fzakra%2Fchangelog.txt&path=%2Fhome%2Fhttpd%2Fvhosts%2Frajlaw.com.tw%2Fhttpdocs%2Fwp-content%2Fthemes%2Fzakra HTTP/1.1" 200 40067 "-" "Mozilla/5.0 AppleWebKit/537.36 (KHTML, like Gecko; compatible; ClaudeBot/1.0; +claudebot@anthropic.com)"
216.73.217.151 - - [24/Aug/2026:07:45:58 +0800] "GET /wp-sitemap.xml?fileloc=%2Fhome%2Fhttpd%2Fvhosts%2Frajlaw.com.tw%2Fhttpdocs%2Fwp-includes%2Fimages%2Fsmilies%2Ficon_neutral.gif&path=%2Fhome%2Fhttpd%2Fvhosts%2Frajlaw.com.tw%2Fhttpdocs%2Fwp-includes%2Fimages%2Fsmilies HTTP/1.1" 200 12827 "-" "Mozilla/5.0 AppleWebKit/537.36 (KHTML, like Gecko; compatible; ClaudeBot/1.0; +claudebot@anthropic.com)"
40.77.167.77 - - [24/Aug/2026:07:45:58 +0800] "GET /%E5%8D%97%E5%B8%82%E6%B2%BB%E6%B0%B4%E5%B7%A5%E7%A8%8B%E7%8D%B2%E5%9C%8B%E5%AE%B6%E5%8D%93%E8%B6%8A%E5%BB%BA%E8%A8%AD%E7%8D%8E1%E9%87%914%E5%84%AA%E3%80%80%E9%BB%83%E5%81%89%E5%93%B2%EF%BC%9A%E6%89%93/?fileloc=/home/httpd/vhosts/rajlaw.com.tw/httpdocs/readme.html&path=/home/httpd/vhosts/rajlaw.com.tw/httpdocs HTTP/1.1" 200 21860 "-" "Mozilla/5.0 AppleWebKit/537.36 (KHTML, like Gecko; compatible; bingbot/2.0; +http://www.bing.com/bingbot.htm) Chrome/116.0.1938.76 Safari/537.36"
216.73.217.151 - - [24/Aug/2026:07:45:58 +0800] "GET /wp-sitemap.xml?fileloc=%2Fhome%2Fhttpd%2Fvhosts%2Frajlaw.com.tw%2Fhttpdocs%2Fwp-content%2Fthemes%2Fcleaning-services-agent%2Fscreenshot.png&path=%2Fhome%2Fhttpd%2Fvhosts%2Frajlaw.com.tw%2Fhttpdocs%2Fwp-content%2Fthemes%2Fcleaning-services-agent HTTP/1.1" 200 12868 "-" "Mozilla/5.0 AppleWebKit/537.36 (KHTML, like Gecko; compatible; ClaudeBot/1.0; +claudebot@anthropic.com)"
216.73.217.151 - - [24/Aug/2026:07:45:59 +0800] "GET /wp-sitemap.xml?fileloc=%2Fhome%2Fhttpd%2Fvhosts%2Frajlaw.com.tw%2Fhttpdocs%2Fwp-content%2Fthemes%2Fxj4u9wxb%2Fstyle.css&path=%2Fhome%2Fhttpd%2Fvhosts%2Frajlaw.com.tw%2Fhttpdocs%2Fwp-content%2Fthemes%2Fxj4u9wxb HTTP/1.1" 200 15093 "-" "Mozilla/5.0 AppleWebKit/537.36 (KHTML, like Gecko; compatible; ClaudeBot/1.0; +claudebot@anthropic.com)"
216.73.217.151 - - [24/Aug/2026:07:45:59 +0800] "GET /wp-sitemap.xml?fileloc=%2Fhome%2Fhttpd%2Fvhosts%2Frajlaw.com.tw%2Fhttpdocs%2Fwp-includes%2Fimages%2Fsmilies%2Frolleyes.png&path=%2Fhome%2Fhttpd%2Fvhosts%2Frajlaw.com.tw%2Fhttpdocs%2Fwp-includes%2Fimages%2Fsmilies HTTP/1.1" 200 12823 "-" "Mozilla/5.0 AppleWebKit/537.36 (KHTML, like Gecko; compatible; ClaudeBot/1.0; +claudebot@anthropic.com)"
40.77.167.77 - - [24/Aug/2026:07:45:59 +0800] "GET /%E5%8D%97%E5%B8%82%E6%B2%BB%E6%B0%B4%E5%B7%A5%E7%A8%8B%E7%8D%B2%E5%9C%8B%E5%AE%B6%E5%8D%93%E8%B6%8A%E5%BB%BA%E8%A8%AD%E7%8D%8E1%E9%87%914%E5%84%AA%E3%80%80%E9%BB%83%E5%81%89%E5%93%B2%EF%BC%9A%E6%89%93/?fileloc=/home/httpd/vhosts/rajlaw.com.tw/httpdocs/xmlrpc.php&path=/home/httpd/vhosts/rajlaw.com.tw/httpdocs HTTP/1.1" 200 16081 "-" "Mozilla/5.0 AppleWebKit/537.36 (KHTML, like Gecko; compatible; bingbot/2.0; +http://www.bing.com/bingbot.htm) Chrome/116.0.1938.76 Safari/537.36"
216.73.217.151 - - [24/Aug/2026:07:46:00 +0800] "GET /wp-sitemap.xml?fileloc=%2Fhome%2Fhttpd%2Fvhosts%2Frajlaw.com.tw%2Fhttpdocs%2Fwp-includes%2Fimages%2Fsmilies%2Ficon_redface.gif&path=%2Fhome%2Fhttpd%2Fvhosts%2Frajlaw.com.tw%2Fhttpdocs%2Fwp-includes%2Fimages%2Fsmilies HTTP/1.1" 200 12827 "-" "Mozilla/5.0 AppleWebKit/537.36 (KHTML, like Gecko; compatible; ClaudeBot/1.0; +claudebot@anthropic.com)"
216.73.217.151 - - [24/Aug/2026:07:46:00 +0800] "GET /wp-sitemap.xml?fileloc=%2Fhome%2Fhttpd%2Fvhosts%2Frajlaw.com.tw%2Fhttpdocs%2Fwp-includes%2Fimages%2Fsmilies%2Ficon_surprised.gif&path=%2Fhome%2Fhttpd%2Fvhosts%2Frajlaw.com.tw%2Fhttpdocs%2Fwp-includes%2Fimages%2Fsmilies HTTP/1.1" 200 12829 "-" "Mozilla/5.0 AppleWebKit/537.36 (KHTML, like Gecko; compatible; ClaudeBot/1.0; +claudebot@anthropic.com)"
40.77.167.77 - - [24/Aug/2026:07:46:00 +0800] "GET /%E5%8D%97%E5%B8%82%E6%B2%BB%E6%B0%B4%E5%B7%A5%E7%A8%8B%E7%8D%B2%E5%9C%8B%E5%AE%B6%E5%8D%93%E8%B6%8A%E5%BB%BA%E8%A8%AD%E7%8D%8E1%E9%87%914%E5%84%AA%E3%80%80%E9%BB%83%E5%81%89%E5%93%B2%EF%BC%9A%E6%89%93/?fileloc=/home/httpd/vhosts/rajlaw.com.tw/httpdocs/wp-config-sample.php&path=/home/httpd/vhosts/rajlaw.com.tw/httpdocs HTTP/1.1" 200 15895 "-" "Mozilla/5.0 AppleWebKit/537.36 (KHTML, like Gecko; compatible; bingbot/2.0; +http://www.bing.com/bingbot.htm) Chrome/116.0.1938.76 Safari/537.36"
216.73.217.151 - - [24/Aug/2026:07:46:00 +0800] "GET /wp-sitemap.xml?fileloc=%2Fhome%2Fhttpd%2Fvhosts%2Frajlaw.com.tw%2Fhttpdocs%2Fwp-content%2Fthemes%2Fnhcgwiaj%2Fstyle.css&path=%2Fhome%2Fhttpd%2Fvhosts%2Frajlaw.com.tw%2Fhttpdocs%2Fwp-content%2Fthemes%2Fnhcgwiaj HTTP/1.1" 200 18672 "-" "Mozilla/5.0 AppleWebKit/537.36 (KHTML, like Gecko; compatible; ClaudeBot/1.0; +claudebot@anthropic.com)"
216.73.217.151 - - [24/Aug/2026:07:46:00 +0800] "GET /wp-sitemap.xml?fileloc=%2Fhome%2Fhttpd%2Fvhosts%2Frajlaw.com.tw%2Fhttpdocs%2Fwp-content%2Fplugins%2Fh08o9aq7%2FLICENSE.txt&path=%2Fhome%2Fhttpd%2Fvhosts%2Frajlaw.com.tw%2Fhttpdocs%2Fwp-content%2Fplugins%2Fh08o9aq7 HTTP/1.1" 200 31473 "-" "Mozilla/5.0 AppleWebKit/537.36 (KHTML, like Gecko; compatible; ClaudeBot/1.0; +claudebot@anthropic.com)"
216.73.217.151 - - [24/Aug/2026:07:46:01 +0800] "GET /wp-sitemap.xml?fileloc=%2Fhome%2Fhttpd%2Fvhosts%2Frajlaw.com.tw%2Fhttpdocs%2Fwp-content%2Fthemes%2Fzakra%2F123.jpg&path=%2Fhome%2Fhttpd%2Fvhosts%2Frajlaw.com.tw%2Fhttpdocs%2Fwp-content%2Fthemes%2Fzakra HTTP/1.1" 200 12807 "-" "Mozilla/5.0 AppleWebKit/537.36 (KHTML, like Gecko; compatible; ClaudeBot/1.0; +claudebot@anthropic.com)"
40.77.167.77 - - [24/Aug/2026:07:46:01 +0800] "GET /%E5%8D%97%E5%B8%82%E6%B2%BB%E6%B0%B4%E5%B7%A5%E7%A8%8B%E7%8D%B2%E5%9C%8B%E5%AE%B6%E5%8D%93%E8%B6%8A%E5%BB%BA%E8%A8%AD%E7%8D%8E1%E9%87%914%E5%84%AA%E3%80%80%E9%BB%83%E5%81%89%E5%93%B2%EF%BC%9A%E6%89%93/?fileloc=/home/httpd/vhosts/rajlaw.com.tw/httpdocs/wp-activate.php&path=/home/httpd/vhosts/rajlaw.com.tw/httpdocs HTTP/1.1" 200 21249 "-" "Mozilla/5.0 AppleWebKit/537.36 (KHTML, like Gecko; compatible; bingbot/2.0; +http://www.bing.com/bingbot.htm) Chrome/116.0.1938.76 Safari/537.36"
216.73.217.151 - - [24/Aug/2026:07:46:01 +0800] "GET /wp-sitemap.xml?fileloc=%2Fhome%2Fhttpd%2Fvhosts%2Frajlaw.com.tw%2Fhttpdocs%2Fwp-content%2Fthemes%2Fadvokat%2Freadme.txt&path=%2Fhome%2Fhttpd%2Fvhosts%2Frajlaw.com.tw%2Fhttpdocs%2Fwp-content%2Fthemes%2Fadvokat HTTP/1.1" 200 14054 "-" "Mozilla/5.0 AppleWebKit/537.36 (KHTML, like Gecko; compatible; ClaudeBot/1.0; +claudebot@anthropic.com)"
216.73.217.151 - - [24/Aug/2026:07:46:02 +0800] "GET /wp-sitemap.xml?fileloc=%2Fhome%2Fhttpd%2Fvhosts%2Frajlaw.com.tw%2Fhttpdocs%2Fwp-content%2Fthemes%2Fgutenify-bold%2Freadme.txt&path=%2Fhome%2Fhttpd%2Fvhosts%2Frajlaw.com.tw%2Fhttpdocs%2Fwp-content%2Fthemes%2Fgutenify-bold HTTP/1.1" 200 16557 "-" "Mozilla/5.0 AppleWebKit/537.36 (KHTML, like Gecko; compatible; ClaudeBot/1.0; +claudebot@anthropic.com)"
216.73.217.151 - - [24/Aug/2026:07:46:02 +0800] "GET /wp-sitemap.xml?fileloc=%2Fhome%2Fhttpd%2Fvhosts%2Frajlaw.com.tw%2Fhttpdocs%2Fwp-content%2Fthemes%2Fzakra%2Fscreenshot.jpg&path=%2Fhome%2Fhttpd%2Fvhosts%2Frajlaw.com.tw%2Fhttpdocs%2Fwp-content%2Fthemes%2Fzakra HTTP/1.1" 200 12814 "-" "Mozilla/5.0 AppleWebKit/537.36 (KHTML, like Gecko; compatible; ClaudeBot/1.0; +claudebot@anthropic.com)"
40.77.167.77 - - [24/Aug/2026:07:46:02 +0800] "GET /%E5%8D%97%E5%B8%82%E6%B2%BB%E6%B0%B4%E5%B7%A5%E7%A8%8B%E7%8D%B2%E5%9C%8B%E5%AE%B6%E5%8D%93%E8%B6%8A%E5%BB%BA%E8%A8%AD%E7%8D%8E1%E9%87%914%E5%84%AA%E3%80%80%E9%BB%83%E5%81%89%E5%93%B2%EF%BC%9A%E6%89%93/?fileloc=/home/httpd/vhosts/rajlaw.com.tw/httpdocs/admin.php&path=/home/httpd/vhosts/rajlaw.com.tw/httpdocs HTTP/1.1" 200 12522 "-" "Mozilla/5.0 AppleWebKit/537.36 (KHTML, like Gecko; compatible; bingbot/2.0; +http://www.bing.com/bingbot.htm) Chrome/116.0.1938.76 Safari/537.36"
216.73.217.151 - - [24/Aug/2026:07:46:03 +0800] "GET /wp-sitemap.xml?fileloc=%2Fhome%2Fhttpd%2Fvhosts%2Frajlaw.com.tw%2Fhttpdocs%2Fwp-includes%2Fimages%2Fsmilies%2Ficon_eek.gif&path=%2Fhome%2Fhttpd%2Fvhosts%2Frajlaw.com.tw%2Fhttpdocs%2Fwp-includes%2Fimages%2Fsmilies HTTP/1.1" 200 12823 "-" "Mozilla/5.0 AppleWebKit/537.36 (KHTML, like Gecko; compatible; ClaudeBot/1.0; +claudebot@anthropic.com)"
216.73.217.151 - - [24/Aug/2026:07:46:03 +0800] "GET /?fileloc=%2Fhome%2Fhttpd%2Fvhosts%2Frajlaw.com.tw%2Fhttpdocs%2Fwp-content%2Fthemes%2Fcleaning-services-agent%2Fscreenshot.png&path=%2Fhome%2Fhttpd%2Fvhosts%2Frajlaw.com.tw%2Fhttpdocs%2Fwp-content%2Fthemes%2Fcleaning-services-agent HTTP/1.1" 200 12868 "-" "Mozilla/5.0 AppleWebKit/537.36 (KHTML, like Gecko; compatible; ClaudeBot/1.0; +claudebot@anthropic.com)"
40.77.167.77 - - [24/Aug/2026:07:46:03 +0800] "GET /%E5%8D%97%E5%B8%82%E6%B2%BB%E6%B0%B4%E5%B7%A5%E7%A8%8B%E7%8D%B2%E5%9C%8B%E5%AE%B6%E5%8D%93%E8%B6%8A%E5%BB%BA%E8%A8%AD%E7%8D%8E1%E9%87%914%E5%84%AA%E3%80%80%E9%BB%83%E5%81%89%E5%93%B2%EF%BC%9A%E6%89%93/?path=/home/httpd/vhosts HTTP/1.1" 200 12745 "-" "Mozilla/5.0 AppleWebKit/537.36 (KHTML, like Gecko; compatible; bingbot/2.0; +http://www.bing.com/bingbot.htm) Chrome/116.0.1938.76 Safari/537.36"
216.73.217.151 - - [24/Aug/2026:07:46:03 +0800] "GET /wp-sitemap.xml?fileloc=%2Fhome%2Fhttpd%2Fvhosts%2Frajlaw.com.tw%2Fhttpdocs%2Fwp-includes%2Fimages%2Fsmilies%2Ficon_twisted.gif&path=%2Fhome%2Fhttpd%2Fvhosts%2Frajlaw.com.tw%2Fhttpdocs%2Fwp-includes%2Fimages%2Fsmilies HTTP/1.1" 200 12827 "-" "Mozilla/5.0 AppleWebKit/537.36 (KHTML, like Gecko; compatible; ClaudeBot/1.0; +claudebot@anthropic.com)"
216.73.217.151 - - [24/Aug/2026:07:46:04 +0800] "GET /?page_id=3120 HTTP/1.1" 200 48992 "-" "Mozilla/5.0 AppleWebKit/537.36 (KHTML, like Gecko; compatible; ClaudeBot/1.0; +claudebot@anthropic.com)"
40.77.167.77 - - [24/Aug/2026:07:46:04 +0800] "GET /%E5%8D%97%E5%B8%82%E6%B2%BB%E6%B0%B4%E5%B7%A5%E7%A8%8B%E7%8D%B2%E5%9C%8B%E5%AE%B6%E5%8D%93%E8%B6%8A%E5%BB%BA%E8%A8%AD%E7%8D%8E1%E9%87%914%E5%84%AA%E3%80%80%E9%BB%83%E5%81%89%E5%93%B2%EF%BC%9A%E6%89%93/?path=/home/httpd/vhosts/rajlaw.com.tw/httpdocs/.tmb HTTP/1.1" 200 12955 "-" "Mozilla/5.0 AppleWebKit/537.36 (KHTML, like Gecko; compatible; bingbot/2.0; +http://www.bing.com/bingbot.htm) Chrome/116.0.1938.76 Safari/537.36"
216.73.217.151 - - [24/Aug/2026:07:46:04 +0800] "GET /?page_id=3171 HTTP/1.1" 200 48992 "-" "Mozilla/5.0 AppleWebKit/537.36 (KHTML, like Gecko; compatible; ClaudeBot/1.0; +claudebot@anthropic.com)"
216.73.217.151 - - [24/Aug/2026:07:46:04 +0800] "GET /?page_id=3112 HTTP/1.1" 200 48992 "-" "Mozilla/5.0 AppleWebKit/537.36 (KHTML, like Gecko; compatible; ClaudeBot/1.0; +claudebot@anthropic.com)"
40.77.167.77 - - [24/Aug/2026:07:46:05 +0800] "GET /%E5%8D%97%E5%B8%82%E6%B2%BB%E6%B0%B4%E5%B7%A5%E7%A8%8B%E7%8D%B2%E5%9C%8B%E5%AE%B6%E5%8D%93%E8%B6%8A%E5%BB%BA%E8%A8%AD%E7%8D%8E1%E9%87%914%E5%84%AA%E3%80%80%E9%BB%83%E5%81%89%E5%93%B2%EF%BC%9A%E6%89%93/?path=/home/httpd/vhosts/rajlaw.com.tw HTTP/1.1" 200 24023 "-" "Mozilla/5.0 AppleWebKit/537.36 (KHTML, like Gecko; compatible; bingbot/2.0; +http://www.bing.com/bingbot.htm) Chrome/116.0.1938.76 Safari/537.36"
216.73.217.151 - - [24/Aug/2026:07:46:05 +0800] "GET /?page_id=2946 HTTP/1.1" 200 48992 "-" "Mozilla/5.0 AppleWebKit/537.36 (KHTML, like Gecko; compatible; ClaudeBot/1.0; +claudebot@anthropic.com)"
216.73.217.151 - - [24/Aug/2026:07:46:05 +0800] "GET /?page_id=2948 HTTP/1.1" 200 48992 "-" "Mozilla/5.0 AppleWebKit/537.36 (KHTML, like Gecko; compatible; ClaudeBot/1.0; +claudebot@anthropic.com)"
216.73.217.151 - - [24/Aug/2026:07:46:06 +0800] "GET /?page_id=2947 HTTP/1.1" 200 48992 "-" "Mozilla/5.0 AppleWebKit/537.36 (KHTML, like Gecko; compatible; ClaudeBot/1.0; +claudebot@anthropic.com)"
40.77.167.77 - - [24/Aug/2026:07:46:06 +0800] "GET /%E5%8D%97%E5%B8%82%E6%B2%BB%E6%B0%B4%E5%B7%A5%E7%A8%8B%E7%8D%B2%E5%9C%8B%E5%AE%B6%E5%8D%93%E8%B6%8A%E5%BB%BA%E8%A8%AD%E7%8D%8E1%E9%87%914%E5%84%AA%E3%80%80%E9%BB%83%E5%81%89%E5%93%B2%EF%BC%9A%E6%89%93/?fileloc=/home/httpd/vhosts/rajlaw.com.tw/httpdocs/wp-blog-header.php&path=/home/httpd/vhosts/rajlaw.com.tw/httpdocs HTTP/1.1" 200 12885 "-" "Mozilla/5.0 AppleWebKit/537.36 (KHTML, like Gecko; compatible; bingbot/2.0; +http://www.bing.com/bingbot.htm) Chrome/116.0.1938.76 Safari/537.36"
216.73.217.151 - - [24/Aug/2026:07:46:06 +0800] "GET /?page_id=1174 HTTP/1.1" 200 48992 "-" "Mozilla/5.0 AppleWebKit/537.36 (KHTML, like Gecko; compatible; ClaudeBot/1.0; +claudebot@anthropic.com)"
216.73.217.151 - - [24/Aug/2026:07:46:07 +0800] "GET /?page_id=3156 HTTP/1.1" 200 48992 "-" "Mozilla/5.0 AppleWebKit/537.36 (KHTML, like Gecko; compatible; ClaudeBot/1.0; +claudebot@anthropic.com)"
216.73.217.151 - - [24/Aug/2026:07:46:07 +0800] "GET /?page_id=3131 HTTP/1.1" 200 48992 "-" "Mozilla/5.0 AppleWebKit/537.36 (KHTML, like Gecko; compatible; ClaudeBot/1.0; +claudebot@anthropic.com)"
216.73.217.151 - - [24/Aug/2026:07:46:07 +0800] "GET /?page_id=2945 HTTP/1.1" 200 48992 "-" "Mozilla/5.0 AppleWebKit/537.36 (KHTML, like Gecko; compatible; ClaudeBot/1.0; +claudebot@anthropic.com)"
216.73.217.151 - - [24/Aug/2026:07:46:08 +0800] "GET /?page_id=3146 HTTP/1.1" 200 48992 "-" "Mozilla/5.0 AppleWebKit/537.36 (KHTML, like Gecko; compatible; ClaudeBot/1.0; +claudebot@anthropic.com)"
216.73.217.151 - - [24/Aug/2026:07:46:08 +0800] "GET /?page_id=3107 HTTP/1.1" 200 48992 "-" "Mozilla/5.0 AppleWebKit/537.36 (KHTML, like Gecko; compatible; ClaudeBot/1.0; +claudebot@anthropic.com)"
216.73.217.151 - - [24/Aug/2026:07:46:09 +0800] "GET /?page_id=3176 HTTP/1.1" 200 48992 "-" "Mozilla/5.0 AppleWebKit/537.36 (KHTML, like Gecko; compatible; ClaudeBot/1.0; +claudebot@anthropic.com)"
216.73.217.151 - - [24/Aug/2026:07:46:09 +0800] "GET /?page_id=3099 HTTP/1.1" 200 48992 "-" "Mozilla/5.0 AppleWebKit/537.36 (KHTML, like Gecko; compatible; ClaudeBot/1.0; +claudebot@anthropic.com)"
216.73.217.151 - - [24/Aug/2026:07:46:10 +0800] "GET /?page_id=3141 HTTP/1.1" 200 48992 "-" "Mozilla/5.0 AppleWebKit/537.36 (KHTML, like Gecko; compatible; ClaudeBot/1.0; +claudebot@anthropic.com)"
216.73.217.151 - - [24/Aug/2026:07:46:10 +0800] "GET /?page_id=3565 HTTP/1.1" 200 48992 "-" "Mozilla/5.0 AppleWebKit/537.36 (KHTML, like Gecko; compatible; ClaudeBot/1.0; +claudebot@anthropic.com)"
216.73.217.151 - - [24/Aug/2026:07:46:11 +0800] "GET /?page_id=3161 HTTP/1.1" 200 48992 "-" "Mozilla/5.0 AppleWebKit/537.36 (KHTML, like Gecko; compatible; ClaudeBot/1.0; +claudebot@anthropic.com)"
216.73.217.151 - - [24/Aug/2026:07:46:11 +0800] "GET /?page_id=3151 HTTP/1.1" 200 48992 "-" "Mozilla/5.0 AppleWebKit/537.36 (KHTML, like Gecko; compatible; ClaudeBot/1.0; +claudebot@anthropic.com)"
216.73.217.151 - - [24/Aug/2026:07:46:11 +0800] "GET /?page_id=3136 HTTP/1.1" 200 48992 "-" "Mozilla/5.0 AppleWebKit/537.36 (KHTML, like Gecko; compatible; ClaudeBot/1.0; +claudebot@anthropic.com)"
216.73.217.151 - - [24/Aug/2026:07:46:12 +0800] "GET /index.php?rest_route=%2F HTTP/1.1" 200 48992 "-" "Mozilla/5.0 AppleWebKit/537.36 (KHTML, like Gecko; compatible; ClaudeBot/1.0; +claudebot@anthropic.com)"
216.73.217.151 - - [24/Aug/2026:07:46:12 +0800] "GET /?p=3398 HTTP/1.1" 200 48992 "-" "Mozilla/5.0 AppleWebKit/537.36 (KHTML, like Gecko; compatible; ClaudeBot/1.0; +claudebot@anthropic.com)"
216.73.217.151 - - [24/Aug/2026:07:46:13 +0800] "GET /?cat=68 HTTP/1.1" 200 48992 "-" "Mozilla/5.0 AppleWebKit/537.36 (KHTML, like Gecko; compatible; ClaudeBot/1.0; +claudebot@anthropic.com)"
216.73.217.151 - - [24/Aug/2026:07:46:14 +0800] "GET /?cat=67 HTTP/1.1" 200 48992 "-" "Mozilla/5.0 AppleWebKit/537.36 (KHTML, like Gecko; compatible; ClaudeBot/1.0; +claudebot@anthropic.com)"
216.73.217.151 - - [24/Aug/2026:07:46:14 +0800] "GET /?cat=73 HTTP/1.1" 200 48992 "-" "Mozilla/5.0 AppleWebKit/537.36 (KHTML, like Gecko; compatible; ClaudeBot/1.0; +claudebot@anthropic.com)"
216.73.217.151 - - [24/Aug/2026:07:46:14 +0800] "GET /?feed=rss2 HTTP/1.1" 200 48992 "-" "Mozilla/5.0 AppleWebKit/537.36 (KHTML, like Gecko; compatible; ClaudeBot/1.0; +claudebot@anthropic.com)"
66.249.71.226 - - [24/Aug/2026:07:46:22 +0800] "GET /?fileloc=/home/httpd/vhosts/rajlaw.com.tw/httpdocs/wp-includes/js/codemirror/esprima.js&path=/home/httpd/vhosts/rajlaw.com.tw/httpdocs/wp-includes/js/codemirror HTTP/1.1" 200 305520 "-" "Mozilla/5.0 (Linux; Android 6.0.1; Nexus 5X Build/MMB29P) AppleWebKit/537.36 (KHTML, like Gecko) Chrome/151.0.7922.137 Mobile Safari/537.36 (compatible; Googlebot/2.1; +http://www.google.com/bot.html)"
216.73.217.151 - - [24/Aug/2026:07:46:23 +0800] "GET /?fileloc=%2Fhome%2Fhttpd%2Fvhosts%2Frajlaw.com.tw%2Fhttpdocs%2Fwp-includes%2Fclass-wp-embed.php&path=%2Fhome%2Fhttpd%2Fvhosts%2Frajlaw.com.tw%2Fhttpdocs%2Fwp-includes HTTP/1.1" 200 33799 "-" "Mozilla/5.0 AppleWebKit/537.36 (KHTML, like Gecko; compatible; ClaudeBot/1.0; +claudebot@anthropic.com)"
66.249.71.227 - - [24/Aug/2026:07:46:33 +0800] "GET /?fileloc=/home/httpd/vhosts/rajlaw.com.tw/httpdocs/wp-includes/js/wp-tooltip.min.js&path=/home/httpd/vhosts/rajlaw.com.tw/httpdocs/wp-includes/js HTTP/1.1" 200 18199 "-" "Mozilla/5.0 (Linux; Android 6.0.1; Nexus 5X Build/MMB29P) AppleWebKit/537.36 (KHTML, like Gecko) Chrome/151.0.7922.137 Mobile Safari/537.36 (compatible; GoogleOther)"
40.77.167.71 - - [24/Aug/2026:07:46:37 +0800] "GET /%E5%B7%A5%E7%A0%94%E9%99%A2%E6%94%9C%E6%89%8B%E6%A1%83%E5%9C%92%E6%89%93%E9%80%A0%E8%B7%A8%E5%9F%9F%E5%89%B5%E6%96%B0%E5%B9%B3%E5%8F%B0-%E5%85%B1%E6%8B%93%E5%85%A8%E7%90%83%E5%95%86%E6%A9%9F/?path=/home/httpd/vhosts/rajlaw.com.tw/httpdocs/wp-admin/maint HTTP/1.1" 200 19397 "-" "Mozilla/5.0 AppleWebKit/537.36 (KHTML, like Gecko; compatible; bingbot/2.0; +http://www.bing.com/bingbot.htm) Chrome/116.0.1938.76 Safari/537.36"
40.77.167.71 - - [24/Aug/2026:07:46:38 +0800] "GET /%E5%8D%97%E5%B8%82%E6%B2%BB%E6%B0%B4%E5%B7%A5%E7%A8%8B%E7%8D%B2%E5%9C%8B%E5%AE%B6%E5%8D%93%E8%B6%8A%E5%BB%BA%E8%A8%AD%E7%8D%8E1%E9%87%914%E5%84%AA%E3%80%80%E9%BB%83%E5%81%89%E5%93%B2%EF%BC%9A%E6%89%93/?fileloc=/home/httpd/vhosts/rajlaw.com.tw/httpdocs/wp-trackback.php&path=/home/httpd/vhosts/rajlaw.com.tw/httpdocs HTTP/1.1" 200 18245 "-" "Mozilla/5.0 AppleWebKit/537.36 (KHTML, like Gecko; compatible; bingbot/2.0; +http://www.bing.com/bingbot.htm) Chrome/116.0.1938.76 Safari/537.36"
66.249.72.199 - - [24/Aug/2026:07:46:41 +0800] "GET /?fileloc=/home/httpd/vhosts/rajlaw.com.tw/httpdocs/wp-admin/includes/class-bulk-plugin-upgrader-skin.php&path=/home/httpd/vhosts/rajlaw.com.tw/httpdocs/wp-admin/includes HTTP/1.1" 200 20251 "-" "Mozilla/5.0 (Linux; Android 6.0.1; Nexus 5X Build/MMB29P) AppleWebKit/537.36 (KHTML, like Gecko) Chrome/151.0.7922.137 Mobile Safari/537.36 (compatible; Googlebot/2.1; +http://www.google.com/bot.html)"
185.135.181.122 - - [24/Aug/2026:07:46:42 +0800] "POST /xmlrpc.php HTTP/1.1" 200 53787 "-" "Mozilla/5.0 (Windows NT 10.0; Win64; x64; rv:138.0) Gecko/20100101 Firefox/138.0"
114.119.145.233 - - [24/Aug/2026:07:46:43 +0800] "GET /bet-your-bottom-dollar-on-nonstop-thrills/ HTTP/1.1" 200 53592 "https://rajlaw.com.tw/bet-your-bottom-dollar-on-nonstop-thrills/" "Mozilla/5.0 (Linux; Android 7.0;) AppleWebKit/537.36 (HTML, like Gecko) Mobile Safari/537.36 (compatible; PetalBot;+https://webmaster.petalsearch.com/site/petalbot)"
66.249.72.199 - - [24/Aug/2026:07:46:42 +0800] "GET /?fileloc=/home/httpd/vhosts/rajlaw.com.tw/httpdocs/wp-includes/js/codemirror/csslint.js&path=/home/httpd/vhosts/rajlaw.com.tw/httpdocs/wp-includes/js/codemirror HTTP/1.1" 200 427420 "-" "Mozilla/5.0 (Linux; Android 6.0.1; Nexus 5X Build/MMB29P) AppleWebKit/537.36 (KHTML, like Gecko) Chrome/151.0.7922.137 Mobile Safari/537.36 (compatible; Googlebot/2.1; +http://www.google.com/bot.html)"
40.77.167.0 - - [24/Aug/2026:07:46:44 +0800] "GET /%E5%B7%A5%E7%A0%94%E9%99%A2%E6%94%9C%E6%89%8B%E6%A1%83%E5%9C%92%E6%89%93%E9%80%A0%E8%B7%A8%E5%9F%9F%E5%89%B5%E6%96%B0%E5%B9%B3%E5%8F%B0-%E5%85%B1%E6%8B%93%E5%85%A8%E7%90%83%E5%95%86%E6%A9%9F/?pilihan&path=/home/httpd/vhosts/rajlaw.com.tw/httpdocs HTTP/1.1" 200 53768 "-" "Mozilla/5.0 AppleWebKit/537.36 (KHTML, like Gecko; compatible; bingbot/2.0; +http://www.bing.com/bingbot.htm) Chrome/116.0.1938.76 Safari/537.36"
66.249.72.201 - - [24/Aug/2026:07:47:13 +0800] "GET /?fileloc=/home/httpd/vhosts/rajlaw.com.tw/httpdocs/wp-admin/css/widgets-rtl.css&path=/home/httpd/vhosts/rajlaw.com.tw/httpdocs/wp-admin/css HTTP/1.1" 200 35624 "-" "Mozilla/5.0 (Linux; Android 6.0.1; Nexus 5X Build/MMB29P) AppleWebKit/537.36 (KHTML, like Gecko) Chrome/151.0.7922.137 Mobile Safari/537.36 (compatible; Googlebot/2.1; +http://www.google.com/bot.html)"
40.77.167.0 - - [24/Aug/2026:07:47:13 +0800] "GET /unleash-fortune-with-viking-luck-no-deposit-bonus-code-adventure/ HTTP/1.1" 200 53768 "-" "Mozilla/5.0 AppleWebKit/537.36 (KHTML, like Gecko; compatible; bingbot/2.0; +http://www.bing.com/bingbot.htm) Chrome/116.0.1938.76 Safari/537.36"
66.249.72.199 - - [24/Aug/2026:07:47:32 +0800] "GET /?fileloc=/home/httpd/vhosts/rajlaw.com.tw/httpdocs/wp-admin/css/customize-nav-menus-rtl.min.css&path=/home/httpd/vhosts/rajlaw.com.tw/httpdocs/wp-admin/css HTTP/1.1" 200 36438 "-" "Mozilla/5.0 (Linux; Android 6.0.1; Nexus 5X Build/MMB29P) AppleWebKit/537.36 (KHTML, like Gecko) Chrome/151.0.7922.137 Mobile Safari/537.36 (compatible; Googlebot/2.1; +http://www.google.com/bot.html)"
216.73.217.151 - - [24/Aug/2026:07:47:38 +0800] "GET /?fileloc=%2Fhome%2Fhttpd%2Fvhosts%2Frajlaw.com.tw%2Fhttpdocs%2Fwp-includes%2Fclass-wp-network-query.php&path=%2Fhome%2Fhttpd%2Fvhosts%2Frajlaw.com.tw%2Fhttpdocs%2Fwp-includes HTTP/1.1" 200 38334 "-" "Mozilla/5.0 AppleWebKit/537.36 (KHTML, like Gecko; compatible; ClaudeBot/1.0; +claudebot@anthropic.com)"
216.73.217.151 - - [24/Aug/2026:07:47:38 +0800] "GET /?fileloc=%2Fhome%2Fhttpd%2Fvhosts%2Frajlaw.com.tw%2Fhttpdocs%2Fwp-includes%2Fadmin.php&path=%2Fhome%2Fhttpd%2Fvhosts%2Frajlaw.com.tw%2Fhttpdocs%2Fwp-includes HTTP/1.1" 200 17396 "-" "Mozilla/5.0 AppleWebKit/537.36 (KHTML, like Gecko; compatible; ClaudeBot/1.0; +claudebot@anthropic.com)"
66.249.72.199 - - [24/Aug/2026:07:47:53 +0800] "GET /?fileloc=/home/httpd/vhosts/rajlaw.com.tw/httpdocs/wp-admin/css/themes.css&path=/home/httpd/vhosts/rajlaw.com.tw/httpdocs/wp-admin/css HTTP/1.1" 200 62616 "-" "Mozilla/5.0 (Linux; Android 6.0.1; Nexus 5X Build/MMB29P) AppleWebKit/537.36 (KHTML, like Gecko) Chrome/151.0.7922.137 Mobile Safari/537.36 (compatible; Googlebot/2.1; +http://www.google.com/bot.html)"
40.77.167.0 - - [24/Aug/2026:07:47:54 +0800] "GET /mainly-because-guidelines-move-and-you-may-enforcement-varies-make-sure-the-modern-updates-for-your-own-personal-nation-before-you-could-deposit/?path=/home/httpd/vhosts/rajlaw.com.tw/httpdocs/wp-admin HTTP/1.1" 200 179067 "-" "Mozilla/5.0 AppleWebKit/537.36 (KHTML, like Gecko; compatible; bingbot/2.0; +http://www.bing.com/bingbot.htm) Chrome/116.0.1938.76 Safari/537.36"
216.73.217.151 - - [24/Aug/2026:07:47:59 +0800] "GET /?fileloc=%2Fhome%2Fhttpd%2Fvhosts%2Frajlaw.com.tw%2Fhttpdocs%2Fwp-includes%2Fclass-wp-customize-setting.php&path=%2Fhome%2Fhttpd%2Fvhosts%2Frajlaw.com.tw%2Fhttpdocs%2Fwp-includes HTTP/1.1" 200 48315 "-" "Mozilla/5.0 AppleWebKit/537.36 (KHTML, like Gecko; compatible; ClaudeBot/1.0; +claudebot@anthropic.com)"
216.73.217.151 - - [24/Aug/2026:07:48:00 +0800] "GET /?fileloc=%2Fhome%2Fhttpd%2Fvhosts%2Frajlaw.com.tw%2Fhttpdocs%2Fwp-includes%2Fclass-wp-customize-section.php&path=%2Fhome%2Fhttpd%2Fvhosts%2Frajlaw.com.tw%2Fhttpdocs%2Fwp-includes HTTP/1.1" 200 24530 "-" "Mozilla/5.0 AppleWebKit/537.36 (KHTML, like Gecko; compatible; ClaudeBot/1.0; +claudebot@anthropic.com)"
66.249.71.226 - - [24/Aug/2026:07:48:02 +0800] "GET /look-out-for-position-video-game-that-have-ineplay-and-you-may-optimize-your-prospective-earnings/?path=/home/httpd/vhosts/rajlaw.com.tw/httpdocs/wp-content HTTP/1.1" 200 32235 "-" "Mozilla/5.0 (Linux; Android 6.0.1; Nexus 5X Build/MMB29P) AppleWebKit/537.36 (KHTML, like Gecko) Chrome/151.0.7922.137 Mobile Safari/537.36 (compatible; GoogleOther)"
216.73.217.151 - - [24/Aug/2026:07:48:07 +0800] "GET /?fileloc=%2Fhome%2Fhttpd%2Fvhosts%2Frajlaw.com.tw%2Fhttpdocs%2Fwp-includes%2Fclass-wp-theme-json-resolver.php&path=%2Fhome%2Fhttpd%2Fvhosts%2Frajlaw.com.tw%2Fhttpdocs%2Fwp-includes HTTP/1.1" 200 53692 "-" "Mozilla/5.0 AppleWebKit/537.36 (KHTML, like Gecko; compatible; ClaudeBot/1.0; +claudebot@anthropic.com)"
40.77.167.71 - - [24/Aug/2026:07:48:07 +0800] "GET /bonus-bez-vkladu-u-honeybetz-primo-k-mani/?path=/home/httpd/vhosts/rajlaw.com.tw/httpdocs/wp-includes/php-compat HTTP/1.1" 200 19456 "-" "Mozilla/5.0 AppleWebKit/537.36 (KHTML, like Gecko; compatible; bingbot/2.0; +http://www.bing.com/bingbot.htm) Chrome/116.0.1938.76 Safari/537.36"
40.77.167.77 - - [24/Aug/2026:07:48:11 +0800] "GET /madjoker-kod-pro-maximalni-usporu/?path=/home/httpd/vhosts/rajlaw.com.tw/httpdocs/wp-includes/Requests HTTP/1.1" 200 20719 "-" "Mozilla/5.0 AppleWebKit/537.36 (KHTML, like Gecko; compatible; bingbot/2.0; +http://www.bing.com/bingbot.htm) Chrome/116.0.1938.76 Safari/537.36"
66.249.72.200 - - [24/Aug/2026:07:48:12 +0800] "GET /?fileloc=/home/httpd/vhosts/rajlaw.com.tw/httpdocs/wp-admin/css/forms-rtl.css&path=/home/httpd/vhosts/rajlaw.com.tw/httpdocs/wp-admin/css HTTP/1.1" 200 59802 "-" "Mozilla/5.0 (Linux; Android 6.0.1; Nexus 5X Build/MMB29P) AppleWebKit/537.36 (KHTML, like Gecko) Chrome/151.0.7922.137 Mobile Safari/537.36 (compatible; Googlebot/2.1; +http://www.google.com/bot.html)"
216.73.217.151 - - [24/Aug/2026:07:48:14 +0800] "GET /?fileloc=%2Fhome%2Fhttpd%2Fvhosts%2Frajlaw.com.tw%2Fhttpdocs%2Fwp-includes%2Fblock-patterns.php&path=%2Fhome%2Fhttpd%2Fvhosts%2Frajlaw.com.tw%2Fhttpdocs%2Fwp-includes HTTP/1.1" 200 33379 "-" "Mozilla/5.0 AppleWebKit/537.36 (KHTML, like Gecko; compatible; ClaudeBot/1.0; +claudebot@anthropic.com)"
40.77.167.0 - - [24/Aug/2026:07:48:16 +0800] "GET /mainly-because-guidelines-move-and-you-may-enforcement-varies-make-sure-the-modern-updates-for-your-own-personal-nation-before-you-could-deposit/?path=/home/httpd/vhosts/rajlaw.com.tw/httpdocs/wp-admin/js HTTP/1.1" 200 173925 "-" "Mozilla/5.0 AppleWebKit/537.36 (KHTML, like Gecko; compatible; bingbot/2.0; +http://www.bing.com/bingbot.htm) Chrome/116.0.1938.76 Safari/537.36"
20.15.133.191 - - [24/Aug/2026:07:48:21 +0800] "GET /billedside-ga-til-denne-nettsiden-privatperson/?fileloc=/home/httpd/vhosts/rajlaw.com.tw/httpdocs/wp-content/languages/zh_TW-6025add6bde16aaeb12787d250f9b414.json&path=/home/httpd/vhosts/rajlaw.com.tw/httpdocs/wp-content/languages HTTP/1.1" 200 18679 "-" "Mozilla/5.0 AppleWebKit/537.36 (KHTML, like Gecko; compatible; bingbot/2.0; +http://www.bing.com/bingbot.htm) Chrome/116.0.1938.76 Safari/537.36"
40.77.167.71 - - [24/Aug/2026:07:48:22 +0800] "GET /mainly-because-guidelines-move-and-you-may-enforcement-varies-make-sure-the-modern-updates-for-your-own-personal-nation-before-you-could-deposit/?pilihan&path=/home/httpd/vhosts/rajlaw.com.tw/httpdocs/wp-admin HTTP/1.1" 200 179067 "-" "Mozilla/5.0 AppleWebKit/537.36 (KHTML, like Gecko; compatible; bingbot/2.0; +http://www.bing.com/bingbot.htm) Chrome/116.0.1938.76 Safari/537.36"
114.119.145.233 - - [24/Aug/2026:07:48:23 +0800] "GET /category/%e7%94%a2%e6%a5%ad%e6%96%b0%e8%81%9e/page/2/ HTTP/1.1" 200 53592 "https://rajlaw.com.tw/category/%e7%94%a2%e6%a5%ad%e6%96%b0%e8%81%9e/page/2/" "Mozilla/5.0 (Linux; Android 7.0;) AppleWebKit/537.36 (HTML, like Gecko) Mobile Safari/537.36 (compatible; PetalBot;+https://webmaster.petalsearch.com/site/petalbot)"
40.77.167.71 - - [24/Aug/2026:07:48:24 +0800] "GET /as-a-result-a-knowledgeable-offshore-gambling-enterprises-render-varied-and-fair-advertising-for-brand-new-and-you-can-going-back-participants/?path=/home HTTP/1.1" 200 12661 "-" "Mozilla/5.0 AppleWebKit/537.36 (KHTML, like Gecko; compatible; bingbot/2.0; +http://www.bing.com/bingbot.htm) Chrome/116.0.1938.76 Safari/537.36"
66.249.72.199 - - [24/Aug/2026:07:48:30 +0800] "GET /?fileloc=/home/httpd/vhosts/rajlaw.com.tw/.imunify_patch_id&path=/home/httpd/vhosts/rajlaw.com.tw HTTP/1.1" 200 17388 "-" "Mozilla/5.0 (Linux; Android 6.0.1; Nexus 5X Build/MMB29P) AppleWebKit/537.36 (KHTML, like Gecko) Chrome/151.0.7922.137 Mobile Safari/537.36 (compatible; GoogleOther)"
57.141.8.42 - - [24/Aug/2026:07:48:31 +0800] "GET / HTTP/1.1" 200 53824 "-" "facebookexternalhit/1.1 (+http://www.facebook.com/externalhit_uatext.php)"
66.249.72.199 - - [24/Aug/2026:07:48:31 +0800] "GET /?fileloc=/home/httpd/vhosts/rajlaw.com.tw/httpdocs/wp-admin/css/view-transitions.css&path=/home/httpd/vhosts/rajlaw.com.tw/httpdocs/wp-admin/css HTTP/1.1" 200 17731 "-" "Mozilla/5.0 (Linux; Android 6.0.1; Nexus 5X Build/MMB29P) AppleWebKit/537.36 (KHTML, like Gecko) Chrome/151.0.7922.137 Mobile Safari/537.36 (compatible; Googlebot/2.1; +http://www.google.com/bot.html)"
66.249.71.226 - - [24/Aug/2026:07:48:32 +0800] "GET /?fileloc=/home/httpd/vhosts/rajlaw.com.tw/httpdocs/wp-includes/js/dist/block-serialization-spec-parser.min.js&path=/home/httpd/vhosts/rajlaw.com.tw/httpdocs/wp-includes/js/dist HTTP/1.1" 200 29786 "-" "Mozilla/5.0 (Linux; Android 6.0.1; Nexus 5X Build/MMB29P) AppleWebKit/537.36 (KHTML, like Gecko) Chrome/151.0.7922.137 Mobile Safari/537.36 (compatible; Googlebot/2.1; +http://www.google.com/bot.html)"
66.249.71.226 - - [24/Aug/2026:07:48:32 +0800] "GET /?fileloc=/home/httpd/vhosts/rajlaw.com.tw/httpdocs/wp-admin/css/forms.css&path=/home/httpd/vhosts/rajlaw.com.tw/httpdocs/wp-admin/css HTTP/1.1" 200 59765 "-" "Mozilla/5.0 (Linux; Android 6.0.1; Nexus 5X Build/MMB29P) AppleWebKit/537.36 (KHTML, like Gecko) Chrome/151.0.7922.137 Mobile Safari/537.36 (compatible; Googlebot/2.1; +http://www.google.com/bot.html)"
216.73.217.151 - - [24/Aug/2026:07:48:37 +0800] "GET /?fileloc=%2Fhome%2Fhttpd%2Fvhosts%2Frajlaw.com.tw%2Fhttpdocs%2Fwp-includes%2Fclass-wp-comment-query.php&path=%2Fhome%2Fhttpd%2Fvhosts%2Frajlaw.com.tw%2Fhttpdocs%2Fwp-includes HTTP/1.1" 200 68000 "-" "Mozilla/5.0 AppleWebKit/537.36 (KHTML, like Gecko; compatible; ClaudeBot/1.0; +claudebot@anthropic.com)"
216.73.217.151 - - [24/Aug/2026:07:49:05 +0800] "GET /?fileloc=%2Fhome%2Fhttpd%2Fvhosts%2Frajlaw.com.tw%2Fhttpdocs%2Fwp-includes%2Fclass-wp-dependency.php&path=%2Fhome%2Fhttpd%2Fvhosts%2Frajlaw.com.tw%2Fhttpdocs%2Fwp-includes HTTP/1.1" 200 20102 "-" "Mozilla/5.0 AppleWebKit/537.36 (KHTML, like Gecko; compatible; ClaudeBot/1.0; +claudebot@anthropic.com)"
216.73.217.151 - - [24/Aug/2026:07:49:04 +0800] "GET /?fileloc=%2Fhome%2Fhttpd%2Fvhosts%2Frajlaw.com.tw%2Fhttpdocs%2Fwp-includes%2Fclass-wp-query.php&path=%2Fhome%2Fhttpd%2Fvhosts%2Frajlaw.com.tw%2Fhttpdocs%2Fwp-includes HTTP/1.1" 200 187622 "-" "Mozilla/5.0 AppleWebKit/537.36 (KHTML, like Gecko; compatible; ClaudeBot/1.0; +claudebot@anthropic.com)"
216.73.217.151 - - [24/Aug/2026:07:49:05 +0800] "GET /?fileloc=%2Fhome%2Fhttpd%2Fvhosts%2Frajlaw.com.tw%2Fhttpdocs%2Fwp-includes%2Fembed.php&path=%2Fhome%2Fhttpd%2Fvhosts%2Frajlaw.com.tw%2Fhttpdocs%2Fwp-includes HTTP/1.1" 200 58906 "-" "Mozilla/5.0 AppleWebKit/537.36 (KHTML, like Gecko; compatible; ClaudeBot/1.0; +claudebot@anthropic.com)"
216.73.217.151 - - [24/Aug/2026:07:49:06 +0800] "GET /?fileloc=%2Fhome%2Fhttpd%2Fvhosts%2Frajlaw.com.tw%2Fhttpdocs%2Fwp-includes%2Fcache-compat.php&path=%2Fhome%2Fhttpd%2Fvhosts%2Frajlaw.com.tw%2Fhttpdocs%2Fwp-includes HTTP/1.1" 200 23718 "-" "Mozilla/5.0 AppleWebKit/537.36 (KHTML, like Gecko; compatible; ClaudeBot/1.0; +claudebot@anthropic.com)"
216.73.217.151 - - [24/Aug/2026:07:49:06 +0800] "GET /?fileloc=%2Fhome%2Fhttpd%2Fvhosts%2Frajlaw.com.tw%2Fhttpdocs%2Fwp-includes%2Fdefault-widgets.php&path=%2Fhome%2Fhttpd%2Fvhosts%2Frajlaw.com.tw%2Fhttpdocs%2Fwp-includes HTTP/1.1" 200 14921 "-" "Mozilla/5.0 AppleWebKit/537.36 (KHTML, like Gecko; compatible; ClaudeBot/1.0; +claudebot@anthropic.com)"
216.73.217.151 - - [24/Aug/2026:07:49:06 +0800] "GET /?fileloc=%2Fhome%2Fhttpd%2Fvhosts%2Frajlaw.com.tw%2Fhttpdocs%2Fwp-includes%2Fclass-wp-theme-json.php&path=%2Fhome%2Fhttpd%2Fvhosts%2Frajlaw.com.tw%2Fhttpdocs%2Fwp-includes HTTP/1.1" 200 239525 "-" "Mozilla/5.0 AppleWebKit/537.36 (KHTML, like Gecko; compatible; ClaudeBot/1.0; +claudebot@anthropic.com)"
216.73.217.151 - - [24/Aug/2026:07:49:07 +0800] "GET /?fileloc=%2Fhome%2Fhttpd%2Fvhosts%2Frajlaw.com.tw%2Fhttpdocs%2Fwp-includes%2Fspeculative-loading.php&path=%2Fhome%2Fhttpd%2Fvhosts%2Frajlaw.com.tw%2Fhttpdocs%2Fwp-includes HTTP/1.1" 200 24796 "-" "Mozilla/5.0 AppleWebKit/537.36 (KHTML, like Gecko; compatible; ClaudeBot/1.0; +claudebot@anthropic.com)"
216.73.217.151 - - [24/Aug/2026:07:49:07 +0800] "GET /?fileloc=%2Fhome%2Fhttpd%2Fvhosts%2Frajlaw.com.tw%2Fhttpdocs%2Fwp-includes%2Fclass-wp-feed-cache.php&path=%2Fhome%2Fhttpd%2Fvhosts%2Frajlaw.com.tw%2Fhttpdocs%2Fwp-includes HTTP/1.1" 200 13606 "-" "Mozilla/5.0 AppleWebKit/537.36 (KHTML, like Gecko; compatible; ClaudeBot/1.0; +claudebot@anthropic.com)"
66.249.72.201 - - [24/Aug/2026:07:49:08 +0800] "GET /?fileloc=/home/httpd/vhosts/rajlaw.com.tw/httpdocs/wp-admin/term.php&path=/home/httpd/vhosts/rajlaw.com.tw/httpdocs/wp-admin HTTP/1.1" 200 19806 "-" "Mozilla/5.0 (Linux; Android 6.0.1; Nexus 5X Build/MMB29P) AppleWebKit/537.36 (KHTML, like Gecko) Chrome/151.0.7922.137 Mobile Safari/537.36 (compatible; Googlebot/2.1; +http://www.google.com/bot.html)"
66.249.72.201 - - [24/Aug/2026:07:49:08 +0800] "GET /?fileloc=/home/httpd/vhosts/rajlaw.com.tw/httpdocs/wp-admin/css/farbtastic-rtl.css&path=/home/httpd/vhosts/rajlaw.com.tw/httpdocs/wp-admin/css HTTP/1.1" 200 18182 "-" "Mozilla/5.0 (Linux; Android 6.0.1; Nexus 5X Build/MMB29P) AppleWebKit/537.36 (KHTML, like Gecko) Chrome/151.0.7922.137 Mobile Safari/537.36 (compatible; Googlebot/2.1; +http://www.google.com/bot.html)"
216.73.217.151 - - [24/Aug/2026:07:49:08 +0800] "GET /?fileloc=%2Fhome%2Fhttpd%2Fvhosts%2Frajlaw.com.tw%2Fhttpdocs%2Fwp-includes%2Fquery.php&path=%2Fhome%2Fhttpd%2Fvhosts%2Frajlaw.com.tw%2Fhttpdocs%2Fwp-includes HTTP/1.1" 200 50741 "-" "Mozilla/5.0 AppleWebKit/537.36 (KHTML, like Gecko; compatible; ClaudeBot/1.0; +claudebot@anthropic.com)"
216.73.217.151 - - [24/Aug/2026:07:49:08 +0800] "GET /?path=%2Fhome%2Fhttpd%2Fvhosts%2Frajlaw.com.tw%2Fhttpdocs%2Fwp-includes%2Fpomo HTTP/1.1" 200 22598 "-" "Mozilla/5.0 AppleWebKit/537.36 (KHTML, like Gecko; compatible; ClaudeBot/1.0; +claudebot@anthropic.com)"
216.73.217.151 - - [24/Aug/2026:07:49:08 +0800] "GET /?fileloc=%2Fhome%2Fhttpd%2Fvhosts%2Frajlaw.com.tw%2Fhttpdocs%2Fwp-includes%2Fscript-modules.php&path=%2Fhome%2Fhttpd%2Fvhosts%2Frajlaw.com.tw%2Fhttpdocs%2Fwp-includes HTTP/1.1" 200 25116 "-" "Mozilla/5.0 AppleWebKit/537.36 (KHTML, like Gecko; compatible; ClaudeBot/1.0; +claudebot@anthropic.com)"
216.73.217.151 - - [24/Aug/2026:07:49:09 +0800] "GET /?fileloc=%2Fhome%2Fhttpd%2Fvhosts%2Frajlaw.com.tw%2Fhttpdocs%2Fwp-includes%2Fclass-wp-script-modules.php&path=%2Fhome%2Fhttpd%2Fvhosts%2Frajlaw.com.tw%2Fhttpdocs%2Fwp-includes HTTP/1.1" 200 54657 "-" "Mozilla/5.0 AppleWebKit/537.36 (KHTML, like Gecko; compatible; ClaudeBot/1.0; +claudebot@anthropic.com)"
216.73.217.151 - - [24/Aug/2026:07:49:10 +0800] "GET /?path=%2Fhome%2Fhttpd%2Fvhosts%2Frajlaw.com.tw%2Fhttpdocs%2Fwp-includes%2Ffonts HTTP/1.1" 200 29373 "-" "Mozilla/5.0 AppleWebKit/537.36 (KHTML, like Gecko; compatible; ClaudeBot/1.0; +claudebot@anthropic.com)"
216.73.217.151 - - [24/Aug/2026:07:49:09 +0800] "GET /?fileloc=%2Fhome%2Fhttpd%2Fvhosts%2Frajlaw.com.tw%2Fhttpdocs%2Fwp-includes%2Fscript-loader.php&path=%2Fhome%2Fhttpd%2Fvhosts%2Frajlaw.com.tw%2Fhttpdocs%2Fwp-includes HTTP/1.1" 200 183886 "-" "Mozilla/5.0 AppleWebKit/537.36 (KHTML, like Gecko; compatible; ClaudeBot/1.0; +claudebot@anthropic.com)"
216.73.217.151 - - [24/Aug/2026:07:49:10 +0800] "GET /?path=%2Fhome%2Fhttpd%2Fvhosts%2Frajlaw.com.tw%2Fhttpdocs%2Fwp-includes%2Fsodium_compat HTTP/1.1" 200 23982 "-" "Mozilla/5.0 AppleWebKit/537.36 (KHTML, like Gecko; compatible; ClaudeBot/1.0; +claudebot@anthropic.com)"
216.73.217.151 - - [24/Aug/2026:07:49:11 +0800] "GET /?path=%2Fhome%2Fhttpd%2Fvhosts%2Frajlaw.com.tw%2Fhttpdocs%2Fwp-content%2Ffonts%2Fmulish HTTP/1.1" 200 26717 "-" "Mozilla/5.0 AppleWebKit/537.36 (KHTML, like Gecko; compatible; ClaudeBot/1.0; +claudebot@anthropic.com)"
216.73.217.151 - - [24/Aug/2026:07:49:11 +0800] "GET /?path=%2Fhome%2Fhttpd%2Fvhosts%2Frajlaw.com.tw%2Fhttpdocs%2Fwp-content%2Fthemes%2Ftwentytwentythree HTTP/1.1" 200 32119 "-" "Mozilla/5.0 AppleWebKit/537.36 (KHTML, like Gecko; compatible; ClaudeBot/1.0; +claudebot@anthropic.com)"
216.73.217.151 - - [24/Aug/2026:07:49:12 +0800] "GET /?path=%2Fhome%2Fhttpd%2Fvhosts%2Frajlaw.com.tw%2Fhttpdocs%2Fwp-content%2Ffonts%2Fyesteryear HTTP/1.1" 200 21369 "-" "Mozilla/5.0 AppleWebKit/537.36 (KHTML, like Gecko; compatible; ClaudeBot/1.0; +claudebot@anthropic.com)"
216.73.217.151 - - [24/Aug/2026:07:49:12 +0800] "GET /?path=%2Fhome%2Fhttpd%2Fvhosts%2Frajlaw.com.tw%2Fhttpdocs%2Fwp-content%2Ffonts%2Flato HTTP/1.1" 200 31365 "-" "Mozilla/5.0 AppleWebKit/537.36 (KHTML, like Gecko; compatible; ClaudeBot/1.0; +claudebot@anthropic.com)"
216.73.217.151 - - [24/Aug/2026:07:49:13 +0800] "GET /?path=%2Fhome%2Fhttpd%2Fvhosts%2Frajlaw.com.tw%2Fhttpdocs%2Fwp-content%2Fthemes%2Ftwentytwentyfive HTTP/1.1" 200 28979 "-" "Mozilla/5.0 AppleWebKit/537.36 (KHTML, like Gecko; compatible; ClaudeBot/1.0; +claudebot@anthropic.com)"
216.73.217.151 - - [24/Aug/2026:07:49:13 +0800] "GET /?path=%2Fhome%2Fhttpd%2Fvhosts%2Frajlaw.com.tw%2Fhttpdocs%2Fwp-includes%2Fimages%2Fmedia HTTP/1.1" 200 42400 "-" "Mozilla/5.0 AppleWebKit/537.36 (KHTML, like Gecko; compatible; ClaudeBot/1.0; +claudebot@anthropic.com)"
216.73.217.151 - - [24/Aug/2026:07:49:13 +0800] "GET /?path=%2Fhome%2Fhttpd%2Fvhosts%2Frajlaw.com.tw%2Fhttpdocs%2Fwp-content%2Fthemes%2Fsolargrove HTTP/1.1" 200 33190 "-" "Mozilla/5.0 AppleWebKit/537.36 (KHTML, like Gecko; compatible; ClaudeBot/1.0; +claudebot@anthropic.com)"
216.73.217.151 - - [24/Aug/2026:07:49:13 +0800] "GET /?path=%2Fhome%2Fhttpd%2Fvhosts%2Frajlaw.com.tw%2Fhttpdocs%2Fwp-content%2Ffonts%2Fsen HTTP/1.1" 200 16586 "-" "Mozilla/5.0 AppleWebKit/537.36 (KHTML, like Gecko; compatible; ClaudeBot/1.0; +claudebot@anthropic.com)"
216.73.217.151 - - [24/Aug/2026:07:49:14 +0800] "GET /?path=%2Fhome%2Fhttpd%2Fvhosts%2Frajlaw.com.tw%2Fhttpdocs%2Fwp-content%2Fthemes%2Fzakra HTTP/1.1" 200 69005 "-" "Mozilla/5.0 AppleWebKit/537.36 (KHTML, like Gecko; compatible; ClaudeBot/1.0; +claudebot@anthropic.com)"
216.73.217.151 - - [24/Aug/2026:07:49:14 +0800] "GET /?path=%2Fhome%2Fhttpd%2Fvhosts%2Frajlaw.com.tw%2Fhttpdocs%2Fwp-content%2Fthemes%2Fcelestium HTTP/1.1" 200 28707 "-" "Mozilla/5.0 AppleWebKit/537.36 (KHTML, like Gecko; compatible; ClaudeBot/1.0; +claudebot@anthropic.com)"
216.73.217.151 - - [24/Aug/2026:07:49:14 +0800] "GET /?path=%2Fhome%2Fhttpd%2Fvhosts%2Frajlaw.com.tw%2Fhttpdocs%2Fwp-content%2Fthemes%2Fpatterns-agency HTTP/1.1" 200 41177 "-" "Mozilla/5.0 AppleWebKit/537.36 (KHTML, like Gecko; compatible; ClaudeBot/1.0; +claudebot@anthropic.com)"
40.77.167.0 - - [24/Aug/2026:07:49:14 +0800] "GET /unleash-fortune-with-viking-luck-no-deposit-bonus-code-adventure/?path=/home HTTP/1.1" 200 17437 "-" "Mozilla/5.0 AppleWebKit/537.36 (KHTML, like Gecko; compatible; bingbot/2.0; +http://www.bing.com/bingbot.htm) Chrome/116.0.1938.76 Safari/537.36"
216.73.217.151 - - [24/Aug/2026:07:49:14 +0800] "GET /?path=%2Fhome%2Fhttpd%2Fvhosts%2Frajlaw.com.tw%2Fhttpdocs%2Fwp-includes%2Fimages%2Ficon-library HTTP/1.1" 200 159235 "-" "Mozilla/5.0 AppleWebKit/537.36 (KHTML, like Gecko; compatible; ClaudeBot/1.0; +claudebot@anthropic.com)"
216.73.217.151 - - [24/Aug/2026:07:49:15 +0800] "GET /?path=%2Fhome%2Fhttpd%2Fvhosts%2Frajlaw.com.tw%2Fhttpdocs%2Fwp-includes%2Fimages%2Fcrystal HTTP/1.1" 200 29478 "-" "Mozilla/5.0 AppleWebKit/537.36 (KHTML, like Gecko; compatible; ClaudeBot/1.0; +claudebot@anthropic.com)"
40.77.167.0 - - [24/Aug/2026:07:49:15 +0800] "GET /unleash-fortune-with-viking-luck-no-deposit-bonus-code-adventure/?path=/ HTTP/1.1" 200 12630 "-" "Mozilla/5.0 AppleWebKit/537.36 (KHTML, like Gecko; compatible; bingbot/2.0; +http://www.bing.com/bingbot.htm) Chrome/116.0.1938.76 Safari/537.36"
216.73.217.151 - - [24/Aug/2026:07:49:15 +0800] "GET /?path=%2Fhome%2Fhttpd%2Fvhosts%2Frajlaw.com.tw%2Fhttpdocs%2Fwp-content%2Fthemes%2Fpool-services-lite HTTP/1.1" 200 55682 "-" "Mozilla/5.0 AppleWebKit/537.36 (KHTML, like Gecko; compatible; ClaudeBot/1.0; +claudebot@anthropic.com)"
161.118.215.253 - - [24/Aug/2026:07:49:15 +0800] "GET /?page_id=1174 HTTP/1.1" 200 53768 "-" "GeneralCrawlBot/0.1"
216.73.217.151 - - [24/Aug/2026:07:49:15 +0800] "GET /?path=%2Fhome%2Fhttpd%2Fvhosts%2Frajlaw.com.tw%2Fhttpdocs%2Fwp-content%2Fthemes%2Ffreeware HTTP/1.1" 200 52615 "-" "Mozilla/5.0 AppleWebKit/537.36 (KHTML, like Gecko; compatible; ClaudeBot/1.0; +claudebot@anthropic.com)"
40.77.167.0 - - [24/Aug/2026:07:49:16 +0800] "GET /unleash-fortune-with-viking-luck-no-deposit-bonus-code-adventure/?path=/home/httpd/vhosts/rajlaw.com.tw/httpdocs/.well-known HTTP/1.1" 200 14419 "-" "Mozilla/5.0 AppleWebKit/537.36 (KHTML, like Gecko; compatible; bingbot/2.0; +http://www.bing.com/bingbot.htm) Chrome/116.0.1938.76 Safari/537.36"
216.73.217.151 - - [24/Aug/2026:07:49:18 +0800] "GET /?fileloc=%2Fhome%2Fhttpd%2Fvhosts%2Frajlaw.com.tw%2Fhttpdocs%2Fwp-includes%2FPHPMailer%2FSMTP.php&path=%2Fhome%2Fhttpd%2Fvhosts%2Frajlaw.com.tw%2Fhttpdocs%2Fwp-includes%2FPHPMailer HTTP/1.1" 200 72787 "-" "Mozilla/5.0 AppleWebKit/537.36 (KHTML, like Gecko; compatible; ClaudeBot/1.0; +claudebot@anthropic.com)"
216.73.217.151 - - [24/Aug/2026:07:49:18 +0800] "GET /?path=%2Fhome%2Fhttpd%2Fvhosts%2Frajlaw.com.tw%2Fhttpdocs%2Fwp-content%2Fthemes%2Fhr-management HTTP/1.1" 200 43106 "-" "Mozilla/5.0 AppleWebKit/537.36 (KHTML, like Gecko; compatible; ClaudeBot/1.0; +claudebot@anthropic.com)"
216.73.217.151 - - [24/Aug/2026:07:49:18 +0800] "GET /?fileloc=%2Fhome%2Fhttpd%2Fvhosts%2Frajlaw.com.tw%2Fhttpdocs%2Fwp-includes%2FPHPMailer%2FOAuthTokenProvider.php&path=%2Fhome%2Fhttpd%2Fvhosts%2Frajlaw.com.tw%2Fhttpdocs%2Fwp-includes%2FPHPMailer HTTP/1.1" 200 14461 "-" "Mozilla/5.0 AppleWebKit/537.36 (KHTML, like Gecko; compatible; ClaudeBot/1.0; +claudebot@anthropic.com)"
216.73.217.151 - - [24/Aug/2026:07:49:18 +0800] "GET /?path=%2Fhome%2Fhttpd%2Fvhosts%2Frajlaw.com.tw%2Fhttpdocs%2Fwp-content%2Ffonts%2Fmontserrat HTTP/1.1" 200 26925 "-" "Mozilla/5.0 AppleWebKit/537.36 (KHTML, like Gecko; compatible; ClaudeBot/1.0; +claudebot@anthropic.com)"
40.77.167.71 - - [24/Aug/2026:07:49:18 +0800] "GET /unleash-fortune-with-viking-luck-no-deposit-bonus-code-adventure/?path=/home/httpd HTTP/1.1" 200 17475 "-" "Mozilla/5.0 AppleWebKit/537.36 (KHTML, like Gecko; compatible; bingbot/2.0; +http://www.bing.com/bingbot.htm) Chrome/116.0.1938.76 Safari/537.36"
66.249.72.200 - - [24/Aug/2026:07:49:18 +0800] "GET /?fileloc=/home/httpd/vhosts/rajlaw.com.tw/httpdocs/wp-admin/css/site-icon.min.css&path=/home/httpd/vhosts/rajlaw.com.tw/httpdocs/wp-admin/css HTTP/1.1" 200 21520 "-" "Mozilla/5.0 (Linux; Android 6.0.1; Nexus 5X Build/MMB29P) AppleWebKit/537.36 (KHTML, like Gecko) Chrome/151.0.7922.137 Mobile Safari/537.36 (compatible; Googlebot/2.1; +http://www.google.com/bot.html)"
216.73.217.151 - - [24/Aug/2026:07:49:19 +0800] "GET /?fileloc=%2Fhome%2Fhttpd%2Fvhosts%2Frajlaw.com.tw%2Fhttpdocs%2Fwp-includes%2FPHPMailer%2FException.php&path=%2Fhome%2Fhttpd%2Fvhosts%2Frajlaw.com.tw%2Fhttpdocs%2Fwp-includes%2FPHPMailer HTTP/1.1" 200 14042 "-" "Mozilla/5.0 AppleWebKit/537.36 (KHTML, like Gecko; compatible; ClaudeBot/1.0; +claudebot@anthropic.com)"
216.73.217.151 - - [24/Aug/2026:07:49:19 +0800] "GET /?path=%2Fhome%2Fhttpd%2Fvhosts%2Frajlaw.com.tw%2Fhttpdocs%2Fwp-content%2Fthemes%2Fgutenify-starter HTTP/1.1" 200 34928 "-" "Mozilla/5.0 AppleWebKit/537.36 (KHTML, like Gecko; compatible; ClaudeBot/1.0; +claudebot@anthropic.com)"
216.73.217.151 - - [24/Aug/2026:07:49:19 +0800] "GET /?path=%2Fhome%2Fhttpd%2Fvhosts%2Frajlaw.com.tw%2Fhttpdocs%2Fwp-includes%2Fimages%2Fsmilies HTTP/1.1" 200 56060 "-" "Mozilla/5.0 AppleWebKit/537.36 (KHTML, like Gecko; compatible; ClaudeBot/1.0; +claudebot@anthropic.com)"
216.73.217.151 - - [24/Aug/2026:07:49:19 +0800] "GET /?path=%2Fhome%2Fhttpd%2Fvhosts%2Frajlaw.com.tw%2Fhttpdocs%2Fwp-content%2Fthemes%2Fgutenify-bold HTTP/1.1" 200 30357 "-" "Mozilla/5.0 AppleWebKit/537.36 (KHTML, like Gecko; compatible; ClaudeBot/1.0; +claudebot@anthropic.com)"
216.73.217.151 - - [24/Aug/2026:07:49:19 +0800] "GET /?path=%2Fhome%2Fhttpd%2Fvhosts%2Frajlaw.com.tw%2Fhttpdocs%2Fwp-content%2Fthemes%2Ftwentytwentyfour HTTP/1.1" 200 28979 "-" "Mozilla/5.0 AppleWebKit/537.36 (KHTML, like Gecko; compatible; ClaudeBot/1.0; +claudebot@anthropic.com)"
216.73.217.151 - - [24/Aug/2026:07:49:20 +0800] "GET /?path=%2Fhome%2Fhttpd%2Fvhosts%2Frajlaw.com.tw%2Fhttpdocs%2Fwp-content%2Fthemes%2Fadvokat HTTP/1.1" 200 67341 "-" "Mozilla/5.0 AppleWebKit/537.36 (KHTML, like Gecko; compatible; ClaudeBot/1.0; +claudebot@anthropic.com)"
40.77.167.71 - - [24/Aug/2026:07:49:19 +0800] "GET /unleash-fortune-with-viking-luck-no-deposit-bonus-code-adventure/?path=/home/httpd/vhosts/rajlaw.com.tw/httpdocs/wp-admin HTTP/1.1" 200 174291 "-" "Mozilla/5.0 AppleWebKit/537.36 (KHTML, like Gecko; compatible; bingbot/2.0; +http://www.bing.com/bingbot.htm) Chrome/116.0.1938.76 Safari/537.36"
