20.15.133.175 - - [23/Aug/2026:19:00:48 +0800] "GET /the-fresh-new-jackpotrabbit-zero-deposit-bonus-will-provide-you-with-175000-gc-and-you-will-twenty-three-100-free-sc/ HTTP/1.1" 200 97224 "-" "Mozilla/5.0 AppleWebKit/537.36 (KHTML, like Gecko; compatible; bingbot/2.0; +http://www.bing.com/bingbot.htm) Chrome/116.0.1938.76 Safari/537.36"
40.77.167.57 - - [23/Aug/2026:19:00:48 +0800] "GET /prefer-your-preferred-depositing-means-for-the-first-exchange-and-you-can-allege-the-fresh-new-acceptance-extra/ HTTP/1.1" 200 97021 "-" "Mozilla/5.0 AppleWebKit/537.36 (KHTML, like Gecko; compatible; bingbot/2.0; +http://www.bing.com/bingbot.htm) Chrome/116.0.1938.76 Safari/537.36"
124.150.132.81 - - [23/Aug/2026:19:00:53 +0800] "POST /wp-cron.php?doing_wp_cron=1787482853.3998839855194091796875 HTTP/1.1" 200 5843 "-" "WordPress/7.1; https://rajlaw.com.tw"
52.167.144.213 - - [23/Aug/2026:19:00:52 +0800] "GET /karamba-features-an-effective-work-on-betting-but-a-few-tweaks-are-required/ HTTP/1.1" 200 92259 "-" "Mozilla/5.0 AppleWebKit/537.36 (KHTML, like Gecko; compatible; bingbot/2.0; +http://www.bing.com/bingbot.htm) Chrome/116.0.1938.76 Safari/537.36"
136.226.240.205 - - [23/Aug/2026:19:00:56 +0800] "GET /%E5%8F%B0%E7%81%A3gdp%E4%B8%8A%E4%BF%AE%E8%87%B311-05%EF%BC%85%E5%89%B539%E5%B9%B4%E6%96%B0%E9%AB%98%E3%80%80%E4%B8%BB%E8%A8%88%E7%B8%BD%E8%99%95%E4%BC%B02027%E5%B9%B4%E7%B6%93%E6%BF%9F%E6%88%90/ HTTP/1.1" 200 97609 "https://www.google.com/" "Mozilla/5.0 (Windows NT 10.0; Win64; x64) AppleWebKit/537.36 (KHTML, like Gecko) Chrome/151.0.0.0 Safari/537.36"
40.77.167.57 - - [23/Aug/2026:19:00:55 +0800] "GET /therefore-if-you-are-searching-getting-a-great-night-out-during-the-richland-this-is-the-prime-set/ HTTP/1.1" 200 91831 "-" "Mozilla/5.0 AppleWebKit/537.36 (KHTML, like Gecko; compatible; bingbot/2.0; +http://www.bing.com/bingbot.htm) Chrome/116.0.1938.76 Safari/537.36"
40.77.167.57 - - [23/Aug/2026:19:00:56 +0800] "GET /offers-marketed-thanks-to-juwa-fb-pages-otherwise-personal-agents-can-differ-further/ HTTP/1.1" 200 96912 "-" "Mozilla/5.0 AppleWebKit/537.36 (KHTML, like Gecko; compatible; bingbot/2.0; +http://www.bing.com/bingbot.htm) Chrome/116.0.1938.76 Safari/537.36"
136.226.240.205 - - [23/Aug/2026:19:01:02 +0800] "GET /favicon.ico HTTP/1.1" 302 5977 "https://rajlaw.com.tw/%E5%8F%B0%E7%81%A3gdp%E4%B8%8A%E4%BF%AE%E8%87%B311-05%EF%BC%85%E5%89%B539%E5%B9%B4%E6%96%B0%E9%AB%98%E3%80%80%E4%B8%BB%E8%A8%88%E7%B8%BD%E8%99%95%E4%BC%B02027%E5%B9%B4%E7%B6%93%E6%BF%9F%E6%88%90/" "Mozilla/5.0 (Windows NT 10.0; Win64; x64) AppleWebKit/537.36 (KHTML, like Gecko) Chrome/151.0.0.0 Safari/537.36"
52.167.144.213 - - [23/Aug/2026:19:01:01 +0800] "GET /all-of-our-in-charge-gambling-center-delivers-samples-of-safer-game-play-actually-in-operation/ HTTP/1.1" 200 92059 "-" "Mozilla/5.0 AppleWebKit/537.36 (KHTML, like Gecko; compatible; bingbot/2.0; +http://www.bing.com/bingbot.htm) Chrome/116.0.1938.76 Safari/537.36"
40.77.167.57 - - [23/Aug/2026:19:01:01 +0800] "GET /users-need-to-use-the-bonus-funds-and-you-will-award-credit-inside-a-great-eight-big-date-months-following-the-activation/ HTTP/1.1" 200 90863 "-" "Mozilla/5.0 AppleWebKit/537.36 (KHTML, like Gecko; compatible; bingbot/2.0; +http://www.bing.com/bingbot.htm) Chrome/116.0.1938.76 Safari/537.36"
40.77.167.57 - - [23/Aug/2026:19:01:07 +0800] "GET /i-became-as-well-as-satisfied-by-type-of-games-products-readily-available-at-the-cider-casino/ HTTP/1.1" 200 91874 "-" "Mozilla/5.0 AppleWebKit/537.36 (KHTML, like Gecko; compatible; bingbot/2.0; +http://www.bing.com/bingbot.htm) Chrome/116.0.1938.76 Safari/537.36"
52.167.144.213 - - [23/Aug/2026:19:01:09 +0800] "GET /je-is-obtainable-24-seven-to-greatly-help-having-campaigns-otherwise-kyc-monitors-guaranteeing-a-soft-sense/ HTTP/1.1" 200 92211 "-" "Mozilla/5.0 AppleWebKit/537.36 (KHTML, like Gecko; compatible; bingbot/2.0; +http://www.bing.com/bingbot.htm) Chrome/116.0.1938.76 Safari/537.36"
40.77.167.57 - - [23/Aug/2026:19:01:12 +0800] "GET /ignition-casino-is-a-well-rounded-gambling-on-line-site-which-provides-a-secure-and-you-can-fun-gaming-experience/ HTTP/1.1" 200 92221 "-" "Mozilla/5.0 AppleWebKit/537.36 (KHTML, like Gecko; compatible; bingbot/2.0; +http://www.bing.com/bingbot.htm) Chrome/116.0.1938.76 Safari/537.36"
52.167.144.213 - - [23/Aug/2026:19:01:12 +0800] "GET /check-for-the-dates-over-and-we-will-direct-you-the-lowest-cost/ HTTP/1.1" 200 96227 "-" "Mozilla/5.0 AppleWebKit/537.36 (KHTML, like Gecko; compatible; bingbot/2.0; +http://www.bing.com/bingbot.htm) Chrome/116.0.1938.76 Safari/537.36"
40.77.167.57 - - [23/Aug/2026:19:01:17 +0800] "GET /la-mayori%ef%bf%bda-hombres-aporta-uno-de-los-importes-mas-profusamente-exitosos-y-no-ha-transpirado-vanguardistas-de-esa-fabrica/ HTTP/1.1" 200 94237 "-" "Mozilla/5.0 AppleWebKit/537.36 (KHTML, like Gecko; compatible; bingbot/2.0; +http://www.bing.com/bingbot.htm) Chrome/116.0.1938.76 Safari/537.36"
52.167.144.213 - - [23/Aug/2026:19:01:17 +0800] "GET /here-at-bally-wager-we-provide-an-exciting-type-of-offers/ HTTP/1.1" 200 92254 "-" "Mozilla/5.0 AppleWebKit/537.36 (KHTML, like Gecko; compatible; bingbot/2.0; +http://www.bing.com/bingbot.htm) Chrome/116.0.1938.76 Safari/537.36"
116.59.49.56 - - [23/Aug/2026:19:01:24 +0800] "GET /wp-content/plugins/everest-forms/assets/css/intlTelInput.css?ver=3.0.9.3 HTTP/1.1" 200 50636 "-" "Mozilla/5.0 (Linux; Android 10; K) AppleWebKit/537.36 (KHTML, like Gecko) Chrome/151.0.0.0 Mobile Safari/537.36"
116.59.49.56 - - [23/Aug/2026:19:01:24 +0800] "GET /wp-includes/css/dashicons.min.css?ver=7.0.2 HTTP/1.1" 200 64196 "-" "Mozilla/5.0 (Linux; Android 10; K) AppleWebKit/537.36 (KHTML, like Gecko) Chrome/151.0.0.0 Mobile Safari/537.36"
116.59.49.56 - - [23/Aug/2026:19:01:24 +0800] "GET /wp-content/plugins/everest-forms/assets/css/everest-forms.css?ver=3.0.9.3 HTTP/1.1" 200 105613 "-" "Mozilla/5.0 (Linux; Android 10; K) AppleWebKit/537.36 (KHTML, like Gecko) Chrome/151.0.0.0 Mobile Safari/537.36"
116.59.49.56 - - [23/Aug/2026:19:01:24 +0800] "GET /wp-content/themes/zakra/inc/customizer/customind/assets/fontawesome/v6/css/all.min.css?ver=6.2.4 HTTP/1.1" 200 103513 "-" "Mozilla/5.0 (Linux; Android 10; K) AppleWebKit/537.36 (KHTML, like Gecko) Chrome/151.0.0.0 Mobile Safari/537.36"
116.59.49.56 - - [23/Aug/2026:19:01:24 +0800] "GET /wp-content/themes/zakra/style.css?ver=4.0.6 HTTP/1.1" 200 106819 "-" "Mozilla/5.0 (Linux; Android 10; K) AppleWebKit/537.36 (KHTML, like Gecko) Chrome/151.0.0.0 Mobile Safari/537.36"
116.59.49.56 - - [23/Aug/2026:19:01:24 +0800] "GET /wp-content/plugins/elementor/assets/lib/animations/animations.min.css?ver=3.2.3 HTTP/1.1" 200 18825 "-" "Mozilla/5.0 (Linux; Android 10; K) AppleWebKit/537.36 (KHTML, like Gecko) Chrome/151.0.0.0 Mobile Safari/537.36"
116.59.49.56 - - [23/Aug/2026:19:01:24 +0800] "GET /wp-content/plugins/elementor/assets/lib/eicons/css/elementor-icons.min.css?ver=5.11.0 HTTP/1.1" 200 17589 "-" "Mozilla/5.0 (Linux; Android 10; K) AppleWebKit/537.36 (KHTML, like Gecko) Chrome/151.0.0.0 Mobile Safari/537.36"
116.59.49.56 - - [23/Aug/2026:19:01:24 +0800] "GET /wp-content/plugins/elementor/assets/css/frontend.min.css?ver=3.2.3 HTTP/1.1" 200 118361 "-" "Mozilla/5.0 (Linux; Android 10; K) AppleWebKit/537.36 (KHTML, like Gecko) Chrome/151.0.0.0 Mobile Safari/537.36"
116.59.49.56 - - [23/Aug/2026:19:01:24 +0800] "GET /wp-content/uploads/elementor/css/post-504.css?ver=1741807482 HTTP/1.1" 200 1490 "-" "Mozilla/5.0 (Linux; Android 10; K) AppleWebKit/537.36 (KHTML, like Gecko) Chrome/151.0.0.0 Mobile Safari/537.36"
40.77.167.57 - - [23/Aug/2026:19:01:22 +0800] "GET /nolimitcoins-remark-2026-can-it-be-a-legitimate-sweepstakes-local-casino/ HTTP/1.1" 200 90099 "-" "Mozilla/5.0 AppleWebKit/537.36 (KHTML, like Gecko; compatible; bingbot/2.0; +http://www.bing.com/bingbot.htm) Chrome/116.0.1938.76 Safari/537.36"
116.59.49.56 - - [23/Aug/2026:19:01:24 +0800] "GET /?page_id=3107 HTTP/1.1" 301 6063 "https://www.google.com/" "Mozilla/5.0 (Linux; Android 10; K) AppleWebKit/537.36 (KHTML, like Gecko) Chrome/151.0.0.0 Mobile Safari/537.36"
20.200.212.246 - - [23/Aug/2026:19:01:25 +0800] "GET /%E5%8F%B0%E5%8D%97%E6%B2%BB%E6%B0%B4%E6%B7%B9%E6%B0%B4%E9%9D%A2%E7%A9%8D%E6%B8%9B98%E3%80%80%E9%BB%83%E5%81%89%E5%93%B2%E5%86%8D%E7%88%AD%E5%8F%9620%E5%84%84%E5%85%83%E6%94%B9%E5%96%84%E4%B8%89/ HTTP/1.1" 200 99110 "-" "Mozilla/5.0 AppleWebKit/537.36 (KHTML, like Gecko); compatible; ChatGPT-User/1.0; +https://openai.com/bot"
40.77.167.35 - - [23/Aug/2026:19:01:26 +0800] "GET /like-other-sweepstakes-casinos-jackpotrabbit-spends-a-couple-of-virtual-currencies-as-opposed-to-real-cash-transactions/ HTTP/1.1" 200 97848 "-" "Mozilla/5.0 AppleWebKit/537.36 (KHTML, like Gecko; compatible; bingbot/2.0; +http://www.bing.com/bingbot.htm) Chrome/116.0.1938.76 Safari/537.36"
116.59.49.56 - - [23/Aug/2026:19:01:27 +0800] "GET /blog3/ HTTP/1.1" 200 108678 "https://www.google.com/" "Mozilla/5.0 (Linux; Android 10; K) AppleWebKit/537.36 (KHTML, like Gecko) Chrome/151.0.0.0 Mobile Safari/537.36"
116.59.49.56 - - [23/Aug/2026:19:01:33 +0800] "GET /wp-includes/css/dashicons.min.css?ver=7.1 HTTP/1.1" 200 59419 "https://rajlaw.com.tw/blog3/" "Mozilla/5.0 (Linux; Android 10; K) AppleWebKit/537.36 (KHTML, like Gecko) Chrome/151.0.0.0 Mobile Safari/537.36"
116.59.49.56 - - [23/Aug/2026:19:01:33 +0800] "GET /wp-content/plugins/elementor-pro/assets/css/frontend.min.css?ver=3.2.2 HTTP/1.1" 200 211560 "https://rajlaw.com.tw/blog3/" "Mozilla/5.0 (Linux; Android 10; K) AppleWebKit/537.36 (KHTML, like Gecko) Chrome/151.0.0.0 Mobile Safari/537.36"
116.59.49.56 - - [23/Aug/2026:19:01:33 +0800] "GET /wp-content/plugins/elementor/assets/lib/font-awesome/css/all.min.css?ver=3.2.3 HTTP/1.1" 200 59897 "https://rajlaw.com.tw/blog3/" "Mozilla/5.0 (Linux; Android 10; K) AppleWebKit/537.36 (KHTML, like Gecko) Chrome/151.0.0.0 Mobile Safari/537.36"
116.59.49.56 - - [23/Aug/2026:19:01:33 +0800] "GET /wp-content/plugins/elementor/assets/lib/font-awesome/css/v4-shims.min.css?ver=3.2.3 HTTP/1.1" 200 27197 "https://rajlaw.com.tw/blog3/" "Mozilla/5.0 (Linux; Android 10; K) AppleWebKit/537.36 (KHTML, like Gecko) Chrome/151.0.0.0 Mobile Safari/537.36"
116.59.49.56 - - [23/Aug/2026:19:01:33 +0800] "GET /wp-content/uploads/elementor/css/post-3107.css?ver=1741845479 HTTP/1.1" 200 5047 "https://rajlaw.com.tw/blog3/" "Mozilla/5.0 (Linux; Android 10; K) AppleWebKit/537.36 (KHTML, like Gecko) Chrome/151.0.0.0 Mobile Safari/537.36"
116.59.49.56 - - [23/Aug/2026:19:01:33 +0800] "GET /wp-content/plugins/elementor/assets/lib/font-awesome/css/solid.min.css?ver=5.15.1 HTTP/1.1" 200 994 "https://rajlaw.com.tw/blog3/" "Mozilla/5.0 (Linux; Android 10; K) AppleWebKit/537.36 (KHTML, like Gecko) Chrome/151.0.0.0 Mobile Safari/537.36"
116.59.49.56 - - [23/Aug/2026:19:01:33 +0800] "GET /wp-content/plugins/elementor/assets/lib/font-awesome/css/fontawesome.min.css?ver=5.15.1 HTTP/1.1" 200 58327 "https://rajlaw.com.tw/blog3/" "Mozilla/5.0 (Linux; Android 10; K) AppleWebKit/537.36 (KHTML, like Gecko) Chrome/151.0.0.0 Mobile Safari/537.36"
116.59.49.56 - - [23/Aug/2026:19:01:33 +0800] "GET /wp-content/plugins/elementor/assets/lib/font-awesome/js/v4-shims.min.js?ver=3.2.3 HTTP/1.1" 200 15397 "https://rajlaw.com.tw/blog3/" "Mozilla/5.0 (Linux; Android 10; K) AppleWebKit/537.36 (KHTML, like Gecko) Chrome/151.0.0.0 Mobile Safari/537.36"
116.59.49.56 - - [23/Aug/2026:19:01:33 +0800] "GET /wp-content/uploads/2025/03/logo-removebg-preview-e1741353740950.png HTTP/1.1" 200 71099 "https://rajlaw.com.tw/blog3/" "Mozilla/5.0 (Linux; Android 10; K) AppleWebKit/537.36 (KHTML, like Gecko) Chrome/151.0.0.0 Mobile Safari/537.36"
116.59.49.56 - - [23/Aug/2026:19:01:33 +0800] "GET /wp-content/themes/zakra/assets/js/navigation.min.js?ver=4.0.6 HTTP/1.1" 200 4809 "https://rajlaw.com.tw/blog3/" "Mozilla/5.0 (Linux; Android 10; K) AppleWebKit/537.36 (KHTML, like Gecko) Chrome/151.0.0.0 Mobile Safari/537.36"
116.59.49.56 - - [23/Aug/2026:19:01:33 +0800] "GET /wp-content/uploads/2025/02/%E9%95%B7%E5%AE%89icon-25_0.jpg HTTP/1.1" 200 39294 "https://rajlaw.com.tw/blog3/" "Mozilla/5.0 (Linux; Android 10; K) AppleWebKit/537.36 (KHTML, like Gecko) Chrome/151.0.0.0 Mobile Safari/537.36"
116.59.49.56 - - [23/Aug/2026:19:01:33 +0800] "GET /wp-content/themes/zakra/assets/js/skip-link-focus-fix.min.js?ver=4.0.6 HTTP/1.1" 200 666 "https://rajlaw.com.tw/blog3/" "Mozilla/5.0 (Linux; Android 10; K) AppleWebKit/537.36 (KHTML, like Gecko) Chrome/151.0.0.0 Mobile Safari/537.36"
116.59.49.56 - - [23/Aug/2026:19:01:33 +0800] "GET /wp-content/themes/zakra/assets/js/zakra-custom.min.js?ver=4.0.6 HTTP/1.1" 200 5825 "https://rajlaw.com.tw/blog3/" "Mozilla/5.0 (Linux; Android 10; K) AppleWebKit/537.36 (KHTML, like Gecko) Chrome/151.0.0.0 Mobile Safari/537.36"
116.59.49.56 - - [23/Aug/2026:19:01:33 +0800] "GET /wp-includes/js/imagesloaded.min.js?ver=5.0.0 HTTP/1.1" 200 5861 "https://rajlaw.com.tw/blog3/" "Mozilla/5.0 (Linux; Android 10; K) AppleWebKit/537.36 (KHTML, like Gecko) Chrome/151.0.0.0 Mobile Safari/537.36"
116.59.49.56 - - [23/Aug/2026:19:01:33 +0800] "GET /wp-content/plugins/elementor-pro/assets/js/webpack-pro.runtime.min.js?ver=3.2.2 HTTP/1.1" 200 5877 "https://rajlaw.com.tw/blog3/" "Mozilla/5.0 (Linux; Android 10; K) AppleWebKit/537.36 (KHTML, like Gecko) Chrome/151.0.0.0 Mobile Safari/537.36"
116.59.49.56 - - [23/Aug/2026:19:01:33 +0800] "GET /wp-content/plugins/elementor/assets/js/webpack.runtime.min.js?ver=3.2.3 HTTP/1.1" 200 5110 "https://rajlaw.com.tw/blog3/" "Mozilla/5.0 (Linux; Android 10; K) AppleWebKit/537.36 (KHTML, like Gecko) Chrome/151.0.0.0 Mobile Safari/537.36"
116.59.49.56 - - [23/Aug/2026:19:01:33 +0800] "GET /wp-includes/js/jquery/jquery.min.js?ver=3.7.1 HTTP/1.1" 200 88041 "https://rajlaw.com.tw/blog3/" "Mozilla/5.0 (Linux; Android 10; K) AppleWebKit/537.36 (KHTML, like Gecko) Chrome/151.0.0.0 Mobile Safari/537.36"
116.59.49.56 - - [23/Aug/2026:19:01:33 +0800] "GET /wp-includes/js/jquery/jquery-migrate.min.js?ver=3.4.1 HTTP/1.1" 200 13919 "https://rajlaw.com.tw/blog3/" "Mozilla/5.0 (Linux; Android 10; K) AppleWebKit/537.36 (KHTML, like Gecko) Chrome/151.0.0.0 Mobile Safari/537.36"
116.59.49.56 - - [23/Aug/2026:19:01:33 +0800] "GET /wp-content/plugins/elementor/assets/js/frontend-modules.min.js?ver=3.2.3 HTTP/1.1" 200 65343 "https://rajlaw.com.tw/blog3/" "Mozilla/5.0 (Linux; Android 10; K) AppleWebKit/537.36 (KHTML, like Gecko) Chrome/151.0.0.0 Mobile Safari/537.36"
116.59.49.56 - - [23/Aug/2026:19:01:33 +0800] "GET /wp-content/plugins/elementor-pro/assets/lib/sticky/jquery.sticky.min.js?ver=3.2.2 HTTP/1.1" 200 6936 "https://rajlaw.com.tw/blog3/" "Mozilla/5.0 (Linux; Android 10; K) AppleWebKit/537.36 (KHTML, like Gecko) Chrome/151.0.0.0 Mobile Safari/537.36"
116.59.49.56 - - [23/Aug/2026:19:01:33 +0800] "GET /wp-content/plugins/elementor-pro/assets/js/frontend.min.js?ver=3.2.2 HTTP/1.1" 200 57554 "https://rajlaw.com.tw/blog3/" "Mozilla/5.0 (Linux; Android 10; K) AppleWebKit/537.36 (KHTML, like Gecko) Chrome/151.0.0.0 Mobile Safari/537.36"
116.59.49.56 - - [23/Aug/2026:19:01:33 +0800] "GET /wp-includes/js/jquery/ui/core.min.js?ver=1.14.2 HTTP/1.1" 200 19045 "https://rajlaw.com.tw/blog3/" "Mozilla/5.0 (Linux; Android 10; K) AppleWebKit/537.36 (KHTML, like Gecko) Chrome/151.0.0.0 Mobile Safari/537.36"
116.59.49.56 - - [23/Aug/2026:19:01:33 +0800] "GET /wp-content/plugins/elementor/assets/lib/waypoints/waypoints.min.js?ver=4.0.2 HTTP/1.1" 200 12540 "https://rajlaw.com.tw/blog3/" "Mozilla/5.0 (Linux; Android 10; K) AppleWebKit/537.36 (KHTML, like Gecko) Chrome/151.0.0.0 Mobile Safari/537.36"
116.59.49.56 - - [23/Aug/2026:19:01:33 +0800] "GET /wp-content/plugins/elementor/assets/lib/share-link/share-link.min.js?ver=3.2.3 HTTP/1.1" 200 2918 "https://rajlaw.com.tw/blog3/" "Mozilla/5.0 (Linux; Android 10; K) AppleWebKit/537.36 (KHTML, like Gecko) Chrome/151.0.0.0 Mobile Safari/537.36"
116.59.49.56 - - [23/Aug/2026:19:01:33 +0800] "GET /wp-content/plugins/blockart-blocks/assets/lib/swiper/swiper-bundle.min.js?ver=11.0.7 HTTP/1.1" 200 149752 "https://rajlaw.com.tw/blog3/" "Mozilla/5.0 (Linux; Android 10; K) AppleWebKit/537.36 (KHTML, like Gecko) Chrome/151.0.0.0 Mobile Safari/537.36"
116.59.49.56 - - [23/Aug/2026:19:01:33 +0800] "GET /wp-content/plugins/elementor/assets/lib/dialog/dialog.min.js?ver=4.8.1 HTTP/1.1" 200 11205 "https://rajlaw.com.tw/blog3/" "Mozilla/5.0 (Linux; Android 10; K) AppleWebKit/537.36 (KHTML, like Gecko) Chrome/151.0.0.0 Mobile Safari/537.36"
116.59.49.56 - - [23/Aug/2026:19:01:33 +0800] "GET /wp-content/plugins/elementor/assets/js/frontend.min.js?ver=3.2.3 HTTP/1.1" 200 68149 "https://rajlaw.com.tw/blog3/" "Mozilla/5.0 (Linux; Android 10; K) AppleWebKit/537.36 (KHTML, like Gecko) Chrome/151.0.0.0 Mobile Safari/537.36"
116.59.49.56 - - [23/Aug/2026:19:01:33 +0800] "GET /wp-content/plugins/elementor-pro/assets/js/preloaded-elements-handlers.min.js?ver=3.2.2 HTTP/1.1" 200 157438 "https://rajlaw.com.tw/blog3/" "Mozilla/5.0 (Linux; Android 10; K) AppleWebKit/537.36 (KHTML, like Gecko) Chrome/151.0.0.0 Mobile Safari/537.36"
116.59.49.56 - - [23/Aug/2026:19:01:33 +0800] "GET /wp-content/plugins/elementor/assets/js/preloaded-modules.min.js?ver=3.2.3 HTTP/1.1" 200 58463 "https://rajlaw.com.tw/blog3/" "Mozilla/5.0 (Linux; Android 10; K) AppleWebKit/537.36 (KHTML, like Gecko) Chrome/151.0.0.0 Mobile Safari/537.36"
116.59.49.56 - - [23/Aug/2026:19:01:34 +0800] "GET /wp-content/themes/zakra/123.jpg HTTP/1.1" 200 455955 "https://rajlaw.com.tw/wp-content/themes/zakra/style.css?ver=4.0.6" "Mozilla/5.0 (Linux; Android 10; K) AppleWebKit/537.36 (KHTML, like Gecko) Chrome/151.0.0.0 Mobile Safari/537.36"
116.59.49.56 - - [23/Aug/2026:19:01:34 +0800] "GET /wp-content/plugins/elementor/assets/lib/font-awesome/webfonts/fa-solid-900.woff2 HTTP/1.1" 200 80721 "https://rajlaw.com.tw/wp-content/plugins/elementor/assets/lib/font-awesome/css/all.min.css?ver=3.2.3" "Mozilla/5.0 (Linux; Android 10; K) AppleWebKit/537.36 (KHTML, like Gecko) Chrome/151.0.0.0 Mobile Safari/537.36"
116.59.49.56 - - [23/Aug/2026:19:01:34 +0800] "GET /wp-includes/js/wp-emoji-release.min.js?ver=7.1 HTTP/1.1" 200 23123 "https://rajlaw.com.tw/blog3/" "Mozilla/5.0 (Linux; Android 10; K) AppleWebKit/537.36 (KHTML, like Gecko) Chrome/151.0.0.0 Mobile Safari/537.36"
40.77.167.35 - - [23/Aug/2026:19:01:31 +0800] "GET /this-is-ideal-for-individuals-who-visit-casinos-on-the-internet/ HTTP/1.1" 200 92466 "-" "Mozilla/5.0 AppleWebKit/537.36 (KHTML, like Gecko; compatible; bingbot/2.0; +http://www.bing.com/bingbot.htm) Chrome/116.0.1938.76 Safari/537.36"
116.59.49.56 - - [23/Aug/2026:19:01:34 +0800] "GET /favicon.ico HTTP/1.1" 302 0 "https://rajlaw.com.tw/blog3/" "Mozilla/5.0 (Linux; Android 10; K) AppleWebKit/537.36 (KHTML, like Gecko) Chrome/151.0.0.0 Mobile Safari/537.36"
52.167.144.213 - - [23/Aug/2026:19:01:34 +0800] "GET /constantly-be-sure-gaming-permits-and-study-present-member-ratings-before-you-choose-one-fastest-payment-on-line-casino/ HTTP/1.1" 200 96424 "-" "Mozilla/5.0 AppleWebKit/537.36 (KHTML, like Gecko; compatible; bingbot/2.0; +http://www.bing.com/bingbot.htm) Chrome/116.0.1938.76 Safari/537.36"
40.77.167.35 - - [23/Aug/2026:19:01:37 +0800] "GET /los-excelentes-casinos-en-internet-tienen-plazos-excelentes-a-dos-semanas-con-el-fin-de-llegar-en-el-rollover/ HTTP/1.1" 200 91638 "-" "Mozilla/5.0 AppleWebKit/537.36 (KHTML, like Gecko; compatible; bingbot/2.0; +http://www.bing.com/bingbot.htm) Chrome/116.0.1938.76 Safari/537.36"
47.128.47.182 - - [23/Aug/2026:19:01:36 +0800] "GET /spinsahara-uden-indbetaling-bonus-guide/ HTTP/1.1" 200 97997 "-" "Mozilla/5.0 (Linux; Android 5.0) AppleWebKit/537.36 (KHTML, like Gecko) Mobile Safari/537.36 (compatible; Bytespider; https://bytedance.sg.larkoffice.com/docx/K5bxdypulop3IIxrJb0lOjLVgFe)"
52.167.144.184 - - [23/Aug/2026:19:01:39 +0800] "GET /customer-care-chat-stays-accessible-through-the-mobile-screen-to-own-short-advice/ HTTP/1.1" 200 96989 "-" "Mozilla/5.0 AppleWebKit/537.36 (KHTML, like Gecko; compatible; bingbot/2.0; +http://www.bing.com/bingbot.htm) Chrome/116.0.1938.76 Safari/537.36"
52.167.144.184 - - [23/Aug/2026:19:01:47 +0800] "GET /the-latest-sportsbook-point-from-the-cryptoleo-is-designed-along-with-your-ease-of-include-in-brain/ HTTP/1.1" 200 90658 "-" "Mozilla/5.0 AppleWebKit/537.36 (KHTML, like Gecko; compatible; bingbot/2.0; +http://www.bing.com/bingbot.htm) Chrome/116.0.1938.76 Safari/537.36"
124.150.132.81 - - [23/Aug/2026:19:00:54 +0800] "POST /wp-cron.php?doing_wp_cron=1787482854.2018930912017822265625 HTTP/1.1" 200 5843 "-" "WordPress/7.1; https://rajlaw.com.tw"
124.150.132.81 - - [23/Aug/2026:19:00:51 +0800] "POST /wp-cron.php?doing_wp_cron=1787482851.6402070522308349609375 HTTP/1.1" 200 5843 "-" "WordPress/7.1; https://rajlaw.com.tw"
52.167.144.213 - - [23/Aug/2026:19:01:53 +0800] "GET /they-often-times-appeal-to-higher-rollers-having-quite-high-playing-constraints-and-simply-no-detachment-restrictions/ HTTP/1.1" 200 96697 "-" "Mozilla/5.0 AppleWebKit/537.36 (KHTML, like Gecko; compatible; bingbot/2.0; +http://www.bing.com/bingbot.htm) Chrome/116.0.1938.76 Safari/537.36"
52.167.144.184 - - [23/Aug/2026:19:01:58 +0800] "GET /at-our-very-own-local-casino-theres-no-time-off-because-of-social-vacations-travel-or-dinner-trips/ HTTP/1.1" 200 96535 "-" "Mozilla/5.0 AppleWebKit/537.36 (KHTML, like Gecko; compatible; bingbot/2.0; +http://www.bing.com/bingbot.htm) Chrome/116.0.1938.76 Safari/537.36"
52.167.144.213 - - [23/Aug/2026:19:02:01 +0800] "GET /towards-the-excellent-you-poker-internet-sites-you-have-got-numerous-types-of-withdrawal-at-your-disposal/ HTTP/1.1" 200 90732 "-" "Mozilla/5.0 AppleWebKit/537.36 (KHTML, like Gecko; compatible; bingbot/2.0; +http://www.bing.com/bingbot.htm) Chrome/116.0.1938.76 Safari/537.36"
40.77.167.35 - - [23/Aug/2026:19:02:08 +0800] "GET /the-fresh-new-visa-deposit-brought-about-an-otp-take-a-look-at-fundamental-defense-for-1-go-out-repayments/ HTTP/1.1" 200 97007 "-" "Mozilla/5.0 AppleWebKit/537.36 (KHTML, like Gecko; compatible; bingbot/2.0; +http://www.bing.com/bingbot.htm) Chrome/116.0.1938.76 Safari/537.36"
40.77.167.35 - - [23/Aug/2026:19:02:18 +0800] "GET /even-offers-promoted-due-to-juwa-facebook-pages-otherwise-individual-agents-can-differ-after-that/ HTTP/1.1" 200 92035 "-" "Mozilla/5.0 AppleWebKit/537.36 (KHTML, like Gecko; compatible; bingbot/2.0; +http://www.bing.com/bingbot.htm) Chrome/116.0.1938.76 Safari/537.36"
40.77.167.35 - - [23/Aug/2026:19:02:25 +0800] "GET /no-individual-get-or-description-is-revealed-until-you-to-definitely-investigations-is-actually-penned/ HTTP/1.1" 200 92562 "-" "Mozilla/5.0 AppleWebKit/537.36 (KHTML, like Gecko; compatible; bingbot/2.0; +http://www.bing.com/bingbot.htm) Chrome/116.0.1938.76 Safari/537.36"
40.77.167.35 - - [23/Aug/2026:19:02:29 +0800] "GET /so-if-you-are-looking-getting-an-enjoyable-night-out-inside-richland-this-is-the-best-place/ HTTP/1.1" 200 91997 "-" "Mozilla/5.0 AppleWebKit/537.36 (KHTML, like Gecko; compatible; bingbot/2.0; +http://www.bing.com/bingbot.htm) Chrome/116.0.1938.76 Safari/537.36"
40.77.167.35 - - [23/Aug/2026:19:02:34 +0800] "GET /no-emulator-otherwise-a-lot-more-application-is-necessary-for-browser-centered-pc-play/ HTTP/1.1" 200 92434 "-" "Mozilla/5.0 AppleWebKit/537.36 (KHTML, like Gecko; compatible; bingbot/2.0; +http://www.bing.com/bingbot.htm) Chrome/116.0.1938.76 Safari/537.36"
66.249.71.227 - - [23/Aug/2026:19:02:36 +0800] "GET /see-licensing-detachment-standards-and-in-charge-playing-advice-prior-to-transferring/ HTTP/1.1" 200 94569 "-" "Mozilla/5.0 (Linux; Android 6.0.1; Nexus 5X Build/MMB29P) AppleWebKit/537.36 (KHTML, like Gecko) Chrome/151.0.7922.137 Mobile Safari/537.36 (compatible; GoogleOther)"
57.141.22.86 - - [23/Aug/2026:19:02:36 +0800] "GET / HTTP/1.1" 200 139932 "-" "facebookexternalhit/1.1 (+http://www.facebook.com/externalhit_uatext.php)"
66.249.72.200 - - [23/Aug/2026:19:02:43 +0800] "GET /wp-content/themes/zakra/style.css?ver=4.0.6 HTTP/1.1" 200 111596 "https://rajlaw.com.tw/see-licensing-detachment-standards-and-in-charge-playing-advice-prior-to-transferring/" "Mozilla/5.0 (Linux; Android 6.0.1; Nexus 5X Build/MMB29P) AppleWebKit/537.36 (KHTML, like Gecko) Chrome/151.0.7922.137 Mobile Safari/537.36 (compatible; GoogleOther)"
40.77.167.35 - - [23/Aug/2026:19:02:46 +0800] "GET /support-service-chat-remains-obtainable-from-cellular-user-interface-for-small-direction/ HTTP/1.1" 200 97046 "-" "Mozilla/5.0 AppleWebKit/537.36 (KHTML, like Gecko; compatible; bingbot/2.0; +http://www.bing.com/bingbot.htm) Chrome/116.0.1938.76 Safari/537.36"
66.249.72.199 - - [23/Aug/2026:19:02:48 +0800] "GET /so-you-can-allege-the-award-the-very-first-time-you-will-have-to-be-sure-your-bank-account/ HTTP/1.1" 200 96789 "-" "Mozilla/5.0 (Linux; Android 6.0.1; Nexus 5X Build/MMB29P) AppleWebKit/537.36 (KHTML, like Gecko) Chrome/151.0.7922.137 Mobile Safari/537.36 (compatible; Googlebot/2.1; +http://www.google.com/bot.html)"
66.249.72.201 - - [23/Aug/2026:19:03:50 +0800] "GET /heed-registered-networks-predicated-on-in-which-you-are-really/ HTTP/1.1" 200 97701 "-" "Mozilla/5.0 (Linux; Android 6.0.1; Nexus 5X Build/MMB29P) AppleWebKit/537.36 (KHTML, like Gecko) Chrome/151.0.7922.137 Mobile Safari/537.36 (compatible; GoogleOther)"
52.167.144.184 - - [23/Aug/2026:19:03:55 +0800] "GET /%E5%AE%89%E9%81%94%E4%BA%BA%E5%A3%BD%E5%AE%89%E5%BF%83%E6%BA%A2%E8%B5%B7%E5%8B%95%E5%A5%AA%E6%9C%80%E4%BD%B3%E5%95%86%E5%93%81%E5%89%B5%E6%84%8F%E7%8D%8E-%E6%8E%8C%E6%8F%A1%E5%81%A5%E5%BA%B7%E7%94%9F/ HTTP/1.1" 200 94780 "-" "Mozilla/5.0 AppleWebKit/537.36 (KHTML, like Gecko; compatible; bingbot/2.0; +http://www.bing.com/bingbot.htm) Chrome/116.0.1938.76 Safari/537.36"
198.244.242.174 - - [23/Aug/2026:19:04:28 +0800] "GET /100-percent-free-position-demos-supercasino-no-deposit-bonus-codes-all-of-the-facility/ HTTP/1.1" 200 101123 "-" "Mozilla/5.0 (compatible; AhrefsBot/7.0; +http://ahrefs.com/robot/)"
165.73.240.151 - - [23/Aug/2026:19:05:09 +0800] "POST /xmlrpc.php HTTP/1.1" 200 6124 "-" "Mozilla/5.0 (Windows NT 10.0; Win64; x64) AppleWebKit/537.36 (KHTML, like Gecko) Chrome/114.0.0.0 Safari/537.36"
124.150.132.81 - - [23/Aug/2026:19:05:15 +0800] "POST /wp-cron.php?doing_wp_cron=1787483115.3902349472045898437500 HTTP/1.1" 200 5843 "-" "WordPress/7.1; https://rajlaw.com.tw"
165.73.240.151 - - [23/Aug/2026:19:05:24 +0800] "POST /xmlrpc.php HTTP/1.1" 200 18123 "-" "Mozilla/5.0 (Windows NT 10.0; Win64; x64) AppleWebKit/537.36 (KHTML, like Gecko) Chrome/114.0.0.0 Safari/537.36"
165.73.240.151 - - [23/Aug/2026:19:05:30 +0800] "GET /likewise-duckyluck-gambling-enterprise-has-the-benefit-of-instadebit-an-efficient-and-widely-utilized-electronic-fee-provider-one-facilitates-quick-and-you-will-safe-deals/ HTTP/1.1" 200 98946 "-" "Mozilla/5.0 (Windows NT 10.0; rv:109.0) Gecko/20100101 Firefox/115.0"
52.167.144.184 - - [23/Aug/2026:19:05:55 +0800] "GET /video-keeps-decorated-a-rigid-image-of-just-how-individuals-will-be-dress-getting-gambling-enterprises/ HTTP/1.1" 200 95407 "-" "Mozilla/5.0 AppleWebKit/537.36 (KHTML, like Gecko; compatible; bingbot/2.0; +http://www.bing.com/bingbot.htm) Chrome/116.0.1938.76 Safari/537.36"
218.164.23.204 - - [23/Aug/2026:19:05:56 +0800] "GET /%E6%88%BF%E5%9C%B0%E5%90%88%E4%B8%80%E7%A8%85%E5%8F%AF%E6%89%A3%E9%99%A4%E8%A3%9D%E6%BD%A2%E8%B2%BB%E7%94%A8%E6%9C%89%E5%93%AA%E4%BA%9B%EF%BC%9F/ HTTP/1.1" 200 93326 "https://www.google.com/url?q=https://rajlaw.com.tw/%25E6%2588%25BF%25E5%259C%25B0%25E5%2590%2588%25E4%25B8%2580%25E7%25A8%2585%25E5%258F%25AF%25E6%2589%25A3%25E9%2599%25A4%25E8%25A3%259D%25E6%25BD%25A2%25E8%25B2%25BB%25E7%2594%25A8%25E6%259C%2589%25E5%2593%25AA%25E4%25BA%259B%25EF%25BC%259F/&sa=U&sqi=2&ved=2ahUKEwiRtP63zbaWAxUQluEIHQ9nHbgQFnoECCAQAQ&usg=AOvVaw2BFyV1lHXibL9F2N70L6ZM" "Mozilla/5.0 (iPhone; CPU iPhone OS 26_5_2 like Mac OS X) AppleWebKit/605.1.15 (KHTML, like Gecko) GSA/434.2.961627397 Mobile/15E148 Safari/604.1"
218.164.23.204 - - [23/Aug/2026:19:06:02 +0800] "GET /wp-includes/css/dashicons.min.css?ver=7.1 HTTP/1.1" 200 64001 "https://rajlaw.com.tw/%E6%88%BF%E5%9C%B0%E5%90%88%E4%B8%80%E7%A8%85%E5%8F%AF%E6%89%A3%E9%99%A4%E8%A3%9D%E6%BD%A2%E8%B2%BB%E7%94%A8%E6%9C%89%E5%93%AA%E4%BA%9B%EF%BC%9F/" "Mozilla/5.0 (iPhone; CPU iPhone OS 26_5_2 like Mac OS X) AppleWebKit/605.1.15 (KHTML, like Gecko) GSA/434.2.961627397 Mobile/15E148 Safari/604.1"
218.164.23.204 - - [23/Aug/2026:19:06:02 +0800] "GET /wp-content/uploads/2025/03/logo-removebg-preview-e1741353740950.png HTTP/1.1" 200 71099 "https://rajlaw.com.tw/%E6%88%BF%E5%9C%B0%E5%90%88%E4%B8%80%E7%A8%85%E5%8F%AF%E6%89%A3%E9%99%A4%E8%A3%9D%E6%BD%A2%E8%B2%BB%E7%94%A8%E6%9C%89%E5%93%AA%E4%BA%9B%EF%BC%9F/" "Mozilla/5.0 (iPhone; CPU iPhone OS 26_5_2 like Mac OS X) AppleWebKit/605.1.15 (KHTML, like Gecko) GSA/434.2.961627397 Mobile/15E148 Safari/604.1"
218.164.23.204 - - [23/Aug/2026:19:06:03 +0800] "GET /wp-content/themes/zakra/assets/js/navigation.min.js?ver=4.0.6 HTTP/1.1" 200 4809 "https://rajlaw.com.tw/%E6%88%BF%E5%9C%B0%E5%90%88%E4%B8%80%E7%A8%85%E5%8F%AF%E6%89%A3%E9%99%A4%E8%A3%9D%E6%BD%A2%E8%B2%BB%E7%94%A8%E6%9C%89%E5%93%AA%E4%BA%9B%EF%BC%9F/" "Mozilla/5.0 (iPhone; CPU iPhone OS 26_5_2 like Mac OS X) AppleWebKit/605.1.15 (KHTML, like Gecko) GSA/434.2.961627397 Mobile/15E148 Safari/604.1"
218.164.23.204 - - [23/Aug/2026:19:06:03 +0800] "GET /wp-content/plugins/everest-forms/assets/css/intlTelInput.css?ver=3.0.9.3 HTTP/1.1" 200 50441 "https://rajlaw.com.tw/%E6%88%BF%E5%9C%B0%E5%90%88%E4%B8%80%E7%A8%85%E5%8F%AF%E6%89%A3%E9%99%A4%E8%A3%9D%E6%BD%A2%E8%B2%BB%E7%94%A8%E6%9C%89%E5%93%AA%E4%BA%9B%EF%BC%9F/" "Mozilla/5.0 (iPhone; CPU iPhone OS 26_5_2 like Mac OS X) AppleWebKit/605.1.15 (KHTML, like Gecko) GSA/434.2.961627397 Mobile/15E148 Safari/604.1"
218.164.23.204 - - [23/Aug/2026:19:06:03 +0800] "GET /wp-content/themes/zakra/assets/js/skip-link-focus-fix.min.js?ver=4.0.6 HTTP/1.1" 200 666 "https://rajlaw.com.tw/%E6%88%BF%E5%9C%B0%E5%90%88%E4%B8%80%E7%A8%85%E5%8F%AF%E6%89%A3%E9%99%A4%E8%A3%9D%E6%BD%A2%E8%B2%BB%E7%94%A8%E6%9C%89%E5%93%AA%E4%BA%9B%EF%BC%9F/" "Mozilla/5.0 (iPhone; CPU iPhone OS 26_5_2 like Mac OS X) AppleWebKit/605.1.15 (KHTML, like Gecko) GSA/434.2.961627397 Mobile/15E148 Safari/604.1"
218.164.23.204 - - [23/Aug/2026:19:06:03 +0800] "GET /wp-content/themes/zakra/assets/js/zakra-custom.min.js?ver=4.0.6 HTTP/1.1" 200 5825 "https://rajlaw.com.tw/%E6%88%BF%E5%9C%B0%E5%90%88%E4%B8%80%E7%A8%85%E5%8F%AF%E6%89%A3%E9%99%A4%E8%A3%9D%E6%BD%A2%E8%B2%BB%E7%94%A8%E6%9C%89%E5%93%AA%E4%BA%9B%EF%BC%9F/" "Mozilla/5.0 (iPhone; CPU iPhone OS 26_5_2 like Mac OS X) AppleWebKit/605.1.15 (KHTML, like Gecko) GSA/434.2.961627397 Mobile/15E148 Safari/604.1"
218.164.23.204 - - [23/Aug/2026:19:06:03 +0800] "GET /wp-content/plugins/everest-forms/assets/css/everest-forms.css?ver=3.0.9.3 HTTP/1.1" 200 100974 "https://rajlaw.com.tw/%E6%88%BF%E5%9C%B0%E5%90%88%E4%B8%80%E7%A8%85%E5%8F%AF%E6%89%A3%E9%99%A4%E8%A3%9D%E6%BD%A2%E8%B2%BB%E7%94%A8%E6%9C%89%E5%93%AA%E4%BA%9B%EF%BC%9F/" "Mozilla/5.0 (iPhone; CPU iPhone OS 26_5_2 like Mac OS X) AppleWebKit/605.1.15 (KHTML, like Gecko) GSA/434.2.961627397 Mobile/15E148 Safari/604.1"
218.164.23.204 - - [23/Aug/2026:19:06:03 +0800] "GET /wp-content/themes/zakra/inc/customizer/customind/assets/fontawesome/v6/css/all.min.css?ver=6.2.4 HTTP/1.1" 200 108095 "https://rajlaw.com.tw/%E6%88%BF%E5%9C%B0%E5%90%88%E4%B8%80%E7%A8%85%E5%8F%AF%E6%89%A3%E9%99%A4%E8%A3%9D%E6%BD%A2%E8%B2%BB%E7%94%A8%E6%9C%89%E5%93%AA%E4%BA%9B%EF%BC%9F/" "Mozilla/5.0 (iPhone; CPU iPhone OS 26_5_2 like Mac OS X) AppleWebKit/605.1.15 (KHTML, like Gecko) GSA/434.2.961627397 Mobile/15E148 Safari/604.1"
218.164.23.204 - - [23/Aug/2026:19:06:03 +0800] "GET /wp-content/themes/zakra/style.css?ver=4.0.6 HTTP/1.1" 200 111401 "https://rajlaw.com.tw/%E6%88%BF%E5%9C%B0%E5%90%88%E4%B8%80%E7%A8%85%E5%8F%AF%E6%89%A3%E9%99%A4%E8%A3%9D%E6%BD%A2%E8%B2%BB%E7%94%A8%E6%9C%89%E5%93%AA%E4%BA%9B%EF%BC%9F/" "Mozilla/5.0 (iPhone; CPU iPhone OS 26_5_2 like Mac OS X) AppleWebKit/605.1.15 (KHTML, like Gecko) GSA/434.2.961627397 Mobile/15E148 Safari/604.1"
218.164.23.204 - - [23/Aug/2026:19:06:04 +0800] "GET /wp-content/uploads/2025/02/%E6%A1%88%E4%BB%B6%E8%BE%A6%E7%90%86-1.png HTTP/1.1" 200 15853 "https://rajlaw.com.tw/%E6%88%BF%E5%9C%B0%E5%90%88%E4%B8%80%E7%A8%85%E5%8F%AF%E6%89%A3%E9%99%A4%E8%A3%9D%E6%BD%A2%E8%B2%BB%E7%94%A8%E6%9C%89%E5%93%AA%E4%BA%9B%EF%BC%9F/" "Mozilla/5.0 (iPhone; CPU iPhone OS 26_5_2 like Mac OS X) AppleWebKit/605.1.15 (KHTML, like Gecko) GSA/434.2.961627397 Mobile/15E148 Safari/604.1"
218.164.23.204 - - [23/Aug/2026:19:06:04 +0800] "GET /wp-content/themes/zakra/assets/fonts/themegrill-icons.woff2?5d42b271f668d2d6461ba91fc5a5a839 HTTP/1.1" 200 1622 "https://rajlaw.com.tw/%E6%88%BF%E5%9C%B0%E5%90%88%E4%B8%80%E7%A8%85%E5%8F%AF%E6%89%A3%E9%99%A4%E8%A3%9D%E6%BD%A2%E8%B2%BB%E7%94%A8%E6%9C%89%E5%93%AA%E4%BA%9B%EF%BC%9F/" "Mozilla/5.0 (iPhone; CPU iPhone OS 26_5_2 like Mac OS X) AppleWebKit/605.1.15 (KHTML, like Gecko) GSA/434.2.961627397 Mobile/15E148 Safari/604.1"
218.164.23.204 - - [23/Aug/2026:19:06:04 +0800] "GET /wp-includes/js/wp-emoji-release.min.js?ver=7.1 HTTP/1.1" 200 23123 "https://rajlaw.com.tw/%E6%88%BF%E5%9C%B0%E5%90%88%E4%B8%80%E7%A8%85%E5%8F%AF%E6%89%A3%E9%99%A4%E8%A3%9D%E6%BD%A2%E8%B2%BB%E7%94%A8%E6%9C%89%E5%93%AA%E4%BA%9B%EF%BC%9F/" "Mozilla/5.0 (iPhone; CPU iPhone OS 26_5_2 like Mac OS X) AppleWebKit/605.1.15 (KHTML, like Gecko) GSA/434.2.961627397 Mobile/15E148 Safari/604.1"
218.164.23.204 - - [23/Aug/2026:19:06:04 +0800] "GET /wp-content/themes/zakra/inc/customizer/customind/assets/fontawesome/v6/webfonts/fa-brands-400.woff2 HTTP/1.1" 200 118361 "https://rajlaw.com.tw/%E6%88%BF%E5%9C%B0%E5%90%88%E4%B8%80%E7%A8%85%E5%8F%AF%E6%89%A3%E9%99%A4%E8%A3%9D%E6%BD%A2%E8%B2%BB%E7%94%A8%E6%9C%89%E5%93%AA%E4%BA%9B%EF%BC%9F/" "Mozilla/5.0 (iPhone; CPU iPhone OS 26_5_2 like Mac OS X) AppleWebKit/605.1.15 (KHTML, like Gecko) GSA/434.2.961627397 Mobile/15E148 Safari/604.1"
218.164.23.204 - - [23/Aug/2026:19:06:04 +0800] "GET /wp-content/themes/zakra/123.jpg HTTP/1.1" 200 455955 "https://rajlaw.com.tw/%E6%88%BF%E5%9C%B0%E5%90%88%E4%B8%80%E7%A8%85%E5%8F%AF%E6%89%A3%E9%99%A4%E8%A3%9D%E6%BD%A2%E8%B2%BB%E7%94%A8%E6%9C%89%E5%93%AA%E4%BA%9B%EF%BC%9F/" "Mozilla/5.0 (iPhone; CPU iPhone OS 26_5_2 like Mac OS X) AppleWebKit/605.1.15 (KHTML, like Gecko) GSA/434.2.961627397 Mobile/15E148 Safari/604.1"
218.164.23.204 - - [23/Aug/2026:19:06:04 +0800] "GET /wp-content/themes/zakra/inc/customizer/customind/assets/fontawesome/v6/webfonts/fa-solid-900.woff2 HTTP/1.1" 200 156967 "https://rajlaw.com.tw/%E6%88%BF%E5%9C%B0%E5%90%88%E4%B8%80%E7%A8%85%E5%8F%AF%E6%89%A3%E9%99%A4%E8%A3%9D%E6%BD%A2%E8%B2%BB%E7%94%A8%E6%9C%89%E5%93%AA%E4%BA%9B%EF%BC%9F/" "Mozilla/5.0 (iPhone; CPU iPhone OS 26_5_2 like Mac OS X) AppleWebKit/605.1.15 (KHTML, like Gecko) GSA/434.2.961627397 Mobile/15E148 Safari/604.1"
218.164.23.204 - - [23/Aug/2026:19:06:05 +0800] "GET /wp-content/themes/zakra/inc/customizer/customind/assets/fontawesome/v6/webfonts/fa-v4compatibility.woff2 HTTP/1.1" 200 5095 "https://rajlaw.com.tw/%E6%88%BF%E5%9C%B0%E5%90%88%E4%B8%80%E7%A8%85%E5%8F%AF%E6%89%A3%E9%99%A4%E8%A3%9D%E6%BD%A2%E8%B2%BB%E7%94%A8%E6%9C%89%E5%93%AA%E4%BA%9B%EF%BC%9F/" "Mozilla/5.0 (iPhone; CPU iPhone OS 26_5_2 like Mac OS X) AppleWebKit/605.1.15 (KHTML, like Gecko) GSA/434.2.961627397 Mobile/15E148 Safari/604.1"
52.167.144.184 - - [23/Aug/2026:19:06:45 +0800] "GET /sky-provides-an-excellent-character-better-known-because-of-their-tv-gaming-program-and-you-may-air-vegas-lives-as-much-as-the-fresh-hype/ HTTP/1.1" 200 96765 "-" "Mozilla/5.0 AppleWebKit/537.36 (KHTML, like Gecko; compatible; bingbot/2.0; +http://www.bing.com/bingbot.htm) Chrome/116.0.1938.76 Safari/537.36"
51.195.215.1 - - [23/Aug/2026:19:08:37 +0800] "GET /wp-content/themes/zakra/assets/js/zakra-custom.min.js?ver=4.0.6 HTTP/1.1" 200 10351 "-" "Mozilla/5.0 (compatible; AhrefsBot/7.0; +http://ahrefs.com/robot/)"
51.195.215.148 - - [23/Aug/2026:19:08:38 +0800] "GET /wp-content/themes/zakra/assets/js/navigation.min.js?ver=4.0.6 HTTP/1.1" 200 9335 "-" "Mozilla/5.0 (compatible; AhrefsBot/7.0; +http://ahrefs.com/robot/)"
51.195.183.106 - - [23/Aug/2026:19:08:40 +0800] "GET /wp-content/themes/zakra/assets/js/skip-link-focus-fix.min.js?ver=4.0.6 HTTP/1.1" 200 5192 "-" "Mozilla/5.0 (compatible; AhrefsBot/7.0; +http://ahrefs.com/robot/)"
40.77.167.4 - - [23/Aug/2026:19:08:56 +0800] "GET /%E6%B0%B8%E5%BA%B7%E4%B8%89%E5%B4%81%E5%BA%97%E7%B3%96%E5%BB%A0%E5%85%8D%E8%B2%BB%E5%B0%8E%E8%A6%BD8%E6%9C%8823%E6%97%A5%E7%99%BB%E5%A0%B4%E3%80%80%E8%B5%B0%E8%A8%AA%E7%A5%9E%E7%A4%BE%E9%81%BA/ HTTP/1.1" 200 96287 "-" "Mozilla/5.0 AppleWebKit/537.36 (KHTML, like Gecko; compatible; bingbot/2.0; +http://www.bing.com/bingbot.htm) Chrome/116.0.1938.76 Safari/537.36"
40.77.167.1 - - [23/Aug/2026:19:09:04 +0800] "GET /winning-big-with-tonyspins-smart-strategy/ HTTP/1.1" 200 96513 "-" "Mozilla/5.0 AppleWebKit/537.36 (KHTML, like Gecko; compatible; bingbot/2.0; +http://www.bing.com/bingbot.htm) Chrome/116.0.1938.76 Safari/537.36"
40.77.167.4 - - [23/Aug/2026:19:09:02 +0800] "GET /news/5/ HTTP/1.1" 200 147180 "-" "Mozilla/5.0 AppleWebKit/537.36 (KHTML, like Gecko; compatible; bingbot/2.0; +http://www.bing.com/bingbot.htm) Chrome/116.0.1938.76 Safari/537.36"
52.167.144.184 - - [23/Aug/2026:19:09:08 +0800] "GET /%E9%99%A4%E7%B1%8D%E5%A6%82%E4%BD%95%E7%94%B3%E8%AB%8B%E5%8D%B0%E9%91%91%E8%AD%89%E6%98%8E%EF%BC%9F/ HTTP/1.1" 200 93875 "-" "Mozilla/5.0 AppleWebKit/537.36 (KHTML, like Gecko; compatible; bingbot/2.0; +http://www.bing.com/bingbot.htm) Chrome/116.0.1938.76 Safari/537.36"
40.77.167.1 - - [23/Aug/2026:19:09:08 +0800] "GET /category/blog1/page/2/ HTTP/1.1" 200 148751 "-" "Mozilla/5.0 AppleWebKit/537.36 (KHTML, like Gecko; compatible; bingbot/2.0; +http://www.bing.com/bingbot.htm) Chrome/116.0.1938.76 Safari/537.36"
52.167.144.184 - - [23/Aug/2026:19:09:13 +0800] "GET /?s= HTTP/1.1" 200 120489 "-" "Mozilla/5.0 AppleWebKit/537.36 (KHTML, like Gecko; compatible; bingbot/2.0; +http://www.bing.com/bingbot.htm) Chrome/116.0.1938.76 Safari/537.36"
40.77.167.4 - - [23/Aug/2026:19:09:16 +0800] "GET /veseli-jokerji-za-prenos-v-trenutku/ HTTP/1.1" 200 95480 "-" "Mozilla/5.0 AppleWebKit/537.36 (KHTML, like Gecko; compatible; bingbot/2.0; +http://www.bing.com/bingbot.htm) Chrome/116.0.1938.76 Safari/537.36"
40.77.167.4 - - [23/Aug/2026:19:09:21 +0800] "GET /naobet-ireland-unlocks-thrilling-opportunities-for-irish-sports-betting-enthusiasts/ HTTP/1.1" 200 94845 "-" "Mozilla/5.0 AppleWebKit/537.36 (KHTML, like Gecko; compatible; bingbot/2.0; +http://www.bing.com/bingbot.htm) Chrome/116.0.1938.76 Safari/537.36"
40.77.167.1 - - [23/Aug/2026:19:09:23 +0800] "GET /rabona-ios-aplikacia-tvoja-futbalova-vasen/ HTTP/1.1" 200 98014 "-" "Mozilla/5.0 AppleWebKit/537.36 (KHTML, like Gecko; compatible; bingbot/2.0; +http://www.bing.com/bingbot.htm) Chrome/116.0.1938.76 Safari/537.36"
40.77.167.1 - - [23/Aug/2026:19:09:29 +0800] "GET /%E8%B3%80%E5%BB%BA%E5%9C%8B%E5%B0%8F%E5%8B%87%E5%A5%AA%E9%87%91%E5%AE%89%E7%8D%8E%E7%89%B9%E5%84%AA%E3%80%80%E5%8F%B0%E5%8D%97%E5%81%8F%E9%84%89%E6%A0%A1%E5%9C%92%E6%89%93%E9%80%A0%E9%80%9A%E5%AD%B8/ HTTP/1.1" 200 92518 "-" "Mozilla/5.0 AppleWebKit/537.36 (KHTML, like Gecko; compatible; bingbot/2.0; +http://www.bing.com/bingbot.htm) Chrome/116.0.1938.76 Safari/537.36"
40.77.167.1 - - [23/Aug/2026:19:09:43 +0800] "GET /news/3/ HTTP/1.1" 200 151767 "-" "Mozilla/5.0 AppleWebKit/537.36 (KHTML, like Gecko; compatible; bingbot/2.0; +http://www.bing.com/bingbot.htm) Chrome/116.0.1938.76 Safari/537.36"
124.150.132.81 - - [23/Aug/2026:19:09:20 +0800] "POST /wp-cron.php?doing_wp_cron=1787483359.9701590538024902343750 HTTP/1.1" 500 8614 "-" "WordPress/7.1; https://rajlaw.com.tw"
114.119.155.142 - - [23/Aug/2026:19:10:20 +0800] "GET /uploaded/blog/content/blog_content_image17865924401527841784.jpg HTTP/1.1" 404 86723 "https://rajlaw.com.tw/%e8%87%ba%e5%8d%97%e7%94%9c%e9%bb%9e%e6%96%b0%e5%9c%b0%e6%a8%99%ef%bc%81%e7%ad%91%e9%a6%a8%e5%b1%85%e8%b1%86%e8%8a%b1%e9%80%b2%e9%a7%90%e4%bf%a1%e7%be%a9%e8%a1%97%e3%80%80%e6%89%8b%e5%b7%a5%e5%8f%a4/" "Mozilla/5.0 (Linux; Android 7.0;) AppleWebKit/537.36 (HTML, like Gecko) Mobile Safari/537.36 (compatible; PetalBot;+https://webmaster.petalsearch.com/site/petalbot)"
178.90.219.143 - - [23/Aug/2026:19:10:26 +0800] "GET /?p=3370 HTTP/1.1" 301 6175 "-" "Mozilla/5.0 (Linux; Android 6.0; Nexus 5 Build/MRA58N) AppleWebKit/537.36 (KHTML, like Gecko) Chrome/65.0.3325.181 Mobile Safari/537.36"
178.90.219.143 - - [23/Aug/2026:19:10:30 +0800] "GET /%e6%9c%aa%e6%88%90%e5%b9%b4%e4%ba%ba%e5%a6%82%e4%bd%95%e7%94%b3%e8%ab%8b%e5%8d%b0%e9%91%91%e8%ad%89%e6%98%8e%ef%bc%9f/ HTTP/1.1" 200 87101 "-" "Mozilla/5.0 (Linux; Android 6.0; Nexus 5 Build/MRA58N) AppleWebKit/537.36 (KHTML, like Gecko) Chrome/65.0.3325.181 Mobile Safari/537.36"
154.193.18.178 - - [23/Aug/2026:19:10:38 +0800] "GET /wp-content/plugins/everest-forms/assets/css/everest-forms.css?ver=3.0.9.3 HTTP/1.1" 200 105613 "https://rajlaw.com.tw/%e6%9c%aa%e6%88%90%e5%b9%b4%e4%ba%ba%e5%a6%82%e4%bd%95%e7%94%b3%e8%ab%8b%e5%8d%b0%e9%91%91%e8%ad%89%e6%98%8e%ef%bc%9f/" "Mozilla/5.0 (Linux; Android 6.0; Nexus 5 Build/MRA58N) AppleWebKit/537.36 (KHTML, like Gecko) Chrome/65.0.3325.181 Mobile Safari/537.36"
156.245.181.141 - - [23/Aug/2026:19:10:39 +0800] "GET /wp-content/plugins/everest-forms/assets/css/intlTelInput.css?ver=3.0.9.3 HTTP/1.1" 200 45997 "https://rajlaw.com.tw/%e6%9c%aa%e6%88%90%e5%b9%b4%e4%ba%ba%e5%a6%82%e4%bd%95%e7%94%b3%e8%ab%8b%e5%8d%b0%e9%91%91%e8%ad%89%e6%98%8e%ef%bc%9f/" "Mozilla/5.0 (Linux; Android 6.0; Nexus 5 Build/MRA58N) AppleWebKit/537.36 (KHTML, like Gecko) Chrome/65.0.3325.181 Mobile Safari/537.36"
154.196.219.160 - - [23/Aug/2026:19:10:40 +0800] "GET /wp-content/themes/zakra/inc/customizer/customind/assets/fontawesome/v6/css/all.min.css?ver=6.2.4 HTTP/1.1" 200 108290 "https://rajlaw.com.tw/%e6%9c%aa%e6%88%90%e5%b9%b4%e4%ba%ba%e5%a6%82%e4%bd%95%e7%94%b3%e8%ab%8b%e5%8d%b0%e9%91%91%e8%ad%89%e6%98%8e%ef%bc%9f/" "Mozilla/5.0 (Linux; Android 6.0; Nexus 5 Build/MRA58N) AppleWebKit/537.36 (KHTML, like Gecko) Chrome/65.0.3325.181 Mobile Safari/537.36"
154.193.18.178 - - [23/Aug/2026:19:10:41 +0800] "GET /wp-includes/css/dashicons.min.css?ver=7.1 HTTP/1.1" 200 59419 "https://rajlaw.com.tw/%e6%9c%aa%e6%88%90%e5%b9%b4%e4%ba%ba%e5%a6%82%e4%bd%95%e7%94%b3%e8%ab%8b%e5%8d%b0%e9%91%91%e8%ad%89%e6%98%8e%ef%bc%9f/" "Mozilla/5.0 (Linux; Android 6.0; Nexus 5 Build/MRA58N) AppleWebKit/537.36 (KHTML, like Gecko) Chrome/65.0.3325.181 Mobile Safari/537.36"
154.193.18.178 - - [23/Aug/2026:19:10:42 +0800] "GET /wp-content/themes/zakra/style.css?ver=4.0.6 HTTP/1.1" 200 106819 "https://rajlaw.com.tw/%e6%9c%aa%e6%88%90%e5%b9%b4%e4%ba%ba%e5%a6%82%e4%bd%95%e7%94%b3%e8%ab%8b%e5%8d%b0%e9%91%91%e8%ad%89%e6%98%8e%ef%bc%9f/" "Mozilla/5.0 (Linux; Android 6.0; Nexus 5 Build/MRA58N) AppleWebKit/537.36 (KHTML, like Gecko) Chrome/65.0.3325.181 Mobile Safari/537.36"
154.196.219.160 - - [23/Aug/2026:19:10:42 +0800] "GET /wp-content/uploads/2025/02/%E9%95%B7%E5%AE%89icon-23_0.jpg HTTP/1.1" 206 875 "https://rajlaw.com.tw/%e6%9c%aa%e6%88%90%e5%b9%b4%e4%ba%ba%e5%a6%82%e4%bd%95%e7%94%b3%e8%ab%8b%e5%8d%b0%e9%91%91%e8%ad%89%e6%98%8e%ef%bc%9f/" "Mozilla/5.0 (Linux; Android 6.0; Nexus 5 Build/MRA58N) AppleWebKit/537.36 (KHTML, like Gecko) Chrome/65.0.3325.181 Mobile Safari/537.36"
156.245.181.141 - - [23/Aug/2026:19:10:42 +0800] "GET /wp-content/uploads/2025/03/logo-removebg-preview-e1741353740950.png HTTP/1.1" 206 875 "https://rajlaw.com.tw/%e6%9c%aa%e6%88%90%e5%b9%b4%e4%ba%ba%e5%a6%82%e4%bd%95%e7%94%b3%e8%ab%8b%e5%8d%b0%e9%91%91%e8%ad%89%e6%98%8e%ef%bc%9f/" "Mozilla/5.0 (Linux; Android 6.0; Nexus 5 Build/MRA58N) AppleWebKit/537.36 (KHTML, like Gecko) Chrome/65.0.3325.181 Mobile Safari/537.36"
154.196.219.160 - - [23/Aug/2026:19:10:43 +0800] "GET /wp-content/uploads/2025/02/%E9%95%B7%E5%AE%89icon-23_0.jpg HTTP/1.1" 304 194 "https://rajlaw.com.tw/%e6%9c%aa%e6%88%90%e5%b9%b4%e4%ba%ba%e5%a6%82%e4%bd%95%e7%94%b3%e8%ab%8b%e5%8d%b0%e9%91%91%e8%ad%89%e6%98%8e%ef%bc%9f/" "Mozilla/5.0 (Linux; Android 6.0; Nexus 5 Build/MRA58N) AppleWebKit/537.36 (KHTML, like Gecko) Chrome/65.0.3325.181 Mobile Safari/537.36"
154.196.219.160 - - [23/Aug/2026:19:10:43 +0800] "GET /wp-content/uploads/2025/02/%E9%95%B7%E5%AE%89icon-23_0.jpg HTTP/1.1" 206 36342 "https://rajlaw.com.tw/%e6%9c%aa%e6%88%90%e5%b9%b4%e4%ba%ba%e5%a6%82%e4%bd%95%e7%94%b3%e8%ab%8b%e5%8d%b0%e9%91%91%e8%ad%89%e6%98%8e%ef%bc%9f/" "Mozilla/5.0 (Linux; Android 6.0; Nexus 5 Build/MRA58N) AppleWebKit/537.36 (KHTML, like Gecko) Chrome/65.0.3325.181 Mobile Safari/537.36"
156.245.181.141 - - [23/Aug/2026:19:10:43 +0800] "GET /wp-content/themes/zakra/123.jpg HTTP/1.1" 206 877 "https://rajlaw.com.tw/wp-content/themes/zakra/style.css?ver=4.0.6" "Mozilla/5.0 (Linux; Android 6.0; Nexus 5 Build/MRA58N) AppleWebKit/537.36 (KHTML, like Gecko) Chrome/65.0.3325.181 Mobile Safari/537.36"
66.249.72.199 - - [23/Aug/2026:19:11:08 +0800] "GET /at-this-time-really-the-only-kind-of-casinos-on-the-internet-you-to-users-in-the-florida-is-also-accessibility-is-actually-overseas-gambling-enterprises/ HTTP/1.1" 200 95613 "-" "Mozilla/5.0 (Linux; Android 6.0.1; Nexus 5X Build/MMB29P) AppleWebKit/537.36 (KHTML, like Gecko) Chrome/151.0.7922.137 Mobile Safari/537.36 (compatible; Googlebot/2.1; +http://www.google.com/bot.html)"
52.167.144.184 - - [23/Aug/2026:19:11:16 +0800] "GET /news/5/page/43/ HTTP/1.1" 404 86899 "-" "Mozilla/5.0 AppleWebKit/537.36 (KHTML, like Gecko; compatible; bingbot/2.0; +http://www.bing.com/bingbot.htm) Chrome/116.0.1938.76 Safari/537.36"
20.15.133.184 - - [23/Aug/2026:19:11:20 +0800] "GET /%E5%8F%B0%E7%A9%8D%E9%9B%BBa16%E8%A3%BD%E7%A8%8B%E7%AA%81%E7%A0%B4%E6%99%B6%E8%83%8C%E4%BE%9B%E9%9B%BB%E6%8A%80%E8%A1%93%E3%80%80%E8%B6%85%E8%BB%8A%E8%8B%B1%E7%89%B9%E7%88%BE%E6%90%B6%E6%94%BBai/ HTTP/1.1" 200 97713 "-" "Mozilla/5.0 AppleWebKit/537.36 (KHTML, like Gecko; compatible; bingbot/2.0; +http://www.bing.com/bingbot.htm) Chrome/116.0.1938.76 Safari/537.36"
52.167.144.184 - - [23/Aug/2026:19:11:21 +0800] "GET /%E6%BC%A2%E7%BF%94%E7%84%A1%E4%BA%BA%E6%A9%9F%E5%B8%83%E5%B1%80%E5%86%8D%E4%B8%8B%E4%B8%80%E5%9F%8E%E3%80%8012%E5%84%84%E5%85%83%E6%B5%B7%E5%B7%A1%E8%89%A6%E8%BC%89%E6%A8%99%E6%A1%88%E5%88%B0%E6%89%8B/ HTTP/1.1" 200 94306 "-" "Mozilla/5.0 AppleWebKit/537.36 (KHTML, like Gecko; compatible; bingbot/2.0; +http://www.bing.com/bingbot.htm) Chrome/116.0.1938.76 Safari/537.36"
124.150.132.81 - - [23/Aug/2026:19:10:23 +0800] "POST /wp-cron.php?doing_wp_cron=1787483423.6446180343627929687500 HTTP/1.1" 200 5843 "-" "WordPress/7.1; https://rajlaw.com.tw"
40.77.167.1 - - [23/Aug/2026:19:11:24 +0800] "GET /%E5%8F%B0%E7%A9%8D%E9%9B%BBa16%E8%A3%BD%E7%A8%8B%E7%AA%81%E7%A0%B4%E6%99%B6%E8%83%8C%E4%BE%9B%E9%9B%BB%E6%8A%80%E8%A1%93%E3%80%80%E8%B6%85%E8%BB%8A%E8%8B%B1%E7%89%B9%E7%88%BE%E6%90%B6%E6%94%BBai/ HTTP/1.1" 200 97713 "-" "Mozilla/5.0 AppleWebKit/537.36 (KHTML, like Gecko; compatible; bingbot/2.0; +http://www.bing.com/bingbot.htm) Chrome/116.0.1938.76 Safari/537.36"
40.77.167.1 - - [23/Aug/2026:19:11:29 +0800] "GET /jeep-compass%E5%8F%B0%E7%81%A3%E5%94%AE%E5%83%B9%E6%8F%90%E5%89%8D%E6%9B%9D%E5%85%89%EF%BC%81%E4%BF%9D%E7%99%BC%E4%B8%AD%E5%BF%83%E6%8F%ADaltitude%E3%80%81summit%E5%83%B9%E6%A0%BC%E5%B8%B6%E3%80%801-2/ HTTP/1.1" 200 92983 "-" "Mozilla/5.0 AppleWebKit/537.36 (KHTML, like Gecko; compatible; bingbot/2.0; +http://www.bing.com/bingbot.htm) Chrome/116.0.1938.76 Safari/537.36"
40.77.167.4 - - [23/Aug/2026:19:11:29 +0800] "GET /jackpot-rulett-online-ekte-forhandler-6000-spilleautomat-anmeldelse-and-akkvisisjon-hent-150-free-spins/ HTTP/1.1" 200 97495 "-" "Mozilla/5.0 AppleWebKit/537.36 (KHTML, like Gecko; compatible; bingbot/2.0; +http://www.bing.com/bingbot.htm) Chrome/116.0.1938.76 Safari/537.36"
40.77.167.1 - - [23/Aug/2026:19:11:34 +0800] "GET /likewise-duckyluck-gambling-enterprise-has-the-benefit-of-instadebit-an-efficient-and-widely-utilized-electronic-fee-provider-one-facilitates-quick-and-you-will-safe-deals/ HTTP/1.1" 200 94151 "-" "Mozilla/5.0 AppleWebKit/537.36 (KHTML, like Gecko; compatible; bingbot/2.0; +http://www.bing.com/bingbot.htm) Chrome/116.0.1938.76 Safari/537.36"
40.77.167.1 - - [23/Aug/2026:19:11:34 +0800] "GET /sym-drgbt-tcs%E7%89%88%E6%96%B0%E5%A2%9E%E5%82%B3%E7%B5%B1%E9%91%B0%E5%8C%99%EF%BC%81keyset%E5%9B%9E%E6%AD%B8%E6%8F%90%E4%BE%9B%E6%96%B0%E9%81%B8%E6%93%87%E3%80%8016%E5%8C%B9%E9%A6%AC%E5%8A%9B/ HTTP/1.1" 200 96912 "-" "Mozilla/5.0 AppleWebKit/537.36 (KHTML, like Gecko; compatible; bingbot/2.0; +http://www.bing.com/bingbot.htm) Chrome/116.0.1938.76 Safari/537.36"
40.77.167.1 - - [23/Aug/2026:19:11:39 +0800] "GET /lexus-nx%E6%8E%A8%E5%87%BArefine%E5%8D%87%E7%B4%9A%E5%A5%97%E4%BB%B6%EF%BC%81%E6%97%A5%E6%9C%AC%E5%8E%9F%E5%BB%A0%E5%BC%B7%E5%8C%96%E8%88%92%E9%81%A9%E3%80%81%E6%93%8D%E6%8E%A7%E8%88%87%E9%9A%94/ HTTP/1.1" 200 92376 "-" "Mozilla/5.0 AppleWebKit/537.36 (KHTML, like Gecko; compatible; bingbot/2.0; +http://www.bing.com/bingbot.htm) Chrome/116.0.1938.76 Safari/537.36"
52.167.144.184 - - [23/Aug/2026:19:11:40 +0800] "GET /%E4%B8%89%E8%8F%B1outlander%E5%B0%8F%E6%94%B9%E6%AC%BE%E5%8F%B0%E7%81%A3%E5%B0%8E%E5%85%A5%E5%8B%95%E5%90%91%E6%9B%9D%E5%85%89%EF%BC%81%E6%96%B0%E8%BB%8A%E6%B8%AC%E8%A9%A6%E7%8F%BE%E8%B9%A4%E3%80%811/ HTTP/1.1" 200 97537 "-" "Mozilla/5.0 AppleWebKit/537.36 (KHTML, like Gecko; compatible; bingbot/2.0; +http://www.bing.com/bingbot.htm) Chrome/116.0.1938.76 Safari/537.36"
54.205.144.155 - - [23/Aug/2026:19:11:48 +0800] "GET / HTTP/1.1" 200 139681 "-" "Mozilla/5.0 (Windows NT 6.1; WOW64) AppleWebKit/536.3 (KHTML, like Gecko) Chrome/19.0.1063.0 Safari/536.3"
40.77.167.1 - - [23/Aug/2026:19:11:53 +0800] "GET /fed%E6%9C%83%E8%AD%B0%E7%B4%80%E9%8C%84%E9%87%8B%E6%94%BE%E9%B7%B9%E6%B4%BE%E8%A8%8A%E8%99%9F%EF%BC%81%E5%B7%9D%E6%99%AE%E5%96%8A%E9%99%8D%E6%81%AF%E9%9B%A3%E5%A6%82%E9%A1%98%E3%80%80%E8%81%AF/ HTTP/1.1" 200 94899 "-" "Mozilla/5.0 AppleWebKit/537.36 (KHTML, like Gecko; compatible; bingbot/2.0; +http://www.bing.com/bingbot.htm) Chrome/116.0.1938.76 Safari/537.36"
