57.141.18.109 - - [23/Aug/2026:23:46:07 +0800] "GET / HTTP/1.1" 200 139932 "-" "facebookexternalhit/1.1 (+http://www.facebook.com/externalhit_uatext.php)"
108.181.53.235 - - [23/Aug/2026:23:46:13 +0800] "POST /xmlrpc.php HTTP/1.1" 200 16178 "-" "Mozilla/5.0 (Windows NT 10.0; Win64; x64) AppleWebKit/537.36 (KHTML, like Gecko) Chrome/114.0.0.0 Safari/537.36"
108.181.53.235 - - [23/Aug/2026:23:46:18 +0800] "GET /they-come-in-the-form-of-penn-play-credit-hence-function-similar-to-bonus-finance/ HTTP/1.1" 200 96670 "-" "Mozilla/5.0 (Windows NT 10.0; Win64; x64) AppleWebKit/537.36 (KHTML, like Gecko) Chrome/124.0.0.0 Safari/537.36 Edg/124.0.0.0"
36.133.248.243 - - [23/Aug/2026:23:46:46 +0800] "GET /verso-aspirare-esteriormente-il-soddisfacentemente-da-excretion-premio-privo-di-fitto-da-1000%EF%BF%BD-oppure-piuttosto-serve-abilita/ HTTP/1.1" 200 95277 "https://rajlaw.com.tw/news/page/32/" "Mozilla/5.0 (Windows NT 10.0; Win64; x64) AppleWebKit/537.36 (KHTML, like Gecko) Chrome/142.0.0.0 Safari/537.36"
36.134.111.96 - - [23/Aug/2026:23:47:37 +0800] "GET /10-greatest-tropica-casino-real-cash-gambling-enterprises-california-2026-best-internet-sites-opposed/ HTTP/1.1" 500 70440 "https://rajlaw.com.tw/category/bloga/news/page/6/" "Mozilla/5.0 (Windows NT 10.0; Win64; x64) AppleWebKit/537.36 (KHTML, like Gecko) Chrome/143.0.0.0 Safari/537.36"
108.181.53.235 - - [23/Aug/2026:23:47:44 +0800] "POST /xmlrpc.php HTTP/1.1" 200 6124 "-" "Mozilla/5.0 (Windows NT 10.0; Win64; x64) AppleWebKit/537.36 (KHTML, like Gecko) Chrome/114.0.0.0 Safari/537.36"
124.150.132.81 - - [23/Aug/2026:23:47:49 +0800] "POST /wp-cron.php?doing_wp_cron=1787500069.0233299732208251953125 HTTP/1.1" 200 5843 "-" "WordPress/7.1; https://rajlaw.com.tw"
36.212.245.46 - - [23/Aug/2026:23:47:47 +0800] "GET /10-greatest-tropica-casino-real-cash-gambling-enterprises-california-2026-best-internet-sites-opposed/ HTTP/1.1" 200 97917 "https://rajlaw.com.tw/category/bloga/news/page/6/" "Mozilla/5.0 (Windows NT 10.0; Win64; x64) AppleWebKit/537.36 (KHTML, like Gecko) Chrome/143.0.0.0 Safari/537.36"
52.167.144.159 - - [23/Aug/2026:23:47:53 +0800] "GET /immediately-following-completing-the-fresh-new-membership-process-you-ought-to-money-in-to-your-no-deposit-added-bonus-password/ HTTP/1.1" 200 95187 "-" "Mozilla/5.0 AppleWebKit/537.36 (KHTML, like Gecko; compatible; bingbot/2.0; +http://www.bing.com/bingbot.htm) Chrome/116.0.1938.76 Safari/537.36"
108.181.53.235 - - [23/Aug/2026:23:47:56 +0800] "POST /xmlrpc.php HTTP/1.1" 200 13964 "-" "Mozilla/5.0 (Windows NT 10.0; Win64; x64) AppleWebKit/537.36 (KHTML, like Gecko) Chrome/114.0.0.0 Safari/537.36"
108.181.53.235 - - [23/Aug/2026:23:48:01 +0800] "GET /fanatics-sportsbook-pages-is-withdraw-via-ach-paypal-venmo-a-great-debit-cards-a-cable-transfer-or-a-papers-consider/ HTTP/1.1" 200 94473 "-" "Mozilla/5.0 (Windows NT 10.0; Win64; x64; rv:124.0) Gecko/20100101 Firefox/124.0"
40.77.167.50 - - [23/Aug/2026:23:48:45 +0800] "GET /bank-slots-offlin-noppes-dringende-hyperlink-spelen/ HTTP/1.1" 200 98325 "-" "Mozilla/5.0 AppleWebKit/537.36 (KHTML, like Gecko; compatible; bingbot/2.0; +http://www.bing.com/bingbot.htm) Chrome/116.0.1938.76 Safari/537.36"
52.167.144.159 - - [23/Aug/2026:23:49:03 +0800] "GET /2026%E5%8F%B0%E7%81%A3%E6%89%8B%E6%A9%9F%E5%B8%82%E5%A0%B4%E3%80%8C%E9%87%8F%E6%B8%9B%E9%A1%8D%E5%A2%9E%E3%80%8D%E3%80%80%E4%B8%8A%E5%8D%8A%E5%B9%B4251%E8%90%AC%E5%8F%B0%E6%8F%AD%E9%9C%B2%E6%8F%9B/ HTTP/1.1" 200 99366 "-" "Mozilla/5.0 AppleWebKit/537.36 (KHTML, like Gecko; compatible; bingbot/2.0; +http://www.bing.com/bingbot.htm) Chrome/116.0.1938.76 Safari/537.36"
57.141.8.5 - - [23/Aug/2026:23:49:04 +0800] "GET / HTTP/1.1" 200 139932 "-" "facebookexternalhit/1.1 (+http://www.facebook.com/externalhit_uatext.php)"
108.181.53.235 - - [23/Aug/2026:23:49:24 +0800] "POST /xmlrpc.php HTTP/1.1" 200 6124 "-" "Mozilla/5.0 (Windows NT 10.0; Win64; x64) AppleWebKit/537.36 (KHTML, like Gecko) Chrome/114.0.0.0 Safari/537.36"
52.167.144.159 - - [23/Aug/2026:23:49:23 +0800] "GET /profiles-piled-easily-little-froze-upwards-therefore-is-actually-very-an-easy-task-to-circumvent/ HTTP/1.1" 200 96174 "-" "Mozilla/5.0 AppleWebKit/537.36 (KHTML, like Gecko; compatible; bingbot/2.0; +http://www.bing.com/bingbot.htm) Chrome/116.0.1938.76 Safari/537.36"
124.150.132.81 - - [23/Aug/2026:23:49:27 +0800] "POST /wp-cron.php?doing_wp_cron=1787500167.5694110393524169921875 HTTP/1.1" 200 5843 "-" "WordPress/7.1; https://rajlaw.com.tw"
108.181.53.235 - - [23/Aug/2026:23:49:34 +0800] "POST /xmlrpc.php HTTP/1.1" 200 16088 "-" "Mozilla/5.0 (Windows NT 10.0; Win64; x64) AppleWebKit/537.36 (KHTML, like Gecko) Chrome/114.0.0.0 Safari/537.36"
66.249.71.228 - - [23/Aug/2026:23:49:39 +0800] "GET /maestro-gambling-enterprises-2026-internet-casino-internet-deposit-5-play-with-20-casino-sites-one-take-on-maestro-places/ HTTP/1.1" 200 99721 "-" "Mozilla/5.0 (Linux; Android 6.0.1; Nexus 5X Build/MMB29P) AppleWebKit/537.36 (KHTML, like Gecko) Chrome/151.0.7922.137 Mobile Safari/537.36 (compatible; Googlebot/2.1; +http://www.google.com/bot.html)"
108.181.53.235 - - [23/Aug/2026:23:49:39 +0800] "GET /licensed-a-members-credit-and-teams-are-amicable/ HTTP/1.1" 200 96328 "-" "Mozilla/5.0 (Windows NT 10.0; Win64; x64) AppleWebKit/537.36 (KHTML, like Gecko) Chrome/122.0.0.0 Safari/537.36"
52.167.144.193 - - [23/Aug/2026:23:50:53 +0800] "GET /be-sure-to-sort-through-brand-new-betting-criteria-of-all-the-incentives-before-you-sign-right-up/ HTTP/1.1" 200 95355 "-" "Mozilla/5.0 AppleWebKit/537.36 (KHTML, like Gecko; compatible; bingbot/2.0; +http://www.bing.com/bingbot.htm) Chrome/116.0.1938.76 Safari/537.36"
40.77.167.50 - - [23/Aug/2026:23:50:57 +0800] "GET /prefijo-50-fairspin-mexico-bono-codigos-telefonicos/ HTTP/1.1" 200 103085 "-" "Mozilla/5.0 AppleWebKit/537.36 (KHTML, like Gecko; compatible; bingbot/2.0; +http://www.bing.com/bingbot.htm) Chrome/116.0.1938.76 Safari/537.36"
140.174.179.55 - - [23/Aug/2026:23:50:59 +0800] "POST /xmlrpc.php HTTP/1.1" 200 6124 "-" "Mozilla/5.0 (Windows NT 10.0; Win64; x64) AppleWebKit/537.36 (KHTML, like Gecko) Chrome/114.0.0.0 Safari/537.36"
124.150.132.81 - - [23/Aug/2026:23:51:03 +0800] "POST /wp-cron.php?doing_wp_cron=1787500263.0552549362182617187500 HTTP/1.1" 200 5843 "-" "WordPress/7.1; https://rajlaw.com.tw"
52.167.144.193 - - [23/Aug/2026:23:51:03 +0800] "GET /kasino-maklercourtage-abzuglich-einzahlung-august-tennis-stars-spielstellen-2026-originell-unter-anderem-sofort/ HTTP/1.1" 200 97950 "-" "Mozilla/5.0 AppleWebKit/537.36 (KHTML, like Gecko; compatible; bingbot/2.0; +http://www.bing.com/bingbot.htm) Chrome/116.0.1938.76 Safari/537.36"
140.174.179.55 - - [23/Aug/2026:23:51:10 +0800] "POST /xmlrpc.php HTTP/1.1" 200 16290 "-" "Mozilla/5.0 (Windows NT 10.0; Win64; x64) AppleWebKit/537.36 (KHTML, like Gecko) Chrome/114.0.0.0 Safari/537.36"
140.174.179.55 - - [23/Aug/2026:23:51:15 +0800] "GET /for-immediate-direction-is-actually-our-alive-talk-ability-which-links-you-privately-which-have-an-assistance-agent/ HTTP/1.1" 200 96693 "-" "Mozilla/5.0 (Windows NT 10.0; rv:125.0) Gecko/20100101 Firefox/125.0"
124.150.132.81 - - [23/Aug/2026:23:51:19 +0800] "POST /wp-cron.php?doing_wp_cron=1787500279.2310099601745605468750 HTTP/1.1" 200 5843 "-" "WordPress/7.1; https://rajlaw.com.tw"
120.241.209.218 - - [23/Aug/2026:23:52:03 +0800] "GET /?p=3176/ HTTP/1.1" 301 5923 "-" "Mozilla/5.0 (Windows NT 10.0; Win64; x64) AppleWebKit/537.36 (KHTML, like Gecko) Chrome/108.0.0.0 Safari/537.36"
112.90.2.164 - - [23/Aug/2026:23:52:07 +0800] "GET /news/ HTTP/1.1" 200 122171 "-" "Mozilla/5.0 (Windows NT 10.0; Win64; x64) AppleWebKit/537.36 (KHTML, like Gecko) Chrome/108.0.0.0 Safari/537.36"
140.174.179.55 - - [23/Aug/2026:23:52:04 +0800] "POST /xmlrpc.php HTTP/1.1" 200 6124 "-" "Mozilla/5.0 (Windows NT 10.0; Win64; x64) AppleWebKit/537.36 (KHTML, like Gecko) Chrome/114.0.0.0 Safari/537.36"
124.150.132.81 - - [23/Aug/2026:23:52:08 +0800] "POST /wp-cron.php?doing_wp_cron=1787500328.1331830024719238281250 HTTP/1.1" 200 5843 "-" "WordPress/7.1; https://rajlaw.com.tw"
183.47.107.57 - - [23/Aug/2026:23:52:08 +0800] "GET /cdn-cgi/scripts/5c5dd728/cloudflare-static/email-decode.min.js HTTP/1.1" 500 46989 "https://rajlaw.com.tw/news/" "Mozilla/5.0 (Windows NT 10.0; Win64; x64) AppleWebKit/537.36 (KHTML, like Gecko) Chrome/108.0.0.0 Safari/537.36"
140.174.179.55 - - [23/Aug/2026:23:52:15 +0800] "POST /xmlrpc.php HTTP/1.1" 200 14576 "-" "Mozilla/5.0 (Windows NT 10.0; Win64; x64) AppleWebKit/537.36 (KHTML, like Gecko) Chrome/114.0.0.0 Safari/537.36"
140.174.179.55 - - [23/Aug/2026:23:52:22 +0800] "GET /the-777-harbors-gambling-establishment-also-offers-a-nostalgic-feeling-you-to-draws-users-which-favor-classical-mechanics-more-complex-incentive-game-play/ HTTP/1.1" 200 95239 "-" "Mozilla/5.0 (Windows NT 10.0; Win64; x64; rv:125.0) Gecko/20100101 Firefox/125.0"
57.141.0.44 - - [23/Aug/2026:23:52:43 +0800] "GET / HTTP/1.1" 200 139932 "-" "facebookexternalhit/1.1 (+http://www.facebook.com/externalhit_uatext.php)"
36.212.247.24 - - [23/Aug/2026:23:52:43 +0800] "GET /%E5%8F%B0%E5%8D%97%E9%BA%BB%E8%B1%86%E6%8E%92%E6%B0%B4%E6%B2%BB%E7%90%86%E5%B7%A5%E7%A8%8B%E5%8B%95%E5%B7%A5%E3%80%805-35%E5%84%84%E5%85%83%E6%94%B9%E5%96%84%E7%B8%BD%E7%88%BA%E3%80%81%E6%9D%B1/ HTTP/1.1" 500 66336 "https://rajlaw.com.tw/category/%E5%9C%B0%E6%96%B9%E6%96%B0%E8%81%9E/page/2/" "Mozilla/5.0 (Windows NT 10.0; Win64; x64) AppleWebKit/537.36 (KHTML, like Gecko) Chrome/142.0.0.0 Safari/537.36"
36.134.39.126 - - [23/Aug/2026:23:52:58 +0800] "GET /%E5%8F%B0%E5%8D%97%E9%BA%BB%E8%B1%86%E6%8E%92%E6%B0%B4%E6%B2%BB%E7%90%86%E5%B7%A5%E7%A8%8B%E5%8B%95%E5%B7%A5%E3%80%805-35%E5%84%84%E5%85%83%E6%94%B9%E5%96%84%E7%B8%BD%E7%88%BA%E3%80%81%E6%9D%B1/ HTTP/1.1" 500 47184 "https://rajlaw.com.tw/category/%E5%9C%B0%E6%96%B9%E6%96%B0%E8%81%9E/page/2/" "Mozilla/5.0 (Windows NT 10.0; Win64; x64) AppleWebKit/537.36 (KHTML, like Gecko) Chrome/142.0.0.0 Safari/537.36"
140.174.179.55 - - [23/Aug/2026:23:53:04 +0800] "POST /xmlrpc.php HTTP/1.1" 200 6124 "-" "Mozilla/5.0 (Windows NT 10.0; Win64; x64) AppleWebKit/537.36 (KHTML, like Gecko) Chrome/114.0.0.0 Safari/537.36"
149.71.36.136 - - [23/Aug/2026:23:53:13 +0800] "GET //xmlrpc.php HTTP/1.1" 403 23234 "-" "Mozilla/5.0 (Windows NT 10.0; WOW64; rv:45.0) Gecko/20100101 Firefox/45.0"
36.133.77.99 - - [23/Aug/2026:23:53:04 +0800] "GET /%E5%8F%B0%E5%8D%97%E9%BA%BB%E8%B1%86%E6%8E%92%E6%B0%B4%E6%B2%BB%E7%90%86%E5%B7%A5%E7%A8%8B%E5%8B%95%E5%B7%A5%E3%80%805-35%E5%84%84%E5%85%83%E6%94%B9%E5%96%84%E7%B8%BD%E7%88%BA%E3%80%81%E6%9D%B1/ HTTP/1.1" 200 85488 "https://rajlaw.com.tw/category/%E5%9C%B0%E6%96%B9%E6%96%B0%E8%81%9E/page/2/" "Mozilla/5.0 (Windows NT 10.0; Win64; x64) AppleWebKit/537.36 (KHTML, like Gecko) Chrome/142.0.0.0 Safari/537.36"
124.150.132.81 - - [23/Aug/2026:23:53:11 +0800] "POST /wp-cron.php?doing_wp_cron=1787500391.6005039215087890625000 HTTP/1.1" 200 5843 "-" "WordPress/7.1; https://rajlaw.com.tw"
140.174.179.55 - - [23/Aug/2026:23:53:18 +0800] "POST /xmlrpc.php HTTP/1.1" 200 14841 "-" "Mozilla/5.0 (Windows NT 10.0; Win64; x64) AppleWebKit/537.36 (KHTML, like Gecko) Chrome/114.0.0.0 Safari/537.36"
124.150.132.81 - - [23/Aug/2026:23:53:21 +0800] "POST /?wordfence_syncAttackData=1787500401.0805 HTTP/1.1" 200 5755 "-" "WordPress/7.1; https://rajlaw.com.tw"
140.174.179.55 - - [23/Aug/2026:23:53:24 +0800] "GET /the-house-or-property-is-belonging-to-the-latest-federated-indians-off-graton-rancheria-group-added-by-president-greg-sarris/ HTTP/1.1" 200 95523 "-" "Mozilla/5.0 (Windows NT 10.0; Win64; x64; rv:124.0) Gecko/20100101 Firefox/124.0"
140.174.179.55 - - [23/Aug/2026:23:54:04 +0800] "POST /xmlrpc.php HTTP/1.1" 200 6124 "-" "Mozilla/5.0 (Windows NT 10.0; Win64; x64) AppleWebKit/537.36 (KHTML, like Gecko) Chrome/114.0.0.0 Safari/537.36"
124.150.132.81 - - [23/Aug/2026:23:54:07 +0800] "POST /wp-cron.php?doing_wp_cron=1787500447.7811079025268554687500 HTTP/1.1" 200 5843 "-" "WordPress/7.1; https://rajlaw.com.tw"
140.174.179.55 - - [23/Aug/2026:23:54:15 +0800] "POST /xmlrpc.php HTTP/1.1" 200 14528 "-" "Mozilla/5.0 (Windows NT 10.0; Win64; x64) AppleWebKit/537.36 (KHTML, like Gecko) Chrome/114.0.0.0 Safari/537.36"
140.174.179.55 - - [23/Aug/2026:23:54:20 +0800] "GET /the-actual-only-real-forgotten-portion-is-force-announcements-but-truly-very-sweeps-casinos-dont-have-all-of-them-anyhow/ HTTP/1.1" 200 95099 "-" "Mozilla/5.0 (Windows NT 10.0; Win64; x64; rv:124.0) Gecko/20100101 Firefox/124.0"
40.77.167.50 - - [23/Aug/2026:23:54:40 +0800] "GET /news/hookahpage/statis/aturan-main HTTP/1.1" 404 86899 "-" "Mozilla/5.0 AppleWebKit/537.36 (KHTML, like Gecko; compatible; bingbot/2.0; +http://www.bing.com/bingbot.htm) Chrome/116.0.1938.76 Safari/537.36"
57.141.14.9 - - [23/Aug/2026:23:54:51 +0800] "GET / HTTP/1.1" 200 139932 "-" "facebookexternalhit/1.1 (+http://www.facebook.com/externalhit_uatext.php)"
140.174.179.55 - - [23/Aug/2026:23:55:04 +0800] "POST /xmlrpc.php HTTP/1.1" 200 6124 "-" "Mozilla/5.0 (Windows NT 10.0; Win64; x64) AppleWebKit/537.36 (KHTML, like Gecko) Chrome/114.0.0.0 Safari/537.36"
124.150.132.81 - - [23/Aug/2026:23:55:08 +0800] "POST /wp-cron.php?doing_wp_cron=1787500508.5682749748229980468750 HTTP/1.1" 200 5843 "-" "WordPress/7.1; https://rajlaw.com.tw"
140.174.179.55 - - [23/Aug/2026:23:55:15 +0800] "POST /xmlrpc.php HTTP/1.1" 200 17745 "-" "Mozilla/5.0 (Windows NT 10.0; Win64; x64) AppleWebKit/537.36 (KHTML, like Gecko) Chrome/114.0.0.0 Safari/537.36"
140.174.179.55 - - [23/Aug/2026:23:55:21 +0800] "GET /electronic-poker-online-game-come-into-individuals-selection-but-the-majority-generally-speaking-follow-the-important-5-give-poker-laws-place/ HTTP/1.1" 200 98402 "-" "Mozilla/5.0 (Windows NT 10.0; rv:109.0) Gecko/20100101 Firefox/115.0"
52.167.144.159 - - [23/Aug/2026:23:55:44 +0800] "GET /verso-aspirare-esteriormente-il-soddisfacentemente-da-excretion-premio-privo-di-fitto-da-1000%EF%BF%BD-oppure-piuttosto-serve-abilita/ HTTP/1.1" 200 95258 "-" "Mozilla/5.0 AppleWebKit/537.36 (KHTML, like Gecko; compatible; bingbot/2.0; +http://www.bing.com/bingbot.htm) Chrome/116.0.1938.76 Safari/537.36"
17.246.23.79 - - [23/Aug/2026:23:56:04 +0800] "GET /blog5/ HTTP/1.1" 200 109964 "-" "Mozilla/5.0 (Macintosh; Intel Mac OS X 10_15_7) AppleWebKit/605.1.15 (KHTML, like Gecko) Version/17.4 Safari/605.1.15 (Applebot/0.1; +http://www.apple.com/go/applebot)"
140.174.179.55 - - [23/Aug/2026:23:56:06 +0800] "POST /xmlrpc.php HTTP/1.1" 200 6124 "-" "Mozilla/5.0 (Windows NT 10.0; Win64; x64) AppleWebKit/537.36 (KHTML, like Gecko) Chrome/114.0.0.0 Safari/537.36"
124.150.132.81 - - [23/Aug/2026:23:56:11 +0800] "POST /wp-cron.php?doing_wp_cron=1787500571.9227299690246582031250 HTTP/1.1" 200 5843 "-" "WordPress/7.1; https://rajlaw.com.tw"
66.249.72.200 - - [23/Aug/2026:23:56:16 +0800] "GET /the-local-marketplace-is-controlled-from-the-rhode-area-department-off-the-newest-lottery/ HTTP/1.1" 200 97209 "-" "Mozilla/5.0 (Linux; Android 6.0.1; Nexus 5X Build/MMB29P) AppleWebKit/537.36 (KHTML, like Gecko) Chrome/151.0.7922.137 Mobile Safari/537.36 (compatible; Googlebot/2.1; +http://www.google.com/bot.html)"
140.174.179.55 - - [23/Aug/2026:23:56:19 +0800] "POST /xmlrpc.php HTTP/1.1" 200 18626 "-" "Mozilla/5.0 (Windows NT 10.0; Win64; x64) AppleWebKit/537.36 (KHTML, like Gecko) Chrome/114.0.0.0 Safari/537.36"
140.174.179.55 - - [23/Aug/2026:23:56:24 +0800] "GET /begin-by-among-the-many-spouse-websites-allege-your-incentives-and-you-will-twist-out/ HTTP/1.1" 200 99153 "-" "Mozilla/5.0 (Windows NT 10.0; Win64; x64; rv:124.0) Gecko/20100101 Firefox/124.0"
110.28.97.13 - - [23/Aug/2026:23:56:57 +0800] "GET /gama-%E9%9B%BB%E7%93%B6%E6%B0%B4%E6%80%8E%E9%BA%BC%E8%A3%9C%E5%85%85%EF%BC%9F%E5%85%8D%E4%BF%9D%E9%A4%8A%E9%9B%BB%E7%93%B6%E5%8F%AF%E4%BB%A5%E5%8A%A0%E5%97%8E%EF%BC%9F%E4%B8%80%E6%AC%A1%E7%9C%8B/ HTTP/1.1" 200 101778 "https://www.google.com/url?q=https://rajlaw.com.tw/gama-%25E9%259B%25BB%25E7%2593%25B6%25E6%25B0%25B4%25E6%2580%258E%25E9%25BA%25BC%25E8%25A3%259C%25E5%2585%2585%25EF%25BC%259F%25E5%2585%258D%25E4%25BF%259D%25E9%25A4%258A%25E9%259B%25BB%25E7%2593%25B6%25E5%258F%25AF%25E4%25BB%25A5%25E5%258A%25A0%25E5%2597%258E%25EF%25BC%259F%25E4%25B8%2580%25E6%25AC%25A1%25E7%259C%258B/&sa=U&sqi=2&ved=2ahUKEwjRws2ijreWAxWCkeEIHUX-JDAQFnoECCAQAQ&usg=AOvVaw2XsfAdUAx_feFSvD1KSi00" "Mozilla/5.0 (iPhone; CPU iPhone OS 26_6_0 like Mac OS X) AppleWebKit/605.1.15 (KHTML, like Gecko) GSA/434.2.961627397 Mobile/15E148 Safari/604.1"
110.28.97.13 - - [23/Aug/2026:23:57:01 +0800] "GET /wp-content/uploads/2025/03/logo-removebg-preview-e1741353740950.png HTTP/1.1" 200 71099 "https://rajlaw.com.tw/gama-%E9%9B%BB%E7%93%B6%E6%B0%B4%E6%80%8E%E9%BA%BC%E8%A3%9C%E5%85%85%EF%BC%9F%E5%85%8D%E4%BF%9D%E9%A4%8A%E9%9B%BB%E7%93%B6%E5%8F%AF%E4%BB%A5%E5%8A%A0%E5%97%8E%EF%BC%9F%E4%B8%80%E6%AC%A1%E7%9C%8B/" "Mozilla/5.0 (iPhone; CPU iPhone OS 26_6_0 like Mac OS X) AppleWebKit/605.1.15 (KHTML, like Gecko) GSA/434.2.961627397 Mobile/15E148 Safari/604.1"
110.28.97.13 - - [23/Aug/2026:23:57:01 +0800] "GET /wp-includes/css/dashicons.min.css?ver=7.1 HTTP/1.1" 200 59557 "https://rajlaw.com.tw/gama-%E9%9B%BB%E7%93%B6%E6%B0%B4%E6%80%8E%E9%BA%BC%E8%A3%9C%E5%85%85%EF%BC%9F%E5%85%8D%E4%BF%9D%E9%A4%8A%E9%9B%BB%E7%93%B6%E5%8F%AF%E4%BB%A5%E5%8A%A0%E5%97%8E%EF%BC%9F%E4%B8%80%E6%AC%A1%E7%9C%8B/" "Mozilla/5.0 (iPhone; CPU iPhone OS 26_6_0 like Mac OS X) AppleWebKit/605.1.15 (KHTML, like Gecko) GSA/434.2.961627397 Mobile/15E148 Safari/604.1"
110.28.97.13 - - [23/Aug/2026:23:57:01 +0800] "GET /wp-content/themes/zakra/assets/js/navigation.min.js?ver=4.0.6 HTTP/1.1" 200 4809 "https://rajlaw.com.tw/gama-%E9%9B%BB%E7%93%B6%E6%B0%B4%E6%80%8E%E9%BA%BC%E8%A3%9C%E5%85%85%EF%BC%9F%E5%85%8D%E4%BF%9D%E9%A4%8A%E9%9B%BB%E7%93%B6%E5%8F%AF%E4%BB%A5%E5%8A%A0%E5%97%8E%EF%BC%9F%E4%B8%80%E6%AC%A1%E7%9C%8B/" "Mozilla/5.0 (iPhone; CPU iPhone OS 26_6_0 like Mac OS X) AppleWebKit/605.1.15 (KHTML, like Gecko) GSA/434.2.961627397 Mobile/15E148 Safari/604.1"
110.28.97.13 - - [23/Aug/2026:23:57:01 +0800] "GET /wp-content/plugins/everest-forms/assets/css/intlTelInput.css?ver=3.0.9.3 HTTP/1.1" 200 50441 "https://rajlaw.com.tw/gama-%E9%9B%BB%E7%93%B6%E6%B0%B4%E6%80%8E%E9%BA%BC%E8%A3%9C%E5%85%85%EF%BC%9F%E5%85%8D%E4%BF%9D%E9%A4%8A%E9%9B%BB%E7%93%B6%E5%8F%AF%E4%BB%A5%E5%8A%A0%E5%97%8E%EF%BC%9F%E4%B8%80%E6%AC%A1%E7%9C%8B/" "Mozilla/5.0 (iPhone; CPU iPhone OS 26_6_0 like Mac OS X) AppleWebKit/605.1.15 (KHTML, like Gecko) GSA/434.2.961627397 Mobile/15E148 Safari/604.1"
110.28.97.13 - - [23/Aug/2026:23:57:01 +0800] "GET /wp-content/themes/zakra/assets/js/skip-link-focus-fix.min.js?ver=4.0.6 HTTP/1.1" 200 666 "https://rajlaw.com.tw/gama-%E9%9B%BB%E7%93%B6%E6%B0%B4%E6%80%8E%E9%BA%BC%E8%A3%9C%E5%85%85%EF%BC%9F%E5%85%8D%E4%BF%9D%E9%A4%8A%E9%9B%BB%E7%93%B6%E5%8F%AF%E4%BB%A5%E5%8A%A0%E5%97%8E%EF%BC%9F%E4%B8%80%E6%AC%A1%E7%9C%8B/" "Mozilla/5.0 (iPhone; CPU iPhone OS 26_6_0 like Mac OS X) AppleWebKit/605.1.15 (KHTML, like Gecko) GSA/434.2.961627397 Mobile/15E148 Safari/604.1"
110.28.97.13 - - [23/Aug/2026:23:57:01 +0800] "GET /wp-content/themes/zakra/assets/js/zakra-custom.min.js?ver=4.0.6 HTTP/1.1" 200 5825 "https://rajlaw.com.tw/gama-%E9%9B%BB%E7%93%B6%E6%B0%B4%E6%80%8E%E9%BA%BC%E8%A3%9C%E5%85%85%EF%BC%9F%E5%85%8D%E4%BF%9D%E9%A4%8A%E9%9B%BB%E7%93%B6%E5%8F%AF%E4%BB%A5%E5%8A%A0%E5%97%8E%EF%BC%9F%E4%B8%80%E6%AC%A1%E7%9C%8B/" "Mozilla/5.0 (iPhone; CPU iPhone OS 26_6_0 like Mac OS X) AppleWebKit/605.1.15 (KHTML, like Gecko) GSA/434.2.961627397 Mobile/15E148 Safari/604.1"
110.28.97.13 - - [23/Aug/2026:23:57:01 +0800] "GET /wp-content/plugins/everest-forms/assets/css/everest-forms.css?ver=3.0.9.3 HTTP/1.1" 200 105418 "https://rajlaw.com.tw/gama-%E9%9B%BB%E7%93%B6%E6%B0%B4%E6%80%8E%E9%BA%BC%E8%A3%9C%E5%85%85%EF%BC%9F%E5%85%8D%E4%BF%9D%E9%A4%8A%E9%9B%BB%E7%93%B6%E5%8F%AF%E4%BB%A5%E5%8A%A0%E5%97%8E%EF%BC%9F%E4%B8%80%E6%AC%A1%E7%9C%8B/" "Mozilla/5.0 (iPhone; CPU iPhone OS 26_6_0 like Mac OS X) AppleWebKit/605.1.15 (KHTML, like Gecko) GSA/434.2.961627397 Mobile/15E148 Safari/604.1"
110.28.97.13 - - [23/Aug/2026:23:57:01 +0800] "GET /wp-content/themes/zakra/inc/customizer/customind/assets/fontawesome/v6/css/all.min.css?ver=6.2.4 HTTP/1.1" 200 108095 "https://rajlaw.com.tw/gama-%E9%9B%BB%E7%93%B6%E6%B0%B4%E6%80%8E%E9%BA%BC%E8%A3%9C%E5%85%85%EF%BC%9F%E5%85%8D%E4%BF%9D%E9%A4%8A%E9%9B%BB%E7%93%B6%E5%8F%AF%E4%BB%A5%E5%8A%A0%E5%97%8E%EF%BC%9F%E4%B8%80%E6%AC%A1%E7%9C%8B/" "Mozilla/5.0 (iPhone; CPU iPhone OS 26_6_0 like Mac OS X) AppleWebKit/605.1.15 (KHTML, like Gecko) GSA/434.2.961627397 Mobile/15E148 Safari/604.1"
110.28.97.13 - - [23/Aug/2026:23:57:01 +0800] "GET /wp-content/themes/zakra/style.css?ver=4.0.6 HTTP/1.1" 200 111401 "https://rajlaw.com.tw/gama-%E9%9B%BB%E7%93%B6%E6%B0%B4%E6%80%8E%E9%BA%BC%E8%A3%9C%E5%85%85%EF%BC%9F%E5%85%8D%E4%BF%9D%E9%A4%8A%E9%9B%BB%E7%93%B6%E5%8F%AF%E4%BB%A5%E5%8A%A0%E5%97%8E%EF%BC%9F%E4%B8%80%E6%AC%A1%E7%9C%8B/" "Mozilla/5.0 (iPhone; CPU iPhone OS 26_6_0 like Mac OS X) AppleWebKit/605.1.15 (KHTML, like Gecko) GSA/434.2.961627397 Mobile/15E148 Safari/604.1"
110.28.97.13 - - [23/Aug/2026:23:57:01 +0800] "GET /wp-content/themes/zakra/assets/fonts/themegrill-icons.woff2?5d42b271f668d2d6461ba91fc5a5a839 HTTP/1.1" 200 1622 "https://rajlaw.com.tw/gama-%E9%9B%BB%E7%93%B6%E6%B0%B4%E6%80%8E%E9%BA%BC%E8%A3%9C%E5%85%85%EF%BC%9F%E5%85%8D%E4%BF%9D%E9%A4%8A%E9%9B%BB%E7%93%B6%E5%8F%AF%E4%BB%A5%E5%8A%A0%E5%97%8E%EF%BC%9F%E4%B8%80%E6%AC%A1%E7%9C%8B/" "Mozilla/5.0 (iPhone; CPU iPhone OS 26_6_0 like Mac OS X) AppleWebKit/605.1.15 (KHTML, like Gecko) GSA/434.2.961627397 Mobile/15E148 Safari/604.1"
110.28.97.13 - - [23/Aug/2026:23:57:01 +0800] "GET /wp-content/themes/zakra/inc/customizer/customind/assets/fontawesome/v6/webfonts/fa-brands-400.woff2 HTTP/1.1" 200 118361 "https://rajlaw.com.tw/gama-%E9%9B%BB%E7%93%B6%E6%B0%B4%E6%80%8E%E9%BA%BC%E8%A3%9C%E5%85%85%EF%BC%9F%E5%85%8D%E4%BF%9D%E9%A4%8A%E9%9B%BB%E7%93%B6%E5%8F%AF%E4%BB%A5%E5%8A%A0%E5%97%8E%EF%BC%9F%E4%B8%80%E6%AC%A1%E7%9C%8B/" "Mozilla/5.0 (iPhone; CPU iPhone OS 26_6_0 like Mac OS X) AppleWebKit/605.1.15 (KHTML, like Gecko) GSA/434.2.961627397 Mobile/15E148 Safari/604.1"
110.28.97.13 - - [23/Aug/2026:23:57:01 +0800] "GET /wp-includes/js/wp-emoji-release.min.js?ver=7.1 HTTP/1.1" 200 23123 "https://rajlaw.com.tw/gama-%E9%9B%BB%E7%93%B6%E6%B0%B4%E6%80%8E%E9%BA%BC%E8%A3%9C%E5%85%85%EF%BC%9F%E5%85%8D%E4%BF%9D%E9%A4%8A%E9%9B%BB%E7%93%B6%E5%8F%AF%E4%BB%A5%E5%8A%A0%E5%97%8E%EF%BC%9F%E4%B8%80%E6%AC%A1%E7%9C%8B/" "Mozilla/5.0 (iPhone; CPU iPhone OS 26_6_0 like Mac OS X) AppleWebKit/605.1.15 (KHTML, like Gecko) GSA/434.2.961627397 Mobile/15E148 Safari/604.1"
110.28.97.13 - - [23/Aug/2026:23:57:02 +0800] "GET /wp-content/themes/zakra/inc/customizer/customind/assets/fontawesome/v6/webfonts/fa-solid-900.woff2 HTTP/1.1" 200 156967 "https://rajlaw.com.tw/gama-%E9%9B%BB%E7%93%B6%E6%B0%B4%E6%80%8E%E9%BA%BC%E8%A3%9C%E5%85%85%EF%BC%9F%E5%85%8D%E4%BF%9D%E9%A4%8A%E9%9B%BB%E7%93%B6%E5%8F%AF%E4%BB%A5%E5%8A%A0%E5%97%8E%EF%BC%9F%E4%B8%80%E6%AC%A1%E7%9C%8B/" "Mozilla/5.0 (iPhone; CPU iPhone OS 26_6_0 like Mac OS X) AppleWebKit/605.1.15 (KHTML, like Gecko) GSA/434.2.961627397 Mobile/15E148 Safari/604.1"
110.28.97.13 - - [23/Aug/2026:23:57:01 +0800] "GET /wp-content/uploads/2026/07/odnZj2kHvc576arGEjlBPzMXJ4GFPkdKUZyspiVu.jpg HTTP/1.1" 200 877693 "https://rajlaw.com.tw/gama-%E9%9B%BB%E7%93%B6%E6%B0%B4%E6%80%8E%E9%BA%BC%E8%A3%9C%E5%85%85%EF%BC%9F%E5%85%8D%E4%BF%9D%E9%A4%8A%E9%9B%BB%E7%93%B6%E5%8F%AF%E4%BB%A5%E5%8A%A0%E5%97%8E%EF%BC%9F%E4%B8%80%E6%AC%A1%E7%9C%8B/" "Mozilla/5.0 (iPhone; CPU iPhone OS 26_6_0 like Mac OS X) AppleWebKit/605.1.15 (KHTML, like Gecko) GSA/434.2.961627397 Mobile/15E148 Safari/604.1"
110.28.97.13 - - [23/Aug/2026:23:57:01 +0800] "GET /wp-content/themes/zakra/123.jpg HTTP/1.1" 200 455955 "https://rajlaw.com.tw/gama-%E9%9B%BB%E7%93%B6%E6%B0%B4%E6%80%8E%E9%BA%BC%E8%A3%9C%E5%85%85%EF%BC%9F%E5%85%8D%E4%BF%9D%E9%A4%8A%E9%9B%BB%E7%93%B6%E5%8F%AF%E4%BB%A5%E5%8A%A0%E5%97%8E%EF%BC%9F%E4%B8%80%E6%AC%A1%E7%9C%8B/" "Mozilla/5.0 (iPhone; CPU iPhone OS 26_6_0 like Mac OS X) AppleWebKit/605.1.15 (KHTML, like Gecko) GSA/434.2.961627397 Mobile/15E148 Safari/604.1"
110.28.97.13 - - [23/Aug/2026:23:57:02 +0800] "GET /wp-content/themes/zakra/inc/customizer/customind/assets/fontawesome/v6/webfonts/fa-v4compatibility.woff2 HTTP/1.1" 200 5095 "https://rajlaw.com.tw/gama-%E9%9B%BB%E7%93%B6%E6%B0%B4%E6%80%8E%E9%BA%BC%E8%A3%9C%E5%85%85%EF%BC%9F%E5%85%8D%E4%BF%9D%E9%A4%8A%E9%9B%BB%E7%93%B6%E5%8F%AF%E4%BB%A5%E5%8A%A0%E5%97%8E%EF%BC%9F%E4%B8%80%E6%AC%A1%E7%9C%8B/" "Mozilla/5.0 (iPhone; CPU iPhone OS 26_6_0 like Mac OS X) AppleWebKit/605.1.15 (KHTML, like Gecko) GSA/434.2.961627397 Mobile/15E148 Safari/604.1"
140.174.179.55 - - [23/Aug/2026:23:57:06 +0800] "POST /xmlrpc.php HTTP/1.1" 200 6124 "-" "Mozilla/5.0 (Windows NT 10.0; Win64; x64) AppleWebKit/537.36 (KHTML, like Gecko) Chrome/114.0.0.0 Safari/537.36"
198.244.168.84 - - [23/Aug/2026:23:57:09 +0800] "GET /%E6%B1%90%E6%AD%A2%E6%A9%9F%E8%BB%8A%E7%B6%AD%E4%BF%AE%E4%BF%9D%E9%A4%8A-%E6%B8%85%E6%A5%9A%E8%AA%AA%E6%98%8E%E3%80%81%E7%B4%B0%E5%BF%83%E6%AA%A2%E6%9F%A5-27%E5%B9%B4%E8%81%B7%E4%BA%BA%E5%AE%88/ HTTP/1.1" 200 98293 "-" "Mozilla/5.0 (compatible; AhrefsBot/7.0; +http://ahrefs.com/robot/)"
124.150.132.81 - - [23/Aug/2026:23:57:10 +0800] "POST /wp-cron.php?doing_wp_cron=1787500630.9053270816802978515625 HTTP/1.1" 200 5843 "-" "WordPress/7.1; https://rajlaw.com.tw"
140.174.179.55 - - [23/Aug/2026:23:57:18 +0800] "POST /xmlrpc.php HTTP/1.1" 200 14542 "-" "Mozilla/5.0 (Windows NT 10.0; Win64; x64) AppleWebKit/537.36 (KHTML, like Gecko) Chrome/114.0.0.0 Safari/537.36"
140.174.179.55 - - [23/Aug/2026:23:57:27 +0800] "GET /the-platform-changes-effortlessly-with-the-device-maintaining-artwork-quality-and-you-may-responsiveness/ HTTP/1.1" 200 94965 "-" "Mozilla/5.0 (Windows NT 10.0; Win64; x64) AppleWebKit/537.36 (KHTML, like Gecko) Chrome/109.0.0.0 Safari/537.36"
57.141.20.61 - - [23/Aug/2026:23:57:49 +0800] "GET / HTTP/1.1" 200 139932 "-" "facebookexternalhit/1.1 (+http://www.facebook.com/externalhit_uatext.php)"
187.36.155.222 - - [23/Aug/2026:23:57:58 +0800] "GET /%E5%8F%B0%E5%8C%97%E9%81%8B%E5%8B%95%E6%94%B6%E8%97%8F%E5%8D%A1%E9%81%B8%E8%B3%BC%E6%8C%87%E5%8D%97-nba%E3%80%81mlb%E5%8D%A1%E6%B3%81%E3%80%81%E9%91%91%E5%AE%9A%E4%BC%B0%E5%83%B9%E8%88%87%E5%AF%84/ HTTP/1.1" 200 98270 "-" "Mozilla/5.0 (Windows NT 10.0; Win64; x64) AppleWebKit/537.36 (KHTML, like Gecko) Chrome/116.0.0.0 Safari/537.36"
140.174.179.55 - - [23/Aug/2026:23:58:06 +0800] "POST /xmlrpc.php HTTP/1.1" 200 6124 "-" "Mozilla/5.0 (Windows NT 10.0; Win64; x64) AppleWebKit/537.36 (KHTML, like Gecko) Chrome/114.0.0.0 Safari/537.36"
124.150.132.81 - - [23/Aug/2026:23:58:15 +0800] "POST /wp-cron.php?doing_wp_cron=1787500695.3922390937805175781250 HTTP/1.1" 200 5843 "-" "WordPress/7.1; https://rajlaw.com.tw"
140.174.179.55 - - [23/Aug/2026:23:58:22 +0800] "POST /xmlrpc.php HTTP/1.1" 200 17226 "-" "Mozilla/5.0 (Windows NT 10.0; Win64; x64) AppleWebKit/537.36 (KHTML, like Gecko) Chrome/114.0.0.0 Safari/537.36"
124.150.132.81 - - [23/Aug/2026:23:58:26 +0800] "POST /wp-cron.php?doing_wp_cron=1787500706.3787438869476318359375 HTTP/1.1" 200 5843 "-" "WordPress/7.1; https://rajlaw.com.tw"
40.77.167.16 - - [23/Aug/2026:23:58:26 +0800] "GET /best-all-of-us-acceptance-incentives-2026-actual-really-worth-ranked/ HTTP/1.1" 200 101054 "-" "Mozilla/5.0 AppleWebKit/537.36 (KHTML, like Gecko; compatible; bingbot/2.0; +http://www.bing.com/bingbot.htm) Chrome/116.0.1938.76 Safari/537.36"
140.174.179.55 - - [23/Aug/2026:23:58:28 +0800] "GET /if-you-are-searching-to-own-an-easy-payment-online-casino-which-have-ongoing-advantages-black-lotus-gambling-enterprise-delivers/ HTTP/1.1" 200 97755 "-" "Mozilla/5.0 (Windows NT 10.0; Win64; x64) AppleWebKit/537.36 (KHTML, like Gecko) Chrome/123.0.0.0 Safari/537.36 OPR/109.0.0.0"
198.244.183.110 - - [23/Aug/2026:23:58:32 +0800] "GET /conoce-halloween-gira-gratis-sin-deposito-tantas-promociones-sobre-apuestas-referente-a-halloween-2025/ HTTP/1.1" 200 99694 "-" "Mozilla/5.0 (compatible; AhrefsBot/7.0; +http://ahrefs.com/robot/)"
40.77.167.20 - - [23/Aug/2026:23:58:34 +0800] "GET /check-that-your-popular-payment-experience-served-just-before-position-very-first-deposit/ HTTP/1.1" 200 96503 "-" "Mozilla/5.0 AppleWebKit/537.36 (KHTML, like Gecko; compatible; bingbot/2.0; +http://www.bing.com/bingbot.htm) Chrome/116.0.1938.76 Safari/537.36"
140.174.179.55 - - [23/Aug/2026:23:59:07 +0800] "POST /xmlrpc.php HTTP/1.1" 200 6124 "-" "Mozilla/5.0 (Windows NT 10.0; Win64; x64) AppleWebKit/537.36 (KHTML, like Gecko) Chrome/114.0.0.0 Safari/537.36"
124.150.132.81 - - [23/Aug/2026:23:59:10 +0800] "POST /wp-cron.php?doing_wp_cron=1787500750.7734940052032470703125 HTTP/1.1" 200 5843 "-" "WordPress/7.1; https://rajlaw.com.tw"
140.174.179.55 - - [23/Aug/2026:23:59:18 +0800] "POST /xmlrpc.php HTTP/1.1" 200 14685 "-" "Mozilla/5.0 (Windows NT 10.0; Win64; x64) AppleWebKit/537.36 (KHTML, like Gecko) Chrome/114.0.0.0 Safari/537.36"
140.174.179.55 - - [23/Aug/2026:23:59:24 +0800] "GET /the-house-are-owned-by-new-federated-indians-out-of-graton-rancheria-group-led-from-the-chairman-greg-sarris/ HTTP/1.1" 200 95229 "-" "Mozilla/5.0 (Windows NT 10.0; rv:125.0) Gecko/20100101 Firefox/125.0"
124.150.132.81 - - [23/Aug/2026:23:59:21 +0800] "POST /wp-cron.php?doing_wp_cron=1787500761.8137710094451904296875 HTTP/1.1" 200 5843 "-" "WordPress/7.1; https://rajlaw.com.tw"
198.244.240.28 - - [23/Aug/2026:23:59:55 +0800] "GET /gonzos-trip-position-trial-gamble-online-totally-free-play/ HTTP/1.1" 200 100064 "-" "Mozilla/5.0 (compatible; AhrefsBot/7.0; +http://ahrefs.com/robot/)"
140.174.179.55 - - [24/Aug/2026:00:00:03 +0800] "POST /xmlrpc.php HTTP/1.1" 200 6124 "-" "Mozilla/5.0 (Windows NT 10.0; Win64; x64) AppleWebKit/537.36 (KHTML, like Gecko) Chrome/114.0.0.0 Safari/537.36"
124.150.132.81 - - [24/Aug/2026:00:00:07 +0800] "POST /wp-cron.php?doing_wp_cron=1787500807.7922968864440917968750 HTTP/1.1" 200 5843 "-" "WordPress/7.1; https://rajlaw.com.tw"
40.77.167.20 - - [24/Aug/2026:00:00:13 +0800] "GET /i-premio-senza-base-possono-e-vestire-restrizioni-sulla-scorsa-minima-anche-adagio/ HTTP/1.1" 200 94746 "-" "Mozilla/5.0 AppleWebKit/537.36 (KHTML, like Gecko; compatible; bingbot/2.0; +http://www.bing.com/bingbot.htm) Chrome/116.0.1938.76 Safari/537.36"
140.174.179.55 - - [24/Aug/2026:00:00:15 +0800] "POST /xmlrpc.php HTTP/1.1" 200 18043 "-" "Mozilla/5.0 (Windows NT 10.0; Win64; x64) AppleWebKit/537.36 (KHTML, like Gecko) Chrome/114.0.0.0 Safari/537.36"
140.174.179.55 - - [24/Aug/2026:00:00:20 +0800] "GET /hard-rock-choice-local-casino-is-also-infamous-because-of-its-high-quality-mobile-application/ HTTP/1.1" 200 98461 "-" "Mozilla/5.0 (Windows NT 10.0; Win64; x64) AppleWebKit/537.36 (KHTML, like Gecko) Chrome/122.0.0.0 Safari/537.36"
57.141.10.9 - - [24/Aug/2026:00:00:43 +0800] "GET / HTTP/1.1" 200 139932 "-" "facebookexternalhit/1.1 (+http://www.facebook.com/externalhit_uatext.php)"
140.174.179.55 - - [24/Aug/2026:00:01:05 +0800] "POST /xmlrpc.php HTTP/1.1" 200 6124 "-" "Mozilla/5.0 (Windows NT 10.0; Win64; x64) AppleWebKit/537.36 (KHTML, like Gecko) Chrome/114.0.0.0 Safari/537.36"
59.63.72.15 - - [24/Aug/2026:00:01:06 +0800] "GET /wp-json/wp/v2/pages/1174 HTTP/1.1" 200 69601 "-" "Mozilla/5.0 (Windows NT 10.0; Win64; x64) AppleWebKit/537.36 (KHTML, like Gecko) Chrome/144.0.0.0 Safari/537.36"
124.150.132.81 - - [24/Aug/2026:00:01:11 +0800] "POST /wp-cron.php?doing_wp_cron=1787500871.6349060535430908203125 HTTP/1.1" 200 5843 "-" "WordPress/7.1; https://rajlaw.com.tw"
59.63.72.15 - - [24/Aug/2026:00:01:13 +0800] "GET /favicon.ico HTTP/1.1" 302 1395 "https://rajlaw.com.tw/wp-json/wp/v2/pages/1174" "Mozilla/5.0 (Windows NT 10.0; Win64; x64) AppleWebKit/537.36 (KHTML, like Gecko) Chrome/144.0.0.0 Safari/537.36"
59.63.72.15 - - [24/Aug/2026:00:01:16 +0800] "GET /wp-content/uploads/2025/03/%E9%95%B7%E5%AE%89logo-150x150.png HTTP/1.1" 200 12612 "https://rajlaw.com.tw/wp-json/wp/v2/pages/1174" "Mozilla/5.0 (Windows NT 10.0; Win64; x64) AppleWebKit/537.36 (KHTML, like Gecko) Chrome/144.0.0.0 Safari/537.36"
140.174.179.55 - - [24/Aug/2026:00:01:19 +0800] "POST /xmlrpc.php HTTP/1.1" 200 18748 "-" "Mozilla/5.0 (Windows NT 10.0; Win64; x64) AppleWebKit/537.36 (KHTML, like Gecko) Chrome/114.0.0.0 Safari/537.36"
51.195.215.44 - - [24/Aug/2026:00:01:18 +0800] "GET /%E7%B6%93%E6%BF%9F%E9%83%A8ai%E6%96%B0%E7%A7%80%E8%A8%88%E7%95%AB%E5%9F%B9%E8%82%B2%E7%A7%91%E6%8A%80%E4%BA%BA%E6%89%8D%E3%80%80%E8%99%8E%E5%B0%BE%E7%A7%91%E6%8A%80%E5%A4%A7%E5%AD%B8%E7%84%A1%E4%BA%BA/ HTTP/1.1" 200 95964 "-" "Mozilla/5.0 (compatible; AhrefsBot/7.0; +http://ahrefs.com/robot/)"
140.174.179.55 - - [24/Aug/2026:00:01:24 +0800] "GET /blackjack-video-game-have-multiple-types-too-with-quite-a-few-groups-of-regulations/ HTTP/1.1" 200 99074 "-" "Mozilla/5.0 (Windows NT 10.0; Win64; x64) AppleWebKit/537.36 (KHTML, like Gecko) Chrome/123.0.0.0 Safari/537.36"
66.249.72.201 - - [24/Aug/2026:00:01:34 +0800] "GET /responsible-gaming-concerns-setting-your-own-finances-prior-to-to-play/ HTTP/1.1" 200 94514 "-" "Mozilla/5.0 (Linux; Android 6.0.1; Nexus 5X Build/MMB29P) AppleWebKit/537.36 (KHTML, like Gecko) Chrome/151.0.7922.137 Mobile Safari/537.36 (compatible; Googlebot/2.1; +http://www.google.com/bot.html)"
140.174.179.55 - - [24/Aug/2026:00:02:02 +0800] "POST /xmlrpc.php HTTP/1.1" 200 6124 "-" "Mozilla/5.0 (Windows NT 10.0; Win64; x64) AppleWebKit/537.36 (KHTML, like Gecko) Chrome/114.0.0.0 Safari/537.36"
124.150.132.81 - - [24/Aug/2026:00:02:06 +0800] "POST /wp-cron.php?doing_wp_cron=1787500926.7659270763397216796875 HTTP/1.1" 200 5843 "-" "WordPress/7.1; https://rajlaw.com.tw"
140.174.179.55 - - [24/Aug/2026:00:02:14 +0800] "POST /xmlrpc.php HTTP/1.1" 200 17523 "-" "Mozilla/5.0 (Windows NT 10.0; Win64; x64) AppleWebKit/537.36 (KHTML, like Gecko) Chrome/114.0.0.0 Safari/537.36"
140.174.179.55 - - [24/Aug/2026:00:02:19 +0800] "GET /now-we-have-been-evaluating-florida-casinos-and-you-will-reading-both-preferred-metropolitan-areas-surrounding-you-and-you-may-undetectable-treasures/ HTTP/1.1" 200 98121 "-" "Mozilla/5.0 (Windows NT 10.0; Win64; x64; rv:124.0) Gecko/20100101 Firefox/124.0"
40.77.167.20 - - [24/Aug/2026:00:02:33 +0800] "GET /juguetear-100-giros-gratis-sin-deposito-raging-rhino-coyote-moon-tragamonedas-de-balde-falto-liberar-por-internet/ HTTP/1.1" 200 104227 "-" "Mozilla/5.0 AppleWebKit/537.36 (KHTML, like Gecko; compatible; bingbot/2.0; +http://www.bing.com/bingbot.htm) Chrome/116.0.1938.76 Safari/537.36"
51.195.183.89 - - [24/Aug/2026:00:02:41 +0800] "GET /casino-mit-paysafecard-im-vergleich-vor-der/ HTTP/1.1" 200 93105 "-" "Mozilla/5.0 (compatible; AhrefsBot/7.0; +http://ahrefs.com/robot/)"
52.167.144.191 - - [24/Aug/2026:00:02:45 +0800] "GET /%E7%BE%8E%E8%BB%8D%E8%88%AA%E8%89%A6%E5%9B%A0%E4%BC%8A%E6%9C%97%E6%88%B0%E4%BA%8B%E8%AA%BF%E5%BA%A6%E5%90%83%E7%B7%8A%E3%80%80%E8%A5%BF%E5%A4%AA%E5%B9%B3%E6%B4%8B%E7%9F%AD%E6%9A%AB%E3%80%8C%E8%88%AA/ HTTP/1.1" 200 102101 "-" "Mozilla/5.0 AppleWebKit/537.36 (KHTML, like Gecko; compatible; bingbot/2.0; +http://www.bing.com/bingbot.htm) Chrome/116.0.1938.76 Safari/537.36"
52.167.144.191 - - [24/Aug/2026:00:02:54 +0800] "GET /win-big-anytime-anywhere-with-r2pbet-app/ HTTP/1.1" 200 94120 "-" "Mozilla/5.0 AppleWebKit/537.36 (KHTML, like Gecko; compatible; bingbot/2.0; +http://www.bing.com/bingbot.htm) Chrome/116.0.1938.76 Safari/537.36"
140.174.179.55 - - [24/Aug/2026:00:02:56 +0800] "POST /xmlrpc.php HTTP/1.1" 200 6124 "-" "Mozilla/5.0 (Windows NT 10.0; Win64; x64) AppleWebKit/537.36 (KHTML, like Gecko) Chrome/114.0.0.0 Safari/537.36"
124.150.132.81 - - [24/Aug/2026:00:03:00 +0800] "POST /wp-cron.php?doing_wp_cron=1787500980.3968091011047363281250 HTTP/1.1" 200 5843 "-" "WordPress/7.1; https://rajlaw.com.tw"
40.77.167.20 - - [24/Aug/2026:00:03:04 +0800] "GET /15-ecu-maklercourtage-ohne-einzahlung-secret-of-the-stones-slot-jackpot-im-spielsaal-2026/ HTTP/1.1" 200 97911 "-" "Mozilla/5.0 AppleWebKit/537.36 (KHTML, like Gecko; compatible; bingbot/2.0; +http://www.bing.com/bingbot.htm) Chrome/116.0.1938.76 Safari/537.36"
140.174.179.55 - - [24/Aug/2026:00:03:07 +0800] "POST /xmlrpc.php HTTP/1.1" 200 18107 "-" "Mozilla/5.0 (Windows NT 10.0; Win64; x64) AppleWebKit/537.36 (KHTML, like Gecko) Chrome/114.0.0.0 Safari/537.36"
140.174.179.55 - - [24/Aug/2026:00:03:13 +0800] "GET /overseas-licensing-buildings-the-require-kyc-to-own-aml-compliance-no-matter-the-newest-platforms-sales-copy/ HTTP/1.1" 200 98610 "-" "Mozilla/5.0 (Windows NT 10.0; Win64; x64; rv:124.0) Gecko/20100101 Firefox/124.0"
57.141.22.116 - - [24/Aug/2026:00:03:41 +0800] "GET / HTTP/1.1" 200 139932 "-" "facebookexternalhit/1.1 (+http://www.facebook.com/externalhit_uatext.php)"
140.174.179.55 - - [24/Aug/2026:00:03:47 +0800] "POST /xmlrpc.php HTTP/1.1" 200 6124 "-" "Mozilla/5.0 (Windows NT 10.0; Win64; x64) AppleWebKit/537.36 (KHTML, like Gecko) Chrome/114.0.0.0 Safari/537.36"
124.150.132.81 - - [24/Aug/2026:00:03:50 +0800] "POST /wp-cron.php?doing_wp_cron=1787501030.8509950637817382812500 HTTP/1.1" 200 5843 "-" "WordPress/7.1; https://rajlaw.com.tw"
140.174.179.55 - - [24/Aug/2026:00:03:58 +0800] "POST /xmlrpc.php HTTP/1.1" 200 16893 "-" "Mozilla/5.0 (Windows NT 10.0; Win64; x64) AppleWebKit/537.36 (KHTML, like Gecko) Chrome/114.0.0.0 Safari/537.36"
140.174.179.55 - - [24/Aug/2026:00:04:04 +0800] "GET /they-operates-within-the-caesars-electronic-umbrella-thus-program-high-quality-commission-solutions-and-you-may-customer-care-are-consistent-with-caesars-castle/ HTTP/1.1" 200 97558 "-" "Mozilla/5.0 (Windows NT 10.0; Win64; x64) AppleWebKit/537.36 (KHTML, like Gecko) Chrome/109.0.0.0 Safari/537.36"
51.89.129.237 - - [24/Aug/2026:00:04:06 +0800] "GET /uploaded/blog/content/blog_content_image17857493141975854364.jfif HTTP/1.1" 404 82557 "-" "Mozilla/5.0 (compatible; AhrefsBot/7.0; +http://ahrefs.com/robot/)"
51.195.183.208 - - [24/Aug/2026:00:04:16 +0800] "GET /uploaded/blog/content/blog_content_image1785749346510444878.jfif HTTP/1.1" 404 82557 "-" "Mozilla/5.0 (compatible; AhrefsBot/7.0; +http://ahrefs.com/robot/)"
66.249.72.200 - - [24/Aug/2026:00:04:35 +0800] "GET /the-newest-super-reel-spin-was-placed-into-membership-instantly-on-first-put/ HTTP/1.1" 200 94811 "-" "Mozilla/5.0 (Linux; Android 6.0.1; Nexus 5X Build/MMB29P) AppleWebKit/537.36 (KHTML, like Gecko) Chrome/151.0.7922.137 Mobile Safari/537.36 (compatible; GoogleOther)"
140.174.179.55 - - [24/Aug/2026:00:04:35 +0800] "POST /xmlrpc.php HTTP/1.1" 200 6124 "-" "Mozilla/5.0 (Windows NT 10.0; Win64; x64) AppleWebKit/537.36 (KHTML, like Gecko) Chrome/114.0.0.0 Safari/537.36"
124.150.132.81 - - [24/Aug/2026:00:04:40 +0800] "POST /wp-cron.php?doing_wp_cron=1787501080.0034649372100830078125 HTTP/1.1" 200 5843 "-" "WordPress/7.1; https://rajlaw.com.tw"
140.174.179.55 - - [24/Aug/2026:00:04:47 +0800] "POST /xmlrpc.php HTTP/1.1" 200 14324 "-" "Mozilla/5.0 (Windows NT 10.0; Win64; x64) AppleWebKit/537.36 (KHTML, like Gecko) Chrome/114.0.0.0 Safari/537.36"
20.222.36.199 - - [24/Aug/2026:00:04:58 +0800] "GET /%E5%8F%B0%E5%8D%97%E6%B2%BB%E6%B0%B4%E6%B7%B9%E6%B0%B4%E9%9D%A2%E7%A9%8D%E6%B8%9B98%E3%80%80%E9%BB%83%E5%81%89%E5%93%B2%E5%86%8D%E7%88%AD%E5%8F%9620%E5%84%84%E5%85%83%E6%94%B9%E5%96%84%E4%B8%89/ HTTP/1.1" 200 99110 "-" "Mozilla/5.0 AppleWebKit/537.36 (KHTML, like Gecko); compatible; ChatGPT-User/1.0; +https://openai.com/bot"
140.174.179.55 - - [24/Aug/2026:00:05:00 +0800] "GET /not-finding-the-right-free-added-bonus-casinos-that-offer-genuine-chances-to-profit-real-cash-means-careful-consideration/ HTTP/1.1" 200 94963 "-" "Mozilla/5.0 (Windows NT 10.0; Win64; x64; rv:124.0) Gecko/20100101 Firefox/124.0"
140.174.179.55 - - [24/Aug/2026:00:05:22 +0800] "POST /xmlrpc.php HTTP/1.1" 200 6124 "-" "Mozilla/5.0 (Windows NT 10.0; Win64; x64) AppleWebKit/537.36 (KHTML, like Gecko) Chrome/114.0.0.0 Safari/537.36"
124.150.132.81 - - [24/Aug/2026:00:05:26 +0800] "POST /wp-cron.php?doing_wp_cron=1787501126.6074750423431396484375 HTTP/1.1" 200 5843 "-" "WordPress/7.1; https://rajlaw.com.tw"
140.174.179.55 - - [24/Aug/2026:00:05:34 +0800] "POST /xmlrpc.php HTTP/1.1" 200 16392 "-" "Mozilla/5.0 (Windows NT 10.0; Win64; x64) AppleWebKit/537.36 (KHTML, like Gecko) Chrome/114.0.0.0 Safari/537.36"
140.174.179.55 - - [24/Aug/2026:00:05:39 +0800] "GET /the-experience-will-cause-you-to-a-subscription-web-page-the-place-you-need-done-a-beneficial-%EF%BF%BDtraditional%EF%BF%BD-sign-up-processes/ HTTP/1.1" 200 97001 "-" "Mozilla/5.0 (Windows NT 10.0; Win64; x64) AppleWebKit/537.36 (KHTML, like Gecko) Chrome/123.0.0.0 Safari/537.36"
40.77.167.16 - - [24/Aug/2026:00:08:37 +0800] "GET /gratifica-giochi-di-nuovo-pagamenti/ HTTP/1.1" 200 97495 "-" "Mozilla/5.0 AppleWebKit/537.36 (KHTML, like Gecko; compatible; bingbot/2.0; +http://www.bing.com/bingbot.htm) Chrome/116.0.1938.76 Safari/537.36"
185.153.197.39 - - [24/Aug/2026:00:09:37 +0800] "POST /xmlrpc.php HTTP/1.1" 200 6124 "-" "Mozilla/5.0 (Windows NT 10.0; Win64; x64) AppleWebKit/537.36 (KHTML, like Gecko) Chrome/132.0.0.0 Safari/537.36"
185.153.197.39 - - [24/Aug/2026:00:09:44 +0800] "POST /xmlrpc.php HTTP/1.1" 200 14840 "-" "Mozilla/5.0 (Windows NT 10.0; Win64; x64) AppleWebKit/537.36 (KHTML, like Gecko) Chrome/117.0.5938.132 Safari/537.36"
185.153.197.39 - - [24/Aug/2026:00:09:50 +0800] "GET /on-parle-du-salle-de-jeu-un-peu-classe-de-rabidi-n/ HTTP/1.1" 200 95241 "-" "Mozilla/5.0 (Windows NT 10.0; Win64; x64) AppleWebKit/537.36 (KHTML, like Gecko) obsidian/1.8.4 Chrome/130.0.6723.191 Electron/33.3.2 Safari/537.36"
124.150.132.81 - - [24/Aug/2026:00:09:41 +0800] "POST /wp-cron.php?doing_wp_cron=1787501381.5073668956756591796875 HTTP/1.1" 500 8614 "-" "WordPress/7.1; https://rajlaw.com.tw"
40.77.167.1 - - [24/Aug/2026:00:10:25 +0800] "GET /julio-en-linea-mahjong-88-por-dinero-real-2026/ HTTP/1.1" 200 99643 "-" "Mozilla/5.0 AppleWebKit/537.36 (KHTML, like Gecko; compatible; bingbot/2.0; +http://www.bing.com/bingbot.htm) Chrome/116.0.1938.76 Safari/537.36"
40.77.167.1 - - [24/Aug/2026:00:10:29 +0800] "GET /the-online-game-solutions-sits-at-600-headings-hence-is-not-necessarily-the-biggest-from-inside-the-pennsylvania-however-it-is-well-put-together/ HTTP/1.1" 200 94188 "-" "Mozilla/5.0 AppleWebKit/537.36 (KHTML, like Gecko; compatible; bingbot/2.0; +http://www.bing.com/bingbot.htm) Chrome/116.0.1938.76 Safari/537.36"
51.253.238.167 - - [24/Aug/2026:00:10:49 +0800] "GET //xmlrpc.php HTTP/1.1" 403 23234 "-" "Mozilla/5.0 (Windows NT 10.0; WOW64; rv:45.0) Gecko/20100101 Firefox/45.0"
66.249.72.201 - - [24/Aug/2026:00:13:35 +0800] "GET /idraetsgren-oven-rigtige-penge-casino-ingen-indbetaling-ice-casino-i-kobet-at-aflaste-penge-pa-hurtigt-rejseforer-plu-bedste-muligheder/ HTTP/1.1" 200 97534 "-" "Mozilla/5.0 (Linux; Android 6.0.1; Nexus 5X Build/MMB29P) AppleWebKit/537.36 (KHTML, like Gecko) Chrome/151.0.7922.137 Mobile Safari/537.36 (compatible; GoogleOther)"
124.150.132.81 - - [24/Aug/2026:00:13:37 +0800] "POST /?wordfence_syncAttackData=1787501617.9313 HTTP/1.1" 200 5755 "-" "WordPress/7.1; https://rajlaw.com.tw"
124.150.132.81 - - [24/Aug/2026:00:13:41 +0800] "POST /wp-cron.php?doing_wp_cron=1787501621.8772590160369873046875 HTTP/1.1" 200 5843 "-" "WordPress/7.1; https://rajlaw.com.tw"
192.169.121.37 - - [24/Aug/2026:00:13:39 +0800] "POST /xmlrpc.php HTTP/1.1" 200 6124 "-" "Mozilla/5.0 (Windows NT 10.0; Win64; x64) AppleWebKit/537.36 (KHTML, like Gecko) Chrome/126.0.0.0 Safari/537.36"
192.169.121.37 - - [24/Aug/2026:00:13:51 +0800] "POST /xmlrpc.php HTTP/1.1" 200 14696 "-" "Mozilla/5.0 (Windows NT 10.0; Win64; x64) AppleWebKit/537.36 (KHTML, like Gecko) Chrome/117.0.5938.132 Safari/537.36"
192.169.121.37 - - [24/Aug/2026:00:14:00 +0800] "GET /tout-mon-montant-aurait-obtient-retabli-de-10trois-apercevant-323-unite-deuros/ HTTP/1.1" 200 95049 "-" "Mozilla/5.0 (Macintosh; Intel Mac OS X 10_15_7) AppleWebKit/537.36 (KHTML, like Gecko) Chrome/147.0.0.0 Safari/537.36"
223.141.31.94 - - [24/Aug/2026:00:14:15 +0800] "GET /%E5%80%92%E6%95%B827%E5%A4%A9-%E5%85%A8%E5%8F%B0%E9%A6%96%E5%89%B5%E6%B5%B7%E4%B8%8A%E9%83%B5%E8%BC%AA%E6%B4%BE%E5%B0%8D%E6%9C%80%E5%BE%8C%E5%A0%B1%E5%90%8D-3%E5%A4%A92%E5%A4%9C%E6%B2%96%E7%B9%A9/ HTTP/1.1" 200 96516 "https://www.google.com/" "Mozilla/5.0 (Linux; Android 15; Redmi Note 13 Build/AQ3A.240829.003) AppleWebKit/537.36 (KHTML, like Gecko) Chrome/135.0.7049.79 Mobile Safari/537.36 XiaoMi/MiuiBrowser/14.60.0-gn"
223.141.31.94 - - [24/Aug/2026:00:14:20 +0800] "GET /wp-includes/css/dashicons.min.css?ver=7.1 HTTP/1.1" 200 59419 "https://rajlaw.com.tw/%E5%80%92%E6%95%B827%E5%A4%A9-%E5%85%A8%E5%8F%B0%E9%A6%96%E5%89%B5%E6%B5%B7%E4%B8%8A%E9%83%B5%E8%BC%AA%E6%B4%BE%E5%B0%8D%E6%9C%80%E5%BE%8C%E5%A0%B1%E5%90%8D-3%E5%A4%A92%E5%A4%9C%E6%B2%96%E7%B9%A9/" "Mozilla/5.0 (Linux; Android 15; Redmi Note 13 Build/AQ3A.240829.003) AppleWebKit/537.36 (KHTML, like Gecko) Chrome/135.0.7049.79 Mobile Safari/537.36 XiaoMi/MiuiBrowser/14.60.0-gn"
223.141.31.94 - - [24/Aug/2026:00:14:20 +0800] "GET /wp-content/plugins/everest-forms/assets/css/intlTelInput.css?ver=3.0.9.3 HTTP/1.1" 200 45997 "https://rajlaw.com.tw/%E5%80%92%E6%95%B827%E5%A4%A9-%E5%85%A8%E5%8F%B0%E9%A6%96%E5%89%B5%E6%B5%B7%E4%B8%8A%E9%83%B5%E8%BC%AA%E6%B4%BE%E5%B0%8D%E6%9C%80%E5%BE%8C%E5%A0%B1%E5%90%8D-3%E5%A4%A92%E5%A4%9C%E6%B2%96%E7%B9%A9/" "Mozilla/5.0 (Linux; Android 15; Redmi Note 13 Build/AQ3A.240829.003) AppleWebKit/537.36 (KHTML, like Gecko) Chrome/135.0.7049.79 Mobile Safari/537.36 XiaoMi/MiuiBrowser/14.60.0-gn"
223.141.31.94 - - [24/Aug/2026:00:14:20 +0800] "GET /wp-content/plugins/everest-forms/assets/css/everest-forms.css?ver=3.0.9.3 HTTP/1.1" 200 100974 "https://rajlaw.com.tw/%E5%80%92%E6%95%B827%E5%A4%A9-%E5%85%A8%E5%8F%B0%E9%A6%96%E5%89%B5%E6%B5%B7%E4%B8%8A%E9%83%B5%E8%BC%AA%E6%B4%BE%E5%B0%8D%E6%9C%80%E5%BE%8C%E5%A0%B1%E5%90%8D-3%E5%A4%A92%E5%A4%9C%E6%B2%96%E7%B9%A9/" "Mozilla/5.0 (Linux; Android 15; Redmi Note 13 Build/AQ3A.240829.003) AppleWebKit/537.36 (KHTML, like Gecko) Chrome/135.0.7049.79 Mobile Safari/537.36 XiaoMi/MiuiBrowser/14.60.0-gn"
223.141.31.94 - - [24/Aug/2026:00:14:20 +0800] "GET /wp-content/themes/zakra/inc/customizer/customind/assets/fontawesome/v6/css/all.min.css?ver=6.2.4 HTTP/1.1" 200 103651 "https://rajlaw.com.tw/%E5%80%92%E6%95%B827%E5%A4%A9-%E5%85%A8%E5%8F%B0%E9%A6%96%E5%89%B5%E6%B5%B7%E4%B8%8A%E9%83%B5%E8%BC%AA%E6%B4%BE%E5%B0%8D%E6%9C%80%E5%BE%8C%E5%A0%B1%E5%90%8D-3%E5%A4%A92%E5%A4%9C%E6%B2%96%E7%B9%A9/" "Mozilla/5.0 (Linux; Android 15; Redmi Note 13 Build/AQ3A.240829.003) AppleWebKit/537.36 (KHTML, like Gecko) Chrome/135.0.7049.79 Mobile Safari/537.36 XiaoMi/MiuiBrowser/14.60.0-gn"
223.141.31.94 - - [24/Aug/2026:00:14:20 +0800] "GET /wp-content/uploads/2026/08/20260807103227_STEPSEAKV.jpg HTTP/1.1" 200 117557 "https://rajlaw.com.tw/%E5%80%92%E6%95%B827%E5%A4%A9-%E5%85%A8%E5%8F%B0%E9%A6%96%E5%89%B5%E6%B5%B7%E4%B8%8A%E9%83%B5%E8%BC%AA%E6%B4%BE%E5%B0%8D%E6%9C%80%E5%BE%8C%E5%A0%B1%E5%90%8D-3%E5%A4%A92%E5%A4%9C%E6%B2%96%E7%B9%A9/" "Mozilla/5.0 (Linux; Android 15; Redmi Note 13 Build/AQ3A.240829.003) AppleWebKit/537.36 (KHTML, like Gecko) Chrome/135.0.7049.79 Mobile Safari/537.36 XiaoMi/MiuiBrowser/14.60.0-gn"
223.141.31.94 - - [24/Aug/2026:00:14:20 +0800] "GET /wp-content/themes/zakra/assets/js/navigation.min.js?ver=4.0.6 HTTP/1.1" 200 4809 "https://rajlaw.com.tw/%E5%80%92%E6%95%B827%E5%A4%A9-%E5%85%A8%E5%8F%B0%E9%A6%96%E5%89%B5%E6%B5%B7%E4%B8%8A%E9%83%B5%E8%BC%AA%E6%B4%BE%E5%B0%8D%E6%9C%80%E5%BE%8C%E5%A0%B1%E5%90%8D-3%E5%A4%A92%E5%A4%9C%E6%B2%96%E7%B9%A9/" "Mozilla/5.0 (Linux; Android 15; Redmi Note 13 Build/AQ3A.240829.003) AppleWebKit/537.36 (KHTML, like Gecko) Chrome/135.0.7049.79 Mobile Safari/537.36 XiaoMi/MiuiBrowser/14.60.0-gn"
223.141.31.94 - - [24/Aug/2026:00:14:20 +0800] "GET /wp-content/themes/zakra/assets/js/zakra-custom.min.js?ver=4.0.6 HTTP/1.1" 200 5825 "https://rajlaw.com.tw/%E5%80%92%E6%95%B827%E5%A4%A9-%E5%85%A8%E5%8F%B0%E9%A6%96%E5%89%B5%E6%B5%B7%E4%B8%8A%E9%83%B5%E8%BC%AA%E6%B4%BE%E5%B0%8D%E6%9C%80%E5%BE%8C%E5%A0%B1%E5%90%8D-3%E5%A4%A92%E5%A4%9C%E6%B2%96%E7%B9%A9/" "Mozilla/5.0 (Linux; Android 15; Redmi Note 13 Build/AQ3A.240829.003) AppleWebKit/537.36 (KHTML, like Gecko) Chrome/135.0.7049.79 Mobile Safari/537.36 XiaoMi/MiuiBrowser/14.60.0-gn"
223.141.31.94 - - [24/Aug/2026:00:14:20 +0800] "GET /wp-content/themes/zakra/assets/js/skip-link-focus-fix.min.js?ver=4.0.6 HTTP/1.1" 200 666 "https://rajlaw.com.tw/%E5%80%92%E6%95%B827%E5%A4%A9-%E5%85%A8%E5%8F%B0%E9%A6%96%E5%89%B5%E6%B5%B7%E4%B8%8A%E9%83%B5%E8%BC%AA%E6%B4%BE%E5%B0%8D%E6%9C%80%E5%BE%8C%E5%A0%B1%E5%90%8D-3%E5%A4%A92%E5%A4%9C%E6%B2%96%E7%B9%A9/" "Mozilla/5.0 (Linux; Android 15; Redmi Note 13 Build/AQ3A.240829.003) AppleWebKit/537.36 (KHTML, like Gecko) Chrome/135.0.7049.79 Mobile Safari/537.36 XiaoMi/MiuiBrowser/14.60.0-gn"
223.141.31.94 - - [24/Aug/2026:00:14:20 +0800] "GET /wp-content/uploads/2025/03/logo-removebg-preview-e1741353740950.png HTTP/1.1" 200 71099 "https://rajlaw.com.tw/%E5%80%92%E6%95%B827%E5%A4%A9-%E5%85%A8%E5%8F%B0%E9%A6%96%E5%89%B5%E6%B5%B7%E4%B8%8A%E9%83%B5%E8%BC%AA%E6%B4%BE%E5%B0%8D%E6%9C%80%E5%BE%8C%E5%A0%B1%E5%90%8D-3%E5%A4%A92%E5%A4%9C%E6%B2%96%E7%B9%A9/" "Mozilla/5.0 (Linux; Android 15; Redmi Note 13 Build/AQ3A.240829.003) AppleWebKit/537.36 (KHTML, like Gecko) Chrome/135.0.7049.79 Mobile Safari/537.36 XiaoMi/MiuiBrowser/14.60.0-gn"
223.141.31.94 - - [24/Aug/2026:00:14:20 +0800] "GET /wp-content/themes/zakra/style.css?ver=4.0.6 HTTP/1.1" 200 106957 "https://rajlaw.com.tw/%E5%80%92%E6%95%B827%E5%A4%A9-%E5%85%A8%E5%8F%B0%E9%A6%96%E5%89%B5%E6%B5%B7%E4%B8%8A%E9%83%B5%E8%BC%AA%E6%B4%BE%E5%B0%8D%E6%9C%80%E5%BE%8C%E5%A0%B1%E5%90%8D-3%E5%A4%A92%E5%A4%9C%E6%B2%96%E7%B9%A9/" "Mozilla/5.0 (Linux; Android 15; Redmi Note 13 Build/AQ3A.240829.003) AppleWebKit/537.36 (KHTML, like Gecko) Chrome/135.0.7049.79 Mobile Safari/537.36 XiaoMi/MiuiBrowser/14.60.0-gn"
