82.156.104.124 - - [23/Aug/2026:22:26:23 +0800] "GET /wp-content/plugins/elementor/assets/lib/font-awesome/css/v4-shims.min.css?ver=3.2.3 HTTP/1.1" 200 27197 "https://rajlaw.com.tw/blog11/" "Mozilla/5.0 (Macintosh; Intel Mac OS X 10_15_7) AppleWebKit/537.36 (KHTML, like Gecko) Chrome/150.0.0.0 Safari/537.36"
82.156.104.124 - - [23/Aug/2026:22:26:23 +0800] "GET /wp-content/plugins/everest-forms/assets/css/everest-forms.css?ver=3.0.9.3 HTTP/1.1" 200 100974 "https://rajlaw.com.tw/blog11/" "Mozilla/5.0 (Macintosh; Intel Mac OS X 10_15_7) AppleWebKit/537.36 (KHTML, like Gecko) Chrome/150.0.0.0 Safari/537.36"
82.156.104.124 - - [23/Aug/2026:22:26:23 +0800] "GET /wp-content/plugins/elementor/assets/lib/font-awesome/css/all.min.css?ver=3.2.3 HTTP/1.1" 200 59897 "https://rajlaw.com.tw/blog11/" "Mozilla/5.0 (Macintosh; Intel Mac OS X 10_15_7) AppleWebKit/537.36 (KHTML, like Gecko) Chrome/150.0.0.0 Safari/537.36"
82.156.104.124 - - [23/Aug/2026:22:26:23 +0800] "GET /wp-content/plugins/elementor/assets/css/frontend.min.css?ver=3.2.3 HTTP/1.1" 200 118499 "https://rajlaw.com.tw/blog11/" "Mozilla/5.0 (Macintosh; Intel Mac OS X 10_15_7) AppleWebKit/537.36 (KHTML, like Gecko) Chrome/150.0.0.0 Safari/537.36"
82.156.104.124 - - [23/Aug/2026:22:26:17 +0800] "GET /blog11/ HTTP/1.1" 200 104609 "-" "Mozilla/5.0 (Macintosh; Intel Mac OS X 10_15_7) AppleWebKit/537.36 (KHTML, like Gecko) Chrome/150.0.0.0 Safari/537.36"
82.156.104.124 - - [23/Aug/2026:22:26:24 +0800] "GET /wp-content/plugins/elementor/assets/lib/font-awesome/css/solid.min.css?ver=5.15.1 HTTP/1.1" 200 994 "https://rajlaw.com.tw/blog11/" "Mozilla/5.0 (Macintosh; Intel Mac OS X 10_15_7) AppleWebKit/537.36 (KHTML, like Gecko) Chrome/150.0.0.0 Safari/537.36"
82.156.104.124 - - [23/Aug/2026:22:26:24 +0800] "GET /wp-content/plugins/elementor/assets/lib/eicons/css/elementor-icons.min.css?ver=5.11.0 HTTP/1.1" 200 17589 "https://rajlaw.com.tw/blog11/" "Mozilla/5.0 (Macintosh; Intel Mac OS X 10_15_7) AppleWebKit/537.36 (KHTML, like Gecko) Chrome/150.0.0.0 Safari/537.36"
82.156.104.124 - - [23/Aug/2026:22:26:24 +0800] "GET /wp-content/uploads/elementor/css/post-3156.css?ver=1741853101 HTTP/1.1" 200 5047 "https://rajlaw.com.tw/blog11/" "Mozilla/5.0 (Macintosh; Intel Mac OS X 10_15_7) AppleWebKit/537.36 (KHTML, like Gecko) Chrome/150.0.0.0 Safari/537.36"
82.156.104.124 - - [23/Aug/2026:22:26:24 +0800] "GET /wp-content/plugins/elementor-pro/assets/css/frontend.min.css?ver=3.2.2 HTTP/1.1" 200 211560 "https://rajlaw.com.tw/blog11/" "Mozilla/5.0 (Macintosh; Intel Mac OS X 10_15_7) AppleWebKit/537.36 (KHTML, like Gecko) Chrome/150.0.0.0 Safari/537.36"
82.156.104.124 - - [23/Aug/2026:22:26:24 +0800] "GET /wp-content/themes/zakra/assets/js/skip-link-focus-fix.min.js?ver=4.0.6 HTTP/1.1" 200 666 "https://rajlaw.com.tw/blog11/" "Mozilla/5.0 (Macintosh; Intel Mac OS X 10_15_7) AppleWebKit/537.36 (KHTML, like Gecko) Chrome/150.0.0.0 Safari/537.36"
82.156.104.124 - - [23/Aug/2026:22:26:24 +0800] "GET /wp-content/plugins/elementor-pro/assets/js/webpack-pro.runtime.min.js?ver=3.2.2 HTTP/1.1" 200 5877 "https://rajlaw.com.tw/blog11/" "Mozilla/5.0 (Macintosh; Intel Mac OS X 10_15_7) AppleWebKit/537.36 (KHTML, like Gecko) Chrome/150.0.0.0 Safari/537.36"
82.156.104.124 - - [23/Aug/2026:22:26:24 +0800] "GET /wp-includes/js/jquery/jquery-migrate.min.js?ver=3.4.1 HTTP/1.1" 200 13919 "https://rajlaw.com.tw/blog11/" "Mozilla/5.0 (Macintosh; Intel Mac OS X 10_15_7) AppleWebKit/537.36 (KHTML, like Gecko) Chrome/150.0.0.0 Safari/537.36"
82.156.104.124 - - [23/Aug/2026:22:26:24 +0800] "GET /wp-content/plugins/blockart-blocks/assets/lib/swiper/swiper-bundle.min.js?ver=11.0.7 HTTP/1.1" 200 149752 "https://rajlaw.com.tw/blog11/" "Mozilla/5.0 (Macintosh; Intel Mac OS X 10_15_7) AppleWebKit/537.36 (KHTML, like Gecko) Chrome/150.0.0.0 Safari/537.36"
82.156.104.124 - - [23/Aug/2026:22:26:24 +0800] "GET /wp-content/plugins/elementor-pro/assets/lib/sticky/jquery.sticky.min.js?ver=3.2.2 HTTP/1.1" 200 6936 "https://rajlaw.com.tw/blog11/" "Mozilla/5.0 (Macintosh; Intel Mac OS X 10_15_7) AppleWebKit/537.36 (KHTML, like Gecko) Chrome/150.0.0.0 Safari/537.36"
82.156.104.124 - - [23/Aug/2026:22:26:24 +0800] "GET /wp-content/plugins/elementor/assets/js/frontend-modules.min.js?ver=3.2.3 HTTP/1.1" 200 65343 "https://rajlaw.com.tw/blog11/" "Mozilla/5.0 (Macintosh; Intel Mac OS X 10_15_7) AppleWebKit/537.36 (KHTML, like Gecko) Chrome/150.0.0.0 Safari/537.36"
82.156.104.124 - - [23/Aug/2026:22:26:24 +0800] "GET /wp-content/plugins/elementor/assets/lib/share-link/share-link.min.js?ver=3.2.3 HTTP/1.1" 200 2918 "https://rajlaw.com.tw/blog11/" "Mozilla/5.0 (Macintosh; Intel Mac OS X 10_15_7) AppleWebKit/537.36 (KHTML, like Gecko) Chrome/150.0.0.0 Safari/537.36"
82.156.104.124 - - [23/Aug/2026:22:26:24 +0800] "GET /wp-content/plugins/elementor/assets/lib/dialog/dialog.min.js?ver=4.8.1 HTTP/1.1" 200 11205 "https://rajlaw.com.tw/blog11/" "Mozilla/5.0 (Macintosh; Intel Mac OS X 10_15_7) AppleWebKit/537.36 (KHTML, like Gecko) Chrome/150.0.0.0 Safari/537.36"
82.156.104.124 - - [23/Aug/2026:22:26:24 +0800] "GET /wp-content/plugins/elementor/assets/js/webpack.runtime.min.js?ver=3.2.3 HTTP/1.1" 200 5110 "https://rajlaw.com.tw/blog11/" "Mozilla/5.0 (Macintosh; Intel Mac OS X 10_15_7) AppleWebKit/537.36 (KHTML, like Gecko) Chrome/150.0.0.0 Safari/537.36"
82.156.104.124 - - [23/Aug/2026:22:26:24 +0800] "GET /wp-includes/js/jquery/ui/core.min.js?ver=1.14.2 HTTP/1.1" 200 19045 "https://rajlaw.com.tw/blog11/" "Mozilla/5.0 (Macintosh; Intel Mac OS X 10_15_7) AppleWebKit/537.36 (KHTML, like Gecko) Chrome/150.0.0.0 Safari/537.36"
82.156.104.124 - - [23/Aug/2026:22:26:24 +0800] "GET /wp-content/plugins/elementor/assets/js/frontend.min.js?ver=3.2.3 HTTP/1.1" 200 68149 "https://rajlaw.com.tw/blog11/" "Mozilla/5.0 (Macintosh; Intel Mac OS X 10_15_7) AppleWebKit/537.36 (KHTML, like Gecko) Chrome/150.0.0.0 Safari/537.36"
82.156.104.124 - - [23/Aug/2026:22:26:24 +0800] "GET /wp-content/plugins/elementor/assets/js/preloaded-modules.min.js?ver=3.2.3 HTTP/1.1" 200 58463 "https://rajlaw.com.tw/blog11/" "Mozilla/5.0 (Macintosh; Intel Mac OS X 10_15_7) AppleWebKit/537.36 (KHTML, like Gecko) Chrome/150.0.0.0 Safari/537.36"
82.156.104.124 - - [23/Aug/2026:22:26:24 +0800] "GET /wp-content/plugins/elementor-pro/assets/js/preloaded-elements-handlers.min.js?ver=3.2.2 HTTP/1.1" 200 157438 "https://rajlaw.com.tw/blog11/" "Mozilla/5.0 (Macintosh; Intel Mac OS X 10_15_7) AppleWebKit/537.36 (KHTML, like Gecko) Chrome/150.0.0.0 Safari/537.36"
82.156.104.124 - - [23/Aug/2026:22:26:26 +0800] "GET /wp-includes/js/wp-emoji-release.min.js?ver=7.1 HTTP/1.1" 200 23123 "https://rajlaw.com.tw/blog11/" "Mozilla/5.0 (Macintosh; Intel Mac OS X 10_15_7) AppleWebKit/537.36 (KHTML, like Gecko) Chrome/150.0.0.0 Safari/537.36"
124.150.132.81 - - [23/Aug/2026:22:26:23 +0800] "POST /wp-cron.php?doing_wp_cron=1787495183.1356461048126220703125 HTTP/1.1" 200 5843 "-" "WordPress/7.1; https://rajlaw.com.tw"
40.77.167.121 - - [23/Aug/2026:22:29:37 +0800] "GET /galet-un-brin-amuser-dans-jouer-en-ligne-mahjong-88-1500-gaming-gratis/ HTTP/1.1" 200 100919 "-" "Mozilla/5.0 AppleWebKit/537.36 (KHTML, like Gecko; compatible; bingbot/2.0; +http://www.bing.com/bingbot.htm) Chrome/116.0.1938.76 Safari/537.36"
124.150.132.81 - - [23/Aug/2026:22:29:41 +0800] "POST /wp-cron.php?doing_wp_cron=1787495381.8088068962097167968750 HTTP/1.1" 500 8614 "-" "WordPress/7.1; https://rajlaw.com.tw"
66.249.72.200 - - [23/Aug/2026:22:30:21 +0800] "GET /%E7%89%B9%E6%96%AF%E6%8B%89roadster%E6%9C%80%E5%BF%AB8%E6%9C%88%E4%BA%AE%E7%9B%B8%EF%BC%81%E9%A6%AC%E6%96%AF%E5%85%8B%E3%80%8C%E9%A3%9B%E8%A1%8C%E8%B7%91%E8%BB%8A%E3%80%8D%E8%A8%88%E7%95%AB%E6%9B%9D/ HTTP/1.1" 200 99487 "-" "Mozilla/5.0 (Linux; Android 6.0.1; Nexus 5X Build/MMB29P) AppleWebKit/537.36 (KHTML, like Gecko) Chrome/151.0.7922.137 Mobile Safari/537.36 (compatible; Googlebot/2.1; +http://www.google.com/bot.html)"
57.141.4.3 - - [23/Aug/2026:22:31:19 +0800] "GET / HTTP/1.1" 200 139932 "-" "facebookexternalhit/1.1 (+http://www.facebook.com/externalhit_uatext.php)"
198.244.226.138 - - [23/Aug/2026:22:31:31 +0800] "GET /%E9%80%9B%E5%A4%9C%E5%B8%82%E5%85%8D%E8%B2%BB%E5%AD%B8ai%E7%9F%AD%E5%BD%B1%E9%9F%B3-%E5%85%AD%E5%90%88%E5%A4%9C%E5%B8%82%E9%96%8B%E8%AA%B2%E5%86%8D%E6%8B%9A5%E5%8D%83%E7%8D%8E%E9%87%91/ HTTP/1.1" 200 94750 "-" "Mozilla/5.0 (compatible; AhrefsBot/7.0; +http://ahrefs.com/robot/)"
114.119.154.113 - - [23/Aug/2026:22:31:46 +0800] "GET /%e8%87%ba%e7%81%a3%e9%bb%91%e8%b1%ac%e5%93%81%e7%89%8c%e6%8e%a8%e5%bb%a3%e5%95%9f%e5%8b%95-%e8%be%b2%e6%a5%ad%e9%83%a8%e6%94%9c%e6%89%8b%e4%b8%ad%e5%a4%ae%e7%95%9c%e7%94%a2%e6%9c%83%e6%89%93%e9%80%a0/ HTTP/1.1" 200 96685 "https://rajlaw.com.tw/ai%e7%8e%a9%e7%bf%bb%e8%82%89%e8%80%81%e5%a4%a7-%e9%87%91%e8%82%89%e7%8d%8e%e6%9c%80%e5%be%8c%e5%8f%ac%e9%9b%86%e7%be%8e%e7%89%9b%e7%a5%9e%e4%bd%9c/" "Mozilla/5.0 (Linux; Android 7.0;) AppleWebKit/537.36 (HTML, like Gecko) Mobile Safari/537.36 (compatible; PetalBot;+https://webmaster.petalsearch.com/site/petalbot)"
124.150.132.81 - - [23/Aug/2026:22:31:24 +0800] "POST /wp-cron.php?doing_wp_cron=1787495484.9036810398101806640625 HTTP/1.1" 200 5843 "-" "WordPress/7.1; https://rajlaw.com.tw"
40.77.167.255 - - [23/Aug/2026:22:33:08 +0800] "GET /category/%E7%BE%8E%E9%A3%9F%E6%97%85%E9%81%8A/ HTTP/1.1" 200 137472 "-" "Mozilla/5.0 AppleWebKit/537.36 (KHTML, like Gecko; compatible; bingbot/2.0; +http://www.bing.com/bingbot.htm) Chrome/116.0.1938.76 Safari/537.36"
114.119.155.142 - - [23/Aug/2026:22:33:32 +0800] "GET /%E5%85%AB%E4%B8%80%E5%8E%9F%E4%BD%8F%E6%B0%91%E6%97%8F%E9%80%B1%E6%AD%A3%E5%BC%8F%E9%96%8B%E8%B7%91-taloma-%E5%9F%8E%E5%B8%82%E6%AD%B8%E5%BF%83-%E9%BB%9E%E4%BA%AE%E9%83%BD%E6%9C%83%E6%96%87/ HTTP/1.1" 200 96613 "https://rajlaw.com.tw/%E5%85%AB%E4%B8%80%E5%8E%9F%E4%BD%8F%E6%B0%91%E6%97%8F%E9%80%B1%E6%AD%A3%E5%BC%8F%E9%96%8B%E8%B7%91-taloma-%E5%9F%8E%E5%B8%82%E6%AD%B8%E5%BF%83-%E9%BB%9E%E4%BA%AE%E9%83%BD%E6%9C%83%E6%96%87/" "Mozilla/5.0 (Linux; Android 7.0;) AppleWebKit/537.36 (HTML, like Gecko) Mobile Safari/537.36 (compatible; PetalBot;+https://webmaster.petalsearch.com/site/petalbot)"
66.249.72.201 - - [23/Aug/2026:22:33:35 +0800] "GET /poznamka-ke-hre-bonver-casino-s-vice-druhy-ovoce/ HTTP/1.1" 200 96697 "-" "Mozilla/5.0 (Linux; Android 6.0.1; Nexus 5X Build/MMB29P) AppleWebKit/537.36 (KHTML, like Gecko) Chrome/151.0.7922.137 Mobile Safari/537.36 (compatible; GoogleOther)"
57.141.16.88 - - [23/Aug/2026:22:33:44 +0800] "GET / HTTP/1.1" 200 139932 "-" "facebookexternalhit/1.1 (+http://www.facebook.com/externalhit_uatext.php)"
36.139.169.166 - - [23/Aug/2026:22:34:28 +0800] "GET /news/page/38/ HTTP/1.1" 500 106136 "https://rajlaw.com.tw/news/page/35/" "Mozilla/5.0 (Macintosh; Intel Mac OS X 10_15_7) AppleWebKit/537.36 (KHTML, like Gecko) Chrome/144.0.0.0 Safari/537.36"
66.249.71.226 - - [23/Aug/2026:22:34:34 +0800] "GET /active-bankroll-management-is-important-having-a-renewable-and-you-may-enjoyable-slot-betting-feel/ HTTP/1.1" 200 96697 "-" "Mozilla/5.0 (Linux; Android 6.0.1; Nexus 5X Build/MMB29P) AppleWebKit/537.36 (KHTML, like Gecko) Chrome/151.0.7922.137 Mobile Safari/537.36 (compatible; GoogleOther)"
36.138.33.37 - - [23/Aug/2026:22:34:44 +0800] "GET /news/page/38/ HTTP/1.1" 500 110480 "https://rajlaw.com.tw/news/page/35/" "Mozilla/5.0 (Macintosh; Intel Mac OS X 10_15_7) AppleWebKit/537.36 (KHTML, like Gecko) Chrome/144.0.0.0 Safari/537.36"
140.250.151.75 - - [23/Aug/2026:22:34:49 +0800] "GET /news/page/38/ HTTP/1.1" 200 149860 "https://rajlaw.com.tw/news/page/35/" "Mozilla/5.0 (Macintosh; Intel Mac OS X 10_15_7) AppleWebKit/537.36 (KHTML, like Gecko) Chrome/144.0.0.0 Safari/537.36"
40.77.167.71 - - [23/Aug/2026:22:34:56 +0800] "GET /queste-piattaforme-rappresentano-unalternativa-avvincente-ma-richiedono-prontezza-nella-opzione-di-operatori-affidabili/ HTTP/1.1" 200 96464 "-" "Mozilla/5.0 AppleWebKit/537.36 (KHTML, like Gecko; compatible; bingbot/2.0; +http://www.bing.com/bingbot.htm) Chrome/116.0.1938.76 Safari/537.36"
36.213.109.198 - - [23/Aug/2026:22:36:16 +0800] "GET /heed-registered-networks-predicated-on-in-which-you-are-really/ HTTP/1.1" 200 97664 "https://rajlaw.com.tw/news/page/32/" "Mozilla/5.0 (Windows NT 10.0; Win64; x64) AppleWebKit/537.36 (KHTML, like Gecko) Chrome/145.0.0.0 Safari/537.36"
40.77.167.71 - - [23/Aug/2026:22:37:56 +0800] "GET /book-of-dead-protestation-olympus-slot-groser-sieg-gebuhrenfrei-50-freispiele-exklusive-einzahlung/ HTTP/1.1" 200 99294 "-" "Mozilla/5.0 AppleWebKit/537.36 (KHTML, like Gecko; compatible; bingbot/2.0; +http://www.bing.com/bingbot.htm) Chrome/116.0.1938.76 Safari/537.36"
57.141.12.11 - - [23/Aug/2026:22:37:58 +0800] "GET / HTTP/1.1" 200 139932 "-" "facebookexternalhit/1.1 (+http://www.facebook.com/externalhit_uatext.php)"
40.77.167.255 - - [23/Aug/2026:22:38:08 +0800] "GET /to-sign-up-which-incentive-promotion-a-minimum-put-of-%EF%BF%BD20-is-required-for-each-and-every-incentive/ HTTP/1.1" 200 96450 "-" "Mozilla/5.0 AppleWebKit/537.36 (KHTML, like Gecko; compatible; bingbot/2.0; +http://www.bing.com/bingbot.htm) Chrome/116.0.1938.76 Safari/537.36"
57.141.2.15 - - [23/Aug/2026:22:38:58 +0800] "GET / HTTP/1.1" 200 139932 "-" "facebookexternalhit/1.1 (+http://www.facebook.com/externalhit_uatext.php)"
40.77.167.255 - - [23/Aug/2026:22:39:29 +0800] "GET /%E5%8F%B3%E6%AD%A6%E8%A1%9B%E5%85%92%E7%AB%A5%E5%90%88%E5%94%B1%E5%9C%98%E5%8B%87%E5%A5%AA%E5%B8%83%E9%81%94%E4%BD%A9%E6%96%AF%E5%9C%8B%E9%9A%9B%E5%90%88%E5%94%B1%E6%85%B6%E5%85%B83%E9%87%911%E6%A1%82/ HTTP/1.1" 200 97552 "-" "Mozilla/5.0 AppleWebKit/537.36 (KHTML, like Gecko; compatible; bingbot/2.0; +http://www.bing.com/bingbot.htm) Chrome/116.0.1938.76 Safari/537.36"
66.249.72.200 - - [23/Aug/2026:22:39:38 +0800] "GET /at-this-time-really-the-only-kind-of-casinos-on-the-internet-you-to-users-in-the-florida-is-also-accessibility-is-actually-overseas-gambling-enterprises/ HTTP/1.1" 200 95613 "-" "Mozilla/5.0 (Linux; Android 6.0.1; Nexus 5X Build/MMB29P) AppleWebKit/537.36 (KHTML, like Gecko) Chrome/151.0.7922.137 Mobile Safari/537.36 (compatible; Googlebot/2.1; +http://www.google.com/bot.html)"
124.150.132.81 - - [23/Aug/2026:22:39:32 +0800] "POST /wp-cron.php?doing_wp_cron=1787495972.6063609123229980468750 HTTP/1.1" 500 8614 "-" "WordPress/7.1; https://rajlaw.com.tw"
57.141.6.63 - - [23/Aug/2026:22:41:00 +0800] "GET / HTTP/1.1" 200 139932 "-" "facebookexternalhit/1.1 (+http://www.facebook.com/externalhit_uatext.php)"
66.249.72.201 - - [23/Aug/2026:22:42:26 +0800] "GET /yes-modo-also-offers-alive-agent-online-game-by-way-of-vivo-gambling-close-to-live-game-shows/ HTTP/1.1" 200 98441 "-" "Mozilla/5.0 (Linux; Android 6.0.1; Nexus 5X Build/MMB29P) AppleWebKit/537.36 (KHTML, like Gecko) Chrome/151.0.7922.137 Mobile Safari/537.36 (compatible; Googlebot/2.1; +http://www.google.com/bot.html)"
9.129.55.231 - - [23/Aug/2026:22:42:29 +0800] "GET /%E5%8F%B0%E5%8D%97%E6%B2%BB%E6%B0%B4%E6%B7%B9%E6%B0%B4%E9%9D%A2%E7%A9%8D%E6%B8%9B98%E3%80%80%E9%BB%83%E5%81%89%E5%93%B2%E5%86%8D%E7%88%AD%E5%8F%9620%E5%84%84%E5%85%83%E6%94%B9%E5%96%84%E4%B8%89/ HTTP/1.1" 500 46956 "-" "Mozilla/5.0 AppleWebKit/537.36 (KHTML, like Gecko); compatible; ChatGPT-User/1.0; +https://openai.com/bot"
52.167.144.217 - - [23/Aug/2026:22:42:37 +0800] "GET /you-could-redeem-one-to-register-bonus-simply-very-choose-prudently/ HTTP/1.1" 200 96333 "-" "Mozilla/5.0 AppleWebKit/537.36 (KHTML, like Gecko; compatible; bingbot/2.0; +http://www.bing.com/bingbot.htm) Chrome/116.0.1938.76 Safari/537.36"
161.118.215.253 - - [23/Aug/2026:22:43:04 +0800] "GET /?cat=3 HTTP/1.1" 301 6026 "-" "GeneralCrawlBot/0.1"
52.167.144.162 - - [23/Aug/2026:22:43:06 +0800] "GET /czy-to-mozliwe-mozesz-zdobyc-korzystajac-ktorzy-maja-bonusow-bez-depozytu-czy-to-bedzie-po-prostu-oszustwo/ HTTP/1.1" 200 99288 "-" "Mozilla/5.0 AppleWebKit/537.36 (KHTML, like Gecko; compatible; bingbot/2.0; +http://www.bing.com/bingbot.htm) Chrome/116.0.1938.76 Safari/537.36"
161.118.215.253 - - [23/Aug/2026:22:43:08 +0800] "GET /category/bloga/questions/ HTTP/1.1" 200 94586 "-" "GeneralCrawlBot/0.1"
57.141.24.51 - - [23/Aug/2026:22:44:08 +0800] "GET / HTTP/1.1" 200 139932 "-" "facebookexternalhit/1.1 (+http://www.facebook.com/externalhit_uatext.php)"
180.218.221.170 - - [23/Aug/2026:22:47:15 +0800] "GET /%E6%97%85%E5%AE%BF%E5%82%99%E5%93%81%E5%8D%87%E7%B4%9A%E6%BD%AE-%E5%8F%B0%E7%81%A3%E9%A3%AF%E5%BA%97%E6%B2%90%E6%B5%B4%E5%93%81%E4%BE%9B%E6%87%89%E5%95%86%E5%8A%A9%E6%A5%AD%E8%80%85%E6%89%93%E9%80%A0/ HTTP/1.1" 200 97346 "https://www.google.com/" "Mozilla/5.0 (iPhone; CPU iPhone OS 18_7 like Mac OS X) AppleWebKit/605.1.15 (KHTML, like Gecko) Version/18.7.5 Mobile/15E148 Safari/604.1"
180.218.221.170 - - [23/Aug/2026:22:47:20 +0800] "GET /wp-includes/css/dashicons.min.css?ver=7.1 HTTP/1.1" 200 64001 "https://rajlaw.com.tw/%E6%97%85%E5%AE%BF%E5%82%99%E5%93%81%E5%8D%87%E7%B4%9A%E6%BD%AE-%E5%8F%B0%E7%81%A3%E9%A3%AF%E5%BA%97%E6%B2%90%E6%B5%B4%E5%93%81%E4%BE%9B%E6%87%89%E5%95%86%E5%8A%A9%E6%A5%AD%E8%80%85%E6%89%93%E9%80%A0/" "Mozilla/5.0 (iPhone; CPU iPhone OS 18_7 like Mac OS X) AppleWebKit/605.1.15 (KHTML, like Gecko) Version/18.7.5 Mobile/15E148 Safari/604.1"
180.218.221.170 - - [23/Aug/2026:22:47:20 +0800] "GET /wp-content/uploads/2025/03/logo-removebg-preview-e1741353740950.png HTTP/1.1" 200 71099 "https://rajlaw.com.tw/%E6%97%85%E5%AE%BF%E5%82%99%E5%93%81%E5%8D%87%E7%B4%9A%E6%BD%AE-%E5%8F%B0%E7%81%A3%E9%A3%AF%E5%BA%97%E6%B2%90%E6%B5%B4%E5%93%81%E4%BE%9B%E6%87%89%E5%95%86%E5%8A%A9%E6%A5%AD%E8%80%85%E6%89%93%E9%80%A0/" "Mozilla/5.0 (iPhone; CPU iPhone OS 18_7 like Mac OS X) AppleWebKit/605.1.15 (KHTML, like Gecko) Version/18.7.5 Mobile/15E148 Safari/604.1"
180.218.221.170 - - [23/Aug/2026:22:47:20 +0800] "GET /wp-content/plugins/everest-forms/assets/css/everest-forms.css?ver=3.0.9.3 HTTP/1.1" 200 100974 "https://rajlaw.com.tw/%E6%97%85%E5%AE%BF%E5%82%99%E5%93%81%E5%8D%87%E7%B4%9A%E6%BD%AE-%E5%8F%B0%E7%81%A3%E9%A3%AF%E5%BA%97%E6%B2%90%E6%B5%B4%E5%93%81%E4%BE%9B%E6%87%89%E5%95%86%E5%8A%A9%E6%A5%AD%E8%80%85%E6%89%93%E9%80%A0/" "Mozilla/5.0 (iPhone; CPU iPhone OS 18_7 like Mac OS X) AppleWebKit/605.1.15 (KHTML, like Gecko) Version/18.7.5 Mobile/15E148 Safari/604.1"
180.218.221.170 - - [23/Aug/2026:22:47:20 +0800] "GET /wp-content/themes/zakra/assets/js/skip-link-focus-fix.min.js?ver=4.0.6 HTTP/1.1" 200 666 "https://rajlaw.com.tw/%E6%97%85%E5%AE%BF%E5%82%99%E5%93%81%E5%8D%87%E7%B4%9A%E6%BD%AE-%E5%8F%B0%E7%81%A3%E9%A3%AF%E5%BA%97%E6%B2%90%E6%B5%B4%E5%93%81%E4%BE%9B%E6%87%89%E5%95%86%E5%8A%A9%E6%A5%AD%E8%80%85%E6%89%93%E9%80%A0/" "Mozilla/5.0 (iPhone; CPU iPhone OS 18_7 like Mac OS X) AppleWebKit/605.1.15 (KHTML, like Gecko) Version/18.7.5 Mobile/15E148 Safari/604.1"
180.218.221.170 - - [23/Aug/2026:22:47:20 +0800] "GET /wp-content/themes/zakra/assets/js/navigation.min.js?ver=4.0.6 HTTP/1.1" 200 4809 "https://rajlaw.com.tw/%E6%97%85%E5%AE%BF%E5%82%99%E5%93%81%E5%8D%87%E7%B4%9A%E6%BD%AE-%E5%8F%B0%E7%81%A3%E9%A3%AF%E5%BA%97%E6%B2%90%E6%B5%B4%E5%93%81%E4%BE%9B%E6%87%89%E5%95%86%E5%8A%A9%E6%A5%AD%E8%80%85%E6%89%93%E9%80%A0/" "Mozilla/5.0 (iPhone; CPU iPhone OS 18_7 like Mac OS X) AppleWebKit/605.1.15 (KHTML, like Gecko) Version/18.7.5 Mobile/15E148 Safari/604.1"
180.218.221.170 - - [23/Aug/2026:22:47:20 +0800] "GET /wp-content/themes/zakra/style.css?ver=4.0.6 HTTP/1.1" 200 111401 "https://rajlaw.com.tw/%E6%97%85%E5%AE%BF%E5%82%99%E5%93%81%E5%8D%87%E7%B4%9A%E6%BD%AE-%E5%8F%B0%E7%81%A3%E9%A3%AF%E5%BA%97%E6%B2%90%E6%B5%B4%E5%93%81%E4%BE%9B%E6%87%89%E5%95%86%E5%8A%A9%E6%A5%AD%E8%80%85%E6%89%93%E9%80%A0/" "Mozilla/5.0 (iPhone; CPU iPhone OS 18_7 like Mac OS X) AppleWebKit/605.1.15 (KHTML, like Gecko) Version/18.7.5 Mobile/15E148 Safari/604.1"
180.218.221.170 - - [23/Aug/2026:22:47:20 +0800] "GET /wp-content/themes/zakra/inc/customizer/customind/assets/fontawesome/v6/css/all.min.css?ver=6.2.4 HTTP/1.1" 200 108095 "https://rajlaw.com.tw/%E6%97%85%E5%AE%BF%E5%82%99%E5%93%81%E5%8D%87%E7%B4%9A%E6%BD%AE-%E5%8F%B0%E7%81%A3%E9%A3%AF%E5%BA%97%E6%B2%90%E6%B5%B4%E5%93%81%E4%BE%9B%E6%87%89%E5%95%86%E5%8A%A9%E6%A5%AD%E8%80%85%E6%89%93%E9%80%A0/" "Mozilla/5.0 (iPhone; CPU iPhone OS 18_7 like Mac OS X) AppleWebKit/605.1.15 (KHTML, like Gecko) Version/18.7.5 Mobile/15E148 Safari/604.1"
180.218.221.170 - - [23/Aug/2026:22:47:20 +0800] "GET /wp-content/themes/zakra/assets/js/zakra-custom.min.js?ver=4.0.6 HTTP/1.1" 200 5825 "https://rajlaw.com.tw/%E6%97%85%E5%AE%BF%E5%82%99%E5%93%81%E5%8D%87%E7%B4%9A%E6%BD%AE-%E5%8F%B0%E7%81%A3%E9%A3%AF%E5%BA%97%E6%B2%90%E6%B5%B4%E5%93%81%E4%BE%9B%E6%87%89%E5%95%86%E5%8A%A9%E6%A5%AD%E8%80%85%E6%89%93%E9%80%A0/" "Mozilla/5.0 (iPhone; CPU iPhone OS 18_7 like Mac OS X) AppleWebKit/605.1.15 (KHTML, like Gecko) Version/18.7.5 Mobile/15E148 Safari/604.1"
180.218.221.170 - - [23/Aug/2026:22:47:20 +0800] "GET /wp-content/uploads/2026/08/20260804075909_1_1.jpg HTTP/1.1" 200 75323 "https://rajlaw.com.tw/%E6%97%85%E5%AE%BF%E5%82%99%E5%93%81%E5%8D%87%E7%B4%9A%E6%BD%AE-%E5%8F%B0%E7%81%A3%E9%A3%AF%E5%BA%97%E6%B2%90%E6%B5%B4%E5%93%81%E4%BE%9B%E6%87%89%E5%95%86%E5%8A%A9%E6%A5%AD%E8%80%85%E6%89%93%E9%80%A0/" "Mozilla/5.0 (iPhone; CPU iPhone OS 18_7 like Mac OS X) AppleWebKit/605.1.15 (KHTML, like Gecko) Version/18.7.5 Mobile/15E148 Safari/604.1"
180.218.221.170 - - [23/Aug/2026:22:47:20 +0800] "GET /wp-content/plugins/everest-forms/assets/css/intlTelInput.css?ver=3.0.9.3 HTTP/1.1" 200 45997 "https://rajlaw.com.tw/%E6%97%85%E5%AE%BF%E5%82%99%E5%93%81%E5%8D%87%E7%B4%9A%E6%BD%AE-%E5%8F%B0%E7%81%A3%E9%A3%AF%E5%BA%97%E6%B2%90%E6%B5%B4%E5%93%81%E4%BE%9B%E6%87%89%E5%95%86%E5%8A%A9%E6%A5%AD%E8%80%85%E6%89%93%E9%80%A0/" "Mozilla/5.0 (iPhone; CPU iPhone OS 18_7 like Mac OS X) AppleWebKit/605.1.15 (KHTML, like Gecko) Version/18.7.5 Mobile/15E148 Safari/604.1"
180.218.221.170 - - [23/Aug/2026:22:47:20 +0800] "GET /wp-content/themes/zakra/assets/fonts/themegrill-icons.woff2?5d42b271f668d2d6461ba91fc5a5a839 HTTP/1.1" 200 1622 "https://rajlaw.com.tw/%E6%97%85%E5%AE%BF%E5%82%99%E5%93%81%E5%8D%87%E7%B4%9A%E6%BD%AE-%E5%8F%B0%E7%81%A3%E9%A3%AF%E5%BA%97%E6%B2%90%E6%B5%B4%E5%93%81%E4%BE%9B%E6%87%89%E5%95%86%E5%8A%A9%E6%A5%AD%E8%80%85%E6%89%93%E9%80%A0/" "Mozilla/5.0 (iPhone; CPU iPhone OS 18_7 like Mac OS X) AppleWebKit/605.1.15 (KHTML, like Gecko) Version/18.7.5 Mobile/15E148 Safari/604.1"
180.218.221.170 - - [23/Aug/2026:22:47:20 +0800] "GET /wp-content/themes/zakra/inc/customizer/customind/assets/fontawesome/v6/webfonts/fa-brands-400.woff2 HTTP/1.1" 200 118361 "https://rajlaw.com.tw/%E6%97%85%E5%AE%BF%E5%82%99%E5%93%81%E5%8D%87%E7%B4%9A%E6%BD%AE-%E5%8F%B0%E7%81%A3%E9%A3%AF%E5%BA%97%E6%B2%90%E6%B5%B4%E5%93%81%E4%BE%9B%E6%87%89%E5%95%86%E5%8A%A9%E6%A5%AD%E8%80%85%E6%89%93%E9%80%A0/" "Mozilla/5.0 (iPhone; CPU iPhone OS 18_7 like Mac OS X) AppleWebKit/605.1.15 (KHTML, like Gecko) Version/18.7.5 Mobile/15E148 Safari/604.1"
180.218.221.170 - - [23/Aug/2026:22:47:20 +0800] "GET /wp-content/themes/zakra/123.jpg HTTP/1.1" 200 455955 "https://rajlaw.com.tw/%E6%97%85%E5%AE%BF%E5%82%99%E5%93%81%E5%8D%87%E7%B4%9A%E6%BD%AE-%E5%8F%B0%E7%81%A3%E9%A3%AF%E5%BA%97%E6%B2%90%E6%B5%B4%E5%93%81%E4%BE%9B%E6%87%89%E5%95%86%E5%8A%A9%E6%A5%AD%E8%80%85%E6%89%93%E9%80%A0/" "Mozilla/5.0 (iPhone; CPU iPhone OS 18_7 like Mac OS X) AppleWebKit/605.1.15 (KHTML, like Gecko) Version/18.7.5 Mobile/15E148 Safari/604.1"
180.218.221.170 - - [23/Aug/2026:22:47:20 +0800] "GET /wp-includes/js/wp-emoji-release.min.js?ver=7.1 HTTP/1.1" 200 23123 "https://rajlaw.com.tw/%E6%97%85%E5%AE%BF%E5%82%99%E5%93%81%E5%8D%87%E7%B4%9A%E6%BD%AE-%E5%8F%B0%E7%81%A3%E9%A3%AF%E5%BA%97%E6%B2%90%E6%B5%B4%E5%93%81%E4%BE%9B%E6%87%89%E5%95%86%E5%8A%A9%E6%A5%AD%E8%80%85%E6%89%93%E9%80%A0/" "Mozilla/5.0 (iPhone; CPU iPhone OS 18_7 like Mac OS X) AppleWebKit/605.1.15 (KHTML, like Gecko) Version/18.7.5 Mobile/15E148 Safari/604.1"
180.218.221.170 - - [23/Aug/2026:22:47:20 +0800] "GET /wp-content/themes/zakra/inc/customizer/customind/assets/fontawesome/v6/webfonts/fa-solid-900.woff2 HTTP/1.1" 200 156967 "https://rajlaw.com.tw/%E6%97%85%E5%AE%BF%E5%82%99%E5%93%81%E5%8D%87%E7%B4%9A%E6%BD%AE-%E5%8F%B0%E7%81%A3%E9%A3%AF%E5%BA%97%E6%B2%90%E6%B5%B4%E5%93%81%E4%BE%9B%E6%87%89%E5%95%86%E5%8A%A9%E6%A5%AD%E8%80%85%E6%89%93%E9%80%A0/" "Mozilla/5.0 (iPhone; CPU iPhone OS 18_7 like Mac OS X) AppleWebKit/605.1.15 (KHTML, like Gecko) Version/18.7.5 Mobile/15E148 Safari/604.1"
180.218.221.170 - - [23/Aug/2026:22:47:20 +0800] "GET /wp-content/themes/zakra/inc/customizer/customind/assets/fontawesome/v6/webfonts/fa-v4compatibility.woff2 HTTP/1.1" 200 5095 "https://rajlaw.com.tw/%E6%97%85%E5%AE%BF%E5%82%99%E5%93%81%E5%8D%87%E7%B4%9A%E6%BD%AE-%E5%8F%B0%E7%81%A3%E9%A3%AF%E5%BA%97%E6%B2%90%E6%B5%B4%E5%93%81%E4%BE%9B%E6%87%89%E5%95%86%E5%8A%A9%E6%A5%AD%E8%80%85%E6%89%93%E9%80%A0/" "Mozilla/5.0 (iPhone; CPU iPhone OS 18_7 like Mac OS X) AppleWebKit/605.1.15 (KHTML, like Gecko) Version/18.7.5 Mobile/15E148 Safari/604.1"
57.141.18.55 - - [23/Aug/2026:22:47:16 +0800] "GET / HTTP/1.1" 200 139932 "-" "facebookexternalhit/1.1 (+http://www.facebook.com/externalhit_uatext.php)"
52.167.144.162 - - [23/Aug/2026:22:47:57 +0800] "GET /sekundar-mit-false-profilen-weiters-unter-zuhilfenahme-von-ein-orientierung-anderer-familienmitglieder-solltest-respons-dies-nicht-machen/ HTTP/1.1" 200 97327 "-" "Mozilla/5.0 AppleWebKit/537.36 (KHTML, like Gecko; compatible; bingbot/2.0; +http://www.bing.com/bingbot.htm) Chrome/116.0.1938.76 Safari/537.36"
40.77.167.41 - - [23/Aug/2026:22:48:01 +0800] "GET /starburst-gokkast-voor-acteren-review/ HTTP/1.1" 200 98039 "-" "Mozilla/5.0 AppleWebKit/537.36 (KHTML, like Gecko; compatible; bingbot/2.0; +http://www.bing.com/bingbot.htm) Chrome/116.0.1938.76 Safari/537.36"
66.249.71.226 - - [23/Aug/2026:22:48:46 +0800] "GET /2026%E9%81%8A%E6%88%B2%E8%82%A1%E8%B2%A1%E5%A0%B1%E6%8F%AD%E5%AF%86%EF%BC%9A%E9%88%8A%E8%B1%A1%E6%AF%8F%E8%82%A1%E8%B3%BA22-77%E5%85%83%E5%89%B5%E5%90%8C%E6%9C%9F%E6%96%B0%E9%AB%98%EF%BC%8C%E6%A9%98/ HTTP/1.1" 200 99828 "-" "Mozilla/5.0 (Linux; Android 6.0.1; Nexus 5X Build/MMB29P) AppleWebKit/537.36 (KHTML, like Gecko) Chrome/151.0.7922.137 Mobile Safari/537.36 (compatible; Googlebot/2.1; +http://www.google.com/bot.html)"
66.249.72.200 - - [23/Aug/2026:22:48:57 +0800] "GET /wp-includes/css/dashicons.min.css?ver=7.1 HTTP/1.1" 200 64196 "https://rajlaw.com.tw/2026%E9%81%8A%E6%88%B2%E8%82%A1%E8%B2%A1%E5%A0%B1%E6%8F%AD%E5%AF%86%EF%BC%9A%E9%88%8A%E8%B1%A1%E6%AF%8F%E8%82%A1%E8%B3%BA22-77%E5%85%83%E5%89%B5%E5%90%8C%E6%9C%9F%E6%96%B0%E9%AB%98%EF%BC%8C%E6%A9%98/" "Mozilla/5.0 (Linux; Android 6.0.1; Nexus 5X Build/MMB29P) AppleWebKit/537.36 (KHTML, like Gecko) Chrome/151.0.7922.137 Mobile Safari/537.36 (compatible; Googlebot/2.1; +http://www.google.com/bot.html)"
49.232.191.232 - - [23/Aug/2026:22:49:43 +0800] "GET /wp-content/plugins/everest-forms/assets/css/everest-forms.css?ver=3.0.9.3 HTTP/1.1" 200 100974 "https://rajlaw.com.tw/%e6%88%bf%e5%9c%b0%e5%90%88%e4%b8%80%e7%a8%85%e5%8f%af%e6%89%a3%e9%99%a4%e8%a3%9d%e6%bd%a2%e8%b2%bb%e7%94%a8%e6%9c%89%e5%93%aa%e4%ba%9b%ef%bc%9f/" "Mozilla/5.0 (Windows NT 10.0; Win64; x64) AppleWebKit/537.36 (KHTML, like Gecko) Chrome/150.0.0.0 Safari/537.36"
49.232.191.232 - - [23/Aug/2026:22:49:43 +0800] "GET /wp-content/themes/zakra/inc/customizer/customind/assets/fontawesome/v6/css/all.min.css?ver=6.2.4 HTTP/1.1" 200 103651 "https://rajlaw.com.tw/%e6%88%bf%e5%9c%b0%e5%90%88%e4%b8%80%e7%a8%85%e5%8f%af%e6%89%a3%e9%99%a4%e8%a3%9d%e6%bd%a2%e8%b2%bb%e7%94%a8%e6%9c%89%e5%93%aa%e4%ba%9b%ef%bc%9f/" "Mozilla/5.0 (Windows NT 10.0; Win64; x64) AppleWebKit/537.36 (KHTML, like Gecko) Chrome/150.0.0.0 Safari/537.36"
49.232.191.232 - - [23/Aug/2026:22:49:38 +0800] "GET /%e6%88%bf%e5%9c%b0%e5%90%88%e4%b8%80%e7%a8%85%e5%8f%af%e6%89%a3%e9%99%a4%e8%a3%9d%e6%bd%a2%e8%b2%bb%e7%94%a8%e6%9c%89%e5%93%aa%e4%ba%9b%ef%bc%9f/ HTTP/1.1" 200 93521 "-" "Mozilla/5.0 (Windows NT 10.0; Win64; x64) AppleWebKit/537.36 (KHTML, like Gecko) Chrome/150.0.0.0 Safari/537.36"
49.232.191.232 - - [23/Aug/2026:22:49:44 +0800] "GET /wp-content/themes/zakra/assets/js/skip-link-focus-fix.min.js?ver=4.0.6 HTTP/1.1" 200 666 "https://rajlaw.com.tw/%e6%88%bf%e5%9c%b0%e5%90%88%e4%b8%80%e7%a8%85%e5%8f%af%e6%89%a3%e9%99%a4%e8%a3%9d%e6%bd%a2%e8%b2%bb%e7%94%a8%e6%9c%89%e5%93%aa%e4%ba%9b%ef%bc%9f/" "Mozilla/5.0 (Windows NT 10.0; Win64; x64) AppleWebKit/537.36 (KHTML, like Gecko) Chrome/150.0.0.0 Safari/537.36"
52.167.144.162 - - [23/Aug/2026:22:49:57 +0800] "GET /appareil-a-thunes-quelque-peu-golden-goddess-igt-jeu-book-of-ra-magic-1-de-depot-demo/ HTTP/1.1" 200 95302 "-" "Mozilla/5.0 AppleWebKit/537.36 (KHTML, like Gecko; compatible; bingbot/2.0; +http://www.bing.com/bingbot.htm) Chrome/116.0.1938.76 Safari/537.36"
124.150.132.81 - - [23/Aug/2026:22:49:42 +0800] "POST /wp-cron.php?doing_wp_cron=1787496582.6387910842895507812500 HTTP/1.1" 500 8614 "-" "WordPress/7.1; https://rajlaw.com.tw"
57.141.8.13 - - [23/Aug/2026:22:50:25 +0800] "GET / HTTP/1.1" 200 139932 "-" "facebookexternalhit/1.1 (+http://www.facebook.com/externalhit_uatext.php)"
47.128.47.215 - - [23/Aug/2026:22:50:44 +0800] "GET /wp-includes/css/dashicons.min.css?ver=7.1 HTTP/1.1" 200 59557 "https://rajlaw.com.tw/blog3/" "Mozilla/5.0 (Linux; Android 5.0) AppleWebKit/537.36 (KHTML, like Gecko) Mobile Safari/537.36 (compatible; Bytespider; https://bytedance.sg.larkoffice.com/docx/K5bxdypulop3IIxrJb0lOjLVgFe)"
47.128.47.215 - - [23/Aug/2026:22:50:44 +0800] "GET /wp-content/plugins/everest-forms/assets/css/everest-forms.css?ver=3.0.9.3 HTTP/1.1" 200 100974 "https://rajlaw.com.tw/blog3/" "Mozilla/5.0 (Linux; Android 5.0) AppleWebKit/537.36 (KHTML, like Gecko) Mobile Safari/537.36 (compatible; Bytespider; https://bytedance.sg.larkoffice.com/docx/K5bxdypulop3IIxrJb0lOjLVgFe)"
47.128.47.215 - - [23/Aug/2026:22:50:39 +0800] "GET /blog3/ HTTP/1.1" 200 113455 "-" "Mozilla/5.0 (Linux; Android 5.0) AppleWebKit/537.36 (KHTML, like Gecko) Mobile Safari/537.36 (compatible; Bytespider; https://bytedance.sg.larkoffice.com/docx/K5bxdypulop3IIxrJb0lOjLVgFe)"
47.128.47.215 - - [23/Aug/2026:22:50:44 +0800] "GET /wp-content/plugins/everest-forms/assets/css/intlTelInput.css?ver=3.0.9.3 HTTP/1.1" 200 45997 "https://rajlaw.com.tw/blog3/" "Mozilla/5.0 (Linux; Android 5.0) AppleWebKit/537.36 (KHTML, like Gecko) Mobile Safari/537.36 (compatible; Bytespider; https://bytedance.sg.larkoffice.com/docx/K5bxdypulop3IIxrJb0lOjLVgFe)"
47.128.47.215 - - [23/Aug/2026:22:50:44 +0800] "GET /wp-content/themes/zakra/style.css?ver=4.0.6 HTTP/1.1" 200 106819 "https://rajlaw.com.tw/blog3/" "Mozilla/5.0 (Linux; Android 5.0) AppleWebKit/537.36 (KHTML, like Gecko) Mobile Safari/537.36 (compatible; Bytespider; https://bytedance.sg.larkoffice.com/docx/K5bxdypulop3IIxrJb0lOjLVgFe)"
47.128.47.215 - - [23/Aug/2026:22:50:44 +0800] "GET /wp-content/themes/zakra/inc/customizer/customind/assets/fontawesome/v6/css/all.min.css?ver=6.2.4 HTTP/1.1" 200 103651 "https://rajlaw.com.tw/blog3/" "Mozilla/5.0 (Linux; Android 5.0) AppleWebKit/537.36 (KHTML, like Gecko) Mobile Safari/537.36 (compatible; Bytespider; https://bytedance.sg.larkoffice.com/docx/K5bxdypulop3IIxrJb0lOjLVgFe)"
47.128.47.215 - - [23/Aug/2026:22:50:44 +0800] "GET /wp-content/plugins/elementor/assets/css/frontend.min.css?ver=3.2.3 HTTP/1.1" 200 118361 "https://rajlaw.com.tw/blog3/" "Mozilla/5.0 (Linux; Android 5.0) AppleWebKit/537.36 (KHTML, like Gecko) Mobile Safari/537.36 (compatible; Bytespider; https://bytedance.sg.larkoffice.com/docx/K5bxdypulop3IIxrJb0lOjLVgFe)"
47.128.47.215 - - [23/Aug/2026:22:50:44 +0800] "GET /wp-content/plugins/elementor/assets/lib/eicons/css/elementor-icons.min.css?ver=5.11.0 HTTP/1.1" 200 17727 "https://rajlaw.com.tw/blog3/" "Mozilla/5.0 (Linux; Android 5.0) AppleWebKit/537.36 (KHTML, like Gecko) Mobile Safari/537.36 (compatible; Bytespider; https://bytedance.sg.larkoffice.com/docx/K5bxdypulop3IIxrJb0lOjLVgFe)"
47.128.47.215 - - [23/Aug/2026:22:50:44 +0800] "GET /wp-content/plugins/elementor/assets/lib/animations/animations.min.css?ver=3.2.3 HTTP/1.1" 200 18825 "https://rajlaw.com.tw/blog3/" "Mozilla/5.0 (Linux; Android 5.0) AppleWebKit/537.36 (KHTML, like Gecko) Mobile Safari/537.36 (compatible; Bytespider; https://bytedance.sg.larkoffice.com/docx/K5bxdypulop3IIxrJb0lOjLVgFe)"
47.128.47.215 - - [23/Aug/2026:22:50:44 +0800] "GET /wp-content/plugins/elementor-pro/assets/css/frontend.min.css?ver=3.2.2 HTTP/1.1" 200 211560 "https://rajlaw.com.tw/blog3/" "Mozilla/5.0 (Linux; Android 5.0) AppleWebKit/537.36 (KHTML, like Gecko) Mobile Safari/537.36 (compatible; Bytespider; https://bytedance.sg.larkoffice.com/docx/K5bxdypulop3IIxrJb0lOjLVgFe)"
47.128.47.215 - - [23/Aug/2026:22:50:44 +0800] "GET /wp-content/uploads/elementor/css/post-504.css?ver=1741807482 HTTP/1.1" 200 1490 "https://rajlaw.com.tw/blog3/" "Mozilla/5.0 (Linux; Android 5.0) AppleWebKit/537.36 (KHTML, like Gecko) Mobile Safari/537.36 (compatible; Bytespider; https://bytedance.sg.larkoffice.com/docx/K5bxdypulop3IIxrJb0lOjLVgFe)"
47.128.47.215 - - [23/Aug/2026:22:50:44 +0800] "GET /wp-content/plugins/elementor/assets/lib/font-awesome/css/v4-shims.min.css?ver=3.2.3 HTTP/1.1" 200 27059 "https://rajlaw.com.tw/blog3/" "Mozilla/5.0 (Linux; Android 5.0) AppleWebKit/537.36 (KHTML, like Gecko) Mobile Safari/537.36 (compatible; Bytespider; https://bytedance.sg.larkoffice.com/docx/K5bxdypulop3IIxrJb0lOjLVgFe)"
47.128.47.215 - - [23/Aug/2026:22:50:44 +0800] "GET /wp-content/plugins/elementor/assets/lib/font-awesome/css/all.min.css?ver=3.2.3 HTTP/1.1" 200 59759 "https://rajlaw.com.tw/blog3/" "Mozilla/5.0 (Linux; Android 5.0) AppleWebKit/537.36 (KHTML, like Gecko) Mobile Safari/537.36 (compatible; Bytespider; https://bytedance.sg.larkoffice.com/docx/K5bxdypulop3IIxrJb0lOjLVgFe)"
47.128.47.215 - - [23/Aug/2026:22:50:45 +0800] "GET /wp-content/plugins/elementor/assets/lib/font-awesome/css/solid.min.css?ver=5.15.1 HTTP/1.1" 200 994 "https://rajlaw.com.tw/blog3/" "Mozilla/5.0 (Linux; Android 5.0) AppleWebKit/537.36 (KHTML, like Gecko) Mobile Safari/537.36 (compatible; Bytespider; https://bytedance.sg.larkoffice.com/docx/K5bxdypulop3IIxrJb0lOjLVgFe)"
47.128.47.215 - - [23/Aug/2026:22:50:45 +0800] "GET /wp-content/plugins/elementor/assets/lib/font-awesome/css/fontawesome.min.css?ver=5.15.1 HTTP/1.1" 200 58327 "https://rajlaw.com.tw/blog3/" "Mozilla/5.0 (Linux; Android 5.0) AppleWebKit/537.36 (KHTML, like Gecko) Mobile Safari/537.36 (compatible; Bytespider; https://bytedance.sg.larkoffice.com/docx/K5bxdypulop3IIxrJb0lOjLVgFe)"
47.128.47.215 - - [23/Aug/2026:22:50:45 +0800] "GET /wp-content/uploads/2025/03/logo-removebg-preview-e1741353740950.png HTTP/1.1" 206 875 "https://rajlaw.com.tw/blog3/" "Mozilla/5.0 (Linux; Android 5.0) AppleWebKit/537.36 (KHTML, like Gecko) Mobile Safari/537.36 (compatible; Bytespider; https://bytedance.sg.larkoffice.com/docx/K5bxdypulop3IIxrJb0lOjLVgFe)"
47.128.47.215 - - [23/Aug/2026:22:50:45 +0800] "GET /wp-content/themes/zakra/123.jpg HTTP/1.1" 206 877 "https://rajlaw.com.tw/wp-content/themes/zakra/style.css?ver=4.0.6" "Mozilla/5.0 (Linux; Android 5.0) AppleWebKit/537.36 (KHTML, like Gecko) Mobile Safari/537.36 (compatible; Bytespider; https://bytedance.sg.larkoffice.com/docx/K5bxdypulop3IIxrJb0lOjLVgFe)"
124.150.132.81 - - [23/Aug/2026:22:50:43 +0800] "POST /wp-cron.php?doing_wp_cron=1787496643.4592039585113525390625 HTTP/1.1" 200 5843 "-" "WordPress/7.1; https://rajlaw.com.tw"
9.129.58.88 - - [23/Aug/2026:22:51:40 +0800] "GET /%E4%B8%AD%E5%9C%8B%E4%BA%BA%E5%BD%A2%E6%A9%9F%E5%99%A8%E4%BA%BA%E5%85%A8%E7%90%83%E5%87%BA%E8%B2%A8%E5%8D%A0%E6%AF%94%E9%80%BE97%E3%80%802026%E5%B9%B4%E4%B8%8A%E5%8D%8A%E5%B9%B419100%E5%8F%B0/ HTTP/1.1" 200 103417 "-" "Mozilla/5.0 AppleWebKit/537.36 (KHTML, like Gecko); compatible; ChatGPT-User/1.0; +https://openai.com/bot"
124.150.132.81 - - [23/Aug/2026:22:51:46 +0800] "POST /wp-cron.php?doing_wp_cron=1787496705.9816908836364746093750 HTTP/1.1" 200 5843 "-" "WordPress/7.1; https://rajlaw.com.tw"
52.167.144.162 - - [23/Aug/2026:22:51:47 +0800] "GET /?p=5121 HTTP/1.1" 301 6201 "-" "Mozilla/5.0 AppleWebKit/537.36 (KHTML, like Gecko; compatible; bingbot/2.0; +http://www.bing.com/bingbot.htm) Chrome/116.0.1938.76 Safari/537.36"
124.150.132.81 - - [23/Aug/2026:22:51:50 +0800] "POST /wp-cron.php?doing_wp_cron=1787496710.8299870491027832031250 HTTP/1.1" 200 5843 "-" "WordPress/7.1; https://rajlaw.com.tw"
52.167.144.162 - - [23/Aug/2026:22:51:57 +0800] "GET /%E4%B8%8B%E7%8F%AD%E6%97%8F%E8%88%92%E5%A3%93%E6%80%8E%E9%BA%BC%E5%AE%89%E6%8E%92-%E5%A4%A7%E5%AE%89%E5%8D%80%E8%B6%B3%E9%AB%94%E9%A4%8A%E7%94%9F%E9%A4%A8%E6%95%B4%E5%90%88%E8%85%B3%E5%BA%95%E3%80%81/ HTTP/1.1" 200 98149 "-" "Mozilla/5.0 AppleWebKit/537.36 (KHTML, like Gecko; compatible; bingbot/2.0; +http://www.bing.com/bingbot.htm) Chrome/116.0.1938.76 Safari/537.36"
66.249.71.226 - - [23/Aug/2026:22:53:01 +0800] "GET /as-a-result-a-knowledgeable-offshore-gambling-enterprises-render-varied-and-fair-advertising-for-brand-new-and-you-can-going-back-participants/ HTTP/1.1" 200 97942 "-" "Mozilla/5.0 (Linux; Android 6.0.1; Nexus 5X Build/MMB29P) AppleWebKit/537.36 (KHTML, like Gecko) Chrome/151.0.7922.137 Mobile Safari/537.36 (compatible; Googlebot/2.1; +http://www.google.com/bot.html)"
57.141.0.23 - - [23/Aug/2026:22:53:28 +0800] "GET / HTTP/1.1" 200 139932 "-" "facebookexternalhit/1.1 (+http://www.facebook.com/externalhit_uatext.php)"
57.141.14.7 - - [23/Aug/2026:22:56:35 +0800] "GET / HTTP/1.1" 200 139932 "-" "facebookexternalhit/1.1 (+http://www.facebook.com/externalhit_uatext.php)"
124.150.132.81 - - [23/Aug/2026:22:56:42 +0800] "POST /wp-cron.php?doing_wp_cron=1787497002.6629800796508789062500 HTTP/1.1" 200 5843 "-" "WordPress/7.1; https://rajlaw.com.tw"
66.249.71.227 - - [23/Aug/2026:22:57:28 +0800] "GET /starting-during-the-top-rated-online-casinos-starts-with-setting-your-self-upwards-to-have-a-secure-simple-and-you-may-rewarding-experience/ HTTP/1.1" 200 95395 "-" "Mozilla/5.0 (Linux; Android 6.0.1; Nexus 5X Build/MMB29P) AppleWebKit/537.36 (KHTML, like Gecko) Chrome/151.0.7922.137 Mobile Safari/537.36 (compatible; GoogleOther)"
66.249.71.226 - - [23/Aug/2026:22:57:33 +0800] "GET /wp-content/themes/zakra/inc/customizer/customind/assets/fontawesome/v6/css/all.min.css?ver=6.2.4 HTTP/1.1" 200 108290 "https://rajlaw.com.tw/starting-during-the-top-rated-online-casinos-starts-with-setting-your-self-upwards-to-have-a-secure-simple-and-you-may-rewarding-experience/" "Mozilla/5.0 (Linux; Android 6.0.1; Nexus 5X Build/MMB29P) AppleWebKit/537.36 (KHTML, like Gecko) Chrome/151.0.7922.137 Mobile Safari/537.36 (compatible; GoogleOther)"
66.249.71.226 - - [23/Aug/2026:22:58:02 +0800] "GET /best-united-states-online-casinos-incorporate-these-features-to-be-sure-members-can-be-appreciate-internet-casino-playing-sensibly-and-securely-enjoy-on-the-internet/ HTTP/1.1" 200 97710 "-" "Mozilla/5.0 (Linux; Android 6.0.1; Nexus 5X Build/MMB29P) AppleWebKit/537.36 (KHTML, like Gecko) Chrome/151.0.7922.137 Mobile Safari/537.36 (compatible; Googlebot/2.1; +http://www.google.com/bot.html)"
51.81.111.5 - - [23/Aug/2026:22:58:06 +0800] "GET /robots.txt HTTP/1.1" 200 5912 "-" "Mozilla/5.0 (compatible; AhrefsBot/7.0; +http://ahrefs.com/robot/)"
198.244.242.14 - - [23/Aug/2026:22:58:13 +0800] "GET /wp-sitemap.xml HTTP/1.1" 200 6449 "-" "Mozilla/5.0 (compatible; AhrefsBot/7.0; +http://ahrefs.com/robot/)"
40.77.167.46 - - [23/Aug/2026:22:58:48 +0800] "GET /esistono-di-nuovo-giochi-con-bonus-privato-di-intricato-di-campione-mixed-come-consentono-di-usare-giochi-differenti/ HTTP/1.1" 200 95288 "-" "Mozilla/5.0 AppleWebKit/537.36 (KHTML, like Gecko; compatible; bingbot/2.0; +http://www.bing.com/bingbot.htm) Chrome/116.0.1938.76 Safari/537.36"
47.128.47.20 - - [23/Aug/2026:22:59:11 +0800] "GET /robots.txt HTTP/1.1" 200 6131 "-" "Mozilla/5.0 (Linux; Android 5.0) AppleWebKit/537.36 (KHTML, like Gecko) Mobile Safari/537.36 (compatible; Bytespider; https://bytedance.sg.larkoffice.com/docx/K5bxdypulop3IIxrJb0lOjLVgFe)"
66.249.72.201 - - [23/Aug/2026:22:59:41 +0800] "GET /look-out-for-position-video-game-that-have-ineplay-and-you-may-optimize-your-prospective-earnings/ HTTP/1.1" 200 96373 "-" "Mozilla/5.0 (Linux; Android 6.0.1; Nexus 5X Build/MMB29P) AppleWebKit/537.36 (KHTML, like Gecko) Chrome/151.0.7922.137 Mobile Safari/537.36 (compatible; GoogleOther)"
57.141.20.14 - - [23/Aug/2026:22:59:41 +0800] "GET / HTTP/1.1" 200 139932 "-" "facebookexternalhit/1.1 (+http://www.facebook.com/externalhit_uatext.php)"
47.128.47.228 - - [23/Aug/2026:22:59:49 +0800] "GET /services/ HTTP/1.1" 200 122845 "-" "Mozilla/5.0 (Linux; Android 5.0) AppleWebKit/537.36 (KHTML, like Gecko) Mobile Safari/537.36 (compatible; Bytespider; https://bytedance.sg.larkoffice.com/docx/K5bxdypulop3IIxrJb0lOjLVgFe)"
66.249.71.227 - - [23/Aug/2026:22:59:49 +0800] "GET /kronos-safari-madness-1-depositum-chateau-idraetsgren-pa-ice-casino-danmark-bonus-vederlagsfri-plu-blaesevejr-rigtige-lille/ HTTP/1.1" 200 95970 "-" "Mozilla/5.0 (Linux; Android 6.0.1; Nexus 5X Build/MMB29P) AppleWebKit/537.36 (KHTML, like Gecko) Chrome/151.0.7922.137 Mobile Safari/537.36 (compatible; GoogleOther)"
124.150.132.81 - - [23/Aug/2026:22:59:46 +0800] "POST /wp-cron.php?doing_wp_cron=1787497186.0980188846588134765625 HTTP/1.1" 500 8614 "-" "WordPress/7.1; https://rajlaw.com.tw"
52.167.144.216 - - [23/Aug/2026:23:00:58 +0800] "GET /alcune-di-queste-offerte-prevedono-lerogazione-di-insecable-gratifica-privato-di-intricato-diretto-ancora-privo-di-inoltro-attestazione/ HTTP/1.1" 200 96781 "-" "Mozilla/5.0 AppleWebKit/537.36 (KHTML, like Gecko; compatible; bingbot/2.0; +http://www.bing.com/bingbot.htm) Chrome/116.0.1938.76 Safari/537.36"
66.249.82.34 - - [23/Aug/2026:23:01:28 +0800] "GET /.well-known/traffic-advice HTTP/1.1" 404 86794 "-" "Chrome Privacy Preserving Prefetch Proxy"
162.120.184.235 - - [23/Aug/2026:23:01:28 +0800] "GET /?p=3420 HTTP/1.1" 301 6166 "https://www.google.com/" "Mozilla/5.0 (Windows NT 10.0; Win64; x64) AppleWebKit/537.36 (KHTML, like Gecko) Chrome/151.0.0.0 Safari/537.36"
162.120.184.235 - - [23/Aug/2026:23:01:32 +0800] "GET /%e5%af%a6%e5%83%b9%e7%99%bb%e9%8c%84%e6%98%af%e7%94%9a%e9%ba%bc%ef%bc%9f%e8%a2%ab%e8%93%8b%e7%89%8c%ef%bc%9f/ HTTP/1.1" 500 74225 "https://www.google.com/" "Mozilla/5.0 (Windows NT 10.0; Win64; x64) AppleWebKit/537.36 (KHTML, like Gecko) Chrome/151.0.0.0 Safari/537.36"
72.14.201.169 - - [23/Aug/2026:23:01:33 +0800] "GET /%e5%af%a6%e5%83%b9%e7%99%bb%e9%8c%84%e6%98%af%e7%94%9a%e9%ba%bc%ef%bc%9f%e8%a2%ab%e8%93%8b%e7%89%8c%ef%bc%9f/ HTTP/1.1" 200 78537 "https://www.google.com/" "Mozilla/5.0 (Windows NT 10.0; Win64; x64) AppleWebKit/537.36 (KHTML, like Gecko) Chrome/151.0.0.0 Safari/537.36"
198.244.226.40 - - [23/Aug/2026:23:01:41 +0800] "GET /%E5%8F%B0%E5%8D%97%E9%98%B2%E6%9A%B4%E7%A4%BE%E5%8D%80%E5%85%A8%E5%9C%8B%E7%AB%B6%E8%B3%BD%E5%82%B3%E6%8D%B7%E5%A0%B1%EF%BC%81%E7%92%B0%E6%B9%96%E7%A4%BE%E5%8D%80%E5%A5%AA%E5%AD%A3%E8%BB%8D%E3%80%81/ HTTP/1.1" 200 94627 "-" "Mozilla/5.0 (compatible; AhrefsBot/7.0; +http://ahrefs.com/robot/)"
124.150.132.81 - - [23/Aug/2026:23:01:03 +0800] "POST /wp-cron.php?doing_wp_cron=1787497263.1122219562530517578125 HTTP/1.1" 200 5843 "-" "WordPress/7.1; https://rajlaw.com.tw"
101.10.95.58 - - [23/Aug/2026:23:02:17 +0800] "GET /?p=3420 HTTP/1.1" 301 6166 "https://www.google.com/" "Mozilla/5.0 (Windows NT 10.0; Win64; x64) AppleWebKit/537.36 (KHTML, like Gecko) Chrome/151.0.0.0 Safari/537.36"
101.10.95.58 - - [23/Aug/2026:23:02:21 +0800] "GET /%e5%af%a6%e5%83%b9%e7%99%bb%e9%8c%84%e6%98%af%e7%94%9a%e9%ba%bc%ef%bc%9f%e8%a2%ab%e8%93%8b%e7%89%8c%ef%bc%9f/ HTTP/1.1" 200 92468 "https://www.google.com/" "Mozilla/5.0 (Windows NT 10.0; Win64; x64) AppleWebKit/537.36 (KHTML, like Gecko) Chrome/151.0.0.0 Safari/537.36"
101.10.95.58 - - [23/Aug/2026:23:02:25 +0800] "GET /wp-includes/css/dashicons.min.css?ver=7.1 HTTP/1.1" 200 59419 "https://rajlaw.com.tw/%e5%af%a6%e5%83%b9%e7%99%bb%e9%8c%84%e6%98%af%e7%94%9a%e9%ba%bc%ef%bc%9f%e8%a2%ab%e8%93%8b%e7%89%8c%ef%bc%9f/" "Mozilla/5.0 (Windows NT 10.0; Win64; x64) AppleWebKit/537.36 (KHTML, like Gecko) Chrome/151.0.0.0 Safari/537.36"
101.10.95.58 - - [23/Aug/2026:23:02:25 +0800] "GET /wp-content/plugins/everest-forms/assets/css/everest-forms.css?ver=3.0.9.3 HTTP/1.1" 200 105613 "https://rajlaw.com.tw/%e5%af%a6%e5%83%b9%e7%99%bb%e9%8c%84%e6%98%af%e7%94%9a%e9%ba%bc%ef%bc%9f%e8%a2%ab%e8%93%8b%e7%89%8c%ef%bc%9f/" "Mozilla/5.0 (Windows NT 10.0; Win64; x64) AppleWebKit/537.36 (KHTML, like Gecko) Chrome/151.0.0.0 Safari/537.36"
101.10.95.58 - - [23/Aug/2026:23:02:25 +0800] "GET /wp-content/plugins/everest-forms/assets/css/intlTelInput.css?ver=3.0.9.3 HTTP/1.1" 200 45859 "https://rajlaw.com.tw/%e5%af%a6%e5%83%b9%e7%99%bb%e9%8c%84%e6%98%af%e7%94%9a%e9%ba%bc%ef%bc%9f%e8%a2%ab%e8%93%8b%e7%89%8c%ef%bc%9f/" "Mozilla/5.0 (Windows NT 10.0; Win64; x64) AppleWebKit/537.36 (KHTML, like Gecko) Chrome/151.0.0.0 Safari/537.36"
101.10.95.58 - - [23/Aug/2026:23:02:26 +0800] "GET /wp-content/themes/zakra/inc/customizer/customind/assets/fontawesome/v6/css/all.min.css?ver=6.2.4 HTTP/1.1" 200 103651 "https://rajlaw.com.tw/%e5%af%a6%e5%83%b9%e7%99%bb%e9%8c%84%e6%98%af%e7%94%9a%e9%ba%bc%ef%bc%9f%e8%a2%ab%e8%93%8b%e7%89%8c%ef%bc%9f/" "Mozilla/5.0 (Windows NT 10.0; Win64; x64) AppleWebKit/537.36 (KHTML, like Gecko) Chrome/151.0.0.0 Safari/537.36"
101.10.95.58 - - [23/Aug/2026:23:02:26 +0800] "GET /wp-content/themes/zakra/style.css?ver=4.0.6 HTTP/1.1" 200 106819 "https://rajlaw.com.tw/%e5%af%a6%e5%83%b9%e7%99%bb%e9%8c%84%e6%98%af%e7%94%9a%e9%ba%bc%ef%bc%9f%e8%a2%ab%e8%93%8b%e7%89%8c%ef%bc%9f/" "Mozilla/5.0 (Windows NT 10.0; Win64; x64) AppleWebKit/537.36 (KHTML, like Gecko) Chrome/151.0.0.0 Safari/537.36"
101.10.95.58 - - [23/Aug/2026:23:02:26 +0800] "GET /wp-content/uploads/2025/03/logo-removebg-preview-e1741353740950.png HTTP/1.1" 200 71099 "https://rajlaw.com.tw/%e5%af%a6%e5%83%b9%e7%99%bb%e9%8c%84%e6%98%af%e7%94%9a%e9%ba%bc%ef%bc%9f%e8%a2%ab%e8%93%8b%e7%89%8c%ef%bc%9f/" "Mozilla/5.0 (Windows NT 10.0; Win64; x64) AppleWebKit/537.36 (KHTML, like Gecko) Chrome/151.0.0.0 Safari/537.36"
101.10.95.58 - - [23/Aug/2026:23:02:26 +0800] "GET /wp-content/themes/zakra/assets/js/navigation.min.js?ver=4.0.6 HTTP/1.1" 200 4809 "https://rajlaw.com.tw/%e5%af%a6%e5%83%b9%e7%99%bb%e9%8c%84%e6%98%af%e7%94%9a%e9%ba%bc%ef%bc%9f%e8%a2%ab%e8%93%8b%e7%89%8c%ef%bc%9f/" "Mozilla/5.0 (Windows NT 10.0; Win64; x64) AppleWebKit/537.36 (KHTML, like Gecko) Chrome/151.0.0.0 Safari/537.36"
101.10.95.58 - - [23/Aug/2026:23:02:26 +0800] "GET /wp-content/uploads/2025/02/%E8%A9%95%E4%BC%B0.png HTTP/1.1" 200 10724 "https://rajlaw.com.tw/%e5%af%a6%e5%83%b9%e7%99%bb%e9%8c%84%e6%98%af%e7%94%9a%e9%ba%bc%ef%bc%9f%e8%a2%ab%e8%93%8b%e7%89%8c%ef%bc%9f/" "Mozilla/5.0 (Windows NT 10.0; Win64; x64) AppleWebKit/537.36 (KHTML, like Gecko) Chrome/151.0.0.0 Safari/537.36"
101.10.95.58 - - [23/Aug/2026:23:02:26 +0800] "GET /wp-content/themes/zakra/assets/js/skip-link-focus-fix.min.js?ver=4.0.6 HTTP/1.1" 200 666 "https://rajlaw.com.tw/%e5%af%a6%e5%83%b9%e7%99%bb%e9%8c%84%e6%98%af%e7%94%9a%e9%ba%bc%ef%bc%9f%e8%a2%ab%e8%93%8b%e7%89%8c%ef%bc%9f/" "Mozilla/5.0 (Windows NT 10.0; Win64; x64) AppleWebKit/537.36 (KHTML, like Gecko) Chrome/151.0.0.0 Safari/537.36"
101.10.95.58 - - [23/Aug/2026:23:02:26 +0800] "GET /wp-content/themes/zakra/assets/js/zakra-custom.min.js?ver=4.0.6 HTTP/1.1" 200 5825 "https://rajlaw.com.tw/%e5%af%a6%e5%83%b9%e7%99%bb%e9%8c%84%e6%98%af%e7%94%9a%e9%ba%bc%ef%bc%9f%e8%a2%ab%e8%93%8b%e7%89%8c%ef%bc%9f/" "Mozilla/5.0 (Windows NT 10.0; Win64; x64) AppleWebKit/537.36 (KHTML, like Gecko) Chrome/151.0.0.0 Safari/537.36"
101.10.95.58 - - [23/Aug/2026:23:02:26 +0800] "GET /wp-content/themes/zakra/123.jpg HTTP/1.1" 200 455955 "https://rajlaw.com.tw/wp-content/themes/zakra/style.css?ver=4.0.6" "Mozilla/5.0 (Windows NT 10.0; Win64; x64) AppleWebKit/537.36 (KHTML, like Gecko) Chrome/151.0.0.0 Safari/537.36"
101.10.95.58 - - [23/Aug/2026:23:02:27 +0800] "GET /wp-content/themes/zakra/inc/customizer/customind/assets/fontawesome/v6/webfonts/fa-solid-900.woff2 HTTP/1.1" 200 156967 "https://rajlaw.com.tw/wp-content/themes/zakra/inc/customizer/customind/assets/fontawesome/v6/css/all.min.css?ver=6.2.4" "Mozilla/5.0 (Windows NT 10.0; Win64; x64) AppleWebKit/537.36 (KHTML, like Gecko) Chrome/151.0.0.0 Safari/537.36"
101.10.95.58 - - [23/Aug/2026:23:02:27 +0800] "GET /wp-content/themes/zakra/assets/fonts/themegrill-icons.woff2?5d42b271f668d2d6461ba91fc5a5a839 HTTP/1.1" 200 1622 "https://rajlaw.com.tw/wp-content/themes/zakra/style.css?ver=4.0.6" "Mozilla/5.0 (Windows NT 10.0; Win64; x64) AppleWebKit/537.36 (KHTML, like Gecko) Chrome/151.0.0.0 Safari/537.36"
101.10.95.58 - - [23/Aug/2026:23:02:28 +0800] "GET /wp-includes/js/wp-emoji-release.min.js?ver=7.1 HTTP/1.1" 200 23123 "https://rajlaw.com.tw/%e5%af%a6%e5%83%b9%e7%99%bb%e9%8c%84%e6%98%af%e7%94%9a%e9%ba%bc%ef%bc%9f%e8%a2%ab%e8%93%8b%e7%89%8c%ef%bc%9f/" "Mozilla/5.0 (Windows NT 10.0; Win64; x64) AppleWebKit/537.36 (KHTML, like Gecko) Chrome/151.0.0.0 Safari/537.36"
101.10.95.58 - - [23/Aug/2026:23:02:28 +0800] "GET /favicon.ico HTTP/1.1" 302 1395 "https://rajlaw.com.tw/%e5%af%a6%e5%83%b9%e7%99%bb%e9%8c%84%e6%98%af%e7%94%9a%e9%ba%bc%ef%bc%9f%e8%a2%ab%e8%93%8b%e7%89%8c%ef%bc%9f/" "Mozilla/5.0 (Windows NT 10.0; Win64; x64) AppleWebKit/537.36 (KHTML, like Gecko) Chrome/151.0.0.0 Safari/537.36"
101.10.95.58 - - [23/Aug/2026:23:02:31 +0800] "GET /wp-content/uploads/2025/03/%E9%95%B7%E5%AE%89logo-150x150.png HTTP/1.1" 200 12612 "https://rajlaw.com.tw/%e5%af%a6%e5%83%b9%e7%99%bb%e9%8c%84%e6%98%af%e7%94%9a%e9%ba%bc%ef%bc%9f%e8%a2%ab%e8%93%8b%e7%89%8c%ef%bc%9f/" "Mozilla/5.0 (Windows NT 10.0; Win64; x64) AppleWebKit/537.36 (KHTML, like Gecko) Chrome/151.0.0.0 Safari/537.36"
57.141.10.53 - - [23/Aug/2026:23:02:49 +0800] "GET / HTTP/1.1" 200 139932 "-" "facebookexternalhit/1.1 (+http://www.facebook.com/externalhit_uatext.php)"
52.167.144.206 - - [23/Aug/2026:23:03:31 +0800] "GET /gamble-100-percent-free-position-games-for-fun-blueprint-software-no-down-load-or-signal-upwards/ HTTP/1.1" 200 98947 "-" "Mozilla/5.0 AppleWebKit/537.36 (KHTML, like Gecko; compatible; bingbot/2.0; +http://www.bing.com/bingbot.htm) Chrome/116.0.1938.76 Safari/537.36"
