66.249.71.226 - - [24/Aug/2026:02:36:59 +0800] "GET /?p=3368 HTTP/1.1" 301 6166 "-" "Mozilla/5.0 (Linux; Android 6.0.1; Nexus 5X Build/MMB29P) AppleWebKit/537.36 (KHTML, like Gecko) Chrome/151.0.7922.137 Mobile Safari/537.36 (compatible; Googlebot/2.1; +http://www.google.com/bot.html)"
66.249.72.201 - - [24/Aug/2026:02:37:04 +0800] "GET /%E5%8D%B0%E9%91%91%E8%AD%89%E6%98%8E%E5%8F%AF%E4%BB%A5%E5%A7%94%E8%A8%97%E7%94%B3%E8%AB%8B%E5%97%8E%EF%BC%9F/ HTTP/1.1" 200 93158 "-" "Mozilla/5.0 (Linux; Android 6.0.1; Nexus 5X Build/MMB29P) AppleWebKit/537.36 (KHTML, like Gecko) Chrome/151.0.7922.137 Mobile Safari/537.36 (compatible; Googlebot/2.1; +http://www.google.com/bot.html)"
57.141.12.10 - - [24/Aug/2026:02:37:18 +0800] "GET / HTTP/1.1" 200 139932 "-" "facebookexternalhit/1.1 (+http://www.facebook.com/externalhit_uatext.php)"
170.81.156.107 - - [24/Aug/2026:02:38:20 +0800] "GET //xmlrpc.php HTTP/1.1" 403 23234 "-" "Mozilla/5.0 (Windows NT 10.0; WOW64; rv:45.0) Gecko/20100101 Firefox/45.0"
57.141.2.3 - - [24/Aug/2026:02:38:18 +0800] "GET / HTTP/1.1" 200 139932 "-" "facebookexternalhit/1.1 (+http://www.facebook.com/externalhit_uatext.php)"
43.157.170.13 - - [24/Aug/2026:02:39:32 +0800] "GET /wp-content/uploads/2025/02/ HTTP/1.1" 403 5673 "-" "Mozilla/5.0 (iPhone; CPU iPhone OS 13_2_3 like Mac OS X) AppleWebKit/605.1.15 (KHTML, like Gecko) Version/13.0.3 Mobile/15E148 Safari/604.1"
124.150.132.81 - - [24/Aug/2026:02:40:09 +0800] "POST /?wordfence_syncAttackData=1787510409.5546 HTTP/1.1" 200 5755 "-" "WordPress/7.1; https://rajlaw.com.tw"
57.141.6.2 - - [24/Aug/2026:02:40:07 +0800] "GET / HTTP/1.1" 200 139932 "-" "facebookexternalhit/1.1 (+http://www.facebook.com/externalhit_uatext.php)"
124.150.132.81 - - [24/Aug/2026:02:40:12 +0800] "POST /wp-cron.php?doing_wp_cron=1787510412.7874989509582519531250 HTTP/1.1" 200 5843 "-" "WordPress/7.1; https://rajlaw.com.tw"
57.141.24.45 - - [24/Aug/2026:02:43:01 +0800] "GET / HTTP/1.1" 200 139932 "-" "facebookexternalhit/1.1 (+http://www.facebook.com/externalhit_uatext.php)"
66.249.71.228 - - [24/Aug/2026:02:43:17 +0800] "GET /?p=3393 HTTP/1.1" 301 6130 "-" "Mozilla/5.0 (Linux; Android 6.0.1; Nexus 5X Build/MMB29P) AppleWebKit/537.36 (KHTML, like Gecko) Chrome/151.0.7922.137 Mobile Safari/537.36 (compatible; Googlebot/2.1; +http://www.google.com/bot.html)"
66.249.72.201 - - [24/Aug/2026:02:43:21 +0800] "GET /%E7%94%9A%E9%BA%BC%E6%98%AF%E5%80%9F%E5%B1%8B%E8%A3%9D%E4%BF%AE%EF%BC%9F/ HTTP/1.1" 200 98536 "-" "Mozilla/5.0 (Linux; Android 6.0.1; Nexus 5X Build/MMB29P) AppleWebKit/537.36 (KHTML, like Gecko) Chrome/151.0.7922.137 Mobile Safari/537.36 (compatible; Googlebot/2.1; +http://www.google.com/bot.html)"
131.255.144.175 - - [24/Aug/2026:02:43:34 +0800] "GET //xmlrpc.php HTTP/1.1" 403 23234 "-" "Mozilla/5.0 (Windows NT 10.0; WOW64; rv:45.0) Gecko/20100101 Firefox/45.0"
124.150.132.81 - - [24/Aug/2026:02:43:37 +0800] "POST /?wordfence_syncAttackData=1787510617.5977 HTTP/1.1" 200 5755 "-" "WordPress/7.1; https://rajlaw.com.tw"
66.249.72.199 - - [24/Aug/2026:02:43:35 +0800] "GET /sekundar-mit-false-profilen-weiters-unter-zuhilfenahme-von-ein-orientierung-anderer-familienmitglieder-solltest-respons-dies-nicht-machen/ HTTP/1.1" 200 97383 "-" "Mozilla/5.0 (Linux; Android 6.0.1; Nexus 5X Build/MMB29P) AppleWebKit/537.36 (KHTML, like Gecko) Chrome/151.0.7922.137 Mobile Safari/537.36 (compatible; GoogleOther)"
52.167.144.21 - - [24/Aug/2026:02:44:09 +0800] "GET /zabawy-pod-maszynach-bf-games-gry-maszynowe-dzieki-prawdziwe-finanse/ HTTP/1.1" 200 103279 "-" "Mozilla/5.0 AppleWebKit/537.36 (KHTML, like Gecko; compatible; bingbot/2.0; +http://www.bing.com/bingbot.htm) Chrome/116.0.1938.76 Safari/537.36"
180.126.32.150 - - [24/Aug/2026:02:44:16 +0800] "GET /category/%e7%94%a2%e6%a5%ad%e6%96%b0%e8%81%9e/page/5 HTTP/1.1" 301 6110 "-" "Mozilla/5.0 (Windows NT 10.0; Win64; x64) AppleWebKit/537.36 (KHTML, like Gecko) Chrome/144.0.0.0 Safari/537.36"
180.126.32.150 - - [24/Aug/2026:02:44:19 +0800] "GET /category/%e7%94%a2%e6%a5%ad%e6%96%b0%e8%81%9e/page/5/ HTTP/1.1" 200 132066 "-" "Mozilla/5.0 (Windows NT 10.0; Win64; x64) AppleWebKit/537.36 (KHTML, like Gecko) Chrome/144.0.0.0 Safari/537.36"
180.126.32.150 - - [24/Aug/2026:02:44:23 +0800] "GET /wp-includes/css/dashicons.min.css?ver=7.1 HTTP/1.1" 200 59419 "https://rajlaw.com.tw/category/%e7%94%a2%e6%a5%ad%e6%96%b0%e8%81%9e/page/5/" "Mozilla/5.0 (Windows NT 10.0; Win64; x64) AppleWebKit/537.36 (KHTML, like Gecko) Chrome/144.0.0.0 Safari/537.36"
180.126.32.150 - - [24/Aug/2026:02:44:23 +0800] "GET /wp-content/plugins/everest-forms/assets/css/everest-forms.css?ver=3.0.9.3 HTTP/1.1" 200 100836 "https://rajlaw.com.tw/category/%e7%94%a2%e6%a5%ad%e6%96%b0%e8%81%9e/page/5/" "Mozilla/5.0 (Windows NT 10.0; Win64; x64) AppleWebKit/537.36 (KHTML, like Gecko) Chrome/144.0.0.0 Safari/537.36"
180.126.32.150 - - [24/Aug/2026:02:44:23 +0800] "GET /wp-content/plugins/everest-forms/assets/css/intlTelInput.css?ver=3.0.9.3 HTTP/1.1" 200 45859 "https://rajlaw.com.tw/category/%e7%94%a2%e6%a5%ad%e6%96%b0%e8%81%9e/page/5/" "Mozilla/5.0 (Windows NT 10.0; Win64; x64) AppleWebKit/537.36 (KHTML, like Gecko) Chrome/144.0.0.0 Safari/537.36"
180.126.32.150 - - [24/Aug/2026:02:44:23 +0800] "GET /wp-content/themes/zakra/assets/js/skip-link-focus-fix.min.js?ver=4.0.6 HTTP/1.1" 200 804 "https://rajlaw.com.tw/category/%e7%94%a2%e6%a5%ad%e6%96%b0%e8%81%9e/page/5/" "Mozilla/5.0 (Windows NT 10.0; Win64; x64) AppleWebKit/537.36 (KHTML, like Gecko) Chrome/144.0.0.0 Safari/537.36"
180.126.32.150 - - [24/Aug/2026:02:44:23 +0800] "GET /wp-content/themes/zakra/assets/js/navigation.min.js?ver=4.0.6 HTTP/1.1" 200 4947 "https://rajlaw.com.tw/category/%e7%94%a2%e6%a5%ad%e6%96%b0%e8%81%9e/page/5/" "Mozilla/5.0 (Windows NT 10.0; Win64; x64) AppleWebKit/537.36 (KHTML, like Gecko) Chrome/144.0.0.0 Safari/537.36"
180.126.32.150 - - [24/Aug/2026:02:44:23 +0800] "GET /wp-content/themes/zakra/assets/js/zakra-custom.min.js?ver=4.0.6 HTTP/1.1" 200 5963 "https://rajlaw.com.tw/category/%e7%94%a2%e6%a5%ad%e6%96%b0%e8%81%9e/page/5/" "Mozilla/5.0 (Windows NT 10.0; Win64; x64) AppleWebKit/537.36 (KHTML, like Gecko) Chrome/144.0.0.0 Safari/537.36"
180.126.32.150 - - [24/Aug/2026:02:44:23 +0800] "GET /wp-content/themes/zakra/style.css?ver=4.0.6 HTTP/1.1" 200 106957 "https://rajlaw.com.tw/category/%e7%94%a2%e6%a5%ad%e6%96%b0%e8%81%9e/page/5/" "Mozilla/5.0 (Windows NT 10.0; Win64; x64) AppleWebKit/537.36 (KHTML, like Gecko) Chrome/144.0.0.0 Safari/537.36"
180.126.32.150 - - [24/Aug/2026:02:44:23 +0800] "GET /wp-content/themes/zakra/inc/customizer/customind/assets/fontawesome/v6/css/all.min.css?ver=6.2.4 HTTP/1.1" 200 103651 "https://rajlaw.com.tw/category/%e7%94%a2%e6%a5%ad%e6%96%b0%e8%81%9e/page/5/" "Mozilla/5.0 (Windows NT 10.0; Win64; x64) AppleWebKit/537.36 (KHTML, like Gecko) Chrome/144.0.0.0 Safari/537.36"
180.126.32.150 - - [24/Aug/2026:02:44:24 +0800] "GET /wp-content/themes/zakra/inc/customizer/customind/assets/fontawesome/v6/webfonts/fa-solid-900.woff2 HTTP/1.1" 200 156967 "https://rajlaw.com.tw/wp-content/themes/zakra/inc/customizer/customind/assets/fontawesome/v6/css/all.min.css?ver=6.2.4" "Mozilla/5.0 (Windows NT 10.0; Win64; x64) AppleWebKit/537.36 (KHTML, like Gecko) Chrome/144.0.0.0 Safari/537.36"
180.126.32.150 - - [24/Aug/2026:02:44:24 +0800] "GET /wp-content/themes/zakra/assets/fonts/themegrill-icons.woff2?5d42b271f668d2d6461ba91fc5a5a839 HTTP/1.1" 200 1622 "https://rajlaw.com.tw/wp-content/themes/zakra/style.css?ver=4.0.6" "Mozilla/5.0 (Windows NT 10.0; Win64; x64) AppleWebKit/537.36 (KHTML, like Gecko) Chrome/144.0.0.0 Safari/537.36"
180.126.32.150 - - [24/Aug/2026:02:44:24 +0800] "GET /wp-includes/js/wp-emoji-release.min.js?ver=7.1 HTTP/1.1" 200 23123 "https://rajlaw.com.tw/category/%e7%94%a2%e6%a5%ad%e6%96%b0%e8%81%9e/page/5/" "Mozilla/5.0 (Windows NT 10.0; Win64; x64) AppleWebKit/537.36 (KHTML, like Gecko) Chrome/144.0.0.0 Safari/537.36"
180.126.32.150 - - [24/Aug/2026:02:44:24 +0800] "GET /favicon.ico HTTP/1.1" 302 1395 "https://rajlaw.com.tw/category/%e7%94%a2%e6%a5%ad%e6%96%b0%e8%81%9e/page/5/" "Mozilla/5.0 (Windows NT 10.0; Win64; x64) AppleWebKit/537.36 (KHTML, like Gecko) Chrome/144.0.0.0 Safari/537.36"
180.126.32.150 - - [24/Aug/2026:02:44:27 +0800] "GET /wp-content/uploads/2025/03/%E9%95%B7%E5%AE%89logo-150x150.png HTTP/1.1" 200 12612 "https://rajlaw.com.tw/category/%e7%94%a2%e6%a5%ad%e6%96%b0%e8%81%9e/page/5/" "Mozilla/5.0 (Windows NT 10.0; Win64; x64) AppleWebKit/537.36 (KHTML, like Gecko) Chrome/144.0.0.0 Safari/537.36"
222.220.42.220 - - [24/Aug/2026:02:44:57 +0800] "GET /wp-content/uploads/2026/08/20260804075909_1_1.jpg HTTP/1.1" 200 79868 "https://rajlaw.com.tw/" "Mozilla/5.0 (Windows NT 10.0; Win64; x64) AppleWebKit/537.36 (KHTML, like Gecko) Chrome/133.0.0.0 Safari/537.36"
116.16.206.135 - - [24/Aug/2026:02:44:57 +0800] "GET /wp-content/uploads/2026/07/20260731083816_1785458241623.jpg HTTP/1.1" 200 242780 "https://rajlaw.com.tw/" "Mozilla/5.0 (Windows NT 10.0; Win64; x64) AppleWebKit/537.36 (KHTML, like Gecko) Chrome/133.0.0.0 Safari/537.36"
116.16.206.135 - - [24/Aug/2026:02:44:57 +0800] "GET /wp-content/uploads/2026/07/20260731082756_1-1.jpg HTTP/1.1" 200 1801064 "https://rajlaw.com.tw/" "Mozilla/5.0 (Windows NT 10.0; Win64; x64) AppleWebKit/537.36 (KHTML, like Gecko) Chrome/133.0.0.0 Safari/537.36"
60.5.176.199 - - [24/Aug/2026:02:44:57 +0800] "GET /wp-content/uploads/2026/07/4I3uQXl6pw6WwdlSfq23vylxu09llNln4yGJIIaK.jpg HTTP/1.1" 200 56521 "https://rajlaw.com.tw/" "Mozilla/5.0 (Windows NT 10.0; Win64; x64) AppleWebKit/537.36 (KHTML, like Gecko) Chrome/133.0.0.0 Safari/537.36"
119.185.200.110 - - [24/Aug/2026:02:44:57 +0800] "GET /wp-content/uploads/2026/07/20260730091515_1.jpg HTTP/1.1" 200 310337 "https://rajlaw.com.tw/" "Mozilla/5.0 (Windows NT 10.0; Win64; x64) AppleWebKit/537.36 (KHTML, like Gecko) Chrome/133.0.0.0 Safari/537.36"
120.6.42.165 - - [24/Aug/2026:02:44:57 +0800] "GET /wp-content/uploads/2026/08/20260804074050_2026AI.jpg HTTP/1.1" 200 1328523 "https://rajlaw.com.tw/" "Mozilla/5.0 (Windows NT 10.0; Win64; x64) AppleWebKit/537.36 (KHTML, like Gecko) Chrome/133.0.0.0 Safari/537.36"
119.52.77.107 - - [24/Aug/2026:02:44:58 +0800] "GET /wp-content/uploads/2026/08/rE0m7FW248CPwvBLuGdlT5mExkH06jcXBE0yY9uq.jpg HTTP/1.1" 200 1003061 "https://rajlaw.com.tw/" "Mozilla/5.0 (Windows NT 10.0; Win64; x64) AppleWebKit/537.36 (KHTML, like Gecko) Chrome/133.0.0.0 Safari/537.36"
111.25.48.127 - - [24/Aug/2026:02:44:59 +0800] "GET /wp-content/uploads/2026/07/20260729161714_S_216948780.jpg HTTP/1.1" 200 124822 "https://rajlaw.com.tw/" "Mozilla/5.0 (Windows NT 10.0; Win64; x64) AppleWebKit/537.36 (KHTML, like Gecko) Chrome/133.0.0.0 Safari/537.36"
120.193.196.39 - - [24/Aug/2026:02:44:59 +0800] "GET /wp-content/uploads/2026/07/20260729201014_1785326868036.jpg HTTP/1.1" 200 493527 "https://rajlaw.com.tw/" "Mozilla/5.0 (Windows NT 10.0; Win64; x64) AppleWebKit/537.36 (KHTML, like Gecko) Chrome/133.0.0.0 Safari/537.36"
39.67.137.105 - - [24/Aug/2026:02:45:00 +0800] "GET /wp-content/uploads/2026/07/oOTImhklPCbpD0DyH2IX3gMFdmeLxaHADbA8JEtJ.jpg HTTP/1.1" 200 390536 "https://rajlaw.com.tw/" "Mozilla/5.0 (Windows NT 10.0; Win64; x64) AppleWebKit/537.36 (KHTML, like Gecko) Chrome/133.0.0.0 Safari/537.36"
101.42.239.170 - - [24/Aug/2026:02:45:14 +0800] "GET /wp-content/uploads/2026/07/oOTImhklPCbpD0DyH2IX3gMFdmeLxaHADbA8JEtJ.jpg HTTP/1.1" 200 390536 "https://rajlaw.com.tw/" "Mozilla/5.0 (Windows NT 10.0; Win64; x64) AppleWebKit/537.36 (KHTML, like Gecko) Chrome/133.0.0.0 Safari/537.36"
52.167.144.187 - - [24/Aug/2026:02:45:24 +0800] "GET /%E7%B7%9A%E4%B8%8A%E8%AB%AE%E8%A9%A2/ HTTP/1.1" 301 6150 "-" "Mozilla/5.0 AppleWebKit/537.36 (KHTML, like Gecko; compatible; bingbot/2.0; +http://www.bing.com/bingbot.htm) Chrome/116.0.1938.76 Safari/537.36"
57.141.18.23 - - [24/Aug/2026:02:45:56 +0800] "GET / HTTP/1.1" 200 139932 "-" "facebookexternalhit/1.1 (+http://www.facebook.com/externalhit_uatext.php)"
40.77.167.255 - - [24/Aug/2026:02:46:02 +0800] "GET /the-new-court-landscape-close-crypto-gambling-enterprises-in-america-is-advanced-and-developing/ HTTP/1.1" 200 96706 "-" "Mozilla/5.0 AppleWebKit/537.36 (KHTML, like Gecko; compatible; bingbot/2.0; +http://www.bing.com/bingbot.htm) Chrome/116.0.1938.76 Safari/537.36"
40.77.167.255 - - [24/Aug/2026:02:46:12 +0800] "GET /lastly-the-brand-new-arbitrary-currency-symbols-honor-multipliers-as-much-as-2500x-your-own-choice/ HTTP/1.1" 200 95203 "-" "Mozilla/5.0 AppleWebKit/537.36 (KHTML, like Gecko; compatible; bingbot/2.0; +http://www.bing.com/bingbot.htm) Chrome/116.0.1938.76 Safari/537.36"
114.10.79.150 - - [24/Aug/2026:02:46:23 +0800] "GET /class-walker-nav-menu.php HTTP/1.1" 200 74205 "-" "Mozilla/5.0 (Linux; Android 10; K) AppleWebKit/537.36 (KHTML, like Gecko) Chrome/150.0.0.0 Mobile Safari/537.36"
114.10.79.150 - - [24/Aug/2026:02:46:26 +0800] "GET /class-walker-nav-menu.php?path=/home/httpd/vhosts/rajlaw.com.tw/httpdocs/wp-includes HTTP/1.1" 200 478441 "https://rajlaw.com.tw/class-walker-nav-menu.php" "Mozilla/5.0 (Linux; Android 10; K) AppleWebKit/537.36 (KHTML, like Gecko) Chrome/150.0.0.0 Mobile Safari/537.36"
114.119.131.210 - - [24/Aug/2026:02:46:28 +0800] "GET /wp-content/uploads/2026/08/BdMrW0Hpff7aXHJbnNAbtG6Huf1dAkYLHkYYvIQn-1-scaled.jpg HTTP/1.1" 200 445494 "https://rajlaw.com.tw/%e5%b0%8f%e9%b5%acg9l%e4%b8%8a%e5%b8%82%e5%89%8d%e9%80%b2%e9%a7%90119%e5%ae%b6%e9%96%80%e5%b8%82%e3%80%8025-98%e8%90%ac%e4%ba%ba%e6%b0%91%e5%b9%a3%e8%b5%b7%e3%80%81%e7%b4%94%e9%9b%bb%e7%ba%8c%e8%88%aa/" "Mozilla/5.0 (Linux; Android 7.0;) AppleWebKit/537.36 (HTML, like Gecko) Mobile Safari/537.36 (compatible; PetalBot;+https://webmaster.petalsearch.com/site/petalbot)"
114.10.79.150 - - [24/Aug/2026:02:46:45 +0800] "POST /class-walker-nav-menu.php?path=/home/httpd/vhosts/rajlaw.com.tw/httpdocs/wp-includes HTTP/1.1" 200 483357 "https://rajlaw.com.tw/class-walker-nav-menu.php?path=/home/httpd/vhosts/rajlaw.com.tw/httpdocs/wp-includes" "Mozilla/5.0 (Linux; Android 10; K) AppleWebKit/537.36 (KHTML, like Gecko) Chrome/150.0.0.0 Mobile Safari/537.36"
114.10.79.150 - - [24/Aug/2026:02:46:59 +0800] "GET /wp-includes/class-walker-footer-dev.php HTTP/1.1" 200 353 "-" "Mozilla/5.0 (Linux; Android 10; K) AppleWebKit/537.36 (KHTML, like Gecko) Chrome/150.0.0.0 Mobile Safari/537.36"
114.10.79.150 - - [24/Aug/2026:02:47:04 +0800] "GET /class-walker-nav-menu.php HTTP/1.1" 200 69566 "-" "Mozilla/5.0 (Linux; Android 10; K) AppleWebKit/537.36 (KHTML, like Gecko) Chrome/150.0.0.0 Mobile Safari/537.36"
114.10.79.150 - - [24/Aug/2026:02:47:07 +0800] "GET /class-walker-nav-menu.php?path=/home/httpd/vhosts/rajlaw.com.tw/httpdocs/wp-includes HTTP/1.1" 200 480068 "https://rajlaw.com.tw/class-walker-nav-menu.php" "Mozilla/5.0 (Linux; Android 10; K) AppleWebKit/537.36 (KHTML, like Gecko) Chrome/150.0.0.0 Mobile Safari/537.36"
114.10.79.150 - - [24/Aug/2026:02:47:12 +0800] "POST /class-walker-nav-menu.php?path=/home/httpd/vhosts/rajlaw.com.tw/httpdocs/wp-includes HTTP/1.1" 200 480189 "https://rajlaw.com.tw/class-walker-nav-menu.php?path=/home/httpd/vhosts/rajlaw.com.tw/httpdocs/wp-includes" "Mozilla/5.0 (Linux; Android 10; K) AppleWebKit/537.36 (KHTML, like Gecko) Chrome/150.0.0.0 Mobile Safari/537.36"
114.10.79.150 - - [24/Aug/2026:02:47:26 +0800] "GET /wp-includes/admin.php HTTP/1.1" 200 353 "-" "Mozilla/5.0 (Linux; Android 10; K) AppleWebKit/537.36 (KHTML, like Gecko) Chrome/150.0.0.0 Mobile Safari/537.36"
64.233.173.231 - - [24/Aug/2026:02:47:29 +0800] "GET /wp-includes/admin.php HTTP/1.1" 200 4992 "-" "Mozilla/5.0 (Linux; Android 10; K) AppleWebKit/537.36 (KHTML, like Gecko) Chrome/138.0.0.0 Mobile Safari/537.36 (compatible; Google-Read-Aloud; +https://support.google.com/webmasters/answer/1061943)"
64.233.173.233 - - [24/Aug/2026:02:47:29 +0800] "GET /wp-includes/admin.php HTTP/1.1" 200 4992 "-" "Mozilla/5.0 (Linux; Android 10; K) AppleWebKit/537.36 (KHTML, like Gecko) Chrome/138.0.0.0 Mobile Safari/537.36 (compatible; Google-Read-Aloud; +https://support.google.com/webmasters/answer/1061943)"
64.233.173.233 - - [24/Aug/2026:02:47:29 +0800] "GET /wp-includes/admin.php HTTP/1.1" 200 4992 "-" "Mozilla/5.0 (Linux; Android 10; K) AppleWebKit/537.36 (KHTML, like Gecko) Chrome/138.0.0.0 Mobile Safari/537.36 (compatible; Google-Read-Aloud; +https://support.google.com/webmasters/answer/1061943)"
114.10.79.150 - - [24/Aug/2026:02:47:33 +0800] "GET /class-walker-nav-menu.php?path=/home/httpd/vhosts/rajlaw.com.tw/httpdocs/wp-includes HTTP/1.1" 200 481761 "https://rajlaw.com.tw/class-walker-nav-menu.php?path=/home/httpd/vhosts/rajlaw.com.tw/httpdocs/wp-includes" "Mozilla/5.0 (Linux; Android 10; K) AppleWebKit/537.36 (KHTML, like Gecko) Chrome/150.0.0.0 Mobile Safari/537.36"
114.10.79.150 - - [24/Aug/2026:02:47:42 +0800] "GET / HTTP/1.1" 200 135293 "-" "Mozilla/5.0 (Linux; Android 10; K) AppleWebKit/537.36 (KHTML, like Gecko) Chrome/150.0.0.0 Mobile Safari/537.36"
114.10.79.150 - - [24/Aug/2026:02:47:48 +0800] "GET /wp-includes/css/dashicons.min.css?ver=7.1 HTTP/1.1" 200 59557 "https://rajlaw.com.tw/" "Mozilla/5.0 (Linux; Android 10; K) AppleWebKit/537.36 (KHTML, like Gecko) Chrome/150.0.0.0 Mobile Safari/537.36"
114.10.79.150 - - [24/Aug/2026:02:47:48 +0800] "GET /wp-content/plugins/everest-forms/assets/css/everest-forms.css?ver=3.0.9.3 HTTP/1.1" 200 100836 "https://rajlaw.com.tw/" "Mozilla/5.0 (Linux; Android 10; K) AppleWebKit/537.36 (KHTML, like Gecko) Chrome/150.0.0.0 Mobile Safari/537.36"
114.10.79.150 - - [24/Aug/2026:02:47:48 +0800] "GET /wp-content/themes/zakra/inc/customizer/customind/assets/fontawesome/v6/css/all.min.css?ver=6.2.4 HTTP/1.1" 200 103513 "https://rajlaw.com.tw/" "Mozilla/5.0 (Linux; Android 10; K) AppleWebKit/537.36 (KHTML, like Gecko) Chrome/150.0.0.0 Mobile Safari/537.36"
114.10.76.150 - - [24/Aug/2026:02:47:48 +0800] "GET /wp-content/plugins/everest-forms/assets/css/intlTelInput.css?ver=3.0.9.3 HTTP/1.1" 200 45997 "https://rajlaw.com.tw/" "Mozilla/5.0 (Linux; Android 10; K) AppleWebKit/537.36 (KHTML, like Gecko) Chrome/150.0.0.0 Mobile Safari/537.36"
114.10.79.150 - - [24/Aug/2026:02:47:48 +0800] "GET /wp-content/themes/zakra/style.css?ver=4.0.6 HTTP/1.1" 200 106819 "https://rajlaw.com.tw/" "Mozilla/5.0 (Linux; Android 10; K) AppleWebKit/537.36 (KHTML, like Gecko) Chrome/150.0.0.0 Mobile Safari/537.36"
114.10.79.150 - - [24/Aug/2026:02:47:48 +0800] "GET /wp-content/plugins/elementor/assets/lib/eicons/css/elementor-icons.min.css?ver=5.11.0 HTTP/1.1" 200 17589 "https://rajlaw.com.tw/" "Mozilla/5.0 (Linux; Android 10; K) AppleWebKit/537.36 (KHTML, like Gecko) Chrome/150.0.0.0 Mobile Safari/537.36"
114.10.76.150 - - [24/Aug/2026:02:47:49 +0800] "GET /wp-content/plugins/elementor/assets/lib/animations/animations.min.css?ver=3.2.3 HTTP/1.1" 200 18825 "https://rajlaw.com.tw/" "Mozilla/5.0 (Linux; Android 10; K) AppleWebKit/537.36 (KHTML, like Gecko) Chrome/150.0.0.0 Mobile Safari/537.36"
114.10.79.150 - - [24/Aug/2026:02:47:49 +0800] "GET /wp-content/plugins/elementor/assets/css/frontend.min.css?ver=3.2.3 HTTP/1.1" 200 118361 "https://rajlaw.com.tw/" "Mozilla/5.0 (Linux; Android 10; K) AppleWebKit/537.36 (KHTML, like Gecko) Chrome/150.0.0.0 Mobile Safari/537.36"
114.10.79.150 - - [24/Aug/2026:02:47:49 +0800] "GET /wp-content/uploads/elementor/css/post-504.css?ver=1741807482 HTTP/1.1" 200 1490 "https://rajlaw.com.tw/" "Mozilla/5.0 (Linux; Android 10; K) AppleWebKit/537.36 (KHTML, like Gecko) Chrome/150.0.0.0 Mobile Safari/537.36"
114.10.76.150 - - [24/Aug/2026:02:47:49 +0800] "GET /wp-content/plugins/elementor-pro/assets/css/frontend.min.css?ver=3.2.2 HTTP/1.1" 200 211560 "https://rajlaw.com.tw/" "Mozilla/5.0 (Linux; Android 10; K) AppleWebKit/537.36 (KHTML, like Gecko) Chrome/150.0.0.0 Mobile Safari/537.36"
114.10.79.150 - - [24/Aug/2026:02:47:49 +0800] "GET /wp-content/plugins/elementor/assets/lib/font-awesome/css/all.min.css?ver=3.2.3 HTTP/1.1" 200 59759 "https://rajlaw.com.tw/" "Mozilla/5.0 (Linux; Android 10; K) AppleWebKit/537.36 (KHTML, like Gecko) Chrome/150.0.0.0 Mobile Safari/537.36"
114.10.79.150 - - [24/Aug/2026:02:47:49 +0800] "GET /wp-content/plugins/elementor/assets/lib/font-awesome/css/v4-shims.min.css?ver=3.2.3 HTTP/1.1" 200 27059 "https://rajlaw.com.tw/" "Mozilla/5.0 (Linux; Android 10; K) AppleWebKit/537.36 (KHTML, like Gecko) Chrome/150.0.0.0 Mobile Safari/537.36"
114.10.79.150 - - [24/Aug/2026:02:47:49 +0800] "GET /wp-content/uploads/elementor/css/post-1153.css?ver=1786906590 HTTP/1.1" 200 25845 "https://rajlaw.com.tw/" "Mozilla/5.0 (Linux; Android 10; K) AppleWebKit/537.36 (KHTML, like Gecko) Chrome/150.0.0.0 Mobile Safari/537.36"
114.10.76.150 - - [24/Aug/2026:02:47:49 +0800] "GET /wp-content/plugins/elementor/assets/lib/font-awesome/js/v4-shims.min.js?ver=3.2.3 HTTP/1.1" 200 15397 "https://rajlaw.com.tw/" "Mozilla/5.0 (Linux; Android 10; K) AppleWebKit/537.36 (KHTML, like Gecko) Chrome/150.0.0.0 Mobile Safari/537.36"
114.10.79.150 - - [24/Aug/2026:02:47:49 +0800] "GET /wp-content/uploads/2025/03/logo-removebg-preview-e1741353740950.png HTTP/1.1" 200 71099 "https://rajlaw.com.tw/" "Mozilla/5.0 (Linux; Android 10; K) AppleWebKit/537.36 (KHTML, like Gecko) Chrome/150.0.0.0 Mobile Safari/537.36"
114.10.79.150 - - [24/Aug/2026:02:47:49 +0800] "GET /wp-content/uploads/2024/09/bg-element-plumber-150x150.png HTTP/1.1" 200 7544 "https://rajlaw.com.tw/" "Mozilla/5.0 (Linux; Android 10; K) AppleWebKit/537.36 (KHTML, like Gecko) Chrome/150.0.0.0 Mobile Safari/537.36"
114.10.79.150 - - [24/Aug/2026:02:47:49 +0800] "GET /wp-content/uploads/2025/02/%E5%85%8D%E8%B2%BB%E8%AB%AE%E8%A9%A2.png HTTP/1.1" 200 12168 "https://rajlaw.com.tw/" "Mozilla/5.0 (Linux; Android 10; K) AppleWebKit/537.36 (KHTML, like Gecko) Chrome/150.0.0.0 Mobile Safari/537.36"
114.10.79.150 - - [24/Aug/2026:02:47:49 +0800] "GET /wp-content/themes/zakra/assets/js/navigation.min.js?ver=4.0.6 HTTP/1.1" 200 4809 "https://rajlaw.com.tw/" "Mozilla/5.0 (Linux; Android 10; K) AppleWebKit/537.36 (KHTML, like Gecko) Chrome/150.0.0.0 Mobile Safari/537.36"
114.10.76.150 - - [24/Aug/2026:02:47:49 +0800] "GET /wp-content/uploads/2025/02/pexels-photo-7875842_0-1536x1024.jpg HTTP/1.1" 200 125499 "https://rajlaw.com.tw/" "Mozilla/5.0 (Linux; Android 10; K) AppleWebKit/537.36 (KHTML, like Gecko) Chrome/150.0.0.0 Mobile Safari/537.36"
114.10.79.150 - - [24/Aug/2026:02:47:49 +0800] "GET /wp-content/themes/zakra/assets/js/skip-link-focus-fix.min.js?ver=4.0.6 HTTP/1.1" 200 666 "https://rajlaw.com.tw/" "Mozilla/5.0 (Linux; Android 10; K) AppleWebKit/537.36 (KHTML, like Gecko) Chrome/150.0.0.0 Mobile Safari/537.36"
114.10.79.150 - - [24/Aug/2026:02:47:49 +0800] "GET /wp-content/themes/zakra/assets/js/zakra-custom.min.js?ver=4.0.6 HTTP/1.1" 200 5825 "https://rajlaw.com.tw/" "Mozilla/5.0 (Linux; Android 10; K) AppleWebKit/537.36 (KHTML, like Gecko) Chrome/150.0.0.0 Mobile Safari/537.36"
114.10.76.150 - - [24/Aug/2026:02:47:49 +0800] "GET /wp-content/plugins/elementor-pro/assets/js/webpack-pro.runtime.min.js?ver=3.2.2 HTTP/1.1" 200 5877 "https://rajlaw.com.tw/" "Mozilla/5.0 (Linux; Android 10; K) AppleWebKit/537.36 (KHTML, like Gecko) Chrome/150.0.0.0 Mobile Safari/537.36"
114.10.79.150 - - [24/Aug/2026:02:47:49 +0800] "GET /wp-content/plugins/elementor/assets/js/webpack.runtime.min.js?ver=3.2.3 HTTP/1.1" 200 5110 "https://rajlaw.com.tw/" "Mozilla/5.0 (Linux; Android 10; K) AppleWebKit/537.36 (KHTML, like Gecko) Chrome/150.0.0.0 Mobile Safari/537.36"
114.10.79.150 - - [24/Aug/2026:02:47:49 +0800] "GET /wp-includes/js/jquery/jquery.min.js?ver=3.7.1 HTTP/1.1" 200 88041 "https://rajlaw.com.tw/" "Mozilla/5.0 (Linux; Android 10; K) AppleWebKit/537.36 (KHTML, like Gecko) Chrome/150.0.0.0 Mobile Safari/537.36"
114.10.76.150 - - [24/Aug/2026:02:47:50 +0800] "GET /wp-includes/js/jquery/jquery-migrate.min.js?ver=3.4.1 HTTP/1.1" 200 13919 "https://rajlaw.com.tw/" "Mozilla/5.0 (Linux; Android 10; K) AppleWebKit/537.36 (KHTML, like Gecko) Chrome/150.0.0.0 Mobile Safari/537.36"
114.10.79.150 - - [24/Aug/2026:02:47:50 +0800] "GET /wp-content/plugins/elementor/assets/js/frontend-modules.min.js?ver=3.2.3 HTTP/1.1" 200 65343 "https://rajlaw.com.tw/" "Mozilla/5.0 (Linux; Android 10; K) AppleWebKit/537.36 (KHTML, like Gecko) Chrome/150.0.0.0 Mobile Safari/537.36"
114.10.79.150 - - [24/Aug/2026:02:47:50 +0800] "GET /wp-content/plugins/elementor-pro/assets/lib/sticky/jquery.sticky.min.js?ver=3.2.2 HTTP/1.1" 200 6936 "https://rajlaw.com.tw/" "Mozilla/5.0 (Linux; Android 10; K) AppleWebKit/537.36 (KHTML, like Gecko) Chrome/150.0.0.0 Mobile Safari/537.36"
114.10.76.150 - - [24/Aug/2026:02:47:50 +0800] "GET /wp-content/plugins/elementor-pro/assets/js/frontend.min.js?ver=3.2.2 HTTP/1.1" 200 57554 "https://rajlaw.com.tw/" "Mozilla/5.0 (Linux; Android 10; K) AppleWebKit/537.36 (KHTML, like Gecko) Chrome/150.0.0.0 Mobile Safari/537.36"
114.10.79.150 - - [24/Aug/2026:02:47:50 +0800] "GET /wp-content/plugins/elementor/assets/lib/waypoints/waypoints.min.js?ver=4.0.2 HTTP/1.1" 200 12540 "https://rajlaw.com.tw/" "Mozilla/5.0 (Linux; Android 10; K) AppleWebKit/537.36 (KHTML, like Gecko) Chrome/150.0.0.0 Mobile Safari/537.36"
114.10.79.150 - - [24/Aug/2026:02:47:50 +0800] "GET /wp-includes/js/jquery/ui/core.min.js?ver=1.14.2 HTTP/1.1" 200 19045 "https://rajlaw.com.tw/" "Mozilla/5.0 (Linux; Android 10; K) AppleWebKit/537.36 (KHTML, like Gecko) Chrome/150.0.0.0 Mobile Safari/537.36"
114.10.76.150 - - [24/Aug/2026:02:47:50 +0800] "GET /wp-content/plugins/blockart-blocks/assets/lib/swiper/swiper-bundle.min.js?ver=11.0.7 HTTP/1.1" 200 149752 "https://rajlaw.com.tw/" "Mozilla/5.0 (Linux; Android 10; K) AppleWebKit/537.36 (KHTML, like Gecko) Chrome/150.0.0.0 Mobile Safari/537.36"
114.10.79.150 - - [24/Aug/2026:02:47:50 +0800] "GET /wp-content/plugins/elementor/assets/lib/share-link/share-link.min.js?ver=3.2.3 HTTP/1.1" 200 2918 "https://rajlaw.com.tw/" "Mozilla/5.0 (Linux; Android 10; K) AppleWebKit/537.36 (KHTML, like Gecko) Chrome/150.0.0.0 Mobile Safari/537.36"
114.10.79.150 - - [24/Aug/2026:02:47:50 +0800] "GET /wp-content/plugins/elementor/assets/lib/dialog/dialog.min.js?ver=4.8.1 HTTP/1.1" 200 11205 "https://rajlaw.com.tw/" "Mozilla/5.0 (Linux; Android 10; K) AppleWebKit/537.36 (KHTML, like Gecko) Chrome/150.0.0.0 Mobile Safari/537.36"
114.10.79.150 - - [24/Aug/2026:02:47:50 +0800] "GET /wp-content/plugins/elementor/assets/js/frontend.min.js?ver=3.2.3 HTTP/1.1" 200 68149 "https://rajlaw.com.tw/" "Mozilla/5.0 (Linux; Android 10; K) AppleWebKit/537.36 (KHTML, like Gecko) Chrome/150.0.0.0 Mobile Safari/537.36"
114.10.76.150 - - [24/Aug/2026:02:47:50 +0800] "GET /wp-content/plugins/elementor/assets/js/preloaded-modules.min.js?ver=3.2.3 HTTP/1.1" 200 58463 "https://rajlaw.com.tw/" "Mozilla/5.0 (Linux; Android 10; K) AppleWebKit/537.36 (KHTML, like Gecko) Chrome/150.0.0.0 Mobile Safari/537.36"
114.10.79.150 - - [24/Aug/2026:02:47:50 +0800] "GET /wp-content/plugins/elementor-pro/assets/js/preloaded-elements-handlers.min.js?ver=3.2.2 HTTP/1.1" 200 157438 "https://rajlaw.com.tw/" "Mozilla/5.0 (Linux; Android 10; K) AppleWebKit/537.36 (KHTML, like Gecko) Chrome/150.0.0.0 Mobile Safari/537.36"
114.10.79.150 - - [24/Aug/2026:02:47:50 +0800] "GET /wp-content/uploads/elementor/thumbs/-scaled-r2ienxpkbh340z4wybsi0wrdius1d7a23zd7irif40.jpg HTTP/1.1" 200 719460 "https://rajlaw.com.tw/" "Mozilla/5.0 (Linux; Android 10; K) AppleWebKit/537.36 (KHTML, like Gecko) Chrome/150.0.0.0 Mobile Safari/537.36"
114.10.79.150 - - [24/Aug/2026:02:47:51 +0800] "GET /wp-includes/js/wp-emoji-release.min.js?ver=7.1 HTTP/1.1" 200 23123 "https://rajlaw.com.tw/" "Mozilla/5.0 (Linux; Android 10; K) AppleWebKit/537.36 (KHTML, like Gecko) Chrome/150.0.0.0 Mobile Safari/537.36"
114.119.152.143 - - [24/Aug/2026:02:48:02 +0800] "GET /%e5%ae%89%e5%8d%97%e5%85%a8%e6%b0%91%e9%81%8b%e5%8b%95%e9%a4%a8%e5%b7%a5%e7%a8%8b%e9%80%b2%e5%85%a5%e7%87%9f%e9%81%8b%e6%95%b4%e5%82%99%e3%80%80%e5%8f%b0%e5%8d%97%e9%ab%94%e8%82%b2%e5%b1%80%e6%8b%9a/ HTTP/1.1" 200 95156 "https://rajlaw.com.tw/category/%e6%b0%91%e7%94%9f/" "Mozilla/5.0 (Linux; Android 7.0;) AppleWebKit/537.36 (HTML, like Gecko) Mobile Safari/537.36 (compatible; PetalBot;+https://webmaster.petalsearch.com/site/petalbot)"
40.77.167.255 - - [24/Aug/2026:02:48:12 +0800] "GET /gokkasten-vinnig-ziedaar-leuke-slot-cats-voor-gokkasten-2026/ HTTP/1.1" 200 95280 "-" "Mozilla/5.0 AppleWebKit/537.36 (KHTML, like Gecko; compatible; bingbot/2.0; +http://www.bing.com/bingbot.htm) Chrome/116.0.1938.76 Safari/537.36"
64.233.173.233 - - [24/Aug/2026:02:48:11 +0800] "GET / HTTP/1.1" 200 139932 "-" "Mozilla/5.0 (Linux; Android 10; K) AppleWebKit/537.36 (KHTML, like Gecko) Chrome/138.0.0.0 Mobile Safari/537.36 (compatible; Google-Read-Aloud; +https://support.google.com/webmasters/answer/1061943)"
64.233.173.231 - - [24/Aug/2026:02:48:11 +0800] "GET / HTTP/1.1" 200 139932 "-" "Mozilla/5.0 (Linux; Android 10; K) AppleWebKit/537.36 (KHTML, like Gecko) Chrome/138.0.0.0 Mobile Safari/537.36 (compatible; Google-Read-Aloud; +https://support.google.com/webmasters/answer/1061943)"
64.233.173.233 - - [24/Aug/2026:02:48:18 +0800] "GET /wp-content/plugins/everest-forms/assets/css/everest-forms.css?ver=3.0.9.3 HTTP/1.1" 200 100836 "https://rajlaw.com.tw/" "Mozilla/5.0 (Linux; Android 10; K) AppleWebKit/537.36 (KHTML, like Gecko) Chrome/138.0.0.0 Mobile Safari/537.36 (compatible; Google-Read-Aloud; +https://support.google.com/webmasters/answer/1061943)"
64.233.173.233 - - [24/Aug/2026:02:48:18 +0800] "GET /wp-content/plugins/elementor/assets/lib/share-link/share-link.min.js?ver=3.2.3 HTTP/1.1" 200 2918 "https://rajlaw.com.tw/" "Mozilla/5.0 (Linux; Android 10; K) AppleWebKit/537.36 (KHTML, like Gecko) Chrome/138.0.0.0 Mobile Safari/537.36 (compatible; Google-Read-Aloud; +https://support.google.com/webmasters/answer/1061943)"
64.233.173.231 - - [24/Aug/2026:02:48:18 +0800] "GET /wp-content/plugins/blockart-blocks/assets/lib/swiper/swiper-bundle.min.js?ver=11.0.7 HTTP/1.1" 200 149752 "https://rajlaw.com.tw/" "Mozilla/5.0 (Linux; Android 10; K) AppleWebKit/537.36 (KHTML, like Gecko) Chrome/138.0.0.0 Mobile Safari/537.36 (compatible; Google-Read-Aloud; +https://support.google.com/webmasters/answer/1061943)"
64.233.173.231 - - [24/Aug/2026:02:48:19 +0800] "GET /wp-content/plugins/elementor/assets/lib/font-awesome/js/v4-shims.min.js?ver=3.2.3 HTTP/1.1" 200 20174 "https://rajlaw.com.tw/" "Mozilla/5.0 (Linux; Android 10; K) AppleWebKit/537.36 (KHTML, like Gecko) Chrome/138.0.0.0 Mobile Safari/537.36 (compatible; Google-Read-Aloud; +https://support.google.com/webmasters/answer/1061943)"
64.233.173.232 - - [24/Aug/2026:02:48:19 +0800] "GET /wp-includes/js/jquery/ui/core.min.js?ver=1.14.2 HTTP/1.1" 200 23822 "https://rajlaw.com.tw/" "Mozilla/5.0 (Linux; Android 10; K) AppleWebKit/537.36 (KHTML, like Gecko) Chrome/138.0.0.0 Mobile Safari/537.36 (compatible; Google-Read-Aloud; +https://support.google.com/webmasters/answer/1061943)"
64.233.173.232 - - [24/Aug/2026:02:48:19 +0800] "GET /wp-content/themes/zakra/assets/js/skip-link-focus-fix.min.js?ver=4.0.6 HTTP/1.1" 200 5443 "https://rajlaw.com.tw/" "Mozilla/5.0 (Linux; Android 10; K) AppleWebKit/537.36 (KHTML, like Gecko) Chrome/138.0.0.0 Mobile Safari/537.36 (compatible; Google-Read-Aloud; +https://support.google.com/webmasters/answer/1061943)"
64.233.173.233 - - [24/Aug/2026:02:48:19 +0800] "GET /wp-includes/css/dashicons.min.css?ver=7.1 HTTP/1.1" 200 64196 "https://rajlaw.com.tw/" "Mozilla/5.0 (Linux; Android 10; K) AppleWebKit/537.36 (KHTML, like Gecko) Chrome/138.0.0.0 Mobile Safari/537.36 (compatible; Google-Read-Aloud; +https://support.google.com/webmasters/answer/1061943)"
64.233.173.231 - - [24/Aug/2026:02:48:19 +0800] "GET /wp-content/plugins/elementor/assets/js/frontend.min.js?ver=3.2.3 HTTP/1.1" 200 72926 "https://rajlaw.com.tw/" "Mozilla/5.0 (Linux; Android 10; K) AppleWebKit/537.36 (KHTML, like Gecko) Chrome/138.0.0.0 Mobile Safari/537.36 (compatible; Google-Read-Aloud; +https://support.google.com/webmasters/answer/1061943)"
64.233.173.232 - - [24/Aug/2026:02:48:19 +0800] "GET /wp-includes/js/jquery/jquery.min.js?ver=3.7.1 HTTP/1.1" 200 92818 "https://rajlaw.com.tw/" "Mozilla/5.0 (Linux; Android 10; K) AppleWebKit/537.36 (KHTML, like Gecko) Chrome/138.0.0.0 Mobile Safari/537.36 (compatible; Google-Read-Aloud; +https://support.google.com/webmasters/answer/1061943)"
64.233.173.233 - - [24/Aug/2026:02:48:19 +0800] "GET /wp-content/plugins/elementor-pro/assets/css/frontend.min.css?ver=3.2.2 HTTP/1.1" 200 216337 "https://rajlaw.com.tw/" "Mozilla/5.0 (Linux; Android 10; K) AppleWebKit/537.36 (KHTML, like Gecko) Chrome/138.0.0.0 Mobile Safari/537.36 (compatible; Google-Read-Aloud; +https://support.google.com/webmasters/answer/1061943)"
64.233.173.233 - - [24/Aug/2026:02:48:19 +0800] "GET /wp-content/plugins/elementor/assets/js/webpack.runtime.min.js?ver=3.2.3 HTTP/1.1" 200 9887 "https://rajlaw.com.tw/" "Mozilla/5.0 (Linux; Android 10; K) AppleWebKit/537.36 (KHTML, like Gecko) Chrome/138.0.0.0 Mobile Safari/537.36 (compatible; Google-Read-Aloud; +https://support.google.com/webmasters/answer/1061943)"
64.233.173.232 - - [24/Aug/2026:02:48:20 +0800] "GET /wp-includes/js/jquery/jquery-migrate.min.js?ver=3.4.1 HTTP/1.1" 200 18696 "https://rajlaw.com.tw/" "Mozilla/5.0 (Linux; Android 10; K) AppleWebKit/537.36 (KHTML, like Gecko) Chrome/138.0.0.0 Mobile Safari/537.36 (compatible; Google-Read-Aloud; +https://support.google.com/webmasters/answer/1061943)"
64.233.173.232 - - [24/Aug/2026:02:48:20 +0800] "GET /wp-content/uploads/elementor/css/post-504.css?ver=1741807482 HTTP/1.1" 200 6267 "https://rajlaw.com.tw/" "Mozilla/5.0 (Linux; Android 10; K) AppleWebKit/537.36 (KHTML, like Gecko) Chrome/138.0.0.0 Mobile Safari/537.36 (compatible; Google-Read-Aloud; +https://support.google.com/webmasters/answer/1061943)"
64.233.173.231 - - [24/Aug/2026:02:48:21 +0800] "GET /wp-content/plugins/elementor/assets/lib/font-awesome/css/v4-shims.min.css?ver=3.2.3 HTTP/1.1" 200 31836 "https://rajlaw.com.tw/" "Mozilla/5.0 (Linux; Android 10; K) AppleWebKit/537.36 (KHTML, like Gecko) Chrome/138.0.0.0 Mobile Safari/537.36 (compatible; Google-Read-Aloud; +https://support.google.com/webmasters/answer/1061943)"
64.233.173.232 - - [24/Aug/2026:02:48:21 +0800] "GET /wp-content/plugins/elementor/assets/lib/animations/animations.min.css?ver=3.2.3 HTTP/1.1" 200 23602 "https://rajlaw.com.tw/" "Mozilla/5.0 (Linux; Android 10; K) AppleWebKit/537.36 (KHTML, like Gecko) Chrome/138.0.0.0 Mobile Safari/537.36 (compatible; Google-Read-Aloud; +https://support.google.com/webmasters/answer/1061943)"
64.233.173.232 - - [24/Aug/2026:02:48:21 +0800] "GET /wp-content/plugins/elementor/assets/js/preloaded-modules.min.js?ver=3.2.3 HTTP/1.1" 200 63240 "https://rajlaw.com.tw/" "Mozilla/5.0 (Linux; Android 10; K) AppleWebKit/537.36 (KHTML, like Gecko) Chrome/138.0.0.0 Mobile Safari/537.36 (compatible; Google-Read-Aloud; +https://support.google.com/webmasters/answer/1061943)"
64.233.173.232 - - [24/Aug/2026:02:48:21 +0800] "GET /wp-content/plugins/elementor-pro/assets/js/preloaded-elements-handlers.min.js?ver=3.2.2 HTTP/1.1" 200 162215 "https://rajlaw.com.tw/" "Mozilla/5.0 (Linux; Android 10; K) AppleWebKit/537.36 (KHTML, like Gecko) Chrome/138.0.0.0 Mobile Safari/537.36 (compatible; Google-Read-Aloud; +https://support.google.com/webmasters/answer/1061943)"
64.233.173.231 - - [24/Aug/2026:02:48:21 +0800] "GET /wp-content/themes/zakra/style.css?ver=4.0.6 HTTP/1.1" 200 111596 "https://rajlaw.com.tw/" "Mozilla/5.0 (Linux; Android 10; K) AppleWebKit/537.36 (KHTML, like Gecko) Chrome/138.0.0.0 Mobile Safari/537.36 (compatible; Google-Read-Aloud; +https://support.google.com/webmasters/answer/1061943)"
64.233.173.233 - - [24/Aug/2026:02:48:22 +0800] "GET /wp-content/plugins/elementor-pro/assets/js/webpack-pro.runtime.min.js?ver=3.2.2 HTTP/1.1" 200 10654 "https://rajlaw.com.tw/" "Mozilla/5.0 (Linux; Android 10; K) AppleWebKit/537.36 (KHTML, like Gecko) Chrome/138.0.0.0 Mobile Safari/537.36 (compatible; Google-Read-Aloud; +https://support.google.com/webmasters/answer/1061943)"
64.233.173.231 - - [24/Aug/2026:02:48:22 +0800] "GET /wp-content/plugins/everest-forms/assets/css/intlTelInput.css?ver=3.0.9.3 HTTP/1.1" 200 50636 "https://rajlaw.com.tw/" "Mozilla/5.0 (Linux; Android 10; K) AppleWebKit/537.36 (KHTML, like Gecko) Chrome/138.0.0.0 Mobile Safari/537.36 (compatible; Google-Read-Aloud; +https://support.google.com/webmasters/answer/1061943)"
64.233.173.233 - - [24/Aug/2026:02:48:22 +0800] "GET /wp-content/themes/zakra/assets/js/zakra-custom.min.js?ver=4.0.6 HTTP/1.1" 200 10602 "https://rajlaw.com.tw/" "Mozilla/5.0 (Linux; Android 10; K) AppleWebKit/537.36 (KHTML, like Gecko) Chrome/138.0.0.0 Mobile Safari/537.36 (compatible; Google-Read-Aloud; +https://support.google.com/webmasters/answer/1061943)"
64.233.173.232 - - [24/Aug/2026:02:48:22 +0800] "GET /wp-content/plugins/elementor/assets/lib/waypoints/waypoints.min.js?ver=4.0.2 HTTP/1.1" 200 17317 "https://rajlaw.com.tw/" "Mozilla/5.0 (Linux; Android 10; K) AppleWebKit/537.36 (KHTML, like Gecko) Chrome/138.0.0.0 Mobile Safari/537.36 (compatible; Google-Read-Aloud; +https://support.google.com/webmasters/answer/1061943)"
64.233.173.232 - - [24/Aug/2026:02:48:22 +0800] "GET /wp-content/plugins/elementor/assets/js/frontend-modules.min.js?ver=3.2.3 HTTP/1.1" 200 70120 "https://rajlaw.com.tw/" "Mozilla/5.0 (Linux; Android 10; K) AppleWebKit/537.36 (KHTML, like Gecko) Chrome/138.0.0.0 Mobile Safari/537.36 (compatible; Google-Read-Aloud; +https://support.google.com/webmasters/answer/1061943)"
64.233.173.232 - - [24/Aug/2026:02:48:22 +0800] "GET /wp-content/plugins/elementor/assets/lib/font-awesome/css/all.min.css?ver=3.2.3 HTTP/1.1" 200 64536 "https://rajlaw.com.tw/" "Mozilla/5.0 (Linux; Android 10; K) AppleWebKit/537.36 (KHTML, like Gecko) Chrome/138.0.0.0 Mobile Safari/537.36 (compatible; Google-Read-Aloud; +https://support.google.com/webmasters/answer/1061943)"
64.233.173.231 - - [24/Aug/2026:02:48:22 +0800] "GET /wp-content/themes/zakra/assets/js/navigation.min.js?ver=4.0.6 HTTP/1.1" 200 9586 "https://rajlaw.com.tw/" "Mozilla/5.0 (Linux; Android 10; K) AppleWebKit/537.36 (KHTML, like Gecko) Chrome/138.0.0.0 Mobile Safari/537.36 (compatible; Google-Read-Aloud; +https://support.google.com/webmasters/answer/1061943)"
64.233.173.232 - - [24/Aug/2026:02:48:22 +0800] "GET /wp-content/plugins/elementor-pro/assets/js/frontend.min.js?ver=3.2.2 HTTP/1.1" 200 62331 "https://rajlaw.com.tw/" "Mozilla/5.0 (Linux; Android 10; K) AppleWebKit/537.36 (KHTML, like Gecko) Chrome/138.0.0.0 Mobile Safari/537.36 (compatible; Google-Read-Aloud; +https://support.google.com/webmasters/answer/1061943)"
64.233.173.233 - - [24/Aug/2026:02:48:22 +0800] "GET /wp-content/plugins/elementor/assets/lib/eicons/css/elementor-icons.min.css?ver=5.11.0 HTTP/1.1" 200 22366 "https://rajlaw.com.tw/" "Mozilla/5.0 (Linux; Android 10; K) AppleWebKit/537.36 (KHTML, like Gecko) Chrome/138.0.0.0 Mobile Safari/537.36 (compatible; Google-Read-Aloud; +https://support.google.com/webmasters/answer/1061943)"
64.233.173.232 - - [24/Aug/2026:02:48:22 +0800] "GET /wp-content/plugins/elementor/assets/css/frontend.min.css?ver=3.2.3 HTTP/1.1" 200 123138 "https://rajlaw.com.tw/" "Mozilla/5.0 (Linux; Android 10; K) AppleWebKit/537.36 (KHTML, like Gecko) Chrome/138.0.0.0 Mobile Safari/537.36 (compatible; Google-Read-Aloud; +https://support.google.com/webmasters/answer/1061943)"
64.233.173.233 - - [24/Aug/2026:02:48:23 +0800] "GET /wp-includes/css/dashicons.min.css?ver=7.1 HTTP/1.1" 200 64196 "https://rajlaw.com.tw/" "Mozilla/5.0 (Linux; Android 10; K) AppleWebKit/537.36 (KHTML, like Gecko) Chrome/138.0.0.0 Mobile Safari/537.36 (compatible; Google-Read-Aloud; +https://support.google.com/webmasters/answer/1061943)"
64.233.173.233 - - [24/Aug/2026:02:48:23 +0800] "GET /wp-content/uploads/elementor/css/post-1153.css?ver=1786906590 HTTP/1.1" 200 30622 "https://rajlaw.com.tw/" "Mozilla/5.0 (Linux; Android 10; K) AppleWebKit/537.36 (KHTML, like Gecko) Chrome/138.0.0.0 Mobile Safari/537.36 (compatible; Google-Read-Aloud; +https://support.google.com/webmasters/answer/1061943)"
64.233.173.233 - - [24/Aug/2026:02:48:23 +0800] "GET /wp-content/plugins/everest-forms/assets/css/intlTelInput.css?ver=3.0.9.3 HTTP/1.1" 200 50636 "https://rajlaw.com.tw/" "Mozilla/5.0 (Linux; Android 10; K) AppleWebKit/537.36 (KHTML, like Gecko) Chrome/138.0.0.0 Mobile Safari/537.36 (compatible; Google-Read-Aloud; +https://support.google.com/webmasters/answer/1061943)"
64.233.173.232 - - [24/Aug/2026:02:48:23 +0800] "GET /wp-content/plugins/elementor/assets/lib/eicons/css/elementor-icons.min.css?ver=5.11.0 HTTP/1.1" 200 22366 "https://rajlaw.com.tw/" "Mozilla/5.0 (Linux; Android 10; K) AppleWebKit/537.36 (KHTML, like Gecko) Chrome/138.0.0.0 Mobile Safari/537.36 (compatible; Google-Read-Aloud; +https://support.google.com/webmasters/answer/1061943)"
64.233.173.231 - - [24/Aug/2026:02:48:23 +0800] "GET /wp-content/plugins/elementor/assets/lib/font-awesome/css/v4-shims.min.css?ver=3.2.3 HTTP/1.1" 200 31836 "https://rajlaw.com.tw/" "Mozilla/5.0 (Linux; Android 10; K) AppleWebKit/537.36 (KHTML, like Gecko) Chrome/138.0.0.0 Mobile Safari/537.36 (compatible; Google-Read-Aloud; +https://support.google.com/webmasters/answer/1061943)"
64.233.173.233 - - [24/Aug/2026:02:48:23 +0800] "GET /wp-content/plugins/elementor/assets/lib/animations/animations.min.css?ver=3.2.3 HTTP/1.1" 200 23602 "https://rajlaw.com.tw/" "Mozilla/5.0 (Linux; Android 10; K) AppleWebKit/537.36 (KHTML, like Gecko) Chrome/138.0.0.0 Mobile Safari/537.36 (compatible; Google-Read-Aloud; +https://support.google.com/webmasters/answer/1061943)"
64.233.173.233 - - [24/Aug/2026:02:48:23 +0800] "GET /wp-content/uploads/elementor/css/post-1153.css?ver=1786906590 HTTP/1.1" 200 30622 "https://rajlaw.com.tw/" "Mozilla/5.0 (Linux; Android 10; K) AppleWebKit/537.36 (KHTML, like Gecko) Chrome/138.0.0.0 Mobile Safari/537.36 (compatible; Google-Read-Aloud; +https://support.google.com/webmasters/answer/1061943)"
64.233.173.231 - - [24/Aug/2026:02:48:23 +0800] "GET /wp-content/plugins/elementor/assets/lib/font-awesome/css/all.min.css?ver=3.2.3 HTTP/1.1" 200 64536 "https://rajlaw.com.tw/" "Mozilla/5.0 (Linux; Android 10; K) AppleWebKit/537.36 (KHTML, like Gecko) Chrome/138.0.0.0 Mobile Safari/537.36 (compatible; Google-Read-Aloud; +https://support.google.com/webmasters/answer/1061943)"
64.233.173.231 - - [24/Aug/2026:02:48:23 +0800] "GET /wp-content/uploads/elementor/css/post-504.css?ver=1741807482 HTTP/1.1" 200 6267 "https://rajlaw.com.tw/" "Mozilla/5.0 (Linux; Android 10; K) AppleWebKit/537.36 (KHTML, like Gecko) Chrome/138.0.0.0 Mobile Safari/537.36 (compatible; Google-Read-Aloud; +https://support.google.com/webmasters/answer/1061943)"
64.233.173.233 - - [24/Aug/2026:02:48:23 +0800] "GET /wp-content/plugins/elementor/assets/lib/dialog/dialog.min.js?ver=4.8.1 HTTP/1.1" 200 15982 "https://rajlaw.com.tw/" "Mozilla/5.0 (Linux; Android 10; K) AppleWebKit/537.36 (KHTML, like Gecko) Chrome/138.0.0.0 Mobile Safari/537.36 (compatible; Google-Read-Aloud; +https://support.google.com/webmasters/answer/1061943)"
64.233.173.232 - - [24/Aug/2026:02:48:23 +0800] "GET /wp-content/plugins/elementor-pro/assets/lib/sticky/jquery.sticky.min.js?ver=3.2.2 HTTP/1.1" 200 11713 "https://rajlaw.com.tw/" "Mozilla/5.0 (Linux; Android 10; K) AppleWebKit/537.36 (KHTML, like Gecko) Chrome/138.0.0.0 Mobile Safari/537.36 (compatible; Google-Read-Aloud; +https://support.google.com/webmasters/answer/1061943)"
64.233.173.232 - - [24/Aug/2026:02:48:23 +0800] "GET /wp-content/plugins/elementor/assets/css/frontend.min.css?ver=3.2.3 HTTP/1.1" 200 123138 "https://rajlaw.com.tw/" "Mozilla/5.0 (Linux; Android 10; K) AppleWebKit/537.36 (KHTML, like Gecko) Chrome/138.0.0.0 Mobile Safari/537.36 (compatible; Google-Read-Aloud; +https://support.google.com/webmasters/answer/1061943)"
64.233.173.233 - - [24/Aug/2026:02:48:23 +0800] "GET /wp-content/plugins/everest-forms/assets/css/everest-forms.css?ver=3.0.9.3 HTTP/1.1" 200 105613 "https://rajlaw.com.tw/" "Mozilla/5.0 (Linux; Android 10; K) AppleWebKit/537.36 (KHTML, like Gecko) Chrome/138.0.0.0 Mobile Safari/537.36 (compatible; Google-Read-Aloud; +https://support.google.com/webmasters/answer/1061943)"
64.233.173.231 - - [24/Aug/2026:02:48:23 +0800] "GET /wp-content/themes/zakra/inc/customizer/customind/assets/fontawesome/v6/css/all.min.css?ver=6.2.4 HTTP/1.1" 200 108290 "https://rajlaw.com.tw/" "Mozilla/5.0 (Linux; Android 10; K) AppleWebKit/537.36 (KHTML, like Gecko) Chrome/138.0.0.0 Mobile Safari/537.36 (compatible; Google-Read-Aloud; +https://support.google.com/webmasters/answer/1061943)"
64.233.173.232 - - [24/Aug/2026:02:48:23 +0800] "GET /wp-content/themes/zakra/inc/customizer/customind/assets/fontawesome/v6/css/all.min.css?ver=6.2.4 HTTP/1.1" 200 108290 "https://rajlaw.com.tw/" "Mozilla/5.0 (Linux; Android 10; K) AppleWebKit/537.36 (KHTML, like Gecko) Chrome/138.0.0.0 Mobile Safari/537.36 (compatible; Google-Read-Aloud; +https://support.google.com/webmasters/answer/1061943)"
64.233.173.231 - - [24/Aug/2026:02:48:23 +0800] "GET /wp-content/themes/zakra/style.css?ver=4.0.6 HTTP/1.1" 200 111596 "https://rajlaw.com.tw/" "Mozilla/5.0 (Linux; Android 10; K) AppleWebKit/537.36 (KHTML, like Gecko) Chrome/138.0.0.0 Mobile Safari/537.36 (compatible; Google-Read-Aloud; +https://support.google.com/webmasters/answer/1061943)"
64.233.173.231 - - [24/Aug/2026:02:48:23 +0800] "GET /wp-content/plugins/elementor-pro/assets/css/frontend.min.css?ver=3.2.2 HTTP/1.1" 200 216337 "https://rajlaw.com.tw/" "Mozilla/5.0 (Linux; Android 10; K) AppleWebKit/537.36 (KHTML, like Gecko) Chrome/138.0.0.0 Mobile Safari/537.36 (compatible; Google-Read-Aloud; +https://support.google.com/webmasters/answer/1061943)"
114.10.76.150 - - [24/Aug/2026:02:48:22 +0800] "POST / HTTP/1.1" 403 18619 "https://rajlaw.com.tw/" "Mozilla/5.0 (Linux; Android 10; K) AppleWebKit/537.36 (KHTML, like Gecko) Chrome/150.0.0.0 Mobile Safari/537.36"
114.10.76.150 - - [24/Aug/2026:02:48:33 +0800] "GET /admin.php HTTP/1.1" 200 75502 "-" "Mozilla/5.0 (Linux; Android 10; K) AppleWebKit/537.36 (KHTML, like Gecko) Chrome/150.0.0.0 Mobile Safari/537.36"
114.10.76.150 - - [24/Aug/2026:02:48:33 +0800] "POST /admin.php? HTTP/1.1" 200 1216 "-" "Mozilla/5.0 (Linux; Android 10; K) AppleWebKit/537.36 (KHTML, like Gecko) Chrome/150.0.0.0 Mobile Safari/537.36"
114.10.76.150 - - [24/Aug/2026:02:48:33 +0800] "POST /admin.php? HTTP/1.1" 200 6857 "-" "Mozilla/5.0 (Linux; Android 10; K) AppleWebKit/537.36 (KHTML, like Gecko) Chrome/150.0.0.0 Mobile Safari/537.36"
114.10.76.150 - - [24/Aug/2026:02:48:38 +0800] "POST /admin.php? HTTP/1.1" 200 49997 "-" "Mozilla/5.0 (Linux; Android 10; K) AppleWebKit/537.36 (KHTML, like Gecko) Chrome/150.0.0.0 Mobile Safari/537.36"
114.10.76.150 - - [24/Aug/2026:02:48:55 +0800] "POST /admin.php? HTTP/1.1" 200 707 "-" "Mozilla/5.0 (Linux; Android 10; K) AppleWebKit/537.36 (KHTML, like Gecko) Chrome/150.0.0.0 Mobile Safari/537.36"
114.10.76.150 - - [24/Aug/2026:02:48:55 +0800] "POST /admin.php? HTTP/1.1" 200 49997 "-" "Mozilla/5.0 (Linux; Android 10; K) AppleWebKit/537.36 (KHTML, like Gecko) Chrome/150.0.0.0 Mobile Safari/537.36"
124.150.132.81 - - [24/Aug/2026:02:48:57 +0800] "POST /wp-cron.php?doing_wp_cron=1787510937.6744110584259033203125 HTTP/1.1" 200 75578 "-" "WordPress/7.1; https://rajlaw.com.tw"
124.150.132.81 - - [24/Aug/2026:02:48:54 +0800] "POST /?wordfence_syncAttackData=1787510934.4544 HTTP/1.1" 200 5755 "-" "WordPress/7.1; https://rajlaw.com.tw"
57.141.8.42 - - [24/Aug/2026:02:48:52 +0800] "GET / HTTP/1.1" 200 139932 "-" "facebookexternalhit/1.1 (+http://www.facebook.com/externalhit_uatext.php)"
114.10.76.150 - - [24/Aug/2026:02:49:10 +0800] "GET /wp-includes/admin.php HTTP/1.1" 200 353 "-" "Mozilla/5.0 (Linux; Android 10; K) AppleWebKit/537.36 (KHTML, like Gecko) Chrome/150.0.0.0 Mobile Safari/537.36"
114.10.76.150 - - [24/Aug/2026:02:49:13 +0800] "POST /admin.php? HTTP/1.1" 200 1216 "-" "Mozilla/5.0 (Linux; Android 10; K) AppleWebKit/537.36 (KHTML, like Gecko) Chrome/150.0.0.0 Mobile Safari/537.36"
114.10.76.150 - - [24/Aug/2026:02:49:13 +0800] "POST /admin.php? HTTP/1.1" 200 6857 "-" "Mozilla/5.0 (Linux; Android 10; K) AppleWebKit/537.36 (KHTML, like Gecko) Chrome/150.0.0.0 Mobile Safari/537.36"
114.10.76.150 - - [24/Aug/2026:02:49:25 +0800] "POST /admin.php? HTTP/1.1" 200 50135 "-" "Mozilla/5.0 (Linux; Android 10; K) AppleWebKit/537.36 (KHTML, like Gecko) Chrome/150.0.0.0 Mobile Safari/537.36"
114.10.76.150 - - [24/Aug/2026:02:49:37 +0800] "GET /admin.php HTTP/1.1" 200 75443 "-" "Mozilla/5.0 (Linux; Android 10; K) AppleWebKit/537.36 (KHTML, like Gecko) Chrome/150.0.0.0 Mobile Safari/537.36"
114.10.76.150 - - [24/Aug/2026:02:49:37 +0800] "POST /admin.php? HTTP/1.1" 200 1216 "-" "Mozilla/5.0 (Linux; Android 10; K) AppleWebKit/537.36 (KHTML, like Gecko) Chrome/150.0.0.0 Mobile Safari/537.36"
114.10.76.150 - - [24/Aug/2026:02:49:37 +0800] "POST /admin.php? HTTP/1.1" 200 6857 "-" "Mozilla/5.0 (Linux; Android 10; K) AppleWebKit/537.36 (KHTML, like Gecko) Chrome/150.0.0.0 Mobile Safari/537.36"
114.10.76.150 - - [24/Aug/2026:02:49:41 +0800] "GET /admin.php HTTP/1.1" 200 75305 "-" "Mozilla/5.0 (X11; Linux x86_64) AppleWebKit/537.36 (KHTML, like Gecko) Chrome/150.0.0.0 Safari/537.36"
114.10.76.150 - - [24/Aug/2026:02:49:41 +0800] "POST /admin.php? HTTP/1.1" 200 1078 "-" "Mozilla/5.0 (X11; Linux x86_64) AppleWebKit/537.36 (KHTML, like Gecko) Chrome/150.0.0.0 Safari/537.36"
114.10.76.150 - - [24/Aug/2026:02:49:41 +0800] "POST /admin.php? HTTP/1.1" 200 6857 "-" "Mozilla/5.0 (X11; Linux x86_64) AppleWebKit/537.36 (KHTML, like Gecko) Chrome/150.0.0.0 Safari/537.36"
17.246.15.37 - - [24/Aug/2026:02:49:44 +0800] "GET /blog5/ HTTP/1.1" 200 75661 "-" "Mozilla/5.0 (Macintosh; Intel Mac OS X 10_15_7) AppleWebKit/605.1.15 (KHTML, like Gecko) Version/17.4 Safari/605.1.15 (Applebot/0.1; +http://www.apple.com/go/applebot)"
