40.77.167.255 - - [24/Aug/2026:02:49:45 +0800] "GET /posteriore-al-bonus-di-cerimonia-sul-deposito-posso-pretendere-ancora-il-premio-di-50%ef%bf%bd-appata-regolazione/ HTTP/1.1" 200 75661 "-" "Mozilla/5.0 AppleWebKit/537.36 (KHTML, like Gecko; compatible; bingbot/2.0; +http://www.bing.com/bingbot.htm) Chrome/116.0.1938.76 Safari/537.36"
114.10.76.150 - - [24/Aug/2026:02:50:05 +0800] "POST /admin.php? HTTP/1.1" 200 656 "-" "Mozilla/5.0 (X11; Linux x86_64) AppleWebKit/537.36 (KHTML, like Gecko) Chrome/150.0.0.0 Safari/537.36"
114.10.76.150 - - [24/Aug/2026:02:50:05 +0800] "POST /admin.php? HTTP/1.1" 200 4682 "-" "Mozilla/5.0 (X11; Linux x86_64) AppleWebKit/537.36 (KHTML, like Gecko) Chrome/150.0.0.0 Safari/537.36"
114.10.76.150 - - [24/Aug/2026:02:50:07 +0800] "POST /admin.php? HTTP/1.1" 200 703 "-" "Mozilla/5.0 (X11; Linux x86_64) AppleWebKit/537.36 (KHTML, like Gecko) Chrome/150.0.0.0 Safari/537.36"
114.10.76.150 - - [24/Aug/2026:02:50:09 +0800] "POST /admin.php? HTTP/1.1" 200 4682 "-" "Mozilla/5.0 (X11; Linux x86_64) AppleWebKit/537.36 (KHTML, like Gecko) Chrome/150.0.0.0 Safari/537.36"
114.10.76.150 - - [24/Aug/2026:02:50:15 +0800] "POST /admin.php? HTTP/1.1" 200 633 "-" "Mozilla/5.0 (X11; Linux x86_64) AppleWebKit/537.36 (KHTML, like Gecko) Chrome/150.0.0.0 Safari/537.36"
114.10.76.150 - - [24/Aug/2026:02:50:15 +0800] "POST /admin.php? HTTP/1.1" 200 4531 "-" "Mozilla/5.0 (X11; Linux x86_64) AppleWebKit/537.36 (KHTML, like Gecko) Chrome/150.0.0.0 Safari/537.36"
114.10.76.150 - - [24/Aug/2026:02:50:18 +0800] "GET /admin.php HTTP/1.1" 200 75305 "-" "Mozilla/5.0 (X11; Linux x86_64) AppleWebKit/537.36 (KHTML, like Gecko) Chrome/150.0.0.0 Safari/537.36"
114.10.76.150 - - [24/Aug/2026:02:50:18 +0800] "POST /admin.php? HTTP/1.1" 200 1216 "-" "Mozilla/5.0 (X11; Linux x86_64) AppleWebKit/537.36 (KHTML, like Gecko) Chrome/150.0.0.0 Safari/537.36"
114.10.76.150 - - [24/Aug/2026:02:50:18 +0800] "POST /admin.php? HTTP/1.1" 200 4531 "-" "Mozilla/5.0 (X11; Linux x86_64) AppleWebKit/537.36 (KHTML, like Gecko) Chrome/150.0.0.0 Safari/537.36"
114.10.76.150 - - [24/Aug/2026:02:50:25 +0800] "GET /admin.php HTTP/1.1" 200 80082 "-" "WhatsApp/2.23.20.0"
40.77.167.255 - - [24/Aug/2026:02:50:42 +0800] "GET /that-one-makes-you-make-dumps-and-you-can-distributions-right-to-and-you-can-from-your-own-checking-account/ HTTP/1.1" 200 53773 "-" "Mozilla/5.0 AppleWebKit/537.36 (KHTML, like Gecko; compatible; bingbot/2.0; +http://www.bing.com/bingbot.htm) Chrome/116.0.1938.76 Safari/537.36"
57.141.0.3 - - [24/Aug/2026:02:51:41 +0800] "GET / HTTP/1.1" 200 53829 "-" "facebookexternalhit/1.1 (+http://www.facebook.com/externalhit_uatext.php)"
66.249.71.228 - - [24/Aug/2026:02:52:14 +0800] "GET /vsechny-bonusove-kody-bez-vkladu-v-oblasti-jackpotu-pro-nove-i-stavajici-hrace-cervenec-2026/ HTTP/1.1" 200 53829 "-" "Mozilla/5.0 (Linux; Android 6.0.1; Nexus 5X Build/MMB29P) AppleWebKit/537.36 (KHTML, like Gecko) Chrome/151.0.7922.137 Mobile Safari/537.36 (compatible; GoogleOther)"
40.77.167.255 - - [24/Aug/2026:02:52:34 +0800] "GET /2024/11/08/%E6%88%BF%E5%9C%B0%E5%90%88%E4%B8%80%E7%A8%85%E4%B9%8B%E4%BA%A4%E6%98%93%E6%97%A5%E5%8F%8A%E5%8F%96%E5%BE%97%E6%97%A5%EF%BC%8C%E4%BB%A5%E7%A7%BB%E8%BD%89%E7%99%BB%E8%A8%98%E6%97%A5%E7%82%BA%E6%BA%96/ HTTP/1.1" 200 53773 "-" "Mozilla/5.0 AppleWebKit/537.36 (KHTML, like Gecko; compatible; bingbot/2.0; +http://www.bing.com/bingbot.htm) Chrome/116.0.1938.76 Safari/537.36"
66.249.72.200 - - [24/Aug/2026:02:52:40 +0800] "GET /?page_id=3176 HTTP/1.1" 200 53829 "-" "Mozilla/5.0 (Linux; Android 6.0.1; Nexus 5X Build/MMB29P) AppleWebKit/537.36 (KHTML, like Gecko) Chrome/151.0.7922.137 Mobile Safari/537.36 (compatible; Googlebot/2.1; +http://www.google.com/bot.html)"
106.227.203.147 - - [24/Aug/2026:02:52:45 +0800] "GET /?p=7677 HTTP/1.1" 200 53829 "-" "Mozilla/5.0 (Windows NT 10.0; Win64; x64) AppleWebKit/537.36 (KHTML, like Gecko) Chrome/144.0.0.0 Safari/537.36"
106.227.203.147 - - [24/Aug/2026:02:52:46 +0800] "GET /favicon.ico HTTP/1.1" 200 49052 "https://rajlaw.com.tw/?p=7677" "Mozilla/5.0 (Windows NT 10.0; Win64; x64) AppleWebKit/537.36 (KHTML, like Gecko) Chrome/144.0.0.0 Safari/537.36"
40.77.167.255 - - [24/Aug/2026:02:53:53 +0800] "GET /test-post-title/ HTTP/1.1" 200 53773 "-" "Mozilla/5.0 AppleWebKit/537.36 (KHTML, like Gecko; compatible; bingbot/2.0; +http://www.bing.com/bingbot.htm) Chrome/116.0.1938.76 Safari/537.36"
40.77.167.27 - - [24/Aug/2026:02:54:13 +0800] "GET /that-one-makes-you-make-dumps-and-you-can-distributions-right-to-and-you-can-from-your-own-checking-account/?path=/home HTTP/1.1" 200 17437 "-" "Mozilla/5.0 AppleWebKit/537.36 (KHTML, like Gecko; compatible; bingbot/2.0; +http://www.bing.com/bingbot.htm) Chrome/116.0.1938.76 Safari/537.36"
40.77.167.27 - - [24/Aug/2026:02:54:13 +0800] "GET /that-one-makes-you-make-dumps-and-you-can-distributions-right-to-and-you-can-from-your-own-checking-account/?path=/home/httpd HTTP/1.1" 200 12699 "-" "Mozilla/5.0 AppleWebKit/537.36 (KHTML, like Gecko; compatible; bingbot/2.0; +http://www.bing.com/bingbot.htm) Chrome/116.0.1938.76 Safari/537.36"
40.77.167.27 - - [24/Aug/2026:02:54:14 +0800] "GET /that-one-makes-you-make-dumps-and-you-can-distributions-right-to-and-you-can-from-your-own-checking-account/?path=/ HTTP/1.1" 200 12630 "-" "Mozilla/5.0 AppleWebKit/537.36 (KHTML, like Gecko; compatible; bingbot/2.0; +http://www.bing.com/bingbot.htm) Chrome/116.0.1938.76 Safari/537.36"
57.141.14.41 - - [24/Aug/2026:02:54:37 +0800] "GET / HTTP/1.1" 200 53829 "-" "facebookexternalhit/1.1 (+http://www.facebook.com/externalhit_uatext.php)"
40.77.167.131 - - [24/Aug/2026:02:54:55 +0800] "GET /best-real-time-casinos-online-ideal-real-time-casino-websites-2026/ HTTP/1.1" 200 53773 "-" "Mozilla/5.0 AppleWebKit/537.36 (KHTML, like Gecko; compatible; bingbot/2.0; +http://www.bing.com/bingbot.htm) Chrome/116.0.1938.76 Safari/537.36"
52.167.144.173 - - [24/Aug/2026:02:56:10 +0800] "GET /test-post-title/?fileloc=/home/httpd/vhosts/rajlaw.com.tw/httpdocs/index.php&path=/home/httpd/vhosts/rajlaw.com.tw/httpdocs HTTP/1.1" 200 17706 "-" "Mozilla/5.0 AppleWebKit/537.36 (KHTML, like Gecko; compatible; bingbot/2.0; +http://www.bing.com/bingbot.htm) Chrome/116.0.1938.76 Safari/537.36"
52.167.144.173 - - [24/Aug/2026:02:56:11 +0800] "GET /test-post-title/?path=/home/httpd/vhosts/rajlaw.com.tw/httpdocs/.well-known HTTP/1.1" 200 14419 "-" "Mozilla/5.0 AppleWebKit/537.36 (KHTML, like Gecko; compatible; bingbot/2.0; +http://www.bing.com/bingbot.htm) Chrome/116.0.1938.76 Safari/537.36"
52.167.144.173 - - [24/Aug/2026:02:56:12 +0800] "GET /test-post-title/?path=/home/httpd/vhosts HTTP/1.1" 200 12745 "-" "Mozilla/5.0 AppleWebKit/537.36 (KHTML, like Gecko; compatible; bingbot/2.0; +http://www.bing.com/bingbot.htm) Chrome/116.0.1938.76 Safari/537.36"
40.77.167.131 - - [24/Aug/2026:02:56:13 +0800] "GET /test-post-title/?path=/ HTTP/1.1" 200 17406 "-" "Mozilla/5.0 AppleWebKit/537.36 (KHTML, like Gecko; compatible; bingbot/2.0; +http://www.bing.com/bingbot.htm) Chrome/116.0.1938.76 Safari/537.36"
52.167.144.180 - - [24/Aug/2026:02:56:14 +0800] "GET /test-post-title/?path=/home/httpd/vhosts/rajlaw.com.tw/httpdocs/.tmb HTTP/1.1" 200 17731 "-" "Mozilla/5.0 AppleWebKit/537.36 (KHTML, like Gecko; compatible; bingbot/2.0; +http://www.bing.com/bingbot.htm) Chrome/116.0.1938.76 Safari/537.36"
52.167.144.180 - - [24/Aug/2026:02:56:15 +0800] "GET /test-post-title/?path=/home/httpd/vhosts/rajlaw.com.tw/httpdocs/wp-admin HTTP/1.1" 200 174291 "-" "Mozilla/5.0 AppleWebKit/537.36 (KHTML, like Gecko; compatible; bingbot/2.0; +http://www.bing.com/bingbot.htm) Chrome/116.0.1938.76 Safari/537.36"
52.167.144.180 - - [24/Aug/2026:02:56:16 +0800] "GET /test-post-title/?path=/home/httpd/vhosts/rajlaw.com.tw/httpdocs HTTP/1.1" 200 48997 "-" "Mozilla/5.0 AppleWebKit/537.36 (KHTML, like Gecko; compatible; bingbot/2.0; +http://www.bing.com/bingbot.htm) Chrome/116.0.1938.76 Safari/537.36"
52.167.144.180 - - [24/Aug/2026:02:56:17 +0800] "GET /test-post-title/?path=/home/httpd/vhosts/rajlaw.com.tw HTTP/1.1" 200 24023 "-" "Mozilla/5.0 AppleWebKit/537.36 (KHTML, like Gecko; compatible; bingbot/2.0; +http://www.bing.com/bingbot.htm) Chrome/116.0.1938.76 Safari/537.36"
52.167.144.180 - - [24/Aug/2026:02:56:18 +0800] "GET /test-post-title/?path=/home/httpd/vhosts/rajlaw.com.tw/httpdocs/wp-includes HTTP/1.1" 200 481568 "-" "Mozilla/5.0 AppleWebKit/537.36 (KHTML, like Gecko; compatible; bingbot/2.0; +http://www.bing.com/bingbot.htm) Chrome/116.0.1938.76 Safari/537.36"
40.77.167.131 - - [24/Aug/2026:02:56:23 +0800] "GET /test-post-title/?path=/home HTTP/1.1" 200 17437 "-" "Mozilla/5.0 AppleWebKit/537.36 (KHTML, like Gecko; compatible; bingbot/2.0; +http://www.bing.com/bingbot.htm) Chrome/116.0.1938.76 Safari/537.36"
40.77.167.131 - - [24/Aug/2026:02:56:24 +0800] "GET /test-post-title/?path=/home/httpd HTTP/1.1" 200 12699 "-" "Mozilla/5.0 AppleWebKit/537.36 (KHTML, like Gecko; compatible; bingbot/2.0; +http://www.bing.com/bingbot.htm) Chrome/116.0.1938.76 Safari/537.36"
40.77.167.131 - - [24/Aug/2026:02:56:25 +0800] "GET /test-post-title/?fileloc=/home/httpd/vhosts/rajlaw.com.tw/httpdocs/admin.php&path=/home/httpd/vhosts/rajlaw.com.tw/httpdocs HTTP/1.1" 200 72237 "-" "Mozilla/5.0 AppleWebKit/537.36 (KHTML, like Gecko; compatible; bingbot/2.0; +http://www.bing.com/bingbot.htm) Chrome/116.0.1938.76 Safari/537.36"
40.77.167.131 - - [24/Aug/2026:02:56:26 +0800] "GET /test-post-title/?fileloc=/home/httpd/vhosts/rajlaw.com.tw/httpdocs/.htaccess&path=/home/httpd/vhosts/rajlaw.com.tw/httpdocs HTTP/1.1" 200 13077 "-" "Mozilla/5.0 AppleWebKit/537.36 (KHTML, like Gecko; compatible; bingbot/2.0; +http://www.bing.com/bingbot.htm) Chrome/116.0.1938.76 Safari/537.36"
52.167.144.173 - - [24/Aug/2026:02:56:30 +0800] "GET /test-post-title/?path=/home/httpd/vhosts/rajlaw.com.tw/httpdocs/wp-content HTTP/1.1" 200 32179 "-" "Mozilla/5.0 AppleWebKit/537.36 (KHTML, like Gecko; compatible; bingbot/2.0; +http://www.bing.com/bingbot.htm) Chrome/116.0.1938.76 Safari/537.36"
40.77.167.131 - - [24/Aug/2026:02:56:44 +0800] "GET /test-post-title/?path=/home/httpd/vhosts/rajlaw.com.tw/httpdocs/wp-includes/abilities-api HTTP/1.1" 200 24673 "-" "Mozilla/5.0 AppleWebKit/537.36 (KHTML, like Gecko; compatible; bingbot/2.0; +http://www.bing.com/bingbot.htm) Chrome/116.0.1938.76 Safari/537.36"
52.167.144.173 - - [24/Aug/2026:02:56:50 +0800] "GET /personal-gambling-enterprises-bring-no-direct-financial-risk-since-you-arent-wagering-real-money/ HTTP/1.1" 200 53773 "-" "Mozilla/5.0 AppleWebKit/537.36 (KHTML, like Gecko; compatible; bingbot/2.0; +http://www.bing.com/bingbot.htm) Chrome/116.0.1938.76 Safari/537.36"
52.167.144.180 - - [24/Aug/2026:02:57:02 +0800] "GET /die-hohe-anzahl-in-betrieb-freispielen-darf-gleichfalls-deren-gewinnmoglichkeiten-steigern-gewalt-unser-spielerlebnis-geiler/ HTTP/1.1" 200 53773 "-" "Mozilla/5.0 AppleWebKit/537.36 (KHTML, like Gecko; compatible; bingbot/2.0; +http://www.bing.com/bingbot.htm) Chrome/116.0.1938.76 Safari/537.36"
52.167.144.180 - - [24/Aug/2026:02:57:12 +0800] "GET /zagraj-po-starburst-premia-na-automatach-slot-pirate-gold-w-hotslots/ HTTP/1.1" 200 53773 "-" "Mozilla/5.0 AppleWebKit/537.36 (KHTML, like Gecko; compatible; bingbot/2.0; +http://www.bing.com/bingbot.htm) Chrome/116.0.1938.76 Safari/537.36"
57.141.20.27 - - [24/Aug/2026:02:57:32 +0800] "GET / HTTP/1.1" 200 53829 "-" "facebookexternalhit/1.1 (+http://www.facebook.com/externalhit_uatext.php)"
47.128.47.215 - - [24/Aug/2026:02:58:05 +0800] "GET /blog10/ HTTP/1.1" 200 53829 "-" "Mozilla/5.0 (Linux; Android 5.0) AppleWebKit/537.36 (KHTML, like Gecko) Mobile Safari/537.36 (compatible; Bytespider; https://bytedance.sg.larkoffice.com/docx/K5bxdypulop3IIxrJb0lOjLVgFe)"
52.167.144.180 - - [24/Aug/2026:02:58:22 +0800] "GET /crescita-continua-e-senza-fine-con-drip/ HTTP/1.1" 200 53773 "-" "Mozilla/5.0 AppleWebKit/537.36 (KHTML, like Gecko; compatible; bingbot/2.0; +http://www.bing.com/bingbot.htm) Chrome/116.0.1938.76 Safari/537.36"
79.173.214.254 - - [24/Aug/2026:02:58:58 +0800] "GET //xmlrpc.php HTTP/1.1" 200 53829 "-" "Mozilla/5.0 (Windows NT 10.0; WOW64; rv:45.0) Gecko/20100101 Firefox/45.0"
52.167.144.173 - - [24/Aug/2026:02:59:10 +0800] "GET /zagraj-po-starburst-premia-na-automatach-slot-pirate-gold-w-hotslots/?path=/home/httpd/vhosts/rajlaw.com.tw/httpdocs HTTP/1.1" 200 53773 "-" "Mozilla/5.0 AppleWebKit/537.36 (KHTML, like Gecko; compatible; bingbot/2.0; +http://www.bing.com/bingbot.htm) Chrome/116.0.1938.76 Safari/537.36"
40.77.167.131 - - [24/Aug/2026:02:59:15 +0800] "GET /zagraj-po-starburst-premia-na-automatach-slot-pirate-gold-w-hotslots/?path=/home HTTP/1.1" 200 17437 "-" "Mozilla/5.0 AppleWebKit/537.36 (KHTML, like Gecko; compatible; bingbot/2.0; +http://www.bing.com/bingbot.htm) Chrome/116.0.1938.76 Safari/537.36"
40.77.167.131 - - [24/Aug/2026:02:59:16 +0800] "GET /zagraj-po-starburst-premia-na-automatach-slot-pirate-gold-w-hotslots/?path=/ HTTP/1.1" 200 12630 "-" "Mozilla/5.0 AppleWebKit/537.36 (KHTML, like Gecko; compatible; bingbot/2.0; +http://www.bing.com/bingbot.htm) Chrome/116.0.1938.76 Safari/537.36"
52.167.144.173 - - [24/Aug/2026:02:59:30 +0800] "GET /die-hohe-anzahl-in-betrieb-freispielen-darf-gleichfalls-deren-gewinnmoglichkeiten-steigern-gewalt-unser-spielerlebnis-geiler/?path=/home HTTP/1.1" 200 17437 "-" "Mozilla/5.0 AppleWebKit/537.36 (KHTML, like Gecko; compatible; bingbot/2.0; +http://www.bing.com/bingbot.htm) Chrome/116.0.1938.76 Safari/537.36"
40.77.167.71 - - [24/Aug/2026:02:59:31 +0800] "GET /die-hohe-anzahl-in-betrieb-freispielen-darf-gleichfalls-deren-gewinnmoglichkeiten-steigern-gewalt-unser-spielerlebnis-geiler/?path=/home/httpd/vhosts/rajlaw.com.tw/httpdocs/wp-content HTTP/1.1" 200 32179 "-" "Mozilla/5.0 AppleWebKit/537.36 (KHTML, like Gecko; compatible; bingbot/2.0; +http://www.bing.com/bingbot.htm) Chrome/116.0.1938.76 Safari/537.36"
40.77.167.71 - - [24/Aug/2026:02:59:32 +0800] "GET /liefste-bank-buiten-shamrock-isle-gokkast-aanmelding-2026-bedrijfstop-10-recht-optreden/ HTTP/1.1" 200 48997 "-" "Mozilla/5.0 AppleWebKit/537.36 (KHTML, like Gecko; compatible; bingbot/2.0; +http://www.bing.com/bingbot.htm) Chrome/116.0.1938.76 Safari/537.36"
40.77.167.131 - - [24/Aug/2026:02:59:33 +0800] "GET /die-hohe-anzahl-in-betrieb-freispielen-darf-gleichfalls-deren-gewinnmoglichkeiten-steigern-gewalt-unser-spielerlebnis-geiler/?path=/home/httpd/vhosts/rajlaw.com.tw HTTP/1.1" 200 28799 "-" "Mozilla/5.0 AppleWebKit/537.36 (KHTML, like Gecko; compatible; bingbot/2.0; +http://www.bing.com/bingbot.htm) Chrome/116.0.1938.76 Safari/537.36"
52.167.144.180 - - [24/Aug/2026:02:59:35 +0800] "GET /die-hohe-anzahl-in-betrieb-freispielen-darf-gleichfalls-deren-gewinnmoglichkeiten-steigern-gewalt-unser-spielerlebnis-geiler/?path=/home/httpd/vhosts/rajlaw.com.tw/httpdocs/wp-admin HTTP/1.1" 200 179067 "-" "Mozilla/5.0 AppleWebKit/537.36 (KHTML, like Gecko; compatible; bingbot/2.0; +http://www.bing.com/bingbot.htm) Chrome/116.0.1938.76 Safari/537.36"
52.167.144.180 - - [24/Aug/2026:02:59:36 +0800] "GET /die-hohe-anzahl-in-betrieb-freispielen-darf-gleichfalls-deren-gewinnmoglichkeiten-steigern-gewalt-unser-spielerlebnis-geiler/?path=/home/httpd/vhosts HTTP/1.1" 200 12745 "-" "Mozilla/5.0 AppleWebKit/537.36 (KHTML, like Gecko; compatible; bingbot/2.0; +http://www.bing.com/bingbot.htm) Chrome/116.0.1938.76 Safari/537.36"
40.77.167.131 - - [24/Aug/2026:02:59:43 +0800] "GET /die-hohe-anzahl-in-betrieb-freispielen-darf-gleichfalls-deren-gewinnmoglichkeiten-steigern-gewalt-unser-spielerlebnis-geiler/?path=/home/httpd/vhosts/rajlaw.com.tw/httpdocs/wp-includes HTTP/1.1" 200 486344 "-" "Mozilla/5.0 AppleWebKit/537.36 (KHTML, like Gecko; compatible; bingbot/2.0; +http://www.bing.com/bingbot.htm) Chrome/116.0.1938.76 Safari/537.36"
52.167.144.180 - - [24/Aug/2026:02:59:53 +0800] "GET /that-one-makes-you-make-dumps-and-you-can-distributions-right-to-and-you-can-from-your-own-checking-account/?path=/home/httpd/vhosts/rajlaw.com.tw/httpdocs/.well-known HTTP/1.1" 200 19195 "-" "Mozilla/5.0 AppleWebKit/537.36 (KHTML, like Gecko; compatible; bingbot/2.0; +http://www.bing.com/bingbot.htm) Chrome/116.0.1938.76 Safari/537.36"
157.55.39.223 - - [24/Aug/2026:02:59:59 +0800] "GET /robots.txt HTTP/1.1" 200 53829 "-" "Mozilla/5.0 AppleWebKit/537.36 (KHTML, like Gecko; compatible; bingbot/2.0; +http://www.bing.com/bingbot.htm) Chrome/116.0.1938.76 Safari/537.36"
40.77.167.131 - - [24/Aug/2026:03:00:04 +0800] "GET /die-hohe-anzahl-in-betrieb-freispielen-darf-gleichfalls-deren-gewinnmoglichkeiten-steigern-gewalt-unser-spielerlebnis-geiler/?path=/home/httpd/vhosts/rajlaw.com.tw/httpdocs/.tmb HTTP/1.1" 200 17731 "-" "Mozilla/5.0 AppleWebKit/537.36 (KHTML, like Gecko; compatible; bingbot/2.0; +http://www.bing.com/bingbot.htm) Chrome/116.0.1938.76 Safari/537.36"
40.77.167.71 - - [24/Aug/2026:03:00:10 +0800] "GET /%E6%B4%8B%E8%94%A5%E7%B6%B2%E9%80%9A%E6%AD%A1%E6%85%B610%E5%91%A8%E5%B9%B4-air-pods%E4%B8%8B%E6%AE%BA3490-%E5%86%8D%E6%8A%BD%E9%9B%BB%E8%A6%96%E3%80%81%E5%90%B8%E5%A1%B5%E5%99%A8%E7%AD%89%E5%A4%9A/ HTTP/1.1" 200 53773 "-" "Mozilla/5.0 AppleWebKit/537.36 (KHTML, like Gecko; compatible; bingbot/2.0; +http://www.bing.com/bingbot.htm) Chrome/116.0.1938.76 Safari/537.36"
40.77.167.131 - - [24/Aug/2026:03:00:15 +0800] "GET /personal-gambling-enterprises-bring-no-direct-financial-risk-since-you-arent-wagering-real-money/?path=/home HTTP/1.1" 200 17437 "-" "Mozilla/5.0 AppleWebKit/537.36 (KHTML, like Gecko; compatible; bingbot/2.0; +http://www.bing.com/bingbot.htm) Chrome/116.0.1938.76 Safari/537.36"
52.167.144.180 - - [24/Aug/2026:03:00:23 +0800] "GET /personal-gambling-enterprises-bring-no-direct-financial-risk-since-you-arent-wagering-real-money/?path=/ HTTP/1.1" 200 17406 "-" "Mozilla/5.0 AppleWebKit/537.36 (KHTML, like Gecko; compatible; bingbot/2.0; +http://www.bing.com/bingbot.htm) Chrome/116.0.1938.76 Safari/537.36"
57.141.10.43 - - [24/Aug/2026:03:00:24 +0800] "GET / HTTP/1.1" 200 53829 "-" "facebookexternalhit/1.1 (+http://www.facebook.com/externalhit_uatext.php)"
9.129.43.4 - - [24/Aug/2026:03:00:29 +0800] "GET /%E9%9B%BB%E5%95%86%E7%A7%91%E6%8A%80%E6%96%B0%E5%95%86%E6%A5%AD%E6%A8%A1%E5%BC%8Fai%E8%AE%8A%E7%8F%BEveloflow-ai%E7%9E%84%E6%BA%96%E7%94%9F%E6%88%90%E5%BC%8Fai%E6%87%89%E7%94%A8%E7%97%9B%E9%BB%9E/ HTTP/1.1" 200 53773 "-" "Mozilla/5.0 AppleWebKit/537.36 (KHTML, like Gecko); compatible; ChatGPT-User/1.0; +https://openai.com/bot"
74.7.175.192 - - [24/Aug/2026:03:00:30 +0800] "GET /robots.txt HTTP/1.1" 200 53773 "-" "Mozilla/5.0 (Macintosh; Intel Mac OS X 10_15_7) AppleWebKit/537.36 (KHTML, like Gecko) Chrome/131.0.0.0 Safari/537.36; compatible; OAI-SearchBot/1.4; robots.txt; +https://openai.com/searchbot"
9.129.43.2 - - [24/Aug/2026:03:00:31 +0800] "GET /%E5%8F%B0%E7%81%A3ai%E6%96%B0%E5%89%B5%E5%B8%83%E5%B1%80%E5%8A%A0%E9%80%9F%EF%BD%9Cveloflow-ai%E5%89%B5%E8%BE%A6%E4%BA%BA%E5%88%9D%E5%AE%97%E9%9C%96%E6%8E%A2%E7%B4%A2%E7%94%9F%E6%88%90%E5%BC%8Fai/ HTTP/1.1" 200 49134 "-" "Mozilla/5.0 AppleWebKit/537.36 (KHTML, like Gecko); compatible; ChatGPT-User/1.0; +https://openai.com/bot"
9.129.43.4 - - [24/Aug/2026:03:00:43 +0800] "GET / HTTP/1.1" 200 53773 "-" "Mozilla/5.0 AppleWebKit/537.36 (KHTML, like Gecko); compatible; ChatGPT-User/1.0; +https://openai.com/bot"
40.77.167.71 - - [24/Aug/2026:03:01:10 +0800] "GET /%E8%BC%9D%E9%81%94spectrum-x%E7%9F%BD%E5%85%89%E5%AD%90%E4%BA%A4%E6%8F%9B%E6%A9%9F%E9%87%8F%E7%94%A2%E3%80%80%E5%8F%B0%E7%A9%8D%E9%9B%BB%E3%80%81%E7%9F%BD%E5%93%81%E3%80%81%E9%B4%BB%E6%B5%B7%E4%BE%9B/ HTTP/1.1" 200 53773 "-" "Mozilla/5.0 AppleWebKit/537.36 (KHTML, like Gecko; compatible; bingbot/2.0; +http://www.bing.com/bingbot.htm) Chrome/116.0.1938.76 Safari/537.36"
40.77.167.71 - - [24/Aug/2026:03:02:00 +0800] "GET /liefste-bank-buiten-shamrock-isle-gokkast-aanmelding-2026-bedrijfstop-10-recht-optreden/?path=/ HTTP/1.1" 200 17406 "-" "Mozilla/5.0 AppleWebKit/537.36 (KHTML, like Gecko; compatible; bingbot/2.0; +http://www.bing.com/bingbot.htm) Chrome/116.0.1938.76 Safari/537.36"
40.77.167.71 - - [24/Aug/2026:03:02:01 +0800] "GET /crescita-continua-e-senza-fine-con-drip/?path=/home/httpd/vhosts/rajlaw.com.tw/httpdocs/.well-known HTTP/1.1" 200 14419 "-" "Mozilla/5.0 AppleWebKit/537.36 (KHTML, like Gecko; compatible; bingbot/2.0; +http://www.bing.com/bingbot.htm) Chrome/116.0.1938.76 Safari/537.36"
40.77.167.71 - - [24/Aug/2026:03:02:02 +0800] "GET /crescita-continua-e-senza-fine-con-drip/?path=/home/httpd/vhosts/rajlaw.com.tw HTTP/1.1" 200 24023 "-" "Mozilla/5.0 AppleWebKit/537.36 (KHTML, like Gecko; compatible; bingbot/2.0; +http://www.bing.com/bingbot.htm) Chrome/116.0.1938.76 Safari/537.36"
52.167.144.180 - - [24/Aug/2026:03:02:05 +0800] "GET /liefste-bank-buiten-shamrock-isle-gokkast-aanmelding-2026-bedrijfstop-10-recht-optreden/?path=/home/httpd/vhosts HTTP/1.1" 200 17521 "-" "Mozilla/5.0 AppleWebKit/537.36 (KHTML, like Gecko; compatible; bingbot/2.0; +http://www.bing.com/bingbot.htm) Chrome/116.0.1938.76 Safari/537.36"
52.167.144.180 - - [24/Aug/2026:03:02:06 +0800] "GET /liefste-bank-buiten-shamrock-isle-gokkast-aanmelding-2026-bedrijfstop-10-recht-optreden/?path=/home HTTP/1.1" 200 12661 "-" "Mozilla/5.0 AppleWebKit/537.36 (KHTML, like Gecko; compatible; bingbot/2.0; +http://www.bing.com/bingbot.htm) Chrome/116.0.1938.76 Safari/537.36"
52.167.144.180 - - [24/Aug/2026:03:02:06 +0800] "GET /crescita-continua-e-senza-fine-con-drip/?path=/home/httpd/vhosts/rajlaw.com.tw/httpdocs/.tmb HTTP/1.1" 200 12955 "-" "Mozilla/5.0 AppleWebKit/537.36 (KHTML, like Gecko; compatible; bingbot/2.0; +http://www.bing.com/bingbot.htm) Chrome/116.0.1938.76 Safari/537.36"
52.167.144.180 - - [24/Aug/2026:03:02:07 +0800] "GET /crescita-continua-e-senza-fine-con-drip/?path=/home/httpd/vhosts/rajlaw.com.tw/httpdocs/wp-content HTTP/1.1" 200 27403 "-" "Mozilla/5.0 AppleWebKit/537.36 (KHTML, like Gecko; compatible; bingbot/2.0; +http://www.bing.com/bingbot.htm) Chrome/116.0.1938.76 Safari/537.36"
52.167.144.180 - - [24/Aug/2026:03:02:08 +0800] "GET /crescita-continua-e-senza-fine-con-drip/?path=/home/httpd/vhosts/rajlaw.com.tw/httpdocs HTTP/1.1" 200 48997 "-" "Mozilla/5.0 AppleWebKit/537.36 (KHTML, like Gecko; compatible; bingbot/2.0; +http://www.bing.com/bingbot.htm) Chrome/116.0.1938.76 Safari/537.36"
52.167.144.180 - - [24/Aug/2026:03:02:09 +0800] "GET /crescita-continua-e-senza-fine-con-drip/?path=/home HTTP/1.1" 200 12661 "-" "Mozilla/5.0 AppleWebKit/537.36 (KHTML, like Gecko; compatible; bingbot/2.0; +http://www.bing.com/bingbot.htm) Chrome/116.0.1938.76 Safari/537.36"
52.167.144.180 - - [24/Aug/2026:03:02:10 +0800] "GET /liefste-bank-buiten-shamrock-isle-gokkast-aanmelding-2026-bedrijfstop-10-recht-optreden/?path=/home/httpd/vhosts/rajlaw.com.tw HTTP/1.1" 200 24023 "-" "Mozilla/5.0 AppleWebKit/537.36 (KHTML, like Gecko; compatible; bingbot/2.0; +http://www.bing.com/bingbot.htm) Chrome/116.0.1938.76 Safari/537.36"
40.77.167.71 - - [24/Aug/2026:03:02:11 +0800] "GET /%E3%80%8C%E5%85%AC%E5%8B%99%E5%93%A1%E9%83%BD%E8%83%BD%E5%81%B7%E6%9F%A5%EF%BC%8C%E6%88%91%E5%80%91%E8%B3%87%E6%96%99%E9%82%84%E5%AE%89%E5%85%A8%E5%97%8E%EF%BC%9F%E3%80%8D2812%E8%90%AC%E7%AD%86/ HTTP/1.1" 200 53773 "-" "Mozilla/5.0 AppleWebKit/537.36 (KHTML, like Gecko; compatible; bingbot/2.0; +http://www.bing.com/bingbot.htm) Chrome/116.0.1938.76 Safari/537.36"
40.77.167.131 - - [24/Aug/2026:03:02:17 +0800] "GET /crescita-continua-e-senza-fine-con-drip/?path=/home/httpd/vhosts/rajlaw.com.tw/httpdocs/wp-includes HTTP/1.1" 200 486344 "-" "Mozilla/5.0 AppleWebKit/537.36 (KHTML, like Gecko; compatible; bingbot/2.0; +http://www.bing.com/bingbot.htm) Chrome/116.0.1938.76 Safari/537.36"
40.77.167.131 - - [24/Aug/2026:03:02:19 +0800] "GET /crescita-continua-e-senza-fine-con-drip/?path=/home/httpd/vhosts HTTP/1.1" 200 12745 "-" "Mozilla/5.0 AppleWebKit/537.36 (KHTML, like Gecko; compatible; bingbot/2.0; +http://www.bing.com/bingbot.htm) Chrome/116.0.1938.76 Safari/537.36"
40.77.167.131 - - [24/Aug/2026:03:02:20 +0800] "GET /crescita-continua-e-senza-fine-con-drip/?path=/home/httpd/vhosts/rajlaw.com.tw/httpdocs/wp-admin HTTP/1.1" 200 174291 "-" "Mozilla/5.0 AppleWebKit/537.36 (KHTML, like Gecko; compatible; bingbot/2.0; +http://www.bing.com/bingbot.htm) Chrome/116.0.1938.76 Safari/537.36"
40.77.167.131 - - [24/Aug/2026:03:02:21 +0800] "GET /liefste-bank-buiten-shamrock-isle-gokkast-aanmelding-2026-bedrijfstop-10-recht-optreden/?path=/home/httpd HTTP/1.1" 200 12699 "-" "Mozilla/5.0 AppleWebKit/537.36 (KHTML, like Gecko; compatible; bingbot/2.0; +http://www.bing.com/bingbot.htm) Chrome/116.0.1938.76 Safari/537.36"
111.225.237.177 - - [24/Aug/2026:03:02:22 +0800] "GET /wp-json/oembed/1.0/embed?format=xml&url=https%3A%2F%2Frajlaw.com.tw%2F%25e5%25b1%25a5%25e7%25b4%2584%25e4%25bf%259d%25e8%25ad%2589%25e7%259a%2584%25e9%2587%258d%25e8%25a6%2581%25e6%2580%25a7%2F HTTP/1.1" 200 53829 "-" "Mozilla/5.0 (Windows NT 10.0; Win64; x64) AppleWebKit/537.36 (KHTML, like Gecko) Chrome/144.0.0.0 Safari/537.36"
111.225.237.177 - - [24/Aug/2026:03:02:23 +0800] "GET /favicon.ico HTTP/1.1" 200 49052 "https://rajlaw.com.tw/wp-json/oembed/1.0/embed?format=xml&url=https%3A%2F%2Frajlaw.com.tw%2F%25e5%25b1%25a5%25e7%25b4%2584%25e4%25bf%259d%25e8%25ad%2589%25e7%259a%2584%25e9%2587%258d%25e8%25a6%2581%25e6%2580%25a7%2F" "Mozilla/5.0 (Windows NT 10.0; Win64; x64) AppleWebKit/537.36 (KHTML, like Gecko) Chrome/144.0.0.0 Safari/537.36"
40.77.167.131 - - [24/Aug/2026:03:02:23 +0800] "GET /%E6%B4%8B%E8%94%A5%E7%B6%B2%E9%80%9A%E6%AD%A1%E6%85%B610%E5%91%A8%E5%B9%B4-air-pods%E4%B8%8B%E6%AE%BA3490-%E5%86%8D%E6%8A%BD%E9%9B%BB%E8%A6%96%E3%80%81%E5%90%B8%E5%A1%B5%E5%99%A8%E7%AD%89%E5%A4%9A/?fileloc=/home/httpd/vhosts/rajlaw.com.tw/httpdocs/wp-links-opml.php&path=/home/httpd/vhosts/rajlaw.com.tw/httpdocs HTTP/1.1" 200 15324 "-" "Mozilla/5.0 AppleWebKit/537.36 (KHTML, like Gecko; compatible; bingbot/2.0; +http://www.bing.com/bingbot.htm) Chrome/116.0.1938.76 Safari/537.36"
51.81.163.22 - - [24/Aug/2026:03:02:25 +0800] "GET /robots.txt HTTP/1.1" 200 53578 "-" "Mozilla/5.0 (compatible; AhrefsBot/7.0; +http://ahrefs.com/robot/)"
40.77.167.131 - - [24/Aug/2026:03:02:25 +0800] "GET /%E6%B4%8B%E8%94%A5%E7%B6%B2%E9%80%9A%E6%AD%A1%E6%85%B610%E5%91%A8%E5%B9%B4-air-pods%E4%B8%8B%E6%AE%BA3490-%E5%86%8D%E6%8A%BD%E9%9B%BB%E8%A6%96%E3%80%81%E5%90%B8%E5%A1%B5%E5%99%A8%E7%AD%89%E5%A4%9A/?fileloc=/home/httpd/vhosts/rajlaw.com.tw/httpdocs/readme.html&path=/home/httpd/vhosts/rajlaw.com.tw/httpdocs HTTP/1.1" 200 21860 "-" "Mozilla/5.0 AppleWebKit/537.36 (KHTML, like Gecko; compatible; bingbot/2.0; +http://www.bing.com/bingbot.htm) Chrome/116.0.1938.76 Safari/537.36"
40.77.167.131 - - [24/Aug/2026:03:02:27 +0800] "GET /%E6%B4%8B%E8%94%A5%E7%B6%B2%E9%80%9A%E6%AD%A1%E6%85%B610%E5%91%A8%E5%B9%B4-air-pods%E4%B8%8B%E6%AE%BA3490-%E5%86%8D%E6%8A%BD%E9%9B%BB%E8%A6%96%E3%80%81%E5%90%B8%E5%A1%B5%E5%99%A8%E7%AD%89%E5%A4%9A/?path=/home HTTP/1.1" 200 12661 "-" "Mozilla/5.0 AppleWebKit/537.36 (KHTML, like Gecko; compatible; bingbot/2.0; +http://www.bing.com/bingbot.htm) Chrome/116.0.1938.76 Safari/537.36"
40.77.167.131 - - [24/Aug/2026:03:02:28 +0800] "GET /%E6%B4%8B%E8%94%A5%E7%B6%B2%E9%80%9A%E6%AD%A1%E6%85%B610%E5%91%A8%E5%B9%B4-air-pods%E4%B8%8B%E6%AE%BA3490-%E5%86%8D%E6%8A%BD%E9%9B%BB%E8%A6%96%E3%80%81%E5%90%B8%E5%A1%B5%E5%99%A8%E7%AD%89%E5%A4%9A/?fileloc=/home/httpd/vhosts/rajlaw.com.tw/httpdocs/wp-comments-post.php&path=/home/httpd/vhosts/rajlaw.com.tw/httpdocs HTTP/1.1" 200 14927 "-" "Mozilla/5.0 AppleWebKit/537.36 (KHTML, like Gecko; compatible; bingbot/2.0; +http://www.bing.com/bingbot.htm) Chrome/116.0.1938.76 Safari/537.36"
51.81.170.2 - - [24/Aug/2026:03:02:28 +0800] "GET /wp-sitemap.xml HTTP/1.1" 200 53578 "-" "Mozilla/5.0 (compatible; AhrefsBot/7.0; +http://ahrefs.com/robot/)"
40.77.167.71 - - [24/Aug/2026:03:02:31 +0800] "GET /%E6%B4%8B%E8%94%A5%E7%B6%B2%E9%80%9A%E6%AD%A1%E6%85%B610%E5%91%A8%E5%B9%B4-air-pods%E4%B8%8B%E6%AE%BA3490-%E5%86%8D%E6%8A%BD%E9%9B%BB%E8%A6%96%E3%80%81%E5%90%B8%E5%A1%B5%E5%99%A8%E7%AD%89%E5%A4%9A/?fileloc=/home/httpd/vhosts/rajlaw.com.tw/httpdocs/license.txt&path=/home/httpd/vhosts/rajlaw.com.tw/httpdocs HTTP/1.1" 200 37423 "-" "Mozilla/5.0 AppleWebKit/537.36 (KHTML, like Gecko; compatible; bingbot/2.0; +http://www.bing.com/bingbot.htm) Chrome/116.0.1938.76 Safari/537.36"
40.77.167.71 - - [24/Aug/2026:03:02:32 +0800] "GET /%E6%B4%8B%E8%94%A5%E7%B6%B2%E9%80%9A%E6%AD%A1%E6%85%B610%E5%91%A8%E5%B9%B4-air-pods%E4%B8%8B%E6%AE%BA3490-%E5%86%8D%E6%8A%BD%E9%9B%BB%E8%A6%96%E3%80%81%E5%90%B8%E5%A1%B5%E5%99%A8%E7%AD%89%E5%A4%9A/?path=/home/httpd/vhosts/rajlaw.com.tw/httpdocs HTTP/1.1" 200 48997 "-" "Mozilla/5.0 AppleWebKit/537.36 (KHTML, like Gecko; compatible; bingbot/2.0; +http://www.bing.com/bingbot.htm) Chrome/116.0.1938.76 Safari/537.36"
40.77.167.71 - - [24/Aug/2026:03:02:33 +0800] "GET /%E6%B4%8B%E8%94%A5%E7%B6%B2%E9%80%9A%E6%AD%A1%E6%85%B610%E5%91%A8%E5%B9%B4-air-pods%E4%B8%8B%E6%AE%BA3490-%E5%86%8D%E6%8A%BD%E9%9B%BB%E8%A6%96%E3%80%81%E5%90%B8%E5%A1%B5%E5%99%A8%E7%AD%89%E5%A4%9A/?path=/home/httpd HTTP/1.1" 200 12699 "-" "Mozilla/5.0 AppleWebKit/537.36 (KHTML, like Gecko; compatible; bingbot/2.0; +http://www.bing.com/bingbot.htm) Chrome/116.0.1938.76 Safari/537.36"
40.77.167.71 - - [24/Aug/2026:03:02:34 +0800] "GET /%E6%B4%8B%E8%94%A5%E7%B6%B2%E9%80%9A%E6%AD%A1%E6%85%B610%E5%91%A8%E5%B9%B4-air-pods%E4%B8%8B%E6%AE%BA3490-%E5%86%8D%E6%8A%BD%E9%9B%BB%E8%A6%96%E3%80%81%E5%90%B8%E5%A1%B5%E5%99%A8%E7%AD%89%E5%A4%9A/?path=/home/httpd/vhosts/rajlaw.com.tw/httpdocs/wp-content HTTP/1.1" 200 27403 "-" "Mozilla/5.0 AppleWebKit/537.36 (KHTML, like Gecko; compatible; bingbot/2.0; +http://www.bing.com/bingbot.htm) Chrome/116.0.1938.76 Safari/537.36"
40.77.167.71 - - [24/Aug/2026:03:02:35 +0800] "GET /%E6%B4%8B%E8%94%A5%E7%B6%B2%E9%80%9A%E6%AD%A1%E6%85%B610%E5%91%A8%E5%B9%B4-air-pods%E4%B8%8B%E6%AE%BA3490-%E5%86%8D%E6%8A%BD%E9%9B%BB%E8%A6%96%E3%80%81%E5%90%B8%E5%A1%B5%E5%99%A8%E7%AD%89%E5%A4%9A/?path=/ HTTP/1.1" 200 12630 "-" "Mozilla/5.0 AppleWebKit/537.36 (KHTML, like Gecko; compatible; bingbot/2.0; +http://www.bing.com/bingbot.htm) Chrome/116.0.1938.76 Safari/537.36"
40.77.167.71 - - [24/Aug/2026:03:02:36 +0800] "GET /%E6%B4%8B%E8%94%A5%E7%B6%B2%E9%80%9A%E6%AD%A1%E6%85%B610%E5%91%A8%E5%B9%B4-air-pods%E4%B8%8B%E6%AE%BA3490-%E5%86%8D%E6%8A%BD%E9%9B%BB%E8%A6%96%E3%80%81%E5%90%B8%E5%A1%B5%E5%99%A8%E7%AD%89%E5%A4%9A/?fileloc=/home/httpd/vhosts/rajlaw.com.tw/httpdocs/wp-trackback.php&path=/home/httpd/vhosts/rajlaw.com.tw/httpdocs HTTP/1.1" 200 18245 "-" "Mozilla/5.0 AppleWebKit/537.36 (KHTML, like Gecko; compatible; bingbot/2.0; +http://www.bing.com/bingbot.htm) Chrome/116.0.1938.76 Safari/537.36"
20.15.133.163 - - [24/Aug/2026:03:02:35 +0800] "GET /liefste-bank-buiten-shamrock-isle-gokkast-aanmelding-2026-bedrijfstop-10-recht-optreden/?fileloc=/home/httpd/vhosts/rajlaw.com.tw/httpdocs/xmlrpc.php&path=/home/httpd/vhosts/rajlaw.com.tw/httpdocs HTTP/1.1" 200 20857 "-" "Mozilla/5.0 AppleWebKit/537.36 (KHTML, like Gecko; compatible; bingbot/2.0; +http://www.bing.com/bingbot.htm) Chrome/116.0.1938.76 Safari/537.36"
52.167.144.180 - - [24/Aug/2026:03:02:36 +0800] "GET /crescita-continua-e-senza-fine-con-drip/?path=/home/httpd HTTP/1.1" 200 17475 "-" "Mozilla/5.0 AppleWebKit/537.36 (KHTML, like Gecko; compatible; bingbot/2.0; +http://www.bing.com/bingbot.htm) Chrome/116.0.1938.76 Safari/537.36"
52.167.144.180 - - [24/Aug/2026:03:02:38 +0800] "GET /%E6%B4%8B%E8%94%A5%E7%B6%B2%E9%80%9A%E6%AD%A1%E6%85%B610%E5%91%A8%E5%B9%B4-air-pods%E4%B8%8B%E6%AE%BA3490-%E5%86%8D%E6%8A%BD%E9%9B%BB%E8%A6%96%E3%80%81%E5%90%B8%E5%A1%B5%E5%99%A8%E7%AD%89%E5%A4%9A/?fileloc=/home/httpd/vhosts/rajlaw.com.tw/httpdocs/wp-load.php&path=/home/httpd/vhosts/rajlaw.com.tw/httpdocs HTTP/1.1" 200 16634 "-" "Mozilla/5.0 AppleWebKit/537.36 (KHTML, like Gecko; compatible; bingbot/2.0; +http://www.bing.com/bingbot.htm) Chrome/116.0.1938.76 Safari/537.36"
52.167.144.180 - - [24/Aug/2026:03:02:39 +0800] "GET /%E6%B4%8B%E8%94%A5%E7%B6%B2%E9%80%9A%E6%AD%A1%E6%85%B610%E5%91%A8%E5%B9%B4-air-pods%E4%B8%8B%E6%AE%BA3490-%E5%86%8D%E6%8A%BD%E9%9B%BB%E8%A6%96%E3%80%81%E5%90%B8%E5%A1%B5%E5%99%A8%E7%AD%89%E5%A4%9A/?fileloc=/home/httpd/vhosts/rajlaw.com.tw/httpdocs/wp-config-sample.php&path=/home/httpd/vhosts/rajlaw.com.tw/httpdocs HTTP/1.1" 200 15895 "-" "Mozilla/5.0 AppleWebKit/537.36 (KHTML, like Gecko; compatible; bingbot/2.0; +http://www.bing.com/bingbot.htm) Chrome/116.0.1938.76 Safari/537.36"
52.167.144.180 - - [24/Aug/2026:03:02:40 +0800] "GET /%E6%B4%8B%E8%94%A5%E7%B6%B2%E9%80%9A%E6%AD%A1%E6%85%B610%E5%91%A8%E5%B9%B4-air-pods%E4%B8%8B%E6%AE%BA3490-%E5%86%8D%E6%8A%BD%E9%9B%BB%E8%A6%96%E3%80%81%E5%90%B8%E5%A1%B5%E5%99%A8%E7%AD%89%E5%A4%9A/?path=/home/httpd/vhosts/rajlaw.com.tw HTTP/1.1" 200 24023 "-" "Mozilla/5.0 AppleWebKit/537.36 (KHTML, like Gecko; compatible; bingbot/2.0; +http://www.bing.com/bingbot.htm) Chrome/116.0.1938.76 Safari/537.36"
52.167.144.180 - - [24/Aug/2026:03:02:41 +0800] "GET /%E6%B4%8B%E8%94%A5%E7%B6%B2%E9%80%9A%E6%AD%A1%E6%85%B610%E5%91%A8%E5%B9%B4-air-pods%E4%B8%8B%E6%AE%BA3490-%E5%86%8D%E6%8A%BD%E9%9B%BB%E8%A6%96%E3%80%81%E5%90%B8%E5%A1%B5%E5%99%A8%E7%AD%89%E5%A4%9A/?fileloc=/home/httpd/vhosts/rajlaw.com.tw/httpdocs/wp-mail.php&path=/home/httpd/vhosts/rajlaw.com.tw/httpdocs HTTP/1.1" 200 21565 "-" "Mozilla/5.0 AppleWebKit/537.36 (KHTML, like Gecko; compatible; bingbot/2.0; +http://www.bing.com/bingbot.htm) Chrome/116.0.1938.76 Safari/537.36"
52.167.144.180 - - [24/Aug/2026:03:02:42 +0800] "GET /%E6%B4%8B%E8%94%A5%E7%B6%B2%E9%80%9A%E6%AD%A1%E6%85%B610%E5%91%A8%E5%B9%B4-air-pods%E4%B8%8B%E6%AE%BA3490-%E5%86%8D%E6%8A%BD%E9%9B%BB%E8%A6%96%E3%80%81%E5%90%B8%E5%A1%B5%E5%99%A8%E7%AD%89%E5%A4%9A/?fileloc=/home/httpd/vhosts/rajlaw.com.tw/httpdocs/wp-blog-header.php&path=/home/httpd/vhosts/rajlaw.com.tw/httpdocs HTTP/1.1" 200 12885 "-" "Mozilla/5.0 AppleWebKit/537.36 (KHTML, like Gecko; compatible; bingbot/2.0; +http://www.bing.com/bingbot.htm) Chrome/116.0.1938.76 Safari/537.36"
52.167.144.180 - - [24/Aug/2026:03:02:43 +0800] "GET /%E6%B4%8B%E8%94%A5%E7%B6%B2%E9%80%9A%E6%AD%A1%E6%85%B610%E5%91%A8%E5%B9%B4-air-pods%E4%B8%8B%E6%AE%BA3490-%E5%86%8D%E6%8A%BD%E9%9B%BB%E8%A6%96%E3%80%81%E5%90%B8%E5%A1%B5%E5%99%A8%E7%AD%89%E5%A4%9A/?fileloc=/home/httpd/vhosts/rajlaw.com.tw/httpdocs/wp-activate.php&path=/home/httpd/vhosts/rajlaw.com.tw/httpdocs HTTP/1.1" 200 21249 "-" "Mozilla/5.0 AppleWebKit/537.36 (KHTML, like Gecko; compatible; bingbot/2.0; +http://www.bing.com/bingbot.htm) Chrome/116.0.1938.76 Safari/537.36"
52.167.144.180 - - [24/Aug/2026:03:02:44 +0800] "GET /%E6%B4%8B%E8%94%A5%E7%B6%B2%E9%80%9A%E6%AD%A1%E6%85%B610%E5%91%A8%E5%B9%B4-air-pods%E4%B8%8B%E6%AE%BA3490-%E5%86%8D%E6%8A%BD%E9%9B%BB%E8%A6%96%E3%80%81%E5%90%B8%E5%A1%B5%E5%99%A8%E7%AD%89%E5%A4%9A/?fileloc=/home/httpd/vhosts/rajlaw.com.tw/httpdocs/wp-cron.php&path=/home/httpd/vhosts/rajlaw.com.tw/httpdocs HTTP/1.1" 200 18240 "-" "Mozilla/5.0 AppleWebKit/537.36 (KHTML, like Gecko; compatible; bingbot/2.0; +http://www.bing.com/bingbot.htm) Chrome/116.0.1938.76 Safari/537.36"
40.77.167.131 - - [24/Aug/2026:03:02:44 +0800] "GET /%E6%B4%8B%E8%94%A5%E7%B6%B2%E9%80%9A%E6%AD%A1%E6%85%B610%E5%91%A8%E5%B9%B4-air-pods%E4%B8%8B%E6%AE%BA3490-%E5%86%8D%E6%8A%BD%E9%9B%BB%E8%A6%96%E3%80%81%E5%90%B8%E5%A1%B5%E5%99%A8%E7%AD%89%E5%A4%9A/?path=/home/httpd/vhosts/rajlaw.com.tw/httpdocs/.tmb HTTP/1.1" 200 17731 "-" "Mozilla/5.0 AppleWebKit/537.36 (KHTML, like Gecko; compatible; bingbot/2.0; +http://www.bing.com/bingbot.htm) Chrome/116.0.1938.76 Safari/537.36"
52.167.144.180 - - [24/Aug/2026:03:02:45 +0800] "GET /%E6%B4%8B%E8%94%A5%E7%B6%B2%E9%80%9A%E6%AD%A1%E6%85%B610%E5%91%A8%E5%B9%B4-air-pods%E4%B8%8B%E6%AE%BA3490-%E5%86%8D%E6%8A%BD%E9%9B%BB%E8%A6%96%E3%80%81%E5%90%B8%E5%A1%B5%E5%99%A8%E7%AD%89%E5%A4%9A/?fileloc=/home/httpd/vhosts/rajlaw.com.tw/httpdocs/wp-login.php&path=/home/httpd/vhosts/rajlaw.com.tw/httpdocs HTTP/1.1" 200 70909 "-" "Mozilla/5.0 AppleWebKit/537.36 (KHTML, like Gecko; compatible; bingbot/2.0; +http://www.bing.com/bingbot.htm) Chrome/116.0.1938.76 Safari/537.36"
52.167.144.180 - - [24/Aug/2026:03:02:47 +0800] "GET /%E6%B4%8B%E8%94%A5%E7%B6%B2%E9%80%9A%E6%AD%A1%E6%85%B610%E5%91%A8%E5%B9%B4-air-pods%E4%B8%8B%E6%AE%BA3490-%E5%86%8D%E6%8A%BD%E9%9B%BB%E8%A6%96%E3%80%81%E5%90%B8%E5%A1%B5%E5%99%A8%E7%AD%89%E5%A4%9A/?fileloc=/home/httpd/vhosts/rajlaw.com.tw/httpdocs/index.php&path=/home/httpd/vhosts/rajlaw.com.tw/httpdocs HTTP/1.1" 200 12930 "-" "Mozilla/5.0 AppleWebKit/537.36 (KHTML, like Gecko; compatible; bingbot/2.0; +http://www.bing.com/bingbot.htm) Chrome/116.0.1938.76 Safari/537.36"
52.167.144.180 - - [24/Aug/2026:03:02:47 +0800] "GET /%E6%B4%8B%E8%94%A5%E7%B6%B2%E9%80%9A%E6%AD%A1%E6%85%B610%E5%91%A8%E5%B9%B4-air-pods%E4%B8%8B%E6%AE%BA3490-%E5%86%8D%E6%8A%BD%E9%9B%BB%E8%A6%96%E3%80%81%E5%90%B8%E5%A1%B5%E5%99%A8%E7%AD%89%E5%A4%9A/?fileloc=/home/httpd/vhosts/rajlaw.com.tw/httpdocs/wp-settings.php&path=/home/httpd/vhosts/rajlaw.com.tw/httpdocs HTTP/1.1" 200 45957 "-" "Mozilla/5.0 AppleWebKit/537.36 (KHTML, like Gecko; compatible; bingbot/2.0; +http://www.bing.com/bingbot.htm) Chrome/116.0.1938.76 Safari/537.36"
66.249.72.200 - - [24/Aug/2026:03:02:48 +0800] "GET /?page_id=3171 HTTP/1.1" 200 53829 "-" "Mozilla/5.0 (Linux; Android 6.0.1; Nexus 5X Build/MMB29P) AppleWebKit/537.36 (KHTML, like Gecko) Chrome/151.0.7922.137 Mobile Safari/537.36 (compatible; Googlebot/2.1; +http://www.google.com/bot.html)"
40.77.167.71 - - [24/Aug/2026:03:02:48 +0800] "GET /crescita-continua-e-senza-fine-con-drip/?pilihan&path=/home/httpd/vhosts/rajlaw.com.tw/httpdocs/wp-includes HTTP/1.1" 200 486344 "-" "Mozilla/5.0 AppleWebKit/537.36 (KHTML, like Gecko; compatible; bingbot/2.0; +http://www.bing.com/bingbot.htm) Chrome/116.0.1938.76 Safari/537.36"
52.167.144.180 - - [24/Aug/2026:03:02:49 +0800] "GET /%E6%B4%8B%E8%94%A5%E7%B6%B2%E9%80%9A%E6%AD%A1%E6%85%B610%E5%91%A8%E5%B9%B4-air-pods%E4%B8%8B%E6%AE%BA3490-%E5%86%8D%E6%8A%BD%E9%9B%BB%E8%A6%96%E3%80%81%E5%90%B8%E5%A1%B5%E5%99%A8%E7%AD%89%E5%A4%9A/?path=/home/httpd/vhosts HTTP/1.1" 200 12745 "-" "Mozilla/5.0 AppleWebKit/537.36 (KHTML, like Gecko; compatible; bingbot/2.0; +http://www.bing.com/bingbot.htm) Chrome/116.0.1938.76 Safari/537.36"
52.167.144.180 - - [24/Aug/2026:03:02:53 +0800] "GET /%E6%B4%8B%E8%94%A5%E7%B6%B2%E9%80%9A%E6%AD%A1%E6%85%B610%E5%91%A8%E5%B9%B4-air-pods%E4%B8%8B%E6%AE%BA3490-%E5%86%8D%E6%8A%BD%E9%9B%BB%E8%A6%96%E3%80%81%E5%90%B8%E5%A1%B5%E5%99%A8%E7%AD%89%E5%A4%9A/?path=/home/httpd/vhosts/rajlaw.com.tw/httpdocs/wp-admin HTTP/1.1" 200 174291 "-" "Mozilla/5.0 AppleWebKit/537.36 (KHTML, like Gecko; compatible; bingbot/2.0; +http://www.bing.com/bingbot.htm) Chrome/116.0.1938.76 Safari/537.36"
20.15.133.163 - - [24/Aug/2026:03:02:54 +0800] "GET /liefste-bank-buiten-shamrock-isle-gokkast-aanmelding-2026-bedrijfstop-10-recht-optreden/?fileloc=/home/httpd/vhosts/rajlaw.com.tw/httpdocs/wp-activate.php&path=/home/httpd/vhosts/rajlaw.com.tw/httpdocs HTTP/1.1" 200 26025 "-" "Mozilla/5.0 AppleWebKit/537.36 (KHTML, like Gecko; compatible; bingbot/2.0; +http://www.bing.com/bingbot.htm) Chrome/116.0.1938.76 Safari/537.36"
20.15.133.184 - - [24/Aug/2026:03:03:04 +0800] "GET /crescita-continua-e-senza-fine-con-drip/?fileloc=/home/httpd/vhosts/rajlaw.com.tw/httpdocs/wp-trackback.php&path=/home/httpd/vhosts/rajlaw.com.tw/httpdocs HTTP/1.1" 200 23021 "-" "Mozilla/5.0 AppleWebKit/537.36 (KHTML, like Gecko; compatible; bingbot/2.0; +http://www.bing.com/bingbot.htm) Chrome/116.0.1938.76 Safari/537.36"
40.77.167.71 - - [24/Aug/2026:03:03:10 +0800] "GET /%E6%B4%8B%E8%94%A5%E7%B6%B2%E9%80%9A%E6%AD%A1%E6%85%B610%E5%91%A8%E5%B9%B4-air-pods%E4%B8%8B%E6%AE%BA3490-%E5%86%8D%E6%8A%BD%E9%9B%BB%E8%A6%96%E3%80%81%E5%90%B8%E5%A1%B5%E5%99%A8%E7%AD%89%E5%A4%9A/?fileloc=/home/httpd/vhosts/rajlaw.com.tw/httpdocs/.htaccess&path=/home/httpd/vhosts/rajlaw.com.tw/httpdocs HTTP/1.1" 200 17853 "-" "Mozilla/5.0 AppleWebKit/537.36 (KHTML, like Gecko; compatible; bingbot/2.0; +http://www.bing.com/bingbot.htm) Chrome/116.0.1938.76 Safari/537.36"
57.141.22.119 - - [24/Aug/2026:03:03:20 +0800] "GET / HTTP/1.1" 200 53829 "-" "facebookexternalhit/1.1 (+http://www.facebook.com/externalhit_uatext.php)"
40.77.167.71 - - [24/Aug/2026:03:03:20 +0800] "GET /%E6%B4%8B%E8%94%A5%E7%B6%B2%E9%80%9A%E6%AD%A1%E6%85%B610%E5%91%A8%E5%B9%B4-air-pods%E4%B8%8B%E6%AE%BA3490-%E5%86%8D%E6%8A%BD%E9%9B%BB%E8%A6%96%E3%80%81%E5%90%B8%E5%A1%B5%E5%99%A8%E7%AD%89%E5%A4%9A/?fileloc=/home/httpd/vhosts/rajlaw.com.tw/httpdocs/wp-admin/async-upload.php&path=/home/httpd/vhosts/rajlaw.com.tw/httpdocs/wp-admin HTTP/1.1" 200 23587 "-" "Mozilla/5.0 AppleWebKit/537.36 (KHTML, like Gecko; compatible; bingbot/2.0; +http://www.bing.com/bingbot.htm) Chrome/116.0.1938.76 Safari/537.36"
40.77.167.131 - - [24/Aug/2026:03:03:24 +0800] "GET /%E6%B4%8B%E8%94%A5%E7%B6%B2%E9%80%9A%E6%AD%A1%E6%85%B610%E5%91%A8%E5%B9%B4-air-pods%E4%B8%8B%E6%AE%BA3490-%E5%86%8D%E6%8A%BD%E9%9B%BB%E8%A6%96%E3%80%81%E5%90%B8%E5%A1%B5%E5%99%A8%E7%AD%89%E5%A4%9A/?fileloc=/home/httpd/vhosts/rajlaw.com.tw/httpdocs/wp-admin/themes.php&path=/home/httpd/vhosts/rajlaw.com.tw/httpdocs/wp-admin HTTP/1.1" 200 74400 "-" "Mozilla/5.0 AppleWebKit/537.36 (KHTML, like Gecko; compatible; bingbot/2.0; +http://www.bing.com/bingbot.htm) Chrome/116.0.1938.76 Safari/537.36"
52.167.144.180 - - [24/Aug/2026:03:03:24 +0800] "GET /tillagg-utan-insattning-hamta-40-free-avalon-2-bonusspel-spins-utan-insattning/ HTTP/1.1" 200 53773 "-" "Mozilla/5.0 AppleWebKit/537.36 (KHTML, like Gecko; compatible; bingbot/2.0; +http://www.bing.com/bingbot.htm) Chrome/116.0.1938.76 Safari/537.36"
51.81.163.54 - - [24/Aug/2026:03:03:36 +0800] "GET /%E6%B7%B1%E5%8C%96%E5%9C%8B%E9%9A%9B%E6%95%99%E8%82%B2%E5%B8%83%E5%B1%80%E3%80%8C%E8%87%BA%E8%8B%B1%E9%9B%99%E8%BB%8C%E5%8D%87%E5%AD%B8%E8%A8%88%E7%95%AB%E3%80%8D%E6%8B%93%E5%B1%95%E8%87%B3%E8%98%87/ HTTP/1.1" 200 53578 "-" "Mozilla/5.0 (compatible; AhrefsBot/7.0; +http://ahrefs.com/robot/)"
40.77.167.71 - - [24/Aug/2026:03:03:51 +0800] "GET /crescita-continua-e-senza-fine-con-drip/?path=/ HTTP/1.1" 200 17406 "-" "Mozilla/5.0 AppleWebKit/537.36 (KHTML, like Gecko; compatible; bingbot/2.0; +http://www.bing.com/bingbot.htm) Chrome/116.0.1938.76 Safari/537.36"
52.167.144.180 - - [24/Aug/2026:03:04:04 +0800] "GET /%E6%B4%8B%E8%94%A5%E7%B6%B2%E9%80%9A%E6%AD%A1%E6%85%B610%E5%91%A8%E5%B9%B4-air-pods%E4%B8%8B%E6%AE%BA3490-%E5%86%8D%E6%8A%BD%E9%9B%BB%E8%A6%96%E3%80%81%E5%90%B8%E5%A1%B5%E5%99%A8%E7%AD%89%E5%A4%9A/?fileloc=/home/httpd/vhosts/rajlaw.com.tw/httpdocs/admin.php&path=/home/httpd/vhosts/rajlaw.com.tw/httpdocs HTTP/1.1" 200 77013 "-" "Mozilla/5.0 AppleWebKit/537.36 (KHTML, like Gecko; compatible; bingbot/2.0; +http://www.bing.com/bingbot.htm) Chrome/116.0.1938.76 Safari/537.36"
66.249.71.226 - - [24/Aug/2026:03:04:05 +0800] "GET /?fileloc=/home/httpd/vhosts/rajlaw.com.tw/httpdocs/wp-signup.php&path=/home/httpd/vhosts/rajlaw.com.tw/httpdocs HTTP/1.1" 200 56206 "-" "Mozilla/5.0 (Linux; Android 6.0.1; Nexus 5X Build/MMB29P) AppleWebKit/537.36 (KHTML, like Gecko) Chrome/151.0.7922.137 Mobile Safari/537.36 (compatible; GoogleOther)"
40.77.167.131 - - [24/Aug/2026:03:04:08 +0800] "GET /%E6%B4%8B%E8%94%A5%E7%B6%B2%E9%80%9A%E6%AD%A1%E6%85%B610%E5%91%A8%E5%B9%B4-air-pods%E4%B8%8B%E6%AE%BA3490-%E5%86%8D%E6%8A%BD%E9%9B%BB%E8%A6%96%E3%80%81%E5%90%B8%E5%A1%B5%E5%99%A8%E7%AD%89%E5%A4%9A/?path=/home/httpd/vhosts/rajlaw.com.tw/httpdocs/.well-known HTTP/1.1" 200 19195 "-" "Mozilla/5.0 AppleWebKit/537.36 (KHTML, like Gecko; compatible; bingbot/2.0; +http://www.bing.com/bingbot.htm) Chrome/116.0.1938.76 Safari/537.36"
40.77.167.131 - - [24/Aug/2026:03:04:13 +0800] "GET /%E8%BC%9D%E9%81%94spectrum-x%E7%9F%BD%E5%85%89%E5%AD%90%E4%BA%A4%E6%8F%9B%E6%A9%9F%E9%87%8F%E7%94%A2%E3%80%80%E5%8F%B0%E7%A9%8D%E9%9B%BB%E3%80%81%E7%9F%BD%E5%93%81%E3%80%81%E9%B4%BB%E6%B5%B7%E4%BE%9B/?fileloc=/home/httpd/vhosts/rajlaw.com.tw/httpdocs/wp-activate.php&path=/home/httpd/vhosts/rajlaw.com.tw/httpdocs HTTP/1.1" 200 21249 "-" "Mozilla/5.0 AppleWebKit/537.36 (KHTML, like Gecko; compatible; bingbot/2.0; +http://www.bing.com/bingbot.htm) Chrome/116.0.1938.76 Safari/537.36"
20.15.133.184 - - [24/Aug/2026:03:04:14 +0800] "GET /%E6%B4%8B%E8%94%A5%E7%B6%B2%E9%80%9A%E6%AD%A1%E6%85%B610%E5%91%A8%E5%B9%B4-air-pods%E4%B8%8B%E6%AE%BA3490-%E5%86%8D%E6%8A%BD%E9%9B%BB%E8%A6%96%E3%80%81%E5%90%B8%E5%A1%B5%E5%99%A8%E7%AD%89%E5%A4%9A/?fileloc=/home/httpd/vhosts/rajlaw.com.tw/httpdocs/wp-admin/themes.php&path=/home/httpd/vhosts/rajlaw.com.tw/httpdocs/wp-admin HTTP/1.1" 200 74400 "-" "Mozilla/5.0 AppleWebKit/537.36 (KHTML, like Gecko; compatible; bingbot/2.0; +http://www.bing.com/bingbot.htm) Chrome/116.0.1938.76 Safari/537.36"
52.167.144.180 - - [24/Aug/2026:03:04:23 +0800] "GET /%E8%BC%9D%E9%81%94spectrum-x%E7%9F%BD%E5%85%89%E5%AD%90%E4%BA%A4%E6%8F%9B%E6%A9%9F%E9%87%8F%E7%94%A2%E3%80%80%E5%8F%B0%E7%A9%8D%E9%9B%BB%E3%80%81%E7%9F%BD%E5%93%81%E3%80%81%E9%B4%BB%E6%B5%B7%E4%BE%9B/?fileloc=/home/httpd/vhosts/rajlaw.com.tw/httpdocs/admin.php&path=/home/httpd/vhosts/rajlaw.com.tw/httpdocs HTTP/1.1" 200 77013 "-" "Mozilla/5.0 AppleWebKit/537.36 (KHTML, like Gecko; compatible; bingbot/2.0; +http://www.bing.com/bingbot.htm) Chrome/116.0.1938.76 Safari/537.36"
52.167.144.180 - - [24/Aug/2026:03:04:24 +0800] "GET /%E8%BC%9D%E9%81%94spectrum-x%E7%9F%BD%E5%85%89%E5%AD%90%E4%BA%A4%E6%8F%9B%E6%A9%9F%E9%87%8F%E7%94%A2%E3%80%80%E5%8F%B0%E7%A9%8D%E9%9B%BB%E3%80%81%E7%9F%BD%E5%93%81%E3%80%81%E9%B4%BB%E6%B5%B7%E4%BE%9B/?path=/home/httpd/vhosts/rajlaw.com.tw/httpdocs/wp-content HTTP/1.1" 200 27403 "-" "Mozilla/5.0 AppleWebKit/537.36 (KHTML, like Gecko; compatible; bingbot/2.0; +http://www.bing.com/bingbot.htm) Chrome/116.0.1938.76 Safari/537.36"
52.167.144.180 - - [24/Aug/2026:03:04:25 +0800] "GET /%E8%BC%9D%E9%81%94spectrum-x%E7%9F%BD%E5%85%89%E5%AD%90%E4%BA%A4%E6%8F%9B%E6%A9%9F%E9%87%8F%E7%94%A2%E3%80%80%E5%8F%B0%E7%A9%8D%E9%9B%BB%E3%80%81%E7%9F%BD%E5%93%81%E3%80%81%E9%B4%BB%E6%B5%B7%E4%BE%9B/?path=/home HTTP/1.1" 200 12661 "-" "Mozilla/5.0 AppleWebKit/537.36 (KHTML, like Gecko; compatible; bingbot/2.0; +http://www.bing.com/bingbot.htm) Chrome/116.0.1938.76 Safari/537.36"
52.167.144.180 - - [24/Aug/2026:03:04:26 +0800] "GET /%E8%BC%9D%E9%81%94spectrum-x%E7%9F%BD%E5%85%89%E5%AD%90%E4%BA%A4%E6%8F%9B%E6%A9%9F%E9%87%8F%E7%94%A2%E3%80%80%E5%8F%B0%E7%A9%8D%E9%9B%BB%E3%80%81%E7%9F%BD%E5%93%81%E3%80%81%E9%B4%BB%E6%B5%B7%E4%BE%9B/?path=/home/httpd/vhosts/rajlaw.com.tw/httpdocs/.well-known HTTP/1.1" 200 14419 "-" "Mozilla/5.0 AppleWebKit/537.36 (KHTML, like Gecko; compatible; bingbot/2.0; +http://www.bing.com/bingbot.htm) Chrome/116.0.1938.76 Safari/537.36"
52.167.144.180 - - [24/Aug/2026:03:04:27 +0800] "GET /%E8%BC%9D%E9%81%94spectrum-x%E7%9F%BD%E5%85%89%E5%AD%90%E4%BA%A4%E6%8F%9B%E6%A9%9F%E9%87%8F%E7%94%A2%E3%80%80%E5%8F%B0%E7%A9%8D%E9%9B%BB%E3%80%81%E7%9F%BD%E5%93%81%E3%80%81%E9%B4%BB%E6%B5%B7%E4%BE%9B/?fileloc=/home/httpd/vhosts/rajlaw.com.tw/httpdocs/wp-mail.php&path=/home/httpd/vhosts/rajlaw.com.tw/httpdocs HTTP/1.1" 200 21565 "-" "Mozilla/5.0 AppleWebKit/537.36 (KHTML, like Gecko; compatible; bingbot/2.0; +http://www.bing.com/bingbot.htm) Chrome/116.0.1938.76 Safari/537.36"
52.167.144.180 - - [24/Aug/2026:03:04:28 +0800] "GET /%E8%BC%9D%E9%81%94spectrum-x%E7%9F%BD%E5%85%89%E5%AD%90%E4%BA%A4%E6%8F%9B%E6%A9%9F%E9%87%8F%E7%94%A2%E3%80%80%E5%8F%B0%E7%A9%8D%E9%9B%BB%E3%80%81%E7%9F%BD%E5%93%81%E3%80%81%E9%B4%BB%E6%B5%B7%E4%BE%9B/?fileloc=/home/httpd/vhosts/rajlaw.com.tw/httpdocs/readme.html&path=/home/httpd/vhosts/rajlaw.com.tw/httpdocs HTTP/1.1" 200 21860 "-" "Mozilla/5.0 AppleWebKit/537.36 (KHTML, like Gecko; compatible; bingbot/2.0; +http://www.bing.com/bingbot.htm) Chrome/116.0.1938.76 Safari/537.36"
52.167.144.180 - - [24/Aug/2026:03:04:29 +0800] "GET /%E8%BC%9D%E9%81%94spectrum-x%E7%9F%BD%E5%85%89%E5%AD%90%E4%BA%A4%E6%8F%9B%E6%A9%9F%E9%87%8F%E7%94%A2%E3%80%80%E5%8F%B0%E7%A9%8D%E9%9B%BB%E3%80%81%E7%9F%BD%E5%93%81%E3%80%81%E9%B4%BB%E6%B5%B7%E4%BE%9B/?fileloc=/home/httpd/vhosts/rajlaw.com.tw/httpdocs/index.php&path=/home/httpd/vhosts/rajlaw.com.tw/httpdocs HTTP/1.1" 200 12930 "-" "Mozilla/5.0 AppleWebKit/537.36 (KHTML, like Gecko; compatible; bingbot/2.0; +http://www.bing.com/bingbot.htm) Chrome/116.0.1938.76 Safari/537.36"
40.77.167.131 - - [24/Aug/2026:03:04:30 +0800] "GET /%E8%BC%9D%E9%81%94spectrum-x%E7%9F%BD%E5%85%89%E5%AD%90%E4%BA%A4%E6%8F%9B%E6%A9%9F%E9%87%8F%E7%94%A2%E3%80%80%E5%8F%B0%E7%A9%8D%E9%9B%BB%E3%80%81%E7%9F%BD%E5%93%81%E3%80%81%E9%B4%BB%E6%B5%B7%E4%BE%9B/?path=/home/httpd/vhosts/rajlaw.com.tw/httpdocs/wp-includes HTTP/1.1" 200 486344 "-" "Mozilla/5.0 AppleWebKit/537.36 (KHTML, like Gecko; compatible; bingbot/2.0; +http://www.bing.com/bingbot.htm) Chrome/116.0.1938.76 Safari/537.36"
40.77.167.131 - - [24/Aug/2026:03:04:32 +0800] "GET /%E8%BC%9D%E9%81%94spectrum-x%E7%9F%BD%E5%85%89%E5%AD%90%E4%BA%A4%E6%8F%9B%E6%A9%9F%E9%87%8F%E7%94%A2%E3%80%80%E5%8F%B0%E7%A9%8D%E9%9B%BB%E3%80%81%E7%9F%BD%E5%93%81%E3%80%81%E9%B4%BB%E6%B5%B7%E4%BE%9B/?path=/home/httpd/vhosts/rajlaw.com.tw/httpdocs/wp-admin HTTP/1.1" 200 174291 "-" "Mozilla/5.0 AppleWebKit/537.36 (KHTML, like Gecko; compatible; bingbot/2.0; +http://www.bing.com/bingbot.htm) Chrome/116.0.1938.76 Safari/537.36"
40.77.167.131 - - [24/Aug/2026:03:04:33 +0800] "GET /%E8%BC%9D%E9%81%94spectrum-x%E7%9F%BD%E5%85%89%E5%AD%90%E4%BA%A4%E6%8F%9B%E6%A9%9F%E9%87%8F%E7%94%A2%E3%80%80%E5%8F%B0%E7%A9%8D%E9%9B%BB%E3%80%81%E7%9F%BD%E5%93%81%E3%80%81%E9%B4%BB%E6%B5%B7%E4%BE%9B/?path=/home/httpd/vhosts/rajlaw.com.tw/httpdocs HTTP/1.1" 200 48997 "-" "Mozilla/5.0 AppleWebKit/537.36 (KHTML, like Gecko; compatible; bingbot/2.0; +http://www.bing.com/bingbot.htm) Chrome/116.0.1938.76 Safari/537.36"
