162.120.184.61 - - [23/Aug/2026:17:24:44 +0800] "GET /%E5%B1%B1%E6%9E%97%E5%AC%8C%E5%AE%A2%E8%88%87%E8%8C%B6%E9%A6%99%E5%85%B1%E8%88%9E-%E5%8D%97%E6%8A%95%E7%B4%85%E8%8C%B6%E8%81%AF%E7%9B%9F%E6%94%9C%E6%89%8B%E5%85%A8%E5%AE%B6%E6%8E%A8%E5%87%BA%E3%80%8C/ HTTP/1.1" 200 97033 "https://www.google.com/" "Mozilla/5.0 (Linux; Android 10; K) AppleWebKit/537.36 (KHTML, like Gecko) Chrome/151.0.0.0 Mobile Safari/537.36"
52.167.144.183 - - [23/Aug/2026:17:25:36 +0800] "GET /players-inside-the-california-is-only-able-to-take-pleasure-in-simple-gameplay-to-have-activities-aim-through-gc/ HTTP/1.1" 200 96057 "-" "Mozilla/5.0 AppleWebKit/537.36 (KHTML, like Gecko; compatible; bingbot/2.0; +http://www.bing.com/bingbot.htm) Chrome/116.0.1938.76 Safari/537.36"
40.77.167.7 - - [23/Aug/2026:17:25:40 +0800] "GET /bar-bar-black-sheep-slot-bingo-mania-of-microgaming-review/ HTTP/1.1" 200 97743 "-" "Mozilla/5.0 AppleWebKit/537.36 (KHTML, like Gecko; compatible; bingbot/2.0; +http://www.bing.com/bingbot.htm) Chrome/116.0.1938.76 Safari/537.36"
52.167.144.183 - - [23/Aug/2026:17:26:16 +0800] "GET /spilleban-bonusser-som-danmark-ultra-i-deluxe-foran-rigtige-gysser-wizard-of-oz-1-depositum-2026-sammenlign-tilslutte-bonusser/ HTTP/1.1" 200 100614 "-" "Mozilla/5.0 AppleWebKit/537.36 (KHTML, like Gecko; compatible; bingbot/2.0; +http://www.bing.com/bingbot.htm) Chrome/116.0.1938.76 Safari/537.36"
66.249.72.201 - - [23/Aug/2026:17:27:15 +0800] "GET /siamo-consapevoli-che-tipo-di-sul-mercato-globale-siano-presenti-i-bisca-stranieri-privo-di-licenza-adm/ HTTP/1.1" 200 96957 "-" "Mozilla/5.0 (Linux; Android 6.0.1; Nexus 5X Build/MMB29P) AppleWebKit/537.36 (KHTML, like Gecko) Chrome/151.0.7922.137 Mobile Safari/537.36 (compatible; GoogleOther)"
52.167.144.159 - - [23/Aug/2026:17:29:37 +0800] "GET /because-these-guidelines-move-and-you-may-enforcement-may-differ-make-sure-the-present-day-condition-for-your-own-country-before-you-could-put/ HTTP/1.1" 200 97672 "-" "Mozilla/5.0 AppleWebKit/537.36 (KHTML, like Gecko; compatible; bingbot/2.0; +http://www.bing.com/bingbot.htm) Chrome/116.0.1938.76 Safari/537.36"
36.134.121.104 - - [23/Aug/2026:17:29:40 +0800] "GET /certified-website-demo-real-spinsamurai-app-download-link-money/ HTTP/1.1" 200 98274 "https://rajlaw.com.tw/dolphins-pearl-kostenlos-spielen-religious-kostenfrei-spielen-sie-spectrum-echtes-geld-testen/" "Mozilla/5.0 (Macintosh; Intel Mac OS X 10_15_7) AppleWebKit/537.36 (KHTML, like Gecko) Chrome/144.0.0.0 Safari/537.36"
124.150.132.81 - - [23/Aug/2026:17:29:41 +0800] "POST /wp-cron.php?doing_wp_cron=1787477381.6453680992126464843750 HTTP/1.1" 500 8614 "-" "WordPress/7.1; https://rajlaw.com.tw"
52.167.144.159 - - [23/Aug/2026:17:31:07 +0800] "GET /?author=0 HTTP/1.1" 200 125813 "-" "Mozilla/5.0 AppleWebKit/537.36 (KHTML, like Gecko; compatible; bingbot/2.0; +http://www.bing.com/bingbot.htm) Chrome/116.0.1938.76 Safari/537.36"
57.141.4.35 - - [23/Aug/2026:17:31:10 +0800] "GET / HTTP/1.1" 200 139932 "-" "facebookexternalhit/1.1 (+http://www.facebook.com/externalhit_uatext.php)"
52.167.144.159 - - [23/Aug/2026:17:31:13 +0800] "GET /accede-al-poder-de-cinco-leones/ HTTP/1.1" 200 93780 "-" "Mozilla/5.0 AppleWebKit/537.36 (KHTML, like Gecko; compatible; bingbot/2.0; +http://www.bing.com/bingbot.htm) Chrome/116.0.1938.76 Safari/537.36"
124.150.132.81 - - [23/Aug/2026:17:31:15 +0800] "POST /wp-cron.php?doing_wp_cron=1787477475.9325950145721435546875 HTTP/1.1" 200 5843 "-" "WordPress/7.1; https://rajlaw.com.tw"
40.77.167.149 - - [23/Aug/2026:17:31:14 +0800] "GET /page/4/?author=0 HTTP/1.1" 200 126711 "-" "Mozilla/5.0 AppleWebKit/537.36 (KHTML, like Gecko; compatible; bingbot/2.0; +http://www.bing.com/bingbot.htm) Chrome/116.0.1938.76 Safari/537.36"
40.77.167.149 - - [23/Aug/2026:17:31:21 +0800] "GET /page/2/?author=0 HTTP/1.1" 200 121414 "-" "Mozilla/5.0 AppleWebKit/537.36 (KHTML, like Gecko; compatible; bingbot/2.0; +http://www.bing.com/bingbot.htm) Chrome/116.0.1938.76 Safari/537.36"
52.167.144.159 - - [23/Aug/2026:17:31:27 +0800] "GET /hell-spin-darmowe-spiny-fangst-nu/ HTTP/1.1" 200 96199 "-" "Mozilla/5.0 AppleWebKit/537.36 (KHTML, like Gecko; compatible; bingbot/2.0; +http://www.bing.com/bingbot.htm) Chrome/116.0.1938.76 Safari/537.36"
185.135.85.251 - - [23/Aug/2026:17:31:58 +0800] "POST /xmlrpc.php HTTP/1.1" 200 6124 "-" "Mozilla/5.0 (Windows NT 10.0; Win64; x64) AppleWebKit/537.36 (KHTML, like Gecko) Chrome/145.0.0.0 Safari/537.36"
185.135.85.251 - - [23/Aug/2026:17:32:08 +0800] "POST /xmlrpc.php HTTP/1.1" 200 19323 "-" "Mozilla/5.0 (Macintosh; Intel Mac OS X 10_15_7) AppleWebKit/537.36 (KHTML, like Gecko) Chrome/136.0.0.0 Safari/537.36"
124.150.132.81 - - [23/Aug/2026:17:31:11 +0800] "POST /wp-cron.php?doing_wp_cron=1787477471.5672719478607177734375 HTTP/1.1" 200 5843 "-" "WordPress/7.1; https://rajlaw.com.tw"
185.135.85.251 - - [23/Aug/2026:17:32:14 +0800] "GET /todos-estos-bonos-pueden-crecer-dicho-partida-y-no-ha-transpirado-resultar-en-una-superior-habilidad-de-juego/ HTTP/1.1" 200 99666 "-" "Mozilla/5.0 (Windows NT 10.0; Win64; x64) AppleWebKit/537.36 (KHTML, like Gecko) Chrome/134.0.0.0 Safari/537.36"
124.150.132.81 - - [23/Aug/2026:17:32:23 +0800] "POST /wp-cron.php?doing_wp_cron=1787477543.6273219585418701171875 HTTP/1.1" 200 5843 "-" "WordPress/7.1; https://rajlaw.com.tw"
116.241.220.159 - - [23/Aug/2026:17:33:14 +0800] "GET /%E4%B8%AD%E5%B1%B1%E5%8D%80%E9%9F%93%E5%BC%8F%E5%81%A5%E5%BA%B7%E9%A4%90%E6%89%93%E9%80%A0%E7%87%9F%E9%A4%8A%E5%9D%87%E8%A1%A1%E9%A3%B2%E9%A3%9F-%E6%9D%9C%E6%8B%9C%E5%B7%A7%E5%85%8B%E5%8A%9Bq%E9%A4%85/ HTTP/1.1" 200 99237 "https://www.google.com/" "Mozilla/5.0 (iPhone; CPU iPhone OS 18_7 like Mac OS X) AppleWebKit/605.1.15 (KHTML, like Gecko) Version/18.7.5 Mobile/15E148 Safari/604.1"
116.241.220.159 - - [23/Aug/2026:17:33:18 +0800] "GET /wp-includes/css/dashicons.min.css?ver=7.1 HTTP/1.1" 200 64001 "https://rajlaw.com.tw/%E4%B8%AD%E5%B1%B1%E5%8D%80%E9%9F%93%E5%BC%8F%E5%81%A5%E5%BA%B7%E9%A4%90%E6%89%93%E9%80%A0%E7%87%9F%E9%A4%8A%E5%9D%87%E8%A1%A1%E9%A3%B2%E9%A3%9F-%E6%9D%9C%E6%8B%9C%E5%B7%A7%E5%85%8B%E5%8A%9Bq%E9%A4%85/" "Mozilla/5.0 (iPhone; CPU iPhone OS 18_7 like Mac OS X) AppleWebKit/605.1.15 (KHTML, like Gecko) Version/18.7.5 Mobile/15E148 Safari/604.1"
116.241.220.159 - - [23/Aug/2026:17:33:18 +0800] "GET /wp-content/plugins/everest-forms/assets/css/everest-forms.css?ver=3.0.9.3 HTTP/1.1" 200 105418 "https://rajlaw.com.tw/%E4%B8%AD%E5%B1%B1%E5%8D%80%E9%9F%93%E5%BC%8F%E5%81%A5%E5%BA%B7%E9%A4%90%E6%89%93%E9%80%A0%E7%87%9F%E9%A4%8A%E5%9D%87%E8%A1%A1%E9%A3%B2%E9%A3%9F-%E6%9D%9C%E6%8B%9C%E5%B7%A7%E5%85%8B%E5%8A%9Bq%E9%A4%85/" "Mozilla/5.0 (iPhone; CPU iPhone OS 18_7 like Mac OS X) AppleWebKit/605.1.15 (KHTML, like Gecko) Version/18.7.5 Mobile/15E148 Safari/604.1"
116.241.220.159 - - [23/Aug/2026:17:33:18 +0800] "GET /wp-content/uploads/2025/03/logo-removebg-preview-e1741353740950.png HTTP/1.1" 200 71099 "https://rajlaw.com.tw/%E4%B8%AD%E5%B1%B1%E5%8D%80%E9%9F%93%E5%BC%8F%E5%81%A5%E5%BA%B7%E9%A4%90%E6%89%93%E9%80%A0%E7%87%9F%E9%A4%8A%E5%9D%87%E8%A1%A1%E9%A3%B2%E9%A3%9F-%E6%9D%9C%E6%8B%9C%E5%B7%A7%E5%85%8B%E5%8A%9Bq%E9%A4%85/" "Mozilla/5.0 (iPhone; CPU iPhone OS 18_7 like Mac OS X) AppleWebKit/605.1.15 (KHTML, like Gecko) Version/18.7.5 Mobile/15E148 Safari/604.1"
116.241.220.159 - - [23/Aug/2026:17:33:18 +0800] "GET /wp-content/plugins/everest-forms/assets/css/intlTelInput.css?ver=3.0.9.3 HTTP/1.1" 200 45997 "https://rajlaw.com.tw/%E4%B8%AD%E5%B1%B1%E5%8D%80%E9%9F%93%E5%BC%8F%E5%81%A5%E5%BA%B7%E9%A4%90%E6%89%93%E9%80%A0%E7%87%9F%E9%A4%8A%E5%9D%87%E8%A1%A1%E9%A3%B2%E9%A3%9F-%E6%9D%9C%E6%8B%9C%E5%B7%A7%E5%85%8B%E5%8A%9Bq%E9%A4%85/" "Mozilla/5.0 (iPhone; CPU iPhone OS 18_7 like Mac OS X) AppleWebKit/605.1.15 (KHTML, like Gecko) Version/18.7.5 Mobile/15E148 Safari/604.1"
116.241.220.159 - - [23/Aug/2026:17:33:18 +0800] "GET /wp-content/themes/zakra/assets/js/navigation.min.js?ver=4.0.6 HTTP/1.1" 200 4809 "https://rajlaw.com.tw/%E4%B8%AD%E5%B1%B1%E5%8D%80%E9%9F%93%E5%BC%8F%E5%81%A5%E5%BA%B7%E9%A4%90%E6%89%93%E9%80%A0%E7%87%9F%E9%A4%8A%E5%9D%87%E8%A1%A1%E9%A3%B2%E9%A3%9F-%E6%9D%9C%E6%8B%9C%E5%B7%A7%E5%85%8B%E5%8A%9Bq%E9%A4%85/" "Mozilla/5.0 (iPhone; CPU iPhone OS 18_7 like Mac OS X) AppleWebKit/605.1.15 (KHTML, like Gecko) Version/18.7.5 Mobile/15E148 Safari/604.1"
116.241.220.159 - - [23/Aug/2026:17:33:18 +0800] "GET /wp-content/themes/zakra/assets/js/zakra-custom.min.js?ver=4.0.6 HTTP/1.1" 200 5825 "https://rajlaw.com.tw/%E4%B8%AD%E5%B1%B1%E5%8D%80%E9%9F%93%E5%BC%8F%E5%81%A5%E5%BA%B7%E9%A4%90%E6%89%93%E9%80%A0%E7%87%9F%E9%A4%8A%E5%9D%87%E8%A1%A1%E9%A3%B2%E9%A3%9F-%E6%9D%9C%E6%8B%9C%E5%B7%A7%E5%85%8B%E5%8A%9Bq%E9%A4%85/" "Mozilla/5.0 (iPhone; CPU iPhone OS 18_7 like Mac OS X) AppleWebKit/605.1.15 (KHTML, like Gecko) Version/18.7.5 Mobile/15E148 Safari/604.1"
116.241.220.159 - - [23/Aug/2026:17:33:18 +0800] "GET /wp-content/themes/zakra/assets/js/skip-link-focus-fix.min.js?ver=4.0.6 HTTP/1.1" 200 666 "https://rajlaw.com.tw/%E4%B8%AD%E5%B1%B1%E5%8D%80%E9%9F%93%E5%BC%8F%E5%81%A5%E5%BA%B7%E9%A4%90%E6%89%93%E9%80%A0%E7%87%9F%E9%A4%8A%E5%9D%87%E8%A1%A1%E9%A3%B2%E9%A3%9F-%E6%9D%9C%E6%8B%9C%E5%B7%A7%E5%85%8B%E5%8A%9Bq%E9%A4%85/" "Mozilla/5.0 (iPhone; CPU iPhone OS 18_7 like Mac OS X) AppleWebKit/605.1.15 (KHTML, like Gecko) Version/18.7.5 Mobile/15E148 Safari/604.1"
116.241.220.159 - - [23/Aug/2026:17:33:18 +0800] "GET /wp-content/themes/zakra/inc/customizer/customind/assets/fontawesome/v6/css/all.min.css?ver=6.2.4 HTTP/1.1" 200 108095 "https://rajlaw.com.tw/%E4%B8%AD%E5%B1%B1%E5%8D%80%E9%9F%93%E5%BC%8F%E5%81%A5%E5%BA%B7%E9%A4%90%E6%89%93%E9%80%A0%E7%87%9F%E9%A4%8A%E5%9D%87%E8%A1%A1%E9%A3%B2%E9%A3%9F-%E6%9D%9C%E6%8B%9C%E5%B7%A7%E5%85%8B%E5%8A%9Bq%E9%A4%85/" "Mozilla/5.0 (iPhone; CPU iPhone OS 18_7 like Mac OS X) AppleWebKit/605.1.15 (KHTML, like Gecko) Version/18.7.5 Mobile/15E148 Safari/604.1"
116.241.220.159 - - [23/Aug/2026:17:33:18 +0800] "GET /wp-content/themes/zakra/style.css?ver=4.0.6 HTTP/1.1" 200 111401 "https://rajlaw.com.tw/%E4%B8%AD%E5%B1%B1%E5%8D%80%E9%9F%93%E5%BC%8F%E5%81%A5%E5%BA%B7%E9%A4%90%E6%89%93%E9%80%A0%E7%87%9F%E9%A4%8A%E5%9D%87%E8%A1%A1%E9%A3%B2%E9%A3%9F-%E6%9D%9C%E6%8B%9C%E5%B7%A7%E5%85%8B%E5%8A%9Bq%E9%A4%85/" "Mozilla/5.0 (iPhone; CPU iPhone OS 18_7 like Mac OS X) AppleWebKit/605.1.15 (KHTML, like Gecko) Version/18.7.5 Mobile/15E148 Safari/604.1"
116.241.220.159 - - [23/Aug/2026:17:33:18 +0800] "GET /wp-content/uploads/2026/08/20260817044925_1_0.jpg HTTP/1.1" 200 194163 "https://rajlaw.com.tw/%E4%B8%AD%E5%B1%B1%E5%8D%80%E9%9F%93%E5%BC%8F%E5%81%A5%E5%BA%B7%E9%A4%90%E6%89%93%E9%80%A0%E7%87%9F%E9%A4%8A%E5%9D%87%E8%A1%A1%E9%A3%B2%E9%A3%9F-%E6%9D%9C%E6%8B%9C%E5%B7%A7%E5%85%8B%E5%8A%9Bq%E9%A4%85/" "Mozilla/5.0 (iPhone; CPU iPhone OS 18_7 like Mac OS X) AppleWebKit/605.1.15 (KHTML, like Gecko) Version/18.7.5 Mobile/15E148 Safari/604.1"
116.241.220.159 - - [23/Aug/2026:17:33:18 +0800] "GET /wp-content/themes/zakra/assets/fonts/themegrill-icons.woff2?5d42b271f668d2d6461ba91fc5a5a839 HTTP/1.1" 200 1622 "https://rajlaw.com.tw/%E4%B8%AD%E5%B1%B1%E5%8D%80%E9%9F%93%E5%BC%8F%E5%81%A5%E5%BA%B7%E9%A4%90%E6%89%93%E9%80%A0%E7%87%9F%E9%A4%8A%E5%9D%87%E8%A1%A1%E9%A3%B2%E9%A3%9F-%E6%9D%9C%E6%8B%9C%E5%B7%A7%E5%85%8B%E5%8A%9Bq%E9%A4%85/" "Mozilla/5.0 (iPhone; CPU iPhone OS 18_7 like Mac OS X) AppleWebKit/605.1.15 (KHTML, like Gecko) Version/18.7.5 Mobile/15E148 Safari/604.1"
116.241.220.159 - - [23/Aug/2026:17:33:18 +0800] "GET /wp-content/themes/zakra/inc/customizer/customind/assets/fontawesome/v6/webfonts/fa-brands-400.woff2 HTTP/1.1" 200 118361 "https://rajlaw.com.tw/%E4%B8%AD%E5%B1%B1%E5%8D%80%E9%9F%93%E5%BC%8F%E5%81%A5%E5%BA%B7%E9%A4%90%E6%89%93%E9%80%A0%E7%87%9F%E9%A4%8A%E5%9D%87%E8%A1%A1%E9%A3%B2%E9%A3%9F-%E6%9D%9C%E6%8B%9C%E5%B7%A7%E5%85%8B%E5%8A%9Bq%E9%A4%85/" "Mozilla/5.0 (iPhone; CPU iPhone OS 18_7 like Mac OS X) AppleWebKit/605.1.15 (KHTML, like Gecko) Version/18.7.5 Mobile/15E148 Safari/604.1"
116.241.220.159 - - [23/Aug/2026:17:33:18 +0800] "GET /wp-content/themes/zakra/inc/customizer/customind/assets/fontawesome/v6/webfonts/fa-solid-900.woff2 HTTP/1.1" 200 156967 "https://rajlaw.com.tw/%E4%B8%AD%E5%B1%B1%E5%8D%80%E9%9F%93%E5%BC%8F%E5%81%A5%E5%BA%B7%E9%A4%90%E6%89%93%E9%80%A0%E7%87%9F%E9%A4%8A%E5%9D%87%E8%A1%A1%E9%A3%B2%E9%A3%9F-%E6%9D%9C%E6%8B%9C%E5%B7%A7%E5%85%8B%E5%8A%9Bq%E9%A4%85/" "Mozilla/5.0 (iPhone; CPU iPhone OS 18_7 like Mac OS X) AppleWebKit/605.1.15 (KHTML, like Gecko) Version/18.7.5 Mobile/15E148 Safari/604.1"
116.241.220.159 - - [23/Aug/2026:17:33:18 +0800] "GET /wp-includes/js/wp-emoji-release.min.js?ver=7.1 HTTP/1.1" 200 23123 "https://rajlaw.com.tw/%E4%B8%AD%E5%B1%B1%E5%8D%80%E9%9F%93%E5%BC%8F%E5%81%A5%E5%BA%B7%E9%A4%90%E6%89%93%E9%80%A0%E7%87%9F%E9%A4%8A%E5%9D%87%E8%A1%A1%E9%A3%B2%E9%A3%9F-%E6%9D%9C%E6%8B%9C%E5%B7%A7%E5%85%8B%E5%8A%9Bq%E9%A4%85/" "Mozilla/5.0 (iPhone; CPU iPhone OS 18_7 like Mac OS X) AppleWebKit/605.1.15 (KHTML, like Gecko) Version/18.7.5 Mobile/15E148 Safari/604.1"
116.241.220.159 - - [23/Aug/2026:17:33:18 +0800] "GET /wp-content/themes/zakra/inc/customizer/customind/assets/fontawesome/v6/webfonts/fa-v4compatibility.woff2 HTTP/1.1" 200 5095 "https://rajlaw.com.tw/%E4%B8%AD%E5%B1%B1%E5%8D%80%E9%9F%93%E5%BC%8F%E5%81%A5%E5%BA%B7%E9%A4%90%E6%89%93%E9%80%A0%E7%87%9F%E9%A4%8A%E5%9D%87%E8%A1%A1%E9%A3%B2%E9%A3%9F-%E6%9D%9C%E6%8B%9C%E5%B7%A7%E5%85%8B%E5%8A%9Bq%E9%A4%85/" "Mozilla/5.0 (iPhone; CPU iPhone OS 18_7 like Mac OS X) AppleWebKit/605.1.15 (KHTML, like Gecko) Version/18.7.5 Mobile/15E148 Safari/604.1"
116.241.220.159 - - [23/Aug/2026:17:33:18 +0800] "GET /wp-content/themes/zakra/123.jpg HTTP/1.1" 200 455955 "https://rajlaw.com.tw/%E4%B8%AD%E5%B1%B1%E5%8D%80%E9%9F%93%E5%BC%8F%E5%81%A5%E5%BA%B7%E9%A4%90%E6%89%93%E9%80%A0%E7%87%9F%E9%A4%8A%E5%9D%87%E8%A1%A1%E9%A3%B2%E9%A3%9F-%E6%9D%9C%E6%8B%9C%E5%B7%A7%E5%85%8B%E5%8A%9Bq%E9%A4%85/" "Mozilla/5.0 (iPhone; CPU iPhone OS 18_7 like Mac OS X) AppleWebKit/605.1.15 (KHTML, like Gecko) Version/18.7.5 Mobile/15E148 Safari/604.1"
116.241.220.159 - - [23/Aug/2026:17:33:19 +0800] "GET /favicon.ico HTTP/1.1" 302 1395 "https://rajlaw.com.tw/%E4%B8%AD%E5%B1%B1%E5%8D%80%E9%9F%93%E5%BC%8F%E5%81%A5%E5%BA%B7%E9%A4%90%E6%89%93%E9%80%A0%E7%87%9F%E9%A4%8A%E5%9D%87%E8%A1%A1%E9%A3%B2%E9%A3%9F-%E6%9D%9C%E6%8B%9C%E5%B7%A7%E5%85%8B%E5%8A%9Bq%E9%A4%85/" "Mozilla/5.0 (iPhone; CPU iPhone OS 18_7 like Mac OS X) AppleWebKit/605.1.15 (KHTML, like Gecko) Version/18.7.5 Mobile/15E148 Safari/604.1"
57.141.16.99 - - [23/Aug/2026:17:33:29 +0800] "GET / HTTP/1.1" 200 139932 "-" "facebookexternalhit/1.1 (+http://www.facebook.com/externalhit_uatext.php)"
66.249.71.227 - - [23/Aug/2026:17:33:35 +0800] "GET /gratis-sjove-spil-oven-klik-pa-dette-link-her-nu-i-kobet-dyreunge-plu-alderstegen/ HTTP/1.1" 200 96358 "-" "Mozilla/5.0 (Linux; Android 6.0.1; Nexus 5X Build/MMB29P) AppleWebKit/537.36 (KHTML, like Gecko) Chrome/151.0.7922.137 Mobile Safari/537.36 (compatible; GoogleOther)"
36.137.128.146 - - [23/Aug/2026:17:33:33 +0800] "GET /dragons-deep-gratis-casino-hit2split-slot-auffuhren/ HTTP/1.1" 200 97932 "https://rajlaw.com.tw/fazit-dies-besten-deutschen-casino-boni-dragons-deep-150-casino-suncatcher-gigablox-kostenlose-spins-fur-2024/" "Mozilla/5.0 (Windows NT 10.0; Win64; x64) AppleWebKit/537.36 (KHTML, like Gecko) Chrome/143.0.0.0 Safari/537.36"
66.249.72.201 - - [23/Aug/2026:17:33:39 +0800] "GET /financialposts-best-paypal-gambling-online-casinos-real-money-enterprise-sites-inside-united-states-2025-and-therefore-united-states-online-casinos-deal-with-paypal/ HTTP/1.1" 200 102951 "-" "Mozilla/5.0 (Linux; Android 6.0.1; Nexus 5X Build/MMB29P) AppleWebKit/537.36 (KHTML, like Gecko) Chrome/151.0.7922.137 Mobile Safari/537.36 (compatible; GoogleOther)"
36.133.77.208 - - [23/Aug/2026:17:33:42 +0800] "GET /dragons-deep-gratis-casino-hit2split-slot-auffuhren/ HTTP/1.1" 200 97932 "https://rajlaw.com.tw/fazit-dies-besten-deutschen-casino-boni-dragons-deep-150-casino-suncatcher-gigablox-kostenlose-spins-fur-2024/" "Mozilla/5.0 (Windows NT 10.0; Win64; x64) AppleWebKit/537.36 (KHTML, like Gecko) Chrome/143.0.0.0 Safari/537.36"
40.77.167.26 - - [23/Aug/2026:17:33:46 +0800] "GET /enseguida-os-expondremos-brevemente-acerca-de-como-funciona-cada-uno/ HTTP/1.1" 200 95025 "-" "Mozilla/5.0 AppleWebKit/537.36 (KHTML, like Gecko; compatible; bingbot/2.0; +http://www.bing.com/bingbot.htm) Chrome/116.0.1938.76 Safari/537.36"
40.77.167.26 - - [23/Aug/2026:17:33:51 +0800] "GET /hallan-cual-memorizar-que-unico-podran-registrarse-referente-a-individuos-joviales-generalidad-mayores-residentes-acerca-de-portugal/ HTTP/1.1" 200 90450 "-" "Mozilla/5.0 AppleWebKit/537.36 (KHTML, like Gecko; compatible; bingbot/2.0; +http://www.bing.com/bingbot.htm) Chrome/116.0.1938.76 Safari/537.36"
52.167.144.159 - - [23/Aug/2026:17:33:50 +0800] "GET /ademas-este-tipo-de-oferta-particular-de-bono-sobre-conmemoracion-hace-que-la-habilidad-podri%ef%bf%bda-llegar-a-ser-todavia-mas-profusamente-excitante/ HTTP/1.1" 200 95522 "-" "Mozilla/5.0 AppleWebKit/537.36 (KHTML, like Gecko; compatible; bingbot/2.0; +http://www.bing.com/bingbot.htm) Chrome/116.0.1938.76 Safari/537.36"
52.167.144.159 - - [23/Aug/2026:17:33:55 +0800] "GET /posteriormente-exploramos-los-clasificaciones-de-mayor-buscadas-por-los-jugadores-sobre-argentina/ HTTP/1.1" 200 92513 "-" "Mozilla/5.0 AppleWebKit/537.36 (KHTML, like Gecko; compatible; bingbot/2.0; +http://www.bing.com/bingbot.htm) Chrome/116.0.1938.76 Safari/537.36"
40.77.167.149 - - [23/Aug/2026:17:33:56 +0800] "GET /existen-varios-tipos-de-bonos-de-casino-desprovisto-tanque-de-lo-que-comentaremos-a-continuacion/ HTTP/1.1" 200 97799 "-" "Mozilla/5.0 AppleWebKit/537.36 (KHTML, like Gecko; compatible; bingbot/2.0; +http://www.bing.com/bingbot.htm) Chrome/116.0.1938.76 Safari/537.36"
185.135.85.251 - - [23/Aug/2026:17:34:00 +0800] "POST /xmlrpc.php HTTP/1.1" 200 6124 "-" "Mozilla/5.0 (X11; Linux x86_64) AppleWebKit/537.36 (KHTML, like Gecko) Chrome/134.0.0.0 Safari/537.36"
124.150.132.81 - - [23/Aug/2026:17:34:04 +0800] "POST /wp-cron.php?doing_wp_cron=1787477644.6308720111846923828125 HTTP/1.1" 200 5843 "-" "WordPress/7.1; https://rajlaw.com.tw"
40.77.167.26 - - [23/Aug/2026:17:34:06 +0800] "GET /la-aplicacion-es-sencillo-de-incursionar-y-no-ha-transpirado-esta-pensada-para-ofertar-la-experiencia-satisfactoria/ HTTP/1.1" 200 98481 "-" "Mozilla/5.0 AppleWebKit/537.36 (KHTML, like Gecko; compatible; bingbot/2.0; +http://www.bing.com/bingbot.htm) Chrome/116.0.1938.76 Safari/537.36"
111.49.59.8 - - [23/Aug/2026:17:34:09 +0800] "GET /category/%e7%94%a2%e6%a5%ad%e6%96%b0%e8%81%9e/page/3 HTTP/1.1" 301 6110 "-" "Mozilla/5.0 (Windows NT 10.0; Win64; x64) AppleWebKit/537.36 (KHTML, like Gecko) Chrome/144.0.0.0 Safari/537.36"
185.135.85.251 - - [23/Aug/2026:17:34:09 +0800] "POST /xmlrpc.php HTTP/1.1" 200 16562 "-" "Mozilla/5.0 (Windows NT 10.0; Win64; x64) AppleWebKit/537.36 (KHTML, like Gecko) Chrome/58.0.3029.110 Safari/537.3"
40.77.167.26 - - [23/Aug/2026:17:34:11 +0800] "GET /que-usan-separado-desbloquear-el-ipad-se-podri-acceder-a-tragamonedas-ruleta-blackjack-metodos-sobre-pago-desplazandolo-hacia-el-pelo-asiento/ HTTP/1.1" 200 91365 "-" "Mozilla/5.0 AppleWebKit/537.36 (KHTML, like Gecko; compatible; bingbot/2.0; +http://www.bing.com/bingbot.htm) Chrome/116.0.1938.76 Safari/537.36"
52.167.144.159 - - [23/Aug/2026:17:34:11 +0800] "GET /una-vez-que-vengas-del-casino-acerca-de-portugal-comprobaras-su-historial-integro-durante-sarcofago/ HTTP/1.1" 200 97256 "-" "Mozilla/5.0 AppleWebKit/537.36 (KHTML, like Gecko; compatible; bingbot/2.0; +http://www.bing.com/bingbot.htm) Chrome/116.0.1938.76 Safari/537.36"
111.49.59.8 - - [23/Aug/2026:17:34:14 +0800] "GET /category/%e7%94%a2%e6%a5%ad%e6%96%b0%e8%81%9e/page/3/ HTTP/1.1" 200 97920 "-" "Mozilla/5.0 (Windows NT 10.0; Win64; x64) AppleWebKit/537.36 (KHTML, like Gecko) Chrome/144.0.0.0 Safari/537.36"
185.135.85.251 - - [23/Aug/2026:17:34:22 +0800] "GET /brinda-retiros-inmediatos-que-usan-yape-plin-asi%EF%BF%BD-como-la-confianza-modernas-adonde-se-podri%EF%BF%BDan-mover-valoracion-la-zapatilla-y-el-pie-prueba-desplazandolo-hacia-el-pelo-reputacion/ HTTP/1.1" 200 97323 "-" "Mozilla/5.0 (X11; Linux x86_64) AppleWebKit/537.36 (KHTML, like Gecko) Chrome/133.0.0.0 Safari/537.36"
40.77.167.26 - - [23/Aug/2026:17:34:27 +0800] "GET /los-jugadores-ya-podrian-demandar-publicaciones-sobre-recepcion-referente-a-casinos-joviales-permiso-dgoj/ HTTP/1.1" 200 97137 "-" "Mozilla/5.0 AppleWebKit/537.36 (KHTML, like Gecko; compatible; bingbot/2.0; +http://www.bing.com/bingbot.htm) Chrome/116.0.1938.76 Safari/537.36"
51.195.244.216 - - [23/Aug/2026:17:34:28 +0800] "GET /%E7%BE%8E%E4%BC%8A%E6%9A%AB%E5%81%9C%E6%94%BB%E6%93%8A%E5%B8%B6%E5%8B%95%E6%B2%B9%E5%83%B9%E9%87%8D%E6%8C%AB%E3%80%80%E4%B8%AD%E6%9D%B1%E9%A2%A8%E9%9A%AA%E9%99%8D%E6%BA%AB%E5%BE%8C%E5%B8%82%E5%A0%B4/ HTTP/1.1" 200 100588 "-" "Mozilla/5.0 (compatible; AhrefsBot/7.0; +http://ahrefs.com/robot/)"
52.167.144.159 - - [23/Aug/2026:17:34:32 +0800] "GET /attempt-this-new-re-also-bet-features-and-make-use-of-guidance-from-our-craps-payment-possibility-so-youre-able-to-help-get-a-getting-into-the-video-game/ HTTP/1.1" 200 98749 "-" "Mozilla/5.0 AppleWebKit/537.36 (KHTML, like Gecko; compatible; bingbot/2.0; +http://www.bing.com/bingbot.htm) Chrome/116.0.1938.76 Safari/537.36"
66.249.72.199 - - [23/Aug/2026:17:35:52 +0800] "GET /california-online-gambling-web-sites-has-actually-incentives-and-promotions-that-are-designed-to-attract-the-newest-users-and-keep-established-people-fulfilled/ HTTP/1.1" 200 95336 "-" "Mozilla/5.0 (Linux; Android 6.0.1; Nexus 5X Build/MMB29P) AppleWebKit/537.36 (KHTML, like Gecko) Chrome/151.0.7922.137 Mobile Safari/537.36 (compatible; GoogleOther)"
185.135.85.251 - - [23/Aug/2026:17:35:51 +0800] "POST /xmlrpc.php HTTP/1.1" 200 6124 "-" "Mozilla/5.0 (Macintosh; Intel Mac OS X 10_15_7) AppleWebKit/537.36 (KHTML, like Gecko) obsidian/1.6.5 Chrome/124.0.6367.243 Electron/30.1.2 Safari/537.36"
124.150.132.81 - - [23/Aug/2026:17:35:56 +0800] "POST /wp-cron.php?doing_wp_cron=1787477756.1346669197082519531250 HTTP/1.1" 200 5843 "-" "WordPress/7.1; https://rajlaw.com.tw"
185.135.85.251 - - [23/Aug/2026:17:36:00 +0800] "POST /xmlrpc.php HTTP/1.1" 200 16504 "-" "Mozilla/5.0 (Windows NT 10.0; Win64; x64) AppleWebKit/537.36 (KHTML, like Gecko) Chrome/58.0.3029.110 Safari/537.3"
185.135.85.251 - - [23/Aug/2026:17:36:09 +0800] "GET /se-sale-para-es-invierno-amplio-discernimiento-acerca-de-estudio-de-cuotas-metodos-de-entretenimiento-y-valoracion-de-operadores/ HTTP/1.1" 200 97135 "-" "Mozilla/5.0 (X11; Ubuntu; Linux x86_64; rv:138.0) Gecko/20100101 Firefox/138.0"
52.167.144.159 - - [23/Aug/2026:17:37:08 +0800] "GET /?cat=82&paged=3 HTTP/1.1" 301 6054 "-" "Mozilla/5.0 AppleWebKit/537.36 (KHTML, like Gecko; compatible; bingbot/2.0; +http://www.bing.com/bingbot.htm) Chrome/116.0.1938.76 Safari/537.36"
66.249.72.199 - - [23/Aug/2026:17:37:09 +0800] "GET /2026%E9%81%8A%E6%88%B2%E8%82%A1%E8%B2%A1%E5%A0%B1%E6%8F%AD%E5%AF%86%EF%BC%9A%E9%88%8A%E8%B1%A1%E6%AF%8F%E8%82%A1%E8%B3%BA22-77%E5%85%83%E5%89%B5%E5%90%8C%E6%9C%9F%E6%96%B0%E9%AB%98%EF%BC%8C%E6%A9%98/ HTTP/1.1" 200 99828 "-" "Mozilla/5.0 (Linux; Android 6.0.1; Nexus 5X Build/MMB29P) AppleWebKit/537.36 (KHTML, like Gecko) Chrome/151.0.7922.137 Mobile Safari/537.36 (compatible; GoogleOther)"
57.141.12.31 - - [23/Aug/2026:17:37:13 +0800] "GET / HTTP/1.1" 200 139932 "-" "facebookexternalhit/1.1 (+http://www.facebook.com/externalhit_uatext.php)"
52.167.144.159 - - [23/Aug/2026:17:37:18 +0800] "GET /category/%E5%9C%B0%E6%96%B9%E6%96%B0%E8%81%9E/page/3/ HTTP/1.1" 200 135988 "-" "Mozilla/5.0 AppleWebKit/537.36 (KHTML, like Gecko; compatible; bingbot/2.0; +http://www.bing.com/bingbot.htm) Chrome/116.0.1938.76 Safari/537.36"
40.77.167.46 - - [23/Aug/2026:17:37:25 +0800] "GET /2026%E5%8F%B0%E5%8D%97%E7%BE%8E%E9%A3%9F%E4%B9%8B%E9%83%BD%E4%B8%96%E7%95%8C%E9%A4%90%E9%A3%B2%E8%97%9D%E8%A1%93%E6%8C%91%E6%88%B0%E8%B3%BD10%E6%9C%88%E7%99%BB%E5%A0%B4%E3%80%804%E5%A4%A7%E9%A1%9E33/ HTTP/1.1" 200 96382 "-" "Mozilla/5.0 AppleWebKit/537.36 (KHTML, like Gecko; compatible; bingbot/2.0; +http://www.bing.com/bingbot.htm) Chrome/116.0.1938.76 Safari/537.36"
57.141.2.77 - - [23/Aug/2026:17:38:13 +0800] "GET / HTTP/1.1" 200 139932 "-" "facebookexternalhit/1.1 (+http://www.facebook.com/externalhit_uatext.php)"
51.195.183.254 - - [23/Aug/2026:17:38:30 +0800] "GET /wp-content/uploads/2026/07/bSvwAtRdL34drfYhenr2qC8voasNAR9nQ7Mzk0Rc.jpg HTTP/1.1" 200 405007 "-" "Mozilla/5.0 (compatible; AhrefsBot/7.0; +http://ahrefs.com/robot/)"
162.120.184.61 - - [23/Aug/2026:17:39:25 +0800] "GET /toyota%E6%B2%B9%E9%9B%BB%E8%BB%8A%E5%86%8D%E5%8D%87%E7%B4%9A%EF%BC%81%E4%B8%8B%E4%B8%80%E4%BB%A3hybrid%E9%9B%BB%E6%B1%A02027%E5%B9%B4%E7%99%BB%E5%A0%B4%EF%BC%8C%E6%88%90%E6%9C%AC%E9%99%8D%E4%BD%8E/ HTTP/1.1" 200 96692 "https://www.google.com/" "Mozilla/5.0 (Linux; Android 10; K) AppleWebKit/537.36 (KHTML, like Gecko) Chrome/151.0.0.0 Mobile Safari/537.36"
40.77.167.26 - - [23/Aug/2026:17:39:47 +0800] "GET /category/%E5%9C%B0%E6%96%B9%E6%96%B0%E8%81%9E/page/4/ HTTP/1.1" 200 96976 "-" "Mozilla/5.0 AppleWebKit/537.36 (KHTML, like Gecko; compatible; bingbot/2.0; +http://www.bing.com/bingbot.htm) Chrome/116.0.1938.76 Safari/537.36"
74.7.228.248 - - [23/Aug/2026:17:39:57 +0800] "GET /?p=3399 HTTP/1.1" 301 6146 "-" "Mozilla/5.0 (Macintosh; Intel Mac OS X 10_15_7) AppleWebKit/537.36 (KHTML, like Gecko) Chrome/131.0.0.0 Safari/537.36; compatible; OAI-SearchBot/1.4; +https://openai.com/searchbot"
20.222.36.196 - - [23/Aug/2026:17:39:57 +0800] "GET /?p=3399 HTTP/1.1" 301 6146 "-" "Mozilla/5.0 AppleWebKit/537.36 (KHTML, like Gecko); compatible; ChatGPT-User/1.0; +https://openai.com/bot"
20.222.36.196 - - [23/Aug/2026:17:40:00 +0800] "GET /%E6%88%BF%E5%9C%B0%E5%90%88%E4%B8%80%E7%A8%85%E5%8F%AF%E6%89%A3%E9%99%A4%E8%A3%9D%E6%BD%A2%E8%B2%BB%E7%94%A8%E6%9C%89%E5%93%AA%E4%BA%9B%EF%BC%9F/ HTTP/1.1" 200 88689 "-" "Mozilla/5.0 AppleWebKit/537.36 (KHTML, like Gecko); compatible; ChatGPT-User/1.0; +https://openai.com/bot"
74.7.228.248 - - [23/Aug/2026:17:40:00 +0800] "GET /%e6%88%bf%e5%9c%b0%e5%90%88%e4%b8%80%e7%a8%85%e5%8f%af%e6%89%a3%e9%99%a4%e8%a3%9d%e6%bd%a2%e8%b2%bb%e7%94%a8%e6%9c%89%e5%93%aa%e4%ba%9b%ef%bc%9f/ HTTP/1.1" 200 88689 "https://rajlaw.com.tw/?p=3399" "Mozilla/5.0 (Macintosh; Intel Mac OS X 10_15_7) AppleWebKit/537.36 (KHTML, like Gecko) Chrome/131.0.0.0 Safari/537.36; compatible; OAI-SearchBot/1.4; +https://openai.com/searchbot"
57.141.6.41 - - [23/Aug/2026:17:40:02 +0800] "GET / HTTP/1.1" 200 139932 "-" "facebookexternalhit/1.1 (+http://www.facebook.com/externalhit_uatext.php)"
124.150.132.81 - - [23/Aug/2026:17:39:30 +0800] "POST /wp-cron.php?doing_wp_cron=1787477970.0628890991210937500000 HTTP/1.1" 500 8614 "-" "WordPress/7.1; https://rajlaw.com.tw"
74.7.242.168 - - [23/Aug/2026:17:40:09 +0800] "GET /wp-content/themes/zakra/assets/js/skip-link-focus-fix.min.js?ver=4.0.6 HTTP/1.1" 200 5387 "https://rajlaw.com.tw/?p=3399" "Mozilla/5.0 (Macintosh; Intel Mac OS X 10_15_7) AppleWebKit/537.36 (KHTML, like Gecko) Chrome/131.0.0.0 Safari/537.36; compatible; OAI-SearchBot/1.4; +https://openai.com/searchbot"
74.7.242.151 - - [23/Aug/2026:17:40:11 +0800] "GET /feed/ HTTP/1.1" 200 84346 "https://rajlaw.com.tw/?p=3399" "Mozilla/5.0 (Macintosh; Intel Mac OS X 10_15_7) AppleWebKit/537.36 (KHTML, like Gecko) Chrome/131.0.0.0 Safari/537.36; compatible; OAI-SearchBot/1.4; +https://openai.com/searchbot"
74.7.243.8 - - [23/Aug/2026:17:40:17 +0800] "GET /wp-content/themes/zakra/assets/js/navigation.min.js?ver=4.0.6 HTTP/1.1" 200 9530 "https://rajlaw.com.tw/?p=3399" "Mozilla/5.0 (Macintosh; Intel Mac OS X 10_15_7) AppleWebKit/537.36 (KHTML, like Gecko) Chrome/131.0.0.0 Safari/537.36; compatible; OAI-SearchBot/1.4; +https://openai.com/searchbot"
74.7.228.253 - - [23/Aug/2026:17:40:18 +0800] "GET /wp-content/themes/zakra/inc/customizer/customind/assets/fontawesome/v6/css/all.min.css?ver=6.2.4 HTTP/1.1" 200 108234 "https://rajlaw.com.tw/?p=3399" "Mozilla/5.0 (Macintosh; Intel Mac OS X 10_15_7) AppleWebKit/537.36 (KHTML, like Gecko) Chrome/131.0.0.0 Safari/537.36; compatible; OAI-SearchBot/1.4; +https://openai.com/searchbot"
74.7.243.8 - - [23/Aug/2026:17:40:19 +0800] "GET /wp-content/plugins/everest-forms/assets/css/intlTelInput.css?ver=3.0.9.3 HTTP/1.1" 200 45804 "https://rajlaw.com.tw/?p=3399" "Mozilla/5.0 (Macintosh; Intel Mac OS X 10_15_7) AppleWebKit/537.36 (KHTML, like Gecko) Chrome/131.0.0.0 Safari/537.36; compatible; OAI-SearchBot/1.4; +https://openai.com/searchbot"
74.7.228.184 - - [23/Aug/2026:17:40:21 +0800] "GET /wp-content/themes/zakra/assets/js/zakra-custom.min.js?ver=4.0.6 HTTP/1.1" 200 10546 "https://rajlaw.com.tw/?p=3399" "Mozilla/5.0 (Macintosh; Intel Mac OS X 10_15_7) AppleWebKit/537.36 (KHTML, like Gecko) Chrome/131.0.0.0 Safari/537.36; compatible; OAI-SearchBot/1.4; +https://openai.com/searchbot"
74.7.228.253 - - [23/Aug/2026:17:40:21 +0800] "GET /xmlrpc.php?rsd HTTP/1.1" 200 1941 "https://rajlaw.com.tw/?p=3399" "Mozilla/5.0 (Macintosh; Intel Mac OS X 10_15_7) AppleWebKit/537.36 (KHTML, like Gecko) Chrome/131.0.0.0 Safari/537.36; compatible; OAI-SearchBot/1.4; +https://openai.com/searchbot"
74.7.228.253 - - [23/Aug/2026:17:40:30 +0800] "GET /wp-content/themes/zakra/style.css?ver=4.0.6 HTTP/1.1" 200 106764 "https://rajlaw.com.tw/?p=3399" "Mozilla/5.0 (Macintosh; Intel Mac OS X 10_15_7) AppleWebKit/537.36 (KHTML, like Gecko) Chrome/131.0.0.0 Safari/537.36; compatible; OAI-SearchBot/1.4; +https://openai.com/searchbot"
74.7.243.20 - - [23/Aug/2026:17:40:31 +0800] "GET /wp-content/plugins/everest-forms/assets/css/everest-forms.css?ver=3.0.9.3 HTTP/1.1" 200 105557 "https://rajlaw.com.tw/?p=3399" "Mozilla/5.0 (Macintosh; Intel Mac OS X 10_15_7) AppleWebKit/537.36 (KHTML, like Gecko) Chrome/131.0.0.0 Safari/537.36; compatible; OAI-SearchBot/1.4; +https://openai.com/searchbot"
40.77.167.46 - - [23/Aug/2026:17:40:25 +0800] "GET /the-gambling-enterprise-e-and-you-will-day-from-birth-in-order-to-customize-your-new-athlete-account-and-you-may-prove-you-arent-a/ HTTP/1.1" 200 95469 "-" "Mozilla/5.0 AppleWebKit/537.36 (KHTML, like Gecko; compatible; bingbot/2.0; +http://www.bing.com/bingbot.htm) Chrome/116.0.1938.76 Safari/537.36"
74.7.242.168 - - [23/Aug/2026:17:40:33 +0800] "GET /wp-json/wp/v2/posts/3399 HTTP/1.1" 200 17517 "https://rajlaw.com.tw/?p=3399" "Mozilla/5.0 (Macintosh; Intel Mac OS X 10_15_7) AppleWebKit/537.36 (KHTML, like Gecko) Chrome/131.0.0.0 Safari/537.36; compatible; OAI-SearchBot/1.4; +https://openai.com/searchbot"
74.7.243.8 - - [23/Aug/2026:17:40:38 +0800] "GET /category/blog1/blog4/ HTTP/1.1" 200 111256 "https://rajlaw.com.tw/?p=3399" "Mozilla/5.0 (Macintosh; Intel Mac OS X 10_15_7) AppleWebKit/537.36 (KHTML, like Gecko) Chrome/131.0.0.0 Safari/537.36; compatible; OAI-SearchBot/1.4; +https://openai.com/searchbot"
66.249.71.226 - - [23/Aug/2026:17:40:43 +0800] "GET /best-united-states-online-casinos-incorporate-these-features-to-be-sure-members-can-be-appreciate-internet-casino-playing-sensibly-and-securely-enjoy-on-the-internet/ HTTP/1.1" 200 97710 "-" "Mozilla/5.0 (Linux; Android 6.0.1; Nexus 5X Build/MMB29P) AppleWebKit/537.36 (KHTML, like Gecko) Chrome/151.0.7922.137 Mobile Safari/537.36 (compatible; GoogleOther)"
74.7.242.168 - - [23/Aug/2026:17:40:44 +0800] "GET /wp-json/wp/v2/posts/3399 HTTP/1.1" 200 17517 "https://rajlaw.com.tw/?p=3399" "Mozilla/5.0 (Macintosh; Intel Mac OS X 10_15_7) AppleWebKit/537.36 (KHTML, like Gecko) Chrome/131.0.0.0 Safari/537.36; compatible; OAI-SearchBot/1.4; +https://openai.com/searchbot"
74.7.242.168 - - [23/Aug/2026:17:40:48 +0800] "GET /wp-json/oembed/1.0/embed?format=xml&url=https%3A%2F%2Frajlaw.com.tw%2F%25e6%2588%25bf%25e5%259c%25b0%25e5%2590%2588%25e4%25b8%2580%25e7%25a8%2585%25e5%258f%25af%25e6%2589%25a3%25e9%2599%25a4%25e8%25a3%259d%25e6%25bd%25a2%25e8%25b2%25bb%25e7%2594%25a8%25e6%259c%2589%25e5%2593%25aa%25e4%25ba%259b%25ef%25bc%259f%2F HTTP/1.1" 200 4611 "https://rajlaw.com.tw/?p=3399" "Mozilla/5.0 (Macintosh; Intel Mac OS X 10_15_7) AppleWebKit/537.36 (KHTML, like Gecko) Chrome/131.0.0.0 Safari/537.36; compatible; OAI-SearchBot/1.4; +https://openai.com/searchbot"
74.7.228.253 - - [23/Aug/2026:17:40:52 +0800] "GET /wp-json/oembed/1.0/embed?url=https%3A%2F%2Frajlaw.com.tw%2F%25e6%2588%25bf%25e5%259c%25b0%25e5%2590%2588%25e4%25b8%2580%25e7%25a8%2585%25e5%258f%25af%25e6%2589%25a3%25e9%2599%25a4%25e8%25a3%259d%25e6%25bd%25a2%25e8%25b2%25bb%25e7%2594%25a8%25e6%259c%2589%25e5%2593%25aa%25e4%25ba%259b%25ef%25bc%259f%2F HTTP/1.1" 200 9083 "https://rajlaw.com.tw/?p=3399" "Mozilla/5.0 (Macintosh; Intel Mac OS X 10_15_7) AppleWebKit/537.36 (KHTML, like Gecko) Chrome/131.0.0.0 Safari/537.36; compatible; OAI-SearchBot/1.4; +https://openai.com/searchbot"
74.7.242.168 - - [23/Aug/2026:17:40:56 +0800] "GET /wp-json/oembed/1.0/embed?format=xml&url=https%3A%2F%2Frajlaw.com.tw%2F%25e6%2588%25bf%25e5%259c%25b0%25e5%2590%2588%25e4%25b8%2580%25e7%25a8%2585%25e5%258f%25af%25e6%2589%25a3%25e9%2599%25a4%25e8%25a3%259d%25e6%25bd%25a2%25e8%25b2%25bb%25e7%2594%25a8%25e6%259c%2589%25e5%2593%25aa%25e4%25ba%259b%25ef%25bc%259f%2F HTTP/1.1" 200 4611 "https://rajlaw.com.tw/?p=3399" "Mozilla/5.0 (Macintosh; Intel Mac OS X 10_15_7) AppleWebKit/537.36 (KHTML, like Gecko) Chrome/131.0.0.0 Safari/537.36; compatible; OAI-SearchBot/1.4; +https://openai.com/searchbot"
74.7.228.253 - - [23/Aug/2026:17:40:59 +0800] "GET /wp-json/oembed/1.0/embed?url=https%3A%2F%2Frajlaw.com.tw%2F%25e6%2588%25bf%25e5%259c%25b0%25e5%2590%2588%25e4%25b8%2580%25e7%25a8%2585%25e5%258f%25af%25e6%2589%25a3%25e9%2599%25a4%25e8%25a3%259d%25e6%25bd%25a2%25e8%25b2%25bb%25e7%2594%25a8%25e6%259c%2589%25e5%2593%25aa%25e4%25ba%259b%25ef%25bc%259f%2F HTTP/1.1" 200 4307 "https://rajlaw.com.tw/?p=3399" "Mozilla/5.0 (Macintosh; Intel Mac OS X 10_15_7) AppleWebKit/537.36 (KHTML, like Gecko) Chrome/131.0.0.0 Safari/537.36; compatible; OAI-SearchBot/1.4; +https://openai.com/searchbot"
66.249.71.227 - - [23/Aug/2026:17:41:00 +0800] "GET /%E3%80%8C2026-taloma-taipei-%E5%8E%9F%E4%BD%8F%E6%B0%91%E6%97%8F%E9%9F%B3%E6%A8%82%E5%AD%A3%E3%80%8D%E7%86%B1%E5%8A%9B%E9%96%8B%E5%94%B1/ HTTP/1.1" 200 94355 "-" "Mozilla/5.0 (Linux; Android 6.0.1; Nexus 5X Build/MMB29P) AppleWebKit/537.36 (KHTML, like Gecko) Chrome/151.0.7922.137 Mobile Safari/537.36 (compatible; Googlebot/2.1; +http://www.google.com/bot.html)"
124.150.132.81 - - [23/Aug/2026:17:40:31 +0800] "POST /wp-cron.php?doing_wp_cron=1787478031.4564759731292724609375 HTTP/1.1" 200 5843 "-" "WordPress/7.1; https://rajlaw.com.tw"
185.135.85.253 - - [23/Aug/2026:17:41:37 +0800] "POST /xmlrpc.php HTTP/1.1" 200 6124 "-" "Mozilla/5.0 (Macintosh; Intel Mac OS X 10_15_7) AppleWebKit/605.1.15 (KHTML, like Gecko) Version/16.6 Safari/605.1.15"
185.135.85.253 - - [23/Aug/2026:17:41:45 +0800] "POST /xmlrpc.php HTTP/1.1" 200 18521 "-" "Mozilla/5.0 (Windows NT 10.0; Win64; x64; rv:135.0) Gecko/20100101 Firefox/135.0"
185.135.85.253 - - [23/Aug/2026:17:41:51 +0800] "GET /eso-si-las-nunca-acostumbran-a-presentar-algun-bono-falto-deposito-de-casino-o-deportes/ HTTP/1.1" 200 98914 "-" "Mozilla/5.0 (Macintosh; Intel Mac OS X 10_15_7) AppleWebKit/537.36 (KHTML, like Gecko) Chrome/136.0.0.0 Safari/537.36"
124.150.132.81 - - [23/Aug/2026:17:41:41 +0800] "POST /wp-cron.php?doing_wp_cron=1787478101.4577820301055908203125 HTTP/1.1" 200 5843 "-" "WordPress/7.1; https://rajlaw.com.tw"
36.137.128.79 - - [23/Aug/2026:17:42:04 +0800] "GET /getting-started-within-leading-online-casinos-begins-with-setting-your-self-upwards-to-possess-a-secure-simple-and-you-can-rewarding-experience/ HTTP/1.1" 200 95413 "https://rajlaw.com.tw/news/page/35/" "Mozilla/5.0 (Windows NT 10.0; Win64; x64) AppleWebKit/537.36 (KHTML, like Gecko) Chrome/143.0.0.0 Safari/537.36"
66.249.71.227 - - [23/Aug/2026:17:42:16 +0800] "GET /esistono-di-nuovo-giochi-con-bonus-privato-di-intricato-di-campione-mixed-come-consentono-di-usare-giochi-differenti/ HTTP/1.1" 200 95344 "-" "Mozilla/5.0 (Linux; Android 6.0.1; Nexus 5X Build/MMB29P) AppleWebKit/537.36 (KHTML, like Gecko) Chrome/151.0.7922.137 Mobile Safari/537.36 (compatible; GoogleOther)"
36.140.100.134 - - [23/Aug/2026:17:42:16 +0800] "GET /getting-started-within-leading-online-casinos-begins-with-setting-your-self-upwards-to-possess-a-secure-simple-and-you-can-rewarding-experience/ HTTP/1.1" 200 95413 "https://rajlaw.com.tw/news/page/35/" "Mozilla/5.0 (Windows NT 10.0; Win64; x64) AppleWebKit/537.36 (KHTML, like Gecko) Chrome/143.0.0.0 Safari/537.36"
52.167.144.150 - - [23/Aug/2026:17:42:18 +0800] "GET /%E6%95%8F%E6%84%9F%E8%82%8C%E5%A6%82%E4%BD%95%E9%81%B8%E6%B8%85%E6%BD%94%E7%94%A2%E5%93%81%EF%BC%9F%E8%82%A5%E7%9A%82%E3%80%81%E6%B4%97%E9%9D%A2%E4%B9%B3%E3%80%81%E6%B2%90%E6%B5%B4%E4%B9%B3%E5%B7%AE/ HTTP/1.1" 200 95732 "-" "Mozilla/5.0 AppleWebKit/537.36 (KHTML, like Gecko; compatible; bingbot/2.0; +http://www.bing.com/bingbot.htm) Chrome/116.0.1938.76 Safari/537.36"
36.212.246.131 - - [23/Aug/2026:17:42:40 +0800] "GET /%E8%82%AF%E5%AE%9A%E7%AC%AC10%E5%B1%86%E5%9C%8B%E5%AE%B6%E7%92%B0%E5%A2%83%E6%95%99%E8%82%B2%E7%8D%8E%E7%8D%B2%E7%8D%8E%E8%80%85-%E9%BB%83%E5%81%89%E5%93%B2%E7%9B%BC%E7%99%BC%E6%8F%AE%E7%A4%BA/ HTTP/1.1" 200 95059 "https://rajlaw.com.tw/%E5%8F%B0%E5%8D%97%E6%8A%BD%E9%A9%97%E9%A3%9F%E7%94%A8%E6%B2%B9%E5%86%8D%E6%8F%AA3%E4%BB%B6%E8%8B%A6%E8%8C%B6%E6%B2%B9%E8%8B%AF%E9%A7%A2%E8%8A%98%E8%B6%85%E6%A8%99%E3%80%80%E8%B7%A8%E7%B8%A3%E5%B8%82/" "Mozilla/5.0 (Windows NT 10.0; Win64; x64) AppleWebKit/537.36 (KHTML, like Gecko) Chrome/143.0.0.0 Safari/537.36"
101.42.107.244 - - [23/Aug/2026:17:42:41 +0800] "GET /category/blog1/blog10/ HTTP/1.1" 200 93059 "-" "Mozilla/5.0 (Windows NT 10.0; Win64; x64) AppleWebKit/537.36 (KHTML, like Gecko) Chrome/149.0.0.0 Safari/537.36"
101.42.107.244 - - [23/Aug/2026:17:42:45 +0800] "GET /wp-content/plugins/everest-forms/assets/css/intlTelInput.css?ver=3.0.9.3 HTTP/1.1" 200 45859 "https://rajlaw.com.tw/category/blog1/blog10/" "Mozilla/5.0 (Windows NT 10.0; Win64; x64) AppleWebKit/537.36 (KHTML, like Gecko) Chrome/149.0.0.0 Safari/537.36"
101.42.107.244 - - [23/Aug/2026:17:42:46 +0800] "GET /wp-content/themes/zakra/assets/js/skip-link-focus-fix.min.js?ver=4.0.6 HTTP/1.1" 200 666 "https://rajlaw.com.tw/category/blog1/blog10/" "Mozilla/5.0 (Windows NT 10.0; Win64; x64) AppleWebKit/537.36 (KHTML, like Gecko) Chrome/149.0.0.0 Safari/537.36"
57.141.24.49 - - [23/Aug/2026:17:42:57 +0800] "GET / HTTP/1.1" 200 139932 "-" "facebookexternalhit/1.1 (+http://www.facebook.com/externalhit_uatext.php)"
101.4.131.2 - - [23/Aug/2026:17:43:28 +0800] "GET /%e5%98%89%e7%be%a9%e5%8f%a4%e6%97%a9%e5%91%b3%e7%94%9c%e5%93%81%e6%8e%a8%e8%96%a6-%e4%b8%89%e4%bb%a3%e5%82%b3%e6%89%bf%e6%9c%b4%e5%ad%90%e8%b1%86%e8%8a%b1%e5%ba%97%e6%85%a2%e7%81%ab%e7%86%ac%e7%85%ae HTTP/1.1" 301 6257 "-" "Mozilla/5.0 (Windows NT 10.0; Win64; x64) AppleWebKit/537.36 (KHTML, like Gecko) Chrome/144.0.0.0 Safari/537.36"
40.77.167.26 - - [23/Aug/2026:17:43:27 +0800] "GET /%E7%BD%91%E6%98%93%E4%BA%91%E9%9F%B3%E4%B9%90-oscar-spin-app-apk-download/ HTTP/1.1" 200 103925 "-" "Mozilla/5.0 AppleWebKit/537.36 (KHTML, like Gecko; compatible; bingbot/2.0; +http://www.bing.com/bingbot.htm) Chrome/116.0.1938.76 Safari/537.36"
101.4.131.2 - - [23/Aug/2026:17:43:31 +0800] "GET /%e5%98%89%e7%be%a9%e5%8f%a4%e6%97%a9%e5%91%b3%e7%94%9c%e5%93%81%e6%8e%a8%e8%96%a6-%e4%b8%89%e4%bb%a3%e5%82%b3%e6%89%bf%e6%9c%b4%e5%ad%90%e8%b1%86%e8%8a%b1%e5%ba%97%e6%85%a2%e7%81%ab%e7%86%ac%e7%85%ae/ HTTP/1.1" 200 93469 "-" "Mozilla/5.0 (Windows NT 10.0; Win64; x64) AppleWebKit/537.36 (KHTML, like Gecko) Chrome/144.0.0.0 Safari/537.36"
101.4.131.2 - - [23/Aug/2026:17:43:37 +0800] "GET /wp-includes/css/dashicons.min.css?ver=7.1 HTTP/1.1" 200 59419 "https://rajlaw.com.tw/%e5%98%89%e7%be%a9%e5%8f%a4%e6%97%a9%e5%91%b3%e7%94%9c%e5%93%81%e6%8e%a8%e8%96%a6-%e4%b8%89%e4%bb%a3%e5%82%b3%e6%89%bf%e6%9c%b4%e5%ad%90%e8%b1%86%e8%8a%b1%e5%ba%97%e6%85%a2%e7%81%ab%e7%86%ac%e7%85%ae/" "Mozilla/5.0 (Windows NT 10.0; Win64; x64) AppleWebKit/537.36 (KHTML, like Gecko) Chrome/144.0.0.0 Safari/537.36"
101.4.131.2 - - [23/Aug/2026:17:43:37 +0800] "GET /wp-content/plugins/everest-forms/assets/css/everest-forms.css?ver=3.0.9.3 HTTP/1.1" 200 100836 "https://rajlaw.com.tw/%e5%98%89%e7%be%a9%e5%8f%a4%e6%97%a9%e5%91%b3%e7%94%9c%e5%93%81%e6%8e%a8%e8%96%a6-%e4%b8%89%e4%bb%a3%e5%82%b3%e6%89%bf%e6%9c%b4%e5%ad%90%e8%b1%86%e8%8a%b1%e5%ba%97%e6%85%a2%e7%81%ab%e7%86%ac%e7%85%ae/" "Mozilla/5.0 (Windows NT 10.0; Win64; x64) AppleWebKit/537.36 (KHTML, like Gecko) Chrome/144.0.0.0 Safari/537.36"
101.4.131.2 - - [23/Aug/2026:17:43:37 +0800] "GET /wp-content/plugins/everest-forms/assets/css/intlTelInput.css?ver=3.0.9.3 HTTP/1.1" 200 45997 "https://rajlaw.com.tw/%e5%98%89%e7%be%a9%e5%8f%a4%e6%97%a9%e5%91%b3%e7%94%9c%e5%93%81%e6%8e%a8%e8%96%a6-%e4%b8%89%e4%bb%a3%e5%82%b3%e6%89%bf%e6%9c%b4%e5%ad%90%e8%b1%86%e8%8a%b1%e5%ba%97%e6%85%a2%e7%81%ab%e7%86%ac%e7%85%ae/" "Mozilla/5.0 (Windows NT 10.0; Win64; x64) AppleWebKit/537.36 (KHTML, like Gecko) Chrome/144.0.0.0 Safari/537.36"
101.4.131.2 - - [23/Aug/2026:17:43:37 +0800] "GET /wp-content/themes/zakra/inc/customizer/customind/assets/fontawesome/v6/css/all.min.css?ver=6.2.4 HTTP/1.1" 200 103651 "https://rajlaw.com.tw/%e5%98%89%e7%be%a9%e5%8f%a4%e6%97%a9%e5%91%b3%e7%94%9c%e5%93%81%e6%8e%a8%e8%96%a6-%e4%b8%89%e4%bb%a3%e5%82%b3%e6%89%bf%e6%9c%b4%e5%ad%90%e8%b1%86%e8%8a%b1%e5%ba%97%e6%85%a2%e7%81%ab%e7%86%ac%e7%85%ae/" "Mozilla/5.0 (Windows NT 10.0; Win64; x64) AppleWebKit/537.36 (KHTML, like Gecko) Chrome/144.0.0.0 Safari/537.36"
101.4.131.2 - - [23/Aug/2026:17:43:37 +0800] "GET /wp-content/themes/zakra/style.css?ver=4.0.6 HTTP/1.1" 200 106957 "https://rajlaw.com.tw/%e5%98%89%e7%be%a9%e5%8f%a4%e6%97%a9%e5%91%b3%e7%94%9c%e5%93%81%e6%8e%a8%e8%96%a6-%e4%b8%89%e4%bb%a3%e5%82%b3%e6%89%bf%e6%9c%b4%e5%ad%90%e8%b1%86%e8%8a%b1%e5%ba%97%e6%85%a2%e7%81%ab%e7%86%ac%e7%85%ae/" "Mozilla/5.0 (Windows NT 10.0; Win64; x64) AppleWebKit/537.36 (KHTML, like Gecko) Chrome/144.0.0.0 Safari/537.36"
101.4.131.2 - - [23/Aug/2026:17:43:37 +0800] "GET /wp-content/themes/zakra/assets/js/skip-link-focus-fix.min.js?ver=4.0.6 HTTP/1.1" 200 666 "https://rajlaw.com.tw/%e5%98%89%e7%be%a9%e5%8f%a4%e6%97%a9%e5%91%b3%e7%94%9c%e5%93%81%e6%8e%a8%e8%96%a6-%e4%b8%89%e4%bb%a3%e5%82%b3%e6%89%bf%e6%9c%b4%e5%ad%90%e8%b1%86%e8%8a%b1%e5%ba%97%e6%85%a2%e7%81%ab%e7%86%ac%e7%85%ae/" "Mozilla/5.0 (Windows NT 10.0; Win64; x64) AppleWebKit/537.36 (KHTML, like Gecko) Chrome/144.0.0.0 Safari/537.36"
101.4.131.2 - - [23/Aug/2026:17:43:37 +0800] "GET /wp-content/themes/zakra/assets/js/navigation.min.js?ver=4.0.6 HTTP/1.1" 200 4809 "https://rajlaw.com.tw/%e5%98%89%e7%be%a9%e5%8f%a4%e6%97%a9%e5%91%b3%e7%94%9c%e5%93%81%e6%8e%a8%e8%96%a6-%e4%b8%89%e4%bb%a3%e5%82%b3%e6%89%bf%e6%9c%b4%e5%ad%90%e8%b1%86%e8%8a%b1%e5%ba%97%e6%85%a2%e7%81%ab%e7%86%ac%e7%85%ae/" "Mozilla/5.0 (Windows NT 10.0; Win64; x64) AppleWebKit/537.36 (KHTML, like Gecko) Chrome/144.0.0.0 Safari/537.36"
101.4.131.2 - - [23/Aug/2026:17:43:38 +0800] "GET /wp-content/themes/zakra/assets/js/zakra-custom.min.js?ver=4.0.6 HTTP/1.1" 200 5825 "https://rajlaw.com.tw/%e5%98%89%e7%be%a9%e5%8f%a4%e6%97%a9%e5%91%b3%e7%94%9c%e5%93%81%e6%8e%a8%e8%96%a6-%e4%b8%89%e4%bb%a3%e5%82%b3%e6%89%bf%e6%9c%b4%e5%ad%90%e8%b1%86%e8%8a%b1%e5%ba%97%e6%85%a2%e7%81%ab%e7%86%ac%e7%85%ae/" "Mozilla/5.0 (Windows NT 10.0; Win64; x64) AppleWebKit/537.36 (KHTML, like Gecko) Chrome/144.0.0.0 Safari/537.36"
101.4.131.2 - - [23/Aug/2026:17:43:38 +0800] "GET /wp-content/themes/zakra/assets/fonts/themegrill-icons.woff2?5d42b271f668d2d6461ba91fc5a5a839 HTTP/1.1" 200 1622 "https://rajlaw.com.tw/wp-content/themes/zakra/style.css?ver=4.0.6" "Mozilla/5.0 (Windows NT 10.0; Win64; x64) AppleWebKit/537.36 (KHTML, like Gecko) Chrome/144.0.0.0 Safari/537.36"
101.4.131.2 - - [23/Aug/2026:17:43:38 +0800] "GET /wp-includes/js/wp-emoji-release.min.js?ver=7.1 HTTP/1.1" 200 23123 "https://rajlaw.com.tw/%e5%98%89%e7%be%a9%e5%8f%a4%e6%97%a9%e5%91%b3%e7%94%9c%e5%93%81%e6%8e%a8%e8%96%a6-%e4%b8%89%e4%bb%a3%e5%82%b3%e6%89%bf%e6%9c%b4%e5%ad%90%e8%b1%86%e8%8a%b1%e5%ba%97%e6%85%a2%e7%81%ab%e7%86%ac%e7%85%ae/" "Mozilla/5.0 (Windows NT 10.0; Win64; x64) AppleWebKit/537.36 (KHTML, like Gecko) Chrome/144.0.0.0 Safari/537.36"
101.4.131.2 - - [23/Aug/2026:17:43:38 +0800] "GET /wp-content/themes/zakra/inc/customizer/customind/assets/fontawesome/v6/webfonts/fa-solid-900.woff2 HTTP/1.1" 200 156967 "https://rajlaw.com.tw/wp-content/themes/zakra/inc/customizer/customind/assets/fontawesome/v6/css/all.min.css?ver=6.2.4" "Mozilla/5.0 (Windows NT 10.0; Win64; x64) AppleWebKit/537.36 (KHTML, like Gecko) Chrome/144.0.0.0 Safari/537.36"
40.77.167.26 - - [23/Aug/2026:17:43:37 +0800] "GET /%E6%8A%B1%E7%88%86%E7%9C%9F%E9%A6%99-%E5%98%89%E7%BE%A9%E7%A7%80%E6%B3%B0%E6%93%81%E6%8A%B1%E5%BF%AB%E9%96%83%E8%B6%95%E8%B5%B0%E5%AD%A4%E8%80%81%E5%AF%82%E5%AF%9E/ HTTP/1.1" 200 99166 "-" "Mozilla/5.0 AppleWebKit/537.36 (KHTML, like Gecko; compatible; bingbot/2.0; +http://www.bing.com/bingbot.htm) Chrome/116.0.1938.76 Safari/537.36"
101.4.131.2 - - [23/Aug/2026:17:43:39 +0800] "GET /favicon.ico HTTP/1.1" 302 1395 "https://rajlaw.com.tw/%e5%98%89%e7%be%a9%e5%8f%a4%e6%97%a9%e5%91%b3%e7%94%9c%e5%93%81%e6%8e%a8%e8%96%a6-%e4%b8%89%e4%bb%a3%e5%82%b3%e6%89%bf%e6%9c%b4%e5%ad%90%e8%b1%86%e8%8a%b1%e5%ba%97%e6%85%a2%e7%81%ab%e7%86%ac%e7%85%ae/" "Mozilla/5.0 (Windows NT 10.0; Win64; x64) AppleWebKit/537.36 (KHTML, like Gecko) Chrome/144.0.0.0 Safari/537.36"
66.249.72.200 - - [23/Aug/2026:17:44:18 +0800] "GET /category/%E6%97%85%E9%81%8A%E6%9C%AD%E8%A8%98/feed/taiwanholic@microad.tw HTTP/1.1" 404 86794 "-" "Mozilla/5.0 (Linux; Android 6.0.1; Nexus 5X Build/MMB29P) AppleWebKit/537.36 (KHTML, like Gecko) Chrome/151.0.7922.137 Mobile Safari/537.36 (compatible; GoogleOther)"
40.77.167.46 - - [23/Aug/2026:17:45:46 +0800] "GET /totally-free-sc-coins-inside-august-2026-no-deposit-sweeps-supe-it-up-online-slot-incentives/ HTTP/1.1" 200 101733 "-" "Mozilla/5.0 AppleWebKit/537.36 (KHTML, like Gecko; compatible; bingbot/2.0; +http://www.bing.com/bingbot.htm) Chrome/116.0.1938.76 Safari/537.36"
57.141.18.124 - - [23/Aug/2026:17:45:51 +0800] "GET / HTTP/1.1" 200 139874 "-" "facebookexternalhit/1.1 (+http://www.facebook.com/externalhit_uatext.php)"
40.77.167.46 - - [23/Aug/2026:17:45:55 +0800] "GET /pregled-igralnice-buran-vase-skrito-bogastvo/ HTTP/1.1" 200 92372 "-" "Mozilla/5.0 AppleWebKit/537.36 (KHTML, like Gecko; compatible; bingbot/2.0; +http://www.bing.com/bingbot.htm) Chrome/116.0.1938.76 Safari/537.36"
40.77.167.46 - - [23/Aug/2026:17:46:46 +0800] "GET /%E4%B8%AD%E5%9C%8B%E4%BA%BA%E5%BD%A2%E6%A9%9F%E5%99%A8%E4%BA%BA%E5%85%A8%E7%90%83%E5%87%BA%E8%B2%A8%E5%8D%A0%E6%AF%94%E9%80%BE97%E3%80%802026%E5%B9%B4%E4%B8%8A%E5%8D%8A%E5%B9%B419100%E5%8F%B0/ HTTP/1.1" 200 103417 "-" "Mozilla/5.0 AppleWebKit/537.36 (KHTML, like Gecko; compatible; bingbot/2.0; +http://www.bing.com/bingbot.htm) Chrome/116.0.1938.76 Safari/537.36"
185.135.85.253 - - [23/Aug/2026:17:47:33 +0800] "POST /xmlrpc.php HTTP/1.1" 200 6124 "-" "Mozilla/5.0 (Windows NT 10.0; Win64; x64) AppleWebKit/537.36 (KHTML, like Gecko) Chrome/132.0.0.0 Safari/537.36"
124.150.132.81 - - [23/Aug/2026:17:47:37 +0800] "POST /wp-cron.php?doing_wp_cron=1787478457.7915489673614501953125 HTTP/1.1" 200 5843 "-" "WordPress/7.1; https://rajlaw.com.tw"
185.135.85.253 - - [23/Aug/2026:17:47:44 +0800] "POST /xmlrpc.php HTTP/1.1" 200 14776 "-" "Mozilla/5.0 (Macintosh; Intel Mac OS X 10_15_7) AppleWebKit/605.1.15 (KHTML, like Gecko) Version/18.5 Safari/605.1.15"
185.135.85.253 - - [23/Aug/2026:17:47:50 +0800] "GET /una-vez-que-short-de-cualquier-camara-sobre-alto-nivel-y-calidad-no-podemos-descuidar-sobre-mencionarlo/ HTTP/1.1" 200 95128 "-" "Mozilla/5.0 (Macintosh; Intel Mac OS X 10_15_7) AppleWebKit/537.36 (KHTML, like Gecko) Chrome/131.0.0.0 Safari/537.36"
66.249.72.201 - - [23/Aug/2026:17:47:53 +0800] "GET /esistono-di-nuovo-giochi-con-bonus-privato-di-intricato-di-campione-mixed-come-consentono-di-usare-giochi-differenti/ HTTP/1.1" 200 95344 "-" "Mozilla/5.0 (Linux; Android 6.0.1; Nexus 5X Build/MMB29P) AppleWebKit/537.36 (KHTML, like Gecko) Chrome/151.0.7922.137 Mobile Safari/537.36 (compatible; GoogleOther)"
66.249.72.200 - - [23/Aug/2026:17:47:56 +0800] "GET /gratis-sjove-spil-oven-klik-pa-dette-link-her-nu-i-kobet-dyreunge-plu-alderstegen/ HTTP/1.1" 200 96358 "-" "Mozilla/5.0 (Linux; Android 6.0.1; Nexus 5X Build/MMB29P) AppleWebKit/537.36 (KHTML, like Gecko) Chrome/151.0.7922.137 Mobile Safari/537.36 (compatible; Googlebot/2.1; +http://www.google.com/bot.html)"
57.141.8.47 - - [23/Aug/2026:17:48:47 +0800] "GET / HTTP/1.1" 200 139932 "-" "facebookexternalhit/1.1 (+http://www.facebook.com/externalhit_uatext.php)"
185.135.85.253 - - [23/Aug/2026:17:48:55 +0800] "POST /xmlrpc.php HTTP/1.1" 200 6124 "-" "Mozilla/5.0 (Macintosh; Intel Mac OS X 10_15_7) AppleWebKit/537.36 (KHTML, like Gecko) Chrome/136.0.0.0 Safari/537.36"
124.150.132.81 - - [23/Aug/2026:17:49:00 +0800] "POST /wp-cron.php?doing_wp_cron=1787478540.2723639011383056640625 HTTP/1.1" 200 5843 "-" "WordPress/7.1; https://rajlaw.com.tw"
185.135.85.253 - - [23/Aug/2026:17:49:05 +0800] "POST /xmlrpc.php HTTP/1.1" 200 14860 "-" "Mozilla/5.0 (Windows NT 10.0; Win64; x64; rv:150.0) Gecko/20100101 Firefox/150.0"
185.135.85.253 - - [23/Aug/2026:17:49:11 +0800] "GET /en-caso-de-que-estas-pensando-en-casinos-en-compania-de-bonos-falto-deposito-referente-a-espana-habias-llegado-del-lugar-correcto/ HTTP/1.1" 200 95361 "-" "Mozilla/5.0 (Macintosh; Intel Mac OS X 10_15_7) AppleWebKit/537.36 (KHTML, like Gecko) Chrome/135.0.0.0 Safari/537.36"
36.213.141.147 - - [23/Aug/2026:17:49:53 +0800] "GET /objavte-svet-capospin-v-novom-svetle/ HTTP/1.1" 200 97556 "https://rajlaw.com.tw/news/page/35/" "Mozilla/5.0 (Windows NT 10.0; Win64; x64) AppleWebKit/537.36 (KHTML, like Gecko) Chrome/145.0.0.0 Safari/537.36"
185.135.85.253 - - [23/Aug/2026:17:50:20 +0800] "POST /xmlrpc.php HTTP/1.1" 200 6124 "-" "Mozilla/5.0 (X11; Linux x86_64; rv:137.0) Gecko/20100101 Firefox/137.0"
