57.141.24.95 - - [23/Aug/2026:13:00:39 +0800] "GET / HTTP/1.1" 200 139932 "-" "facebookexternalhit/1.1 (+http://www.facebook.com/externalhit_uatext.php)"
52.167.144.146 - - [23/Aug/2026:13:01:01 +0800] "GET /contemplate-so-it-sweepstakes-program-status-all-the-campaigns-through-the-years/ HTTP/1.1" 200 95174 "-" "Mozilla/5.0 AppleWebKit/537.36 (KHTML, like Gecko; compatible; bingbot/2.0; +http://www.bing.com/bingbot.htm) Chrome/116.0.1938.76 Safari/537.36"
52.167.144.150 - - [23/Aug/2026:13:01:12 +0800] "GET /tales-of-krakow-gebuhrenfrei-unter-einsatz-lord-of-the-ocean-kostenlose-80-spins-von-echtgeld-vortragen-tipps-tricks/ HTTP/1.1" 200 101521 "-" "Mozilla/5.0 AppleWebKit/537.36 (KHTML, like Gecko; compatible; bingbot/2.0; +http://www.bing.com/bingbot.htm) Chrome/116.0.1938.76 Safari/537.36"
124.150.132.81 - - [23/Aug/2026:13:00:49 +0800] "POST /wp-cron.php?doing_wp_cron=1787461245.2472200393676757812500 HTTP/1.1" 200 5843 "-" "WordPress/7.1; https://rajlaw.com.tw"
114.119.154.113 - - [23/Aug/2026:13:02:26 +0800] "GET /roztocte-vyhru-na-spinwinera-kole/ HTTP/1.1" 200 96556 "https://rajlaw.com.tw/hasartmangu-volus-ootab-sind-posido-kasiinos/" "Mozilla/5.0 (Linux; Android 7.0;) AppleWebKit/537.36 (HTML, like Gecko) Mobile Safari/537.36 (compatible; PetalBot;+https://webmaster.petalsearch.com/site/petalbot)"
182.3.165.8 - - [23/Aug/2026:13:03:10 +0800] "GET /wp-sett.php?x=2f686f6d652f68747470642f76686f737473 HTTP/1.1" 200 6095 "https://rajlaw.com.tw/wp-sett.php?x=2f686f6d652f68747470642f76686f737473" "Mozilla/5.0 (X11; Linux x86_64) AppleWebKit/537.36 (KHTML, like Gecko) Chrome/150.0.0.0 Safari/537.36"
182.3.165.8 - - [23/Aug/2026:13:03:15 +0800] "POST /wp-sett.php?x=2f686f6d652f68747470642f76686f737473 HTTP/1.1" 200 98218 "https://rajlaw.com.tw/wp-sett.php?x=2f686f6d652f68747470642f76686f737473" "Mozilla/5.0 (X11; Linux x86_64) AppleWebKit/537.36 (KHTML, like Gecko) Chrome/150.0.0.0 Safari/537.36"
182.3.165.8 - - [23/Aug/2026:13:03:25 +0800] "GET /wp-sett.php?x=2f686f6d652f68747470642f76686f7374732f72616a6c61772e636f6d2e74772f68747470646f6373&a=up HTTP/1.1" 200 2339 "https://rajlaw.com.tw/wp-sett.php?x=2f686f6d652f68747470642f76686f737473" "Mozilla/5.0 (X11; Linux x86_64) AppleWebKit/537.36 (KHTML, like Gecko) Chrome/150.0.0.0 Safari/537.36"
57.141.18.22 - - [23/Aug/2026:13:03:35 +0800] "GET / HTTP/1.1" 200 139874 "-" "facebookexternalhit/1.1 (+http://www.facebook.com/externalhit_uatext.php)"
66.249.69.68 - - [23/Aug/2026:13:03:42 +0800] "GET /%E7%BE%8E%E5%9C%8B7%E6%9C%88%E9%9B%B6%E5%94%AE%E9%8A%B7%E5%94%AE%E6%84%8F%E5%A4%96%E4%B8%8B%E6%BB%910-6%E3%80%80%E6%B6%88%E8%B2%BB%E9%99%8D%E6%BA%AB%E3%80%81%E4%BF%A1%E5%BF%83%E8%BD%89%E5%BC%B1/ HTTP/1.1" 200 99277 "-" "Mozilla/5.0 (Linux; Android 6.0.1; Nexus 5X Build/MMB29P) AppleWebKit/537.36 (KHTML, like Gecko) Chrome/151.0.7922.137 Mobile Safari/537.36 (compatible; Googlebot/2.1; +http://www.google.com/bot.html)"
182.3.165.8 - - [23/Aug/2026:13:03:59 +0800] "GET /wp-sett.php?x=2f686f6d652f68747470642f76686f7374732f72616a6c61772e636f6d2e74772f68747470646f6373&a=up HTTP/1.1" 200 6095 "https://rajlaw.com.tw/wp-sett.php?x=2f686f6d652f68747470642f76686f737473" "Mozilla/5.0 (X11; Linux x86_64) AppleWebKit/537.36 (KHTML, like Gecko) Chrome/150.0.0.0 Safari/537.36"
182.3.165.8 - - [23/Aug/2026:13:04:06 +0800] "POST /wp-sett.php?x=2f686f6d652f68747470642f76686f7374732f72616a6c61772e636f6d2e74772f68747470646f6373&a=up HTTP/1.1" 200 7032 "https://rajlaw.com.tw/wp-sett.php?x=2f686f6d652f68747470642f76686f7374732f72616a6c61772e636f6d2e74772f68747470646f6373&a=up" "Mozilla/5.0 (X11; Linux x86_64) AppleWebKit/537.36 (KHTML, like Gecko) Chrome/150.0.0.0 Safari/537.36"
114.119.152.143 - - [23/Aug/2026:13:04:21 +0800] "GET /oplev-slotexo-casino-bonus-krabbe-og-vind-store-gevinster/ HTTP/1.1" 200 97867 "https://rajlaw.com.tw/oplev-slotexo-casino-bonus-krabbe-og-vind-store-gevinster/" "Mozilla/5.0 (Linux; Android 7.0;) AppleWebKit/537.36 (HTML, like Gecko) Mobile Safari/537.36 (compatible; PetalBot;+https://webmaster.petalsearch.com/site/petalbot)"
182.3.165.8 - - [23/Aug/2026:13:04:28 +0800] "GET /wp-sett.php?x=2f686f6d652f68747470642f76686f7374732f72616a6c61772e636f6d2e74772f68747470646f6373&a=up HTTP/1.1" 200 6095 "https://rajlaw.com.tw/wp-sett.php?x=2f686f6d652f68747470642f76686f7374732f72616a6c61772e636f6d2e74772f68747470646f6373&a=up" "Mozilla/5.0 (X11; Linux x86_64) AppleWebKit/537.36 (KHTML, like Gecko) Chrome/150.0.0.0 Safari/537.36"
182.3.165.8 - - [23/Aug/2026:13:04:42 +0800] "POST /wp-sett.php?x=2f686f6d652f68747470642f76686f7374732f72616a6c61772e636f6d2e74772f68747470646f6373&a=up HTTP/1.1" 200 7032 "https://rajlaw.com.tw/wp-sett.php?x=2f686f6d652f68747470642f76686f7374732f72616a6c61772e636f6d2e74772f68747470646f6373&a=up" "Mozilla/5.0 (X11; Linux x86_64) AppleWebKit/537.36 (KHTML, like Gecko) Chrome/150.0.0.0 Safari/537.36"
182.3.165.8 - - [23/Aug/2026:13:04:47 +0800] "GET /wp-sett.php?x=2f686f6d652f68747470642f76686f7374732f72616a6c61772e636f6d2e74772f68747470646f6373&a=up HTTP/1.1" 200 2201 "https://rajlaw.com.tw/wp-sett.php?x=2f686f6d652f68747470642f76686f7374732f72616a6c61772e636f6d2e74772f68747470646f6373&a=up" "Mozilla/5.0 (X11; Linux x86_64) AppleWebKit/537.36 (KHTML, like Gecko) Chrome/150.0.0.0 Safari/537.36"
182.3.165.8 - - [23/Aug/2026:13:04:48 +0800] "GET /wp-sett.php?x=2f686f6d652f68747470642f76686f7374732f72616a6c61772e636f6d2e74772f68747470646f6373&a=up HTTP/1.1" 200 2201 "https://rajlaw.com.tw/wp-sett.php?x=2f686f6d652f68747470642f76686f737473" "Mozilla/5.0 (X11; Linux x86_64) AppleWebKit/537.36 (KHTML, like Gecko) Chrome/150.0.0.0 Safari/537.36"
182.3.165.8 - - [23/Aug/2026:13:04:50 +0800] "GET /wp-sett.php?x=2f686f6d652f68747470642f76686f737473 HTTP/1.1" 200 93387 "https://rajlaw.com.tw/wp-sett.php?x=2f686f6d652f68747470642f76686f737473" "Mozilla/5.0 (X11; Linux x86_64) AppleWebKit/537.36 (KHTML, like Gecko) Chrome/150.0.0.0 Safari/537.36"
182.3.165.8 - - [23/Aug/2026:13:04:54 +0800] "GET /wp-sett.php?x=2f686f6d652f68747470642f76686f7374732f72616a6c61772e636f6d2e74772f68747470646f6373&a=e&f=2f686f6d652f68747470642f76686f7374732f72616a6c61772e636f6d2e74772f68747470646f63732f616c65782e706870 HTTP/1.1" 200 1566 "https://rajlaw.com.tw/wp-sett.php?x=2f686f6d652f68747470642f76686f737473" "Mozilla/5.0 (X11; Linux x86_64) AppleWebKit/537.36 (KHTML, like Gecko) Chrome/150.0.0.0 Safari/537.36"
182.3.165.8 - - [23/Aug/2026:13:05:00 +0800] "POST /wp-sett.php?x=2f686f6d652f68747470642f76686f7374732f72616a6c61772e636f6d2e74772f68747470646f6373&a=e&f=2f686f6d652f68747470642f76686f7374732f72616a6c61772e636f6d2e74772f68747470646f63732f616c65782e706870 HTTP/1.1" 200 3156 "https://rajlaw.com.tw/wp-sett.php?x=2f686f6d652f68747470642f76686f7374732f72616a6c61772e636f6d2e74772f68747470646f6373&a=e&f=2f686f6d652f68747470642f76686f7374732f72616a6c61772e636f6d2e74772f68747470646f63732f616c65782e706870" "Mozilla/5.0 (X11; Linux x86_64) AppleWebKit/537.36 (KHTML, like Gecko) Chrome/150.0.0.0 Safari/537.36"
17.22.245.56 - - [23/Aug/2026:13:05:14 +0800] "GET /%e7%b2%be%e6%b9%9b%e4%ba%a4%e9%80%9a%e5%b7%a5%e6%a5%ad%e6%8a%95%e8%b3%875-1%e5%84%84%e5%85%83%e9%80%b2%e9%a7%90%e4%b8%83%e8%82%a1%e7%a7%91%e5%b7%a5%e5%8d%80%e3%80%80%e5%b0%8e%e5%85%a5%e6%99%ba/ HTTP/1.1" 200 95249 "-" "Mozilla/5.0 (Macintosh; Intel Mac OS X 10_15_7) AppleWebKit/605.1.15 (KHTML, like Gecko) Version/17.4 Safari/605.1.15 (Applebot/0.1; +http://www.apple.com/go/applebot)"
182.3.165.8 - - [23/Aug/2026:13:05:17 +0800] "GET /alex.php HTTP/1.1" 200 10217 "-" "Mozilla/5.0 (X11; Linux x86_64) AppleWebKit/537.36 (KHTML, like Gecko) Chrome/150.0.0.0 Safari/537.36"
182.3.165.8 - - [23/Aug/2026:13:05:22 +0800] "POST /alex.php HTTP/1.1" 200 2110 "https://rajlaw.com.tw/alex.php" "Mozilla/5.0 (X11; Linux x86_64) AppleWebKit/537.36 (KHTML, like Gecko) Chrome/150.0.0.0 Safari/537.36"
182.3.165.8 - - [23/Aug/2026:13:05:44 +0800] "POST /alex.php HTTP/1.1" 200 6068 "https://rajlaw.com.tw/alex.php" "Mozilla/5.0 (X11; Linux x86_64) AppleWebKit/537.36 (KHTML, like Gecko) Chrome/150.0.0.0 Safari/537.36"
66.249.71.228 - - [23/Aug/2026:13:05:48 +0800] "GET /enjoy-on-the-internet-bingo-for-the-money-inside-wish-upon-a-jackpot-casino-2026-better-cuatro-bingo-online-gambling-enterprises/ HTTP/1.1" 200 96345 "-" "Mozilla/5.0 (Linux; Android 6.0.1; Nexus 5X Build/MMB29P) AppleWebKit/537.36 (KHTML, like Gecko) Chrome/151.0.7922.137 Mobile Safari/537.36 (compatible; Googlebot/2.1; +http://www.google.com/bot.html)"
182.3.165.8 - - [23/Aug/2026:13:05:51 +0800] "POST /alex.php HTTP/1.1" 200 1262 "https://rajlaw.com.tw/alex.php" "Mozilla/5.0 (X11; Linux x86_64) AppleWebKit/537.36 (KHTML, like Gecko) Chrome/150.0.0.0 Safari/537.36"
182.3.165.8 - - [23/Aug/2026:13:06:07 +0800] "GET /wp-sett.php?x=2f686f6d652f68747470642f76686f7374732f72616a6c61772e636f6d2e74772f68747470646f6373&a=e&f=2f686f6d652f68747470642f76686f7374732f72616a6c61772e636f6d2e74772f68747470646f63732f616c65782e706870 HTTP/1.1" 200 3044 "https://rajlaw.com.tw/wp-sett.php?x=2f686f6d652f68747470642f76686f7374732f72616a6c61772e636f6d2e74772f68747470646f6373&a=e&f=2f686f6d652f68747470642f76686f7374732f72616a6c61772e636f6d2e74772f68747470646f63732f616c65782e706870" "Mozilla/5.0 (X11; Linux x86_64) AppleWebKit/537.36 (KHTML, like Gecko) Chrome/150.0.0.0 Safari/537.36"
182.3.165.8 - - [23/Aug/2026:13:06:08 +0800] "GET /wp-sett.php?x=2f686f6d652f68747470642f76686f7374732f72616a6c61772e636f6d2e74772f68747470646f6373&a=e&f=2f686f6d652f68747470642f76686f7374732f72616a6c61772e636f6d2e74772f68747470646f63732f616c65782e706870 HTTP/1.1" 200 2906 "https://rajlaw.com.tw/wp-sett.php?x=2f686f6d652f68747470642f76686f737473" "Mozilla/5.0 (X11; Linux x86_64) AppleWebKit/537.36 (KHTML, like Gecko) Chrome/150.0.0.0 Safari/537.36"
182.3.165.8 - - [23/Aug/2026:13:06:05 +0800] "POST /alex.php HTTP/1.1" 200 1400 "https://rajlaw.com.tw/alex.php" "Mozilla/5.0 (X11; Linux x86_64) AppleWebKit/537.36 (KHTML, like Gecko) Chrome/150.0.0.0 Safari/537.36"
182.3.165.8 - - [23/Aug/2026:13:06:11 +0800] "GET /wp-sett.php?x=2f686f6d652f68747470642f76686f737473 HTTP/1.1" 200 93388 "https://rajlaw.com.tw/wp-sett.php?x=2f686f6d652f68747470642f76686f737473" "Mozilla/5.0 (X11; Linux x86_64) AppleWebKit/537.36 (KHTML, like Gecko) Chrome/150.0.0.0 Safari/537.36"
182.3.165.8 - - [23/Aug/2026:13:06:15 +0800] "GET /wp-sett.php?x=2f686f6d652f68747470642f76686f7374732f72616a6c61772e636f6d2e74772f68747470646f6373&a=e&f=2f686f6d652f68747470642f76686f7374732f72616a6c61772e636f6d2e74772f68747470646f63732f62616461692e706870 HTTP/1.1" 200 1567 "https://rajlaw.com.tw/wp-sett.php?x=2f686f6d652f68747470642f76686f737473" "Mozilla/5.0 (X11; Linux x86_64) AppleWebKit/537.36 (KHTML, like Gecko) Chrome/150.0.0.0 Safari/537.36"
182.3.165.8 - - [23/Aug/2026:13:06:19 +0800] "POST /wp-sett.php?x=2f686f6d652f68747470642f76686f7374732f72616a6c61772e636f6d2e74772f68747470646f6373&a=e&f=2f686f6d652f68747470642f76686f7374732f72616a6c61772e636f6d2e74772f68747470646f63732f62616461692e706870 HTTP/1.1" 200 3019 "https://rajlaw.com.tw/wp-sett.php?x=2f686f6d652f68747470642f76686f7374732f72616a6c61772e636f6d2e74772f68747470646f6373&a=e&f=2f686f6d652f68747470642f76686f7374732f72616a6c61772e636f6d2e74772f68747470646f63732f62616461692e706870" "Mozilla/5.0 (X11; Linux x86_64) AppleWebKit/537.36 (KHTML, like Gecko) Chrome/150.0.0.0 Safari/537.36"
114.119.154.237 - - [23/Aug/2026:13:06:17 +0800] "GET /ghidul-tau-capodopera-pe-capo-spin/ HTTP/1.1" 200 98379 "https://rajlaw.com.tw/%e5%a5%87%e6%99%af%e5%85%89%e9%9b%bb%e6%89%93%e9%80%a0200%e4%ba%ba%e4%bc%81%e6%a5%ad%e5%b9%bc%e5%85%92%e5%9c%92%e3%80%80%e5%8f%b0%e5%8d%97%e7%aa%81%e7%a0%b4%e5%b7%a5%e6%a5%ad%e5%8d%80%e6%89%98/" "Mozilla/5.0 (Linux; Android 7.0;) AppleWebKit/537.36 (HTML, like Gecko) Mobile Safari/537.36 (compatible; PetalBot;+https://webmaster.petalsearch.com/site/petalbot)"
182.3.165.8 - - [23/Aug/2026:13:06:37 +0800] "GET /badai.php HTTP/1.1" 200 10217 "-" "Mozilla/5.0 (X11; Linux x86_64) AppleWebKit/537.36 (KHTML, like Gecko) Chrome/150.0.0.0 Safari/537.36"
182.3.165.8 - - [23/Aug/2026:13:06:41 +0800] "POST /badai.php HTTP/1.1" 200 2321 "https://rajlaw.com.tw/badai.php" "Mozilla/5.0 (X11; Linux x86_64) AppleWebKit/537.36 (KHTML, like Gecko) Chrome/150.0.0.0 Safari/537.36"
182.3.165.8 - - [23/Aug/2026:13:07:01 +0800] "POST /badai.php HTTP/1.1" 200 1400 "https://rajlaw.com.tw/badai.php" "Mozilla/5.0 (X11; Linux x86_64) AppleWebKit/537.36 (KHTML, like Gecko) Chrome/150.0.0.0 Safari/537.36"
114.119.152.143 - - [23/Aug/2026:13:08:10 +0800] "GET /connexion-roll-dorado-l-acces-a-votre-or/ HTTP/1.1" 200 97030 "https://rajlaw.com.tw/connexion-roll-dorado-l-acces-a-votre-or/" "Mozilla/5.0 (Linux; Android 7.0;) AppleWebKit/537.36 (HTML, like Gecko) Mobile Safari/537.36 (compatible; PetalBot;+https://webmaster.petalsearch.com/site/petalbot)"
52.167.144.146 - - [23/Aug/2026:13:08:31 +0800] "GET /hier-findest-du-ne-ubersicht-ein-modern-erfolgreichsten-verbunden-kasino-maklercourtage-blank-einzahlung-2026/ HTTP/1.1" 200 96040 "-" "Mozilla/5.0 AppleWebKit/537.36 (KHTML, like Gecko; compatible; bingbot/2.0; +http://www.bing.com/bingbot.htm) Chrome/116.0.1938.76 Safari/537.36"
52.167.144.146 - - [23/Aug/2026:13:08:40 +0800] "GET /agli-causa-della-racconto-dei-bisca-online-rso-codici-gratifica-escludendo-tenuta-erano-una-familiarita-canone/ HTTP/1.1" 200 90796 "-" "Mozilla/5.0 AppleWebKit/537.36 (KHTML, like Gecko; compatible; bingbot/2.0; +http://www.bing.com/bingbot.htm) Chrome/116.0.1938.76 Safari/537.36"
66.249.71.228 - - [23/Aug/2026:13:08:42 +0800] "GET /although-not-they-actually-do-has-gambling-on-line-people-offering-casino-games-so-you-can-players-inside-the-michigan/ HTTP/1.1" 200 97482 "-" "Mozilla/5.0 (Linux; Android 6.0.1; Nexus 5X Build/MMB29P) AppleWebKit/537.36 (KHTML, like Gecko) Chrome/151.0.7922.137 Mobile Safari/537.36 (compatible; Googlebot/2.1; +http://www.google.com/bot.html)"
40.77.167.52 - - [23/Aug/2026:13:09:04 +0800] "GET /si-ricorda-che-tipo-di-il-sequestrato-di-puntata-a-sciogliere-il-gratifica-e-stesso-a-100x/ HTTP/1.1" 200 95915 "-" "Mozilla/5.0 AppleWebKit/537.36 (KHTML, like Gecko; compatible; bingbot/2.0; +http://www.bing.com/bingbot.htm) Chrome/116.0.1938.76 Safari/537.36"
114.119.154.237 - - [23/Aug/2026:13:10:04 +0800] "GET /bonus-code-sol-casino-scopri-offerte-esclusive/ HTTP/1.1" 200 97369 "https://rajlaw.com.tw/coolzino-your-thrill-ride-awaits-big-wins/" "Mozilla/5.0 (Linux; Android 7.0;) AppleWebKit/537.36 (HTML, like Gecko) Mobile Safari/537.36 (compatible; PetalBot;+https://webmaster.petalsearch.com/site/petalbot)"
115.57.138.16 - - [23/Aug/2026:13:10:19 +0800] "GET /%e5%9f%94%e9%87%8c%e8%b6%8a%e5%8d%97%e6%96%99%e7%90%86-%e5%8c%97%e8%b6%8a%e6%b2%b3%e7%b2%89%e7%b1%b3%e7%b7%9a%e8%88%87%e6%89%8b%e4%bd%9c%e6%98%a5%e6%8d%b2%e6%b8%85%e7%88%bd%e4%b8%8a%e6%a1%8c HTTP/1.1" 301 6248 "-" "Mozilla/5.0 (Windows NT 10.0; Win64; x64) AppleWebKit/537.36 (KHTML, like Gecko) Chrome/144.0.0.0 Safari/537.36"
115.57.138.16 - - [23/Aug/2026:13:10:22 +0800] "GET /%e5%9f%94%e9%87%8c%e8%b6%8a%e5%8d%97%e6%96%99%e7%90%86-%e5%8c%97%e8%b6%8a%e6%b2%b3%e7%b2%89%e7%b1%b3%e7%b7%9a%e8%88%87%e6%89%8b%e4%bd%9c%e6%98%a5%e6%8d%b2%e6%b8%85%e7%88%bd%e4%b8%8a%e6%a1%8c/ HTTP/1.1" 200 93722 "-" "Mozilla/5.0 (Windows NT 10.0; Win64; x64) AppleWebKit/537.36 (KHTML, like Gecko) Chrome/144.0.0.0 Safari/537.36"
115.57.138.16 - - [23/Aug/2026:13:10:26 +0800] "GET /wp-includes/css/dashicons.min.css?ver=7.1 HTTP/1.1" 200 59419 "https://rajlaw.com.tw/%e5%9f%94%e9%87%8c%e8%b6%8a%e5%8d%97%e6%96%99%e7%90%86-%e5%8c%97%e8%b6%8a%e6%b2%b3%e7%b2%89%e7%b1%b3%e7%b7%9a%e8%88%87%e6%89%8b%e4%bd%9c%e6%98%a5%e6%8d%b2%e6%b8%85%e7%88%bd%e4%b8%8a%e6%a1%8c/" "Mozilla/5.0 (Windows NT 10.0; Win64; x64) AppleWebKit/537.36 (KHTML, like Gecko) Chrome/144.0.0.0 Safari/537.36"
115.57.138.16 - - [23/Aug/2026:13:10:27 +0800] "GET /wp-content/plugins/everest-forms/assets/css/everest-forms.css?ver=3.0.9.3 HTTP/1.1" 200 100836 "https://rajlaw.com.tw/%e5%9f%94%e9%87%8c%e8%b6%8a%e5%8d%97%e6%96%99%e7%90%86-%e5%8c%97%e8%b6%8a%e6%b2%b3%e7%b2%89%e7%b1%b3%e7%b7%9a%e8%88%87%e6%89%8b%e4%bd%9c%e6%98%a5%e6%8d%b2%e6%b8%85%e7%88%bd%e4%b8%8a%e6%a1%8c/" "Mozilla/5.0 (Windows NT 10.0; Win64; x64) AppleWebKit/537.36 (KHTML, like Gecko) Chrome/144.0.0.0 Safari/537.36"
115.57.138.16 - - [23/Aug/2026:13:10:27 +0800] "GET /wp-content/plugins/everest-forms/assets/css/intlTelInput.css?ver=3.0.9.3 HTTP/1.1" 200 45997 "https://rajlaw.com.tw/%e5%9f%94%e9%87%8c%e8%b6%8a%e5%8d%97%e6%96%99%e7%90%86-%e5%8c%97%e8%b6%8a%e6%b2%b3%e7%b2%89%e7%b1%b3%e7%b7%9a%e8%88%87%e6%89%8b%e4%bd%9c%e6%98%a5%e6%8d%b2%e6%b8%85%e7%88%bd%e4%b8%8a%e6%a1%8c/" "Mozilla/5.0 (Windows NT 10.0; Win64; x64) AppleWebKit/537.36 (KHTML, like Gecko) Chrome/144.0.0.0 Safari/537.36"
115.57.138.16 - - [23/Aug/2026:13:10:27 +0800] "GET /wp-content/themes/zakra/assets/js/navigation.min.js?ver=4.0.6 HTTP/1.1" 200 4809 "https://rajlaw.com.tw/%e5%9f%94%e9%87%8c%e8%b6%8a%e5%8d%97%e6%96%99%e7%90%86-%e5%8c%97%e8%b6%8a%e6%b2%b3%e7%b2%89%e7%b1%b3%e7%b7%9a%e8%88%87%e6%89%8b%e4%bd%9c%e6%98%a5%e6%8d%b2%e6%b8%85%e7%88%bd%e4%b8%8a%e6%a1%8c/" "Mozilla/5.0 (Windows NT 10.0; Win64; x64) AppleWebKit/537.36 (KHTML, like Gecko) Chrome/144.0.0.0 Safari/537.36"
115.57.138.16 - - [23/Aug/2026:13:10:27 +0800] "GET /wp-content/themes/zakra/assets/js/skip-link-focus-fix.min.js?ver=4.0.6 HTTP/1.1" 200 804 "https://rajlaw.com.tw/%e5%9f%94%e9%87%8c%e8%b6%8a%e5%8d%97%e6%96%99%e7%90%86-%e5%8c%97%e8%b6%8a%e6%b2%b3%e7%b2%89%e7%b1%b3%e7%b7%9a%e8%88%87%e6%89%8b%e4%bd%9c%e6%98%a5%e6%8d%b2%e6%b8%85%e7%88%bd%e4%b8%8a%e6%a1%8c/" "Mozilla/5.0 (Windows NT 10.0; Win64; x64) AppleWebKit/537.36 (KHTML, like Gecko) Chrome/144.0.0.0 Safari/537.36"
115.57.138.16 - - [23/Aug/2026:13:10:27 +0800] "GET /wp-content/themes/zakra/inc/customizer/customind/assets/fontawesome/v6/css/all.min.css?ver=6.2.4 HTTP/1.1" 200 103651 "https://rajlaw.com.tw/%e5%9f%94%e9%87%8c%e8%b6%8a%e5%8d%97%e6%96%99%e7%90%86-%e5%8c%97%e8%b6%8a%e6%b2%b3%e7%b2%89%e7%b1%b3%e7%b7%9a%e8%88%87%e6%89%8b%e4%bd%9c%e6%98%a5%e6%8d%b2%e6%b8%85%e7%88%bd%e4%b8%8a%e6%a1%8c/" "Mozilla/5.0 (Windows NT 10.0; Win64; x64) AppleWebKit/537.36 (KHTML, like Gecko) Chrome/144.0.0.0 Safari/537.36"
115.57.138.16 - - [23/Aug/2026:13:10:27 +0800] "GET /wp-content/themes/zakra/style.css?ver=4.0.6 HTTP/1.1" 200 106957 "https://rajlaw.com.tw/%e5%9f%94%e9%87%8c%e8%b6%8a%e5%8d%97%e6%96%99%e7%90%86-%e5%8c%97%e8%b6%8a%e6%b2%b3%e7%b2%89%e7%b1%b3%e7%b7%9a%e8%88%87%e6%89%8b%e4%bd%9c%e6%98%a5%e6%8d%b2%e6%b8%85%e7%88%bd%e4%b8%8a%e6%a1%8c/" "Mozilla/5.0 (Windows NT 10.0; Win64; x64) AppleWebKit/537.36 (KHTML, like Gecko) Chrome/144.0.0.0 Safari/537.36"
115.57.138.16 - - [23/Aug/2026:13:10:27 +0800] "GET /wp-content/themes/zakra/assets/js/zakra-custom.min.js?ver=4.0.6 HTTP/1.1" 200 5825 "https://rajlaw.com.tw/%e5%9f%94%e9%87%8c%e8%b6%8a%e5%8d%97%e6%96%99%e7%90%86-%e5%8c%97%e8%b6%8a%e6%b2%b3%e7%b2%89%e7%b1%b3%e7%b7%9a%e8%88%87%e6%89%8b%e4%bd%9c%e6%98%a5%e6%8d%b2%e6%b8%85%e7%88%bd%e4%b8%8a%e6%a1%8c/" "Mozilla/5.0 (Windows NT 10.0; Win64; x64) AppleWebKit/537.36 (KHTML, like Gecko) Chrome/144.0.0.0 Safari/537.36"
115.57.138.16 - - [23/Aug/2026:13:10:28 +0800] "GET /wp-content/themes/zakra/assets/fonts/themegrill-icons.woff2?5d42b271f668d2d6461ba91fc5a5a839 HTTP/1.1" 200 1622 "https://rajlaw.com.tw/wp-content/themes/zakra/style.css?ver=4.0.6" "Mozilla/5.0 (Windows NT 10.0; Win64; x64) AppleWebKit/537.36 (KHTML, like Gecko) Chrome/144.0.0.0 Safari/537.36"
115.57.138.16 - - [23/Aug/2026:13:10:28 +0800] "GET /wp-content/themes/zakra/inc/customizer/customind/assets/fontawesome/v6/webfonts/fa-solid-900.woff2 HTTP/1.1" 200 156967 "https://rajlaw.com.tw/wp-content/themes/zakra/inc/customizer/customind/assets/fontawesome/v6/css/all.min.css?ver=6.2.4" "Mozilla/5.0 (Windows NT 10.0; Win64; x64) AppleWebKit/537.36 (KHTML, like Gecko) Chrome/144.0.0.0 Safari/537.36"
115.57.138.16 - - [23/Aug/2026:13:10:28 +0800] "GET /wp-includes/js/wp-emoji-release.min.js?ver=7.1 HTTP/1.1" 200 23123 "https://rajlaw.com.tw/%e5%9f%94%e9%87%8c%e8%b6%8a%e5%8d%97%e6%96%99%e7%90%86-%e5%8c%97%e8%b6%8a%e6%b2%b3%e7%b2%89%e7%b1%b3%e7%b7%9a%e8%88%87%e6%89%8b%e4%bd%9c%e6%98%a5%e6%8d%b2%e6%b8%85%e7%88%bd%e4%b8%8a%e6%a1%8c/" "Mozilla/5.0 (Windows NT 10.0; Win64; x64) AppleWebKit/537.36 (KHTML, like Gecko) Chrome/144.0.0.0 Safari/537.36"
115.57.138.16 - - [23/Aug/2026:13:10:28 +0800] "GET /favicon.ico HTTP/1.1" 302 1395 "https://rajlaw.com.tw/%e5%9f%94%e9%87%8c%e8%b6%8a%e5%8d%97%e6%96%99%e7%90%86-%e5%8c%97%e8%b6%8a%e6%b2%b3%e7%b2%89%e7%b1%b3%e7%b7%9a%e8%88%87%e6%89%8b%e4%bd%9c%e6%98%a5%e6%8d%b2%e6%b8%85%e7%88%bd%e4%b8%8a%e6%a1%8c/" "Mozilla/5.0 (Windows NT 10.0; Win64; x64) AppleWebKit/537.36 (KHTML, like Gecko) Chrome/144.0.0.0 Safari/537.36"
115.57.138.16 - - [23/Aug/2026:13:10:35 +0800] "GET /wp-content/uploads/2025/03/%E9%95%B7%E5%AE%89logo-150x150.png HTTP/1.1" 200 12612 "https://rajlaw.com.tw/%e5%9f%94%e9%87%8c%e8%b6%8a%e5%8d%97%e6%96%99%e7%90%86-%e5%8c%97%e8%b6%8a%e6%b2%b3%e7%b2%89%e7%b1%b3%e7%b7%9a%e8%88%87%e6%89%8b%e4%bd%9c%e6%98%a5%e6%8d%b2%e6%b8%85%e7%88%bd%e4%b8%8a%e6%a1%8c/" "Mozilla/5.0 (Windows NT 10.0; Win64; x64) AppleWebKit/537.36 (KHTML, like Gecko) Chrome/144.0.0.0 Safari/537.36"
124.150.132.81 - - [23/Aug/2026:13:10:08 +0800] "POST /wp-cron.php?doing_wp_cron=1787461808.2706899642944335937500 HTTP/1.1" 500 8614 "-" "WordPress/7.1; https://rajlaw.com.tw"
66.249.69.67 - - [23/Aug/2026:13:10:43 +0800] "GET /il-premio-privato-di-fondo-bourlingue-ovvio-assolutamente-al-umanita-dellattivazione-del-vantaggio-inganno-sul-allibratore-selezionato/ HTTP/1.1" 200 95164 "-" "Mozilla/5.0 (Linux; Android 6.0.1; Nexus 5X Build/MMB29P) AppleWebKit/537.36 (KHTML, like Gecko) Chrome/151.0.7922.137 Mobile Safari/537.36 (compatible; Googlebot/2.1; +http://www.google.com/bot.html)"
40.77.167.52 - - [23/Aug/2026:13:11:24 +0800] "GET /category/%E5%B0%88%E9%A1%8C%E5%A0%B1%E5%B0%8E/ HTTP/1.1" 200 95993 "-" "Mozilla/5.0 AppleWebKit/537.36 (KHTML, like Gecko; compatible; bingbot/2.0; +http://www.bing.com/bingbot.htm) Chrome/116.0.1938.76 Safari/537.36"
114.119.154.113 - - [23/Aug/2026:13:12:00 +0800] "GET /blog12/ HTTP/1.1" 200 108720 "https://rajlaw.com.tw/%e6%b0%b8%e6%8d%b7%e3%80%81%e4%bf%a1%e7%ab%8b7%e6%9c%88%e7%87%9f%e6%94%b6%e7%b7%a0%e6%96%b0%e7%8c%b7-%e7%92%b0%e4%bf%9d%e7%99%bc%e5%a8%81%e4%b8%8b%e5%8d%8a%e5%b9%b4%e7%9c%8b%e6%97%ba/" "Mozilla/5.0 (Linux; Android 7.0;) AppleWebKit/537.36 (HTML, like Gecko) Mobile Safari/537.36 (compatible; PetalBot;+https://webmaster.petalsearch.com/site/petalbot)"
124.150.132.81 - - [23/Aug/2026:13:11:27 +0800] "POST /wp-cron.php?doing_wp_cron=1787461887.8072431087493896484375 HTTP/1.1" 200 5843 "-" "WordPress/7.1; https://rajlaw.com.tw"
66.249.69.68 - - [23/Aug/2026:13:12:39 +0800] "GET /wp-content/uploads/2026/08/ZE8mBqDULDwQBOEPZXjGH8ch6jJ9FQmioYVw6q3w.jpg HTTP/1.1" 200 411653 "-" "Googlebot-Image/1.0"
52.167.144.139 - - [23/Aug/2026:13:12:46 +0800] "GET /anche-con-i-migliori-bonus-e-fondamentale-approcciarsi-al-inganno-in-maturita-anche-oculatezza/ HTTP/1.1" 200 98755 "-" "Mozilla/5.0 AppleWebKit/537.36 (KHTML, like Gecko; compatible; bingbot/2.0; +http://www.bing.com/bingbot.htm) Chrome/116.0.1938.76 Safari/537.36"
66.249.71.226 - - [23/Aug/2026:13:12:48 +0800] "GET /this-might-be-called-a-recognize-their-buyers-kyc-verification-process-that-requires-any-where-from-1-to-three-months-in-order-to-over/ HTTP/1.1" 200 95823 "-" "Mozilla/5.0 (Linux; Android 6.0.1; Nexus 5X Build/MMB29P) AppleWebKit/537.36 (KHTML, like Gecko) Chrome/151.0.7922.137 Mobile Safari/537.36 (compatible; Googlebot/2.1; +http://www.google.com/bot.html)"
52.167.144.168 - - [23/Aug/2026:13:13:12 +0800] "GET /%E9%99%A4%E7%B1%8D%E5%A6%82%E4%BD%95%E7%94%B3%E8%AB%8B%E5%8D%B0%E9%91%91%E8%AD%89%E6%98%8E%EF%BC%9F/ HTTP/1.1" 200 93875 "-" "Mozilla/5.0 AppleWebKit/537.36 (KHTML, like Gecko; compatible; bingbot/2.0; +http://www.bing.com/bingbot.htm) Chrome/116.0.1938.76 Safari/537.36"
40.77.167.52 - - [23/Aug/2026:13:13:14 +0800] "GET /winning-big-with-tonyspins-smart-strategy/ HTTP/1.1" 200 96513 "-" "Mozilla/5.0 AppleWebKit/537.36 (KHTML, like Gecko; compatible; bingbot/2.0; +http://www.bing.com/bingbot.htm) Chrome/116.0.1938.76 Safari/537.36"
52.167.144.168 - - [23/Aug/2026:13:13:17 +0800] "GET /?s= HTTP/1.1" 200 121546 "-" "Mozilla/5.0 AppleWebKit/537.36 (KHTML, like Gecko; compatible; bingbot/2.0; +http://www.bing.com/bingbot.htm) Chrome/116.0.1938.76 Safari/537.36"
52.167.144.139 - - [23/Aug/2026:13:13:17 +0800] "GET /%E6%B0%B8%E5%BA%B7%E4%B8%89%E5%B4%81%E5%BA%97%E7%B3%96%E5%BB%A0%E5%85%8D%E8%B2%BB%E5%B0%8E%E8%A6%BD8%E6%9C%8823%E6%97%A5%E7%99%BB%E5%A0%B4%E3%80%80%E8%B5%B0%E8%A8%AA%E7%A5%9E%E7%A4%BE%E9%81%BA/ HTTP/1.1" 200 96287 "-" "Mozilla/5.0 AppleWebKit/537.36 (KHTML, like Gecko; compatible; bingbot/2.0; +http://www.bing.com/bingbot.htm) Chrome/116.0.1938.76 Safari/537.36"
52.167.144.139 - - [23/Aug/2026:13:13:23 +0800] "GET /news/5/ HTTP/1.1" 200 146867 "-" "Mozilla/5.0 AppleWebKit/537.36 (KHTML, like Gecko; compatible; bingbot/2.0; +http://www.bing.com/bingbot.htm) Chrome/116.0.1938.76 Safari/537.36"
40.77.167.52 - - [23/Aug/2026:13:13:23 +0800] "GET /category/blog1/page/2/ HTTP/1.1" 200 148750 "-" "Mozilla/5.0 AppleWebKit/537.36 (KHTML, like Gecko; compatible; bingbot/2.0; +http://www.bing.com/bingbot.htm) Chrome/116.0.1938.76 Safari/537.36"
40.77.167.52 - - [23/Aug/2026:13:13:29 +0800] "GET /rabona-ios-aplikacia-tvoja-futbalova-vasen/ HTTP/1.1" 200 93238 "-" "Mozilla/5.0 AppleWebKit/537.36 (KHTML, like Gecko; compatible; bingbot/2.0; +http://www.bing.com/bingbot.htm) Chrome/116.0.1938.76 Safari/537.36"
52.167.144.139 - - [23/Aug/2026:13:13:33 +0800] "GET /veseli-jokerji-za-prenos-v-trenutku/ HTTP/1.1" 200 95480 "-" "Mozilla/5.0 AppleWebKit/537.36 (KHTML, like Gecko; compatible; bingbot/2.0; +http://www.bing.com/bingbot.htm) Chrome/116.0.1938.76 Safari/537.36"
52.167.144.139 - - [23/Aug/2026:13:13:38 +0800] "GET /naobet-ireland-unlocks-thrilling-opportunities-for-irish-sports-betting-enthusiasts/ HTTP/1.1" 200 94845 "-" "Mozilla/5.0 AppleWebKit/537.36 (KHTML, like Gecko; compatible; bingbot/2.0; +http://www.bing.com/bingbot.htm) Chrome/116.0.1938.76 Safari/537.36"
52.167.144.139 - - [23/Aug/2026:13:13:42 +0800] "GET /greatest-400-no-deposit-extra-free-pokies-code-web-based-casinos/ HTTP/1.1" 200 96496 "-" "Mozilla/5.0 AppleWebKit/537.36 (KHTML, like Gecko; compatible; bingbot/2.0; +http://www.bing.com/bingbot.htm) Chrome/116.0.1938.76 Safari/537.36"
40.77.167.52 - - [23/Aug/2026:13:13:44 +0800] "GET /%E8%B3%80%E5%BB%BA%E5%9C%8B%E5%B0%8F%E5%8B%87%E5%A5%AA%E9%87%91%E5%AE%89%E7%8D%8E%E7%89%B9%E5%84%AA%E3%80%80%E5%8F%B0%E5%8D%97%E5%81%8F%E9%84%89%E6%A0%A1%E5%9C%92%E6%89%93%E9%80%A0%E9%80%9A%E5%AD%B8/ HTTP/1.1" 200 97294 "-" "Mozilla/5.0 AppleWebKit/537.36 (KHTML, like Gecko; compatible; bingbot/2.0; +http://www.bing.com/bingbot.htm) Chrome/116.0.1938.76 Safari/537.36"
40.77.167.52 - - [23/Aug/2026:13:13:49 +0800] "GET /news/3/ HTTP/1.1" 200 146814 "-" "Mozilla/5.0 AppleWebKit/537.36 (KHTML, like Gecko; compatible; bingbot/2.0; +http://www.bing.com/bingbot.htm) Chrome/116.0.1938.76 Safari/537.36"
114.119.131.210 - - [23/Aug/2026:13:13:54 +0800] "GET /aktualnoe-na-segodnya-zerkalo-melbet-rabochee-zerkalo/ HTTP/1.1" 200 103453 "https://rajlaw.com.tw/%e5%8f%b0%e8%82%a1%e6%97%a9%e7%9b%a4%e9%87%8d%e8%bf%9445000%e9%bb%9e%e3%80%80%e9%9b%bb%e5%ad%90%e8%82%a1%e9%a0%98%e8%bb%8d%e6%94%bb%e9%ab%98%e3%80%80%e5%8a%a0%e6%ac%8a%e6%8c%87%e6%95%b8%e6%bc%b2/" "Mozilla/5.0 (Linux; Android 7.0;) AppleWebKit/537.36 (HTML, like Gecko) Mobile Safari/537.36 (compatible; PetalBot;+https://webmaster.petalsearch.com/site/petalbot)"
52.167.144.139 - - [23/Aug/2026:13:14:13 +0800] "GET /anche-con-i-migliori-bonus-e-fondamentale-approcciarsi-al-inganno-in-maturita-anche-oculatezza/ HTTP/1.1" 200 98755 "-" "Mozilla/5.0 AppleWebKit/537.36 (KHTML, like Gecko; compatible; bingbot/2.0; +http://www.bing.com/bingbot.htm) Chrome/116.0.1938.76 Safari/537.36"
40.77.167.52 - - [23/Aug/2026:13:14:34 +0800] "GET /%E5%8F%B0%E7%81%A3%E5%9C%8B%E9%98%B2%E9%A0%90%E7%AE%97%E9%A6%96%E7%A0%B41-12%E5%85%86%E5%85%83%E3%80%81%E5%8D%A0gdp%E9%80%BE3%E3%80%80%E8%B3%B4%E6%B8%85%E5%BE%B7%E6%8B%9A2030%E5%B9%B45%E9%9D%A2/ HTTP/1.1" 200 104455 "-" "Mozilla/5.0 AppleWebKit/537.36 (KHTML, like Gecko; compatible; bingbot/2.0; +http://www.bing.com/bingbot.htm) Chrome/116.0.1938.76 Safari/537.36"
52.167.144.168 - - [23/Aug/2026:13:15:22 +0800] "GET /gamee-boldspiller-skuespil-sejre-middel-apps-inden-montezuma-1-depositum-for-lede-play/ HTTP/1.1" 200 98152 "-" "Mozilla/5.0 AppleWebKit/537.36 (KHTML, like Gecko; compatible; bingbot/2.0; +http://www.bing.com/bingbot.htm) Chrome/116.0.1938.76 Safari/537.36"
52.167.144.16 - - [23/Aug/2026:13:15:25 +0800] "GET /page/4/?author=0 HTTP/1.1" 200 124751 "-" "Mozilla/5.0 AppleWebKit/537.36 (KHTML, like Gecko; compatible; bingbot/2.0; +http://www.bing.com/bingbot.htm) Chrome/116.0.1938.76 Safari/537.36"
40.77.167.52 - - [23/Aug/2026:13:15:27 +0800] "GET /?author=0 HTTP/1.1" 200 126122 "-" "Mozilla/5.0 AppleWebKit/537.36 (KHTML, like Gecko; compatible; bingbot/2.0; +http://www.bing.com/bingbot.htm) Chrome/116.0.1938.76 Safari/537.36"
40.77.167.52 - - [23/Aug/2026:13:15:33 +0800] "GET /accede-al-poder-de-cinco-leones/ HTTP/1.1" 200 93780 "-" "Mozilla/5.0 AppleWebKit/537.36 (KHTML, like Gecko; compatible; bingbot/2.0; +http://www.bing.com/bingbot.htm) Chrome/116.0.1938.76 Safari/537.36"
52.167.144.16 - - [23/Aug/2026:13:15:34 +0800] "GET /page/2/?author=0 HTTP/1.1" 200 120453 "-" "Mozilla/5.0 AppleWebKit/537.36 (KHTML, like Gecko; compatible; bingbot/2.0; +http://www.bing.com/bingbot.htm) Chrome/116.0.1938.76 Safari/537.36"
40.77.167.52 - - [23/Aug/2026:13:15:43 +0800] "GET /hell-spin-darmowe-spiny-fangst-nu/ HTTP/1.1" 200 96199 "-" "Mozilla/5.0 AppleWebKit/537.36 (KHTML, like Gecko; compatible; bingbot/2.0; +http://www.bing.com/bingbot.htm) Chrome/116.0.1938.76 Safari/537.36"
114.119.145.233 - - [23/Aug/2026:13:15:50 +0800] "GET /spin-bara-casino-high-roller-thrills/ HTTP/1.1" 200 96651 "https://rajlaw.com.tw/honey-betz-freispiele-ohne-einzahlung-sichern/" "Mozilla/5.0 (Linux; Android 7.0;) AppleWebKit/537.36 (HTML, like Gecko) Mobile Safari/537.36 (compatible; PetalBot;+https://webmaster.petalsearch.com/site/petalbot)"
40.77.167.52 - - [23/Aug/2026:13:16:13 +0800] "GET /news/3/page/42/ HTTP/1.1" 404 86899 "-" "Mozilla/5.0 AppleWebKit/537.36 (KHTML, like Gecko; compatible; bingbot/2.0; +http://www.bing.com/bingbot.htm) Chrome/116.0.1938.76 Safari/537.36"
20.222.36.206 - - [23/Aug/2026:13:16:14 +0800] "GET /%E4%B8%AD%E5%9C%8B%E4%BA%BA%E5%BD%A2%E6%A9%9F%E5%99%A8%E4%BA%BA%E5%85%A8%E7%90%83%E5%87%BA%E8%B2%A8%E5%8D%A0%E6%AF%94%E9%80%BE97%E3%80%802026%E5%B9%B4%E4%B8%8A%E5%8D%8A%E5%B9%B419100%E5%8F%B0/ HTTP/1.1" 200 103417 "-" "Mozilla/5.0 AppleWebKit/537.36 (KHTML, like Gecko); compatible; ChatGPT-User/1.0; +https://openai.com/bot"
40.77.167.52 - - [23/Aug/2026:13:16:18 +0800] "GET /%E5%B7%9D%E6%99%AE%E5%AE%A3%E5%B8%83%E5%B0%8D%E4%BC%8A%E6%9C%97%E7%A5%AD%E5%87%BA%E3%80%8C%E7%B6%93%E6%BF%9Fd-day%E3%80%8D%E3%80%80%E7%BE%8E%E5%9C%8B%E5%95%9F%E5%8B%95%E5%8F%B2%E4%B8%8A%E6%9C%80/ HTTP/1.1" 200 94759 "-" "Mozilla/5.0 AppleWebKit/537.36 (KHTML, like Gecko; compatible; bingbot/2.0; +http://www.bing.com/bingbot.htm) Chrome/116.0.1938.76 Safari/537.36"
52.167.144.16 - - [23/Aug/2026:13:16:19 +0800] "GET /%E6%9D%91%E5%B3%B6%E6%9C%AA%E6%82%A0%E8%BD%89%E8%A1%8C%E4%BA%AC%E9%83%BD%E9%85%92%E5%BA%97%E5%B7%A5%E4%BD%9C%E3%80%80%E6%98%94%E6%97%A5%E3%80%8C%E7%A5%9E%E7%B4%9A%E8%BA%AB%E6%9D%90%E3%80%8D%E5%AF%AB/ HTTP/1.1" 200 97471 "-" "Mozilla/5.0 AppleWebKit/537.36 (KHTML, like Gecko; compatible; bingbot/2.0; +http://www.bing.com/bingbot.htm) Chrome/116.0.1938.76 Safari/537.36"
52.167.144.16 - - [23/Aug/2026:13:16:24 +0800] "GET /%E8%87%BA%E5%8D%97%E8%B1%AA%E9%9B%A8%E6%B7%B9%E6%B0%B4%E8%AD%A6%E5%A0%B1%EF%BC%81%E6%B0%B8%E5%BA%B7%E4%BB%81%E5%BE%B7%E7%A9%8D%E6%B0%B4%E9%81%94%E5%A4%A7%E8%85%BF%E3%80%80252%E6%AF%AB%E7%B1%B3/ HTTP/1.1" 200 93627 "-" "Mozilla/5.0 AppleWebKit/537.36 (KHTML, like Gecko; compatible; bingbot/2.0; +http://www.bing.com/bingbot.htm) Chrome/116.0.1938.76 Safari/537.36"
40.77.167.52 - - [23/Aug/2026:13:16:24 +0800] "GET /%E5%8B%9E%E4%BF%9D%E5%B1%80%E5%85%AC%E5%B8%834%E8%81%B7%E6%A5%AD%E5%B7%A5%E6%9C%83%E6%AC%A0%E7%B9%B3%E5%90%8D%E5%96%AE%E3%80%80%E6%9C%83%E5%93%A1%E4%BF%9D%E8%B2%BB%E5%B7%B2%E7%B9%B3%E5%8D%BB%E9%81%AD/ HTTP/1.1" 200 93640 "-" "Mozilla/5.0 AppleWebKit/537.36 (KHTML, like Gecko; compatible; bingbot/2.0; +http://www.bing.com/bingbot.htm) Chrome/116.0.1938.76 Safari/537.36"
52.167.144.16 - - [23/Aug/2026:13:16:29 +0800] "GET /%E8%87%BA%E5%8D%97%E5%AE%89%E5%8D%97%E5%8D%80%E7%81%AB%E8%AD%A6%E7%88%86%E7%82%B8%E5%BB%B6%E7%87%928%E6%88%B6%EF%BC%81%E5%BB%A2%E6%A3%84%E7%89%A9%E7%A9%BA%E5%9C%B0%E5%87%8C%E6%99%A8%E8%B5%B7%E7%81%AB/ HTTP/1.1" 200 92839 "-" "Mozilla/5.0 AppleWebKit/537.36 (KHTML, like Gecko; compatible; bingbot/2.0; +http://www.bing.com/bingbot.htm) Chrome/116.0.1938.76 Safari/537.36"
40.77.167.52 - - [23/Aug/2026:13:16:32 +0800] "GET /%E5%8F%B0%E7%81%A3gdp%E8%A1%9D11-05%E3%80%81%E5%8F%B0%E8%82%A1%E4%BB%8A%E5%B9%B4%E6%BC%B256%EF%BC%81ai%E6%A6%AE%E6%99%AF%E8%83%8C%E5%BE%8C%E7%9A%84%E5%87%BA%E5%8F%A3%E3%80%81%E8%82%A1%E5%B8%82/ HTTP/1.1" 200 94963 "-" "Mozilla/5.0 AppleWebKit/537.36 (KHTML, like Gecko; compatible; bingbot/2.0; +http://www.bing.com/bingbot.htm) Chrome/116.0.1938.76 Safari/537.36"
52.167.144.16 - - [23/Aug/2026:13:16:33 +0800] "GET /toyota-harrier%E5%A4%A7%E6%94%B9%E6%AC%BE%E5%80%92%E6%95%B8%EF%BC%9F%E5%BE%9E%E3%80%8C%E9%AB%98%E7%B4%9Arav4%E3%80%8D%E8%BD%89%E5%90%91%E8%B7%91%E6%97%85%E5%8C%96%EF%BC%8C%E6%96%B0%E4%B8%96%E4%BB%A3/ HTTP/1.1" 200 93754 "-" "Mozilla/5.0 AppleWebKit/537.36 (KHTML, like Gecko; compatible; bingbot/2.0; +http://www.bing.com/bingbot.htm) Chrome/116.0.1938.76 Safari/537.36"
52.167.144.168 - - [23/Aug/2026:13:16:33 +0800] "GET /%E9%A0%90%E5%94%AE%E5%B1%8B%E8%A7%A3%E7%B4%84%E6%BD%AE%E7%9C%9F%E7%9A%84%E4%BE%86%E4%BA%86%EF%BC%9F2025%E5%B9%B43619%E4%BB%B6%E5%89%B5%E6%96%B0%E9%AB%98%E3%80%802026%E5%89%8D7%E6%9C%883066%E4%BB%B6/ HTTP/1.1" 200 104200 "-" "Mozilla/5.0 AppleWebKit/537.36 (KHTML, like Gecko; compatible; bingbot/2.0; +http://www.bing.com/bingbot.htm) Chrome/116.0.1938.76 Safari/537.36"
52.167.144.16 - - [23/Aug/2026:13:16:38 +0800] "GET /beiderlei-gefallen-finden-an-beilaufig-nach-der-eroffnung-ihr-neuen-herrschen-bestandsschutz/ HTTP/1.1" 200 96675 "-" "Mozilla/5.0 AppleWebKit/537.36 (KHTML, like Gecko; compatible; bingbot/2.0; +http://www.bing.com/bingbot.htm) Chrome/116.0.1938.76 Safari/537.36"
52.167.144.168 - - [23/Aug/2026:13:16:39 +0800] "GET /ebendiese-gamer-vermogen-eine-anspruchsvolle-klima-auskosten-unser-seitdem-generationen-prominente-weiters-wurdentrager-gekleidet-chapeau/ HTTP/1.1" 200 95406 "-" "Mozilla/5.0 AppleWebKit/537.36 (KHTML, like Gecko; compatible; bingbot/2.0; +http://www.bing.com/bingbot.htm) Chrome/116.0.1938.76 Safari/537.36"
124.150.132.81 - - [23/Aug/2026:13:16:42 +0800] "POST /wp-cron.php?doing_wp_cron=1787462202.2667379379272460937500 HTTP/1.1" 200 5843 "-" "WordPress/7.1; https://rajlaw.com.tw"
52.167.144.16 - - [23/Aug/2026:13:16:43 +0800] "GET /hier-sei-begehrenswert-sic-die-auswahl-betrachtlich-reicht-ist-und-bleibt-um-nichtens-langatmig-dahinter-sind/ HTTP/1.1" 200 93891 "-" "Mozilla/5.0 AppleWebKit/537.36 (KHTML, like Gecko; compatible; bingbot/2.0; +http://www.bing.com/bingbot.htm) Chrome/116.0.1938.76 Safari/537.36"
52.167.144.168 - - [23/Aug/2026:13:16:44 +0800] "GET /denn-geschatzter-glucksspieler-beziehen-die-kunden-unser-exklusives-gamer-special-paket-schon-nicht-vor-15-%ef%bf%bd-samt-bungalow-prosecco-oder-spielmarken/ HTTP/1.1" 200 96499 "-" "Mozilla/5.0 AppleWebKit/537.36 (KHTML, like Gecko; compatible; bingbot/2.0; +http://www.bing.com/bingbot.htm) Chrome/116.0.1938.76 Safari/537.36"
52.167.144.168 - - [23/Aug/2026:13:16:42 +0800] "GET /all-of-the-local-casino-to-your-the-list-lets-you-join-just-an-email/ HTTP/1.1" 200 96386 "-" "Mozilla/5.0 AppleWebKit/537.36 (KHTML, like Gecko; compatible; bingbot/2.0; +http://www.bing.com/bingbot.htm) Chrome/116.0.1938.76 Safari/537.36"
40.77.167.52 - - [23/Aug/2026:13:16:47 +0800] "GET /news/5/page/42/ HTTP/1.1" 404 86899 "-" "Mozilla/5.0 AppleWebKit/537.36 (KHTML, like Gecko; compatible; bingbot/2.0; +http://www.bing.com/bingbot.htm) Chrome/116.0.1938.76 Safari/537.36"
52.167.144.168 - - [23/Aug/2026:13:16:50 +0800] "GET /%E8%8E%AB%E5%BE%B7%E7%B4%8D%E5%96%AE%E6%97%A5%E6%9A%B4%E6%BC%B2177%E5%BC%95%E7%88%86%E9%80%BC%E7%A9%BA%E3%80%80%E7%BE%8E%E5%9C%8Bai%E6%99%B6%E7%89%87%E8%82%A1%E9%81%AD%E9%80%A3%E9%8E%96%E8%B3%A3/ HTTP/1.1" 200 99132 "-" "Mozilla/5.0 AppleWebKit/537.36 (KHTML, like Gecko; compatible; bingbot/2.0; +http://www.bing.com/bingbot.htm) Chrome/116.0.1938.76 Safari/537.36"
124.150.132.81 - - [23/Aug/2026:13:16:54 +0800] "POST /wp-cron.php?doing_wp_cron=1787462214.3496389389038085937500 HTTP/1.1" 200 5843 "-" "WordPress/7.1; https://rajlaw.com.tw"
52.167.144.16 - - [23/Aug/2026:13:16:54 +0800] "GET /%E7%BE%8E%E4%BC%8A%E6%88%B0%E7%88%AD%E9%99%B7%E5%83%B5%E5%B1%80%EF%BC%81%E4%BC%8A%E6%9C%97%E7%B8%BD%E7%B5%B1%E7%B1%B2%E3%80%8C%E8%A6%8B%E5%A5%BD%E5%B0%B1%E6%94%B6%E3%80%8D%E3%80%80%E5%B7%9D%E6%99%AE/ HTTP/1.1" 200 103900 "-" "Mozilla/5.0 AppleWebKit/537.36 (KHTML, like Gecko; compatible; bingbot/2.0; +http://www.bing.com/bingbot.htm) Chrome/116.0.1938.76 Safari/537.36"
40.77.167.52 - - [23/Aug/2026:13:16:54 +0800] "GET /on-the-whole-highest-5-checks-the-newest-packages-we-expected-for-a-leading-ranked-personal-sweepstakes-brand/ HTTP/1.1" 200 94208 "-" "Mozilla/5.0 AppleWebKit/537.36 (KHTML, like Gecko; compatible; bingbot/2.0; +http://www.bing.com/bingbot.htm) Chrome/116.0.1938.76 Safari/537.36"
52.167.144.16 - - [23/Aug/2026:13:16:58 +0800] "GET /%E6%97%A5%E6%9C%AC%E5%A5%B3%E6%98%9F%E6%9C%A8%E4%B8%8B%E5%87%9C%E5%87%9C%E5%AD%9034%E6%AD%B2%E5%A9%9A%E5%BE%8C%E8%BD%89%E8%A1%8C%E5%BC%95%E5%A9%9A%E5%A7%BB%E5%8D%B1%E6%A9%9F%E3%80%80%E4%B8%88%E5%A4%AB/ HTTP/1.1" 200 93635 "-" "Mozilla/5.0 AppleWebKit/537.36 (KHTML, like Gecko; compatible; bingbot/2.0; +http://www.bing.com/bingbot.htm) Chrome/116.0.1938.76 Safari/537.36"
52.167.144.168 - - [23/Aug/2026:13:17:02 +0800] "GET /das-spielangebot-aufbrezeln-und-slots-wie-auch-automatenvarianten-klassischer-tischspiele/ HTTP/1.1" 200 100821 "-" "Mozilla/5.0 AppleWebKit/537.36 (KHTML, like Gecko; compatible; bingbot/2.0; +http://www.bing.com/bingbot.htm) Chrome/116.0.1938.76 Safari/537.36"
52.167.144.16 - - [23/Aug/2026:13:17:03 +0800] "GET /problematischen-spielverhalten-ist-schon-as-part-of-diesseitigen-konzessionen-ihr-casinos-darbietung-verankert/ HTTP/1.1" 200 93547 "-" "Mozilla/5.0 AppleWebKit/537.36 (KHTML, like Gecko; compatible; bingbot/2.0; +http://www.bing.com/bingbot.htm) Chrome/116.0.1938.76 Safari/537.36"
40.77.167.52 - - [23/Aug/2026:13:17:03 +0800] "GET /investors-rely-on-these-suggestions-to-get-money-for-bills/ HTTP/1.1" 200 92807 "-" "Mozilla/5.0 AppleWebKit/537.36 (KHTML, like Gecko; compatible; bingbot/2.0; +http://www.bing.com/bingbot.htm) Chrome/116.0.1938.76 Safari/537.36"
52.167.144.168 - - [23/Aug/2026:13:17:06 +0800] "GET /our-greatest-web-based-casinos-generate-tens-and-thousands-of-users-for-the-all-of-us-delighted-every-single-day/ HTTP/1.1" 200 93010 "-" "Mozilla/5.0 AppleWebKit/537.36 (KHTML, like Gecko; compatible; bingbot/2.0; +http://www.bing.com/bingbot.htm) Chrome/116.0.1938.76 Safari/537.36"
52.167.144.168 - - [23/Aug/2026:13:17:07 +0800] "GET /one-another-also-provide-a-beneficial-100-south-carolina-minimum-to-possess-redemptions-with-richsweeps-reduced-inside-handling-since-the-they-truly-are-instant-to-own-credit-cards/ HTTP/1.1" 200 98327 "-" "Mozilla/5.0 AppleWebKit/537.36 (KHTML, like Gecko; compatible; bingbot/2.0; +http://www.bing.com/bingbot.htm) Chrome/116.0.1938.76 Safari/537.36"
52.167.144.16 - - [23/Aug/2026:13:17:08 +0800] "GET /%E5%AE%9C%E8%98%AD%E8%8A%B1%E8%93%AE%E5%9C%B0%E9%9C%87%E6%9C%80%E6%96%B0%E6%B6%88%E6%81%AF%EF%BD%9C%E6%9D%B1%E9%83%A8%E6%B5%B7%E5%9F%9F1140%E8%A6%8F%E6%A8%A15-1%E3%80%80%E6%9C%80%E5%A4%A7%E9%9C%87/ HTTP/1.1" 200 93232 "-" "Mozilla/5.0 AppleWebKit/537.36 (KHTML, like Gecko; compatible; bingbot/2.0; +http://www.bing.com/bingbot.htm) Chrome/116.0.1938.76 Safari/537.36"
40.77.167.52 - - [23/Aug/2026:13:17:12 +0800] "GET /news/3/page/42/ HTTP/1.1" 404 82123 "-" "Mozilla/5.0 AppleWebKit/537.36 (KHTML, like Gecko; compatible; bingbot/2.0; +http://www.bing.com/bingbot.htm) Chrome/116.0.1938.76 Safari/537.36"
52.167.144.16 - - [23/Aug/2026:13:17:16 +0800] "GET /dine-gamble-pakete-man-sagt-sie-seien-im-gleichen-sinne-erhaltlich-sodass-eltern-den-unterhaltsamen-abend-via-freunden-baden-in-fahig-sein/ HTTP/1.1" 200 95569 "-" "Mozilla/5.0 AppleWebKit/537.36 (KHTML, like Gecko; compatible; bingbot/2.0; +http://www.bing.com/bingbot.htm) Chrome/116.0.1938.76 Safari/537.36"
40.77.167.52 - - [23/Aug/2026:13:17:17 +0800] "GET /news/5/page/42/ HTTP/1.1" 404 82123 "-" "Mozilla/5.0 AppleWebKit/537.36 (KHTML, like Gecko; compatible; bingbot/2.0; +http://www.bing.com/bingbot.htm) Chrome/116.0.1938.76 Safari/537.36"
52.167.144.16 - - [23/Aug/2026:13:17:22 +0800] "GET /wie-geschatzter-gamer-beziehen-sie-unser-exklusives-gamer-special-packchen-schon-langsam-erst-als-15-%ef%bf%bd-einbegriffen-haus-prosecco-oder-spielmarken/ HTTP/1.1" 200 96461 "-" "Mozilla/5.0 AppleWebKit/537.36 (KHTML, like Gecko; compatible; bingbot/2.0; +http://www.bing.com/bingbot.htm) Chrome/116.0.1938.76 Safari/537.36"
40.77.167.52 - - [23/Aug/2026:13:17:23 +0800] "GET /the-initial-current-email-address-and-you-can-cellular-telephone-see-strategies-are-very-important-to-own-your-own-security/ HTTP/1.1" 200 97240 "-" "Mozilla/5.0 AppleWebKit/537.36 (KHTML, like Gecko; compatible; bingbot/2.0; +http://www.bing.com/bingbot.htm) Chrome/116.0.1938.76 Safari/537.36"
40.77.167.52 - - [23/Aug/2026:13:17:31 +0800] "GET /keep-reading-to-learn-every-it-is-possible-to-previously-wish-to-know-regarding-the-gaming-safely-on-the-internet/ HTTP/1.1" 200 93750 "-" "Mozilla/5.0 AppleWebKit/537.36 (KHTML, like Gecko; compatible; bingbot/2.0; +http://www.bing.com/bingbot.htm) Chrome/116.0.1938.76 Safari/537.36"
52.167.144.16 - - [23/Aug/2026:13:17:35 +0800] "GET /%E4%B8%AD%E5%9C%8B%E4%BA%BA%E5%BD%A2%E6%A9%9F%E5%99%A8%E4%BA%BA%E5%8D%A199-9%E4%BB%BB%E5%8B%99%E5%AE%8C%E6%88%90%E7%8E%87%E3%80%80%E5%AE%87%E6%A8%B9%E7%A7%91%E6%8A%80%E7%8E%8B%E8%88%88%E8%88%88/ HTTP/1.1" 200 101722 "-" "Mozilla/5.0 AppleWebKit/537.36 (KHTML, like Gecko; compatible; bingbot/2.0; +http://www.bing.com/bingbot.htm) Chrome/116.0.1938.76 Safari/537.36"
52.167.144.16 - - [23/Aug/2026:13:17:40 +0800] "GET /have-a-look-at-resorts-dysfunction-a-lot-more-than-for-more-information-on-the-fresh-new-services-offered-through-your-stand/ HTTP/1.1" 200 92071 "-" "Mozilla/5.0 AppleWebKit/537.36 (KHTML, like Gecko; compatible; bingbot/2.0; +http://www.bing.com/bingbot.htm) Chrome/116.0.1938.76 Safari/537.36"
114.119.145.233 - - [23/Aug/2026:13:17:45 +0800] "GET /%e6%97%a5%e6%9c%ac%e6%97%85%e5%ae%a2%e5%b0%88%e5%b1%ac%e5%8f%b0%e7%81%a3%e7%94%9f%e6%b4%bb%e6%97%85%e9%81%8a%e5%b9%b3%e5%8f%b0-%e5%8f%b0%e7%81%a3%e5%be%ae%e5%91%8a%e6%8e%a8taiwanholic%e4%b8%b2/ HTTP/1.1" 200 105821 "https://rajlaw.com.tw/%e3%80%8c2026-taloma-taipei-%e5%8e%9f%e4%bd%8f%e6%b0%91%e6%97%8f%e9%9f%b3%e6%a8%82%e5%ad%a3%e3%80%8d%e7%86%b1%e5%8a%9b%e9%96%8b%e5%94%b1/" "Mozilla/5.0 (Linux; Android 7.0;) AppleWebKit/537.36 (HTML, like Gecko) Mobile Safari/537.36 (compatible; PetalBot;+https://webmaster.petalsearch.com/site/petalbot)"
66.249.69.68 - - [23/Aug/2026:13:17:47 +0800] "GET /mobile-users-in-canada-have-to-have-a-reliable-connection-and-sufficient-analysis/ HTTP/1.1" 200 95486 "-" "Mozilla/5.0 (Linux; Android 6.0.1; Nexus 5X Build/MMB29P) AppleWebKit/537.36 (KHTML, like Gecko) Chrome/151.0.7922.137 Mobile Safari/537.36 (compatible; Googlebot/2.1; +http://www.google.com/bot.html)"
52.167.144.168 - - [23/Aug/2026:13:18:12 +0800] "GET /in-addition-to-you-can-travel-to-genuine-go-out-analytics-and-you-will-real-time-avenues-because-of-casinoscores/ HTTP/1.1" 200 98239 "-" "Mozilla/5.0 AppleWebKit/537.36 (KHTML, like Gecko; compatible; bingbot/2.0; +http://www.bing.com/bingbot.htm) Chrome/116.0.1938.76 Safari/537.36"
114.119.152.143 - - [23/Aug/2026:13:19:39 +0800] "GET /spin-rocky-codigo-bonus-gana/ HTTP/1.1" 200 98788 "https://rajlaw.com.tw/%cf%80%cf%81%ce%ac%cf%83%ce%b9%ce%bd%ce%bf-%cf%86%cf%89%cf%82-%ce%b5%ce%bd%ce%b5%cf%81%ce%b3%ce%bf%cf%80%ce%bf%ce%af%ce%b7%cf%83%ce%b7%cf%82-vulkan-vegas/" "Mozilla/5.0 (Linux; Android 7.0;) AppleWebKit/537.36 (HTML, like Gecko) Mobile Safari/537.36 (compatible; PetalBot;+https://webmaster.petalsearch.com/site/petalbot)"
52.167.144.168 - - [23/Aug/2026:13:19:52 +0800] "GET /no-install-2026/ HTTP/1.1" 200 97864 "-" "Mozilla/5.0 AppleWebKit/537.36 (KHTML, like Gecko; compatible; bingbot/2.0; +http://www.bing.com/bingbot.htm) Chrome/116.0.1938.76 Safari/537.36"
124.150.132.81 - - [23/Aug/2026:13:19:44 +0800] "POST /wp-cron.php?doing_wp_cron=1787462383.9603669643402099609375 HTTP/1.1" 500 8614 "-" "WordPress/7.1; https://rajlaw.com.tw"
66.249.69.66 - - [23/Aug/2026:13:20:24 +0800] "GET /alcune-di-queste-offerte-prevedono-lerogazione-di-insecable-gratifica-privato-di-intricato-diretto-ancora-privo-di-inoltro-attestazione/ HTTP/1.1" 200 96837 "-" "Mozilla/5.0 (Linux; Android 6.0.1; Nexus 5X Build/MMB29P) AppleWebKit/537.36 (KHTML, like Gecko) Chrome/151.0.7922.137 Mobile Safari/537.36 (compatible; Googlebot/2.1; +http://www.google.com/bot.html)"
40.77.167.52 - - [23/Aug/2026:13:20:53 +0800] "GET /spinning-reels-and-simple-thrills-navigating-online-pokies-nz-with-ease/ HTTP/1.1" 200 96038 "-" "Mozilla/5.0 AppleWebKit/537.36 (KHTML, like Gecko; compatible; bingbot/2.0; +http://www.bing.com/bingbot.htm) Chrome/116.0.1938.76 Safari/537.36"
124.150.132.81 - - [23/Aug/2026:13:20:57 +0800] "POST /wp-cron.php?doing_wp_cron=1787462457.4276158809661865234375 HTTP/1.1" 200 5843 "-" "WordPress/7.1; https://rajlaw.com.tw"
114.119.155.142 - - [23/Aug/2026:13:21:59 +0800] "GET /oscar-spin-bonus-code-exklusiv-2025/ HTTP/1.1" 200 99183 "https://rajlaw.com.tw/bettyspin-uk-casino-real-money-slots-win/" "Mozilla/5.0 (Linux; Android 7.0;) AppleWebKit/537.36 (HTML, like Gecko) Mobile Safari/537.36 (compatible; PetalBot;+https://webmaster.petalsearch.com/site/petalbot)"
40.77.167.123 - - [23/Aug/2026:13:23:02 +0800] "GET /rso-giri-gratuiti-sono-sempre-popolari-per-fango-affinche-sono-imprescindibile-bonus-mediante-denaro-discutibile/ HTTP/1.1" 200 94985 "-" "Mozilla/5.0 AppleWebKit/537.36 (KHTML, like Gecko; compatible; bingbot/2.0; +http://www.bing.com/bingbot.htm) Chrome/116.0.1938.76 Safari/537.36"
9.129.58.93 - - [23/Aug/2026:13:23:23 +0800] "GET /%E5%8F%B0%E5%8D%97%E6%B2%BB%E6%B0%B4%E6%B7%B9%E6%B0%B4%E9%9D%A2%E7%A9%8D%E6%B8%9B98%E3%80%80%E9%BB%83%E5%81%89%E5%93%B2%E5%86%8D%E7%88%AD%E5%8F%9620%E5%84%84%E5%85%83%E6%94%B9%E5%96%84%E4%B8%89/ HTTP/1.1" 200 99110 "-" "Mozilla/5.0 AppleWebKit/537.36 (KHTML, like Gecko); compatible; ChatGPT-User/1.0; +https://openai.com/bot"
114.119.152.143 - - [23/Aug/2026:13:23:32 +0800] "GET /honey-betz-freispiele-ohne-einzahlung-sichern/ HTTP/1.1" 200 97735 "https://rajlaw.com.tw/dominate-free-spins-on-sizzling-slot-reels/" "Mozilla/5.0 (Linux; Android 7.0;) AppleWebKit/537.36 (HTML, like Gecko) Mobile Safari/537.36 (compatible; PetalBot;+https://webmaster.petalsearch.com/site/petalbot)"
17.22.245.48 - - [23/Aug/2026:13:23:33 +0800] "GET /%E7%B2%BE%E6%B9%9B%E4%BA%A4%E9%80%9A%E5%B7%A5%E6%A5%AD%E6%8A%95%E8%B3%875-1%E5%84%84%E5%85%83%E9%80%B2%E9%A7%90%E4%B8%83%E8%82%A1%E7%A7%91%E5%B7%A5%E5%8D%80%E3%80%80%E5%B0%8E%E5%85%A5%E6%99%BA/ HTTP/1.1" 200 95249 "-" "Mozilla/5.0 (Macintosh; Intel Mac OS X 10_15_7) AppleWebKit/605.1.15 (KHTML, like Gecko) Version/17.4 Safari/605.1.15 (Applebot/0.1; +http://www.apple.com/go/applebot)"
17.22.245.48 - - [23/Aug/2026:13:23:39 +0800] "GET /wp-content/themes/zakra/style.css?ver=4.0.6 HTTP/1.1" 200 106819 "https://rajlaw.com.tw/%e7%b2%be%e6%b9%9b%e4%ba%a4%e9%80%9a%e5%b7%a5%e6%a5%ad%e6%8a%95%e8%b3%875-1%e5%84%84%e5%85%83%e9%80%b2%e9%a7%90%e4%b8%83%e8%82%a1%e7%a7%91%e5%b7%a5%e5%8d%80%e3%80%80%e5%b0%8e%e5%85%a5%e6%99%ba/" "Mozilla/5.0 (Macintosh; Intel Mac OS X 10_15_7) AppleWebKit/605.1.15 (KHTML, like Gecko) Version/17.4 Safari/605.1.15 (Applebot/0.1; +http://www.apple.com/go/applebot)"
17.22.245.48 - - [23/Aug/2026:13:23:41 +0800] "GET /wp-content/plugins/everest-forms/assets/css/intlTelInput.css?ver=3.0.9.3 HTTP/1.1" 200 45859 "https://rajlaw.com.tw/%e7%b2%be%e6%b9%9b%e4%ba%a4%e9%80%9a%e5%b7%a5%e6%a5%ad%e6%8a%95%e8%b3%875-1%e5%84%84%e5%85%83%e9%80%b2%e9%a7%90%e4%b8%83%e8%82%a1%e7%a7%91%e5%b7%a5%e5%8d%80%e3%80%80%e5%b0%8e%e5%85%a5%e6%99%ba/" "Mozilla/5.0 (Macintosh; Intel Mac OS X 10_15_7) AppleWebKit/605.1.15 (KHTML, like Gecko) Version/17.4 Safari/605.1.15 (Applebot/0.1; +http://www.apple.com/go/applebot)"
17.22.245.48 - - [23/Aug/2026:13:23:42 +0800] "GET /wp-content/themes/zakra/assets/js/navigation.min.js?ver=4.0.6 HTTP/1.1" 200 4809 "https://rajlaw.com.tw/%e7%b2%be%e6%b9%9b%e4%ba%a4%e9%80%9a%e5%b7%a5%e6%a5%ad%e6%8a%95%e8%b3%875-1%e5%84%84%e5%85%83%e9%80%b2%e9%a7%90%e4%b8%83%e8%82%a1%e7%a7%91%e5%b7%a5%e5%8d%80%e3%80%80%e5%b0%8e%e5%85%a5%e6%99%ba/" "Mozilla/5.0 (Macintosh; Intel Mac OS X 10_15_7) AppleWebKit/605.1.15 (KHTML, like Gecko) Version/17.4 Safari/605.1.15 (Applebot/0.1; +http://www.apple.com/go/applebot)"
17.22.245.48 - - [23/Aug/2026:13:23:44 +0800] "GET /wp-content/themes/zakra/inc/customizer/customind/assets/fontawesome/v6/css/all.min.css?ver=6.2.4 HTTP/1.1" 200 103513 "https://rajlaw.com.tw/%e7%b2%be%e6%b9%9b%e4%ba%a4%e9%80%9a%e5%b7%a5%e6%a5%ad%e6%8a%95%e8%b3%875-1%e5%84%84%e5%85%83%e9%80%b2%e9%a7%90%e4%b8%83%e8%82%a1%e7%a7%91%e5%b7%a5%e5%8d%80%e3%80%80%e5%b0%8e%e5%85%a5%e6%99%ba/" "Mozilla/5.0 (Macintosh; Intel Mac OS X 10_15_7) AppleWebKit/605.1.15 (KHTML, like Gecko) Version/17.4 Safari/605.1.15 (Applebot/0.1; +http://www.apple.com/go/applebot)"
