40.77.167.17 - - [24/Aug/2026:03:30:07 +0800] "GET /?fileloc=/home/httpd/vhosts/rajlaw.com.tw/httpdocs/wp-activate.php&path=/home/httpd/vhosts/rajlaw.com.tw/httpdocs HTTP/1.1" 200 21249 "-" "Mozilla/5.0 AppleWebKit/537.36 (KHTML, like Gecko; compatible; bingbot/2.0; +http://www.bing.com/bingbot.htm) Chrome/116.0.1938.76 Safari/537.36"
40.77.167.17 - - [24/Aug/2026:03:30:08 +0800] "GET /page/4/?fileloc=/home/httpd/vhosts/rajlaw.com.tw/httpdocs/readme.html&path=/home/httpd/vhosts/rajlaw.com.tw/httpdocs HTTP/1.1" 200 21860 "-" "Mozilla/5.0 AppleWebKit/537.36 (KHTML, like Gecko; compatible; bingbot/2.0; +http://www.bing.com/bingbot.htm) Chrome/116.0.1938.76 Safari/537.36"
40.77.167.17 - - [24/Aug/2026:03:30:09 +0800] "GET /hell-spin-darmowe-spiny-fangst-nu/?path=/home/httpd/vhosts/rajlaw.com.tw/httpdocs/wp-includes HTTP/1.1" 200 481568 "-" "Mozilla/5.0 AppleWebKit/537.36 (KHTML, like Gecko; compatible; bingbot/2.0; +http://www.bing.com/bingbot.htm) Chrome/116.0.1938.76 Safari/537.36"
40.77.167.17 - - [24/Aug/2026:03:30:11 +0800] "GET /hell-spin-darmowe-spiny-fangst-nu/?path=/ HTTP/1.1" 200 12630 "-" "Mozilla/5.0 AppleWebKit/537.36 (KHTML, like Gecko; compatible; bingbot/2.0; +http://www.bing.com/bingbot.htm) Chrome/116.0.1938.76 Safari/537.36"
40.77.167.17 - - [24/Aug/2026:03:30:12 +0800] "GET /hell-spin-darmowe-spiny-fangst-nu/?fileloc=/home/httpd/vhosts/rajlaw.com.tw/httpdocs/license.txt&path=/home/httpd/vhosts/rajlaw.com.tw/httpdocs HTTP/1.1" 200 32647 "-" "Mozilla/5.0 AppleWebKit/537.36 (KHTML, like Gecko; compatible; bingbot/2.0; +http://www.bing.com/bingbot.htm) Chrome/116.0.1938.76 Safari/537.36"
40.77.167.17 - - [24/Aug/2026:03:30:13 +0800] "GET /accede-al-poder-de-cinco-leones/?path=/home/httpd/vhosts/rajlaw.com.tw/httpdocs/.tmb HTTP/1.1" 200 12955 "-" "Mozilla/5.0 AppleWebKit/537.36 (KHTML, like Gecko; compatible; bingbot/2.0; +http://www.bing.com/bingbot.htm) Chrome/116.0.1938.76 Safari/537.36"
40.77.167.17 - - [24/Aug/2026:03:30:14 +0800] "GET /page/2/?pilihan&path=/home/httpd/vhosts/rajlaw.com.tw/httpdocs/wp-admin HTTP/1.1" 200 174291 "-" "Mozilla/5.0 AppleWebKit/537.36 (KHTML, like Gecko; compatible; bingbot/2.0; +http://www.bing.com/bingbot.htm) Chrome/116.0.1938.76 Safari/537.36"
40.77.167.17 - - [24/Aug/2026:03:30:15 +0800] "GET /?pilihan&path=/home/httpd/vhosts/rajlaw.com.tw/httpdocs/wp-admin HTTP/1.1" 200 174291 "-" "Mozilla/5.0 AppleWebKit/537.36 (KHTML, like Gecko; compatible; bingbot/2.0; +http://www.bing.com/bingbot.htm) Chrome/116.0.1938.76 Safari/537.36"
40.77.167.17 - - [24/Aug/2026:03:30:16 +0800] "GET /page/2/?fileloc=/home/httpd/vhosts/rajlaw.com.tw/httpdocs/wp-trackback.php&path=/home/httpd/vhosts/rajlaw.com.tw/httpdocs HTTP/1.1" 200 23021 "-" "Mozilla/5.0 AppleWebKit/537.36 (KHTML, like Gecko; compatible; bingbot/2.0; +http://www.bing.com/bingbot.htm) Chrome/116.0.1938.76 Safari/537.36"
40.77.167.17 - - [24/Aug/2026:03:30:16 +0800] "GET /page/2/?fileloc=/home/httpd/vhosts/rajlaw.com.tw/httpdocs/wp-login.php&path=/home/httpd/vhosts/rajlaw.com.tw/httpdocs HTTP/1.1" 200 70909 "-" "Mozilla/5.0 AppleWebKit/537.36 (KHTML, like Gecko; compatible; bingbot/2.0; +http://www.bing.com/bingbot.htm) Chrome/116.0.1938.76 Safari/537.36"
52.167.144.140 - - [24/Aug/2026:03:30:23 +0800] "GET /page/4/?pilihan&path=/home/httpd/vhosts/rajlaw.com.tw/httpdocs/wp-includes HTTP/1.1" 200 486344 "-" "Mozilla/5.0 AppleWebKit/537.36 (KHTML, like Gecko; compatible; bingbot/2.0; +http://www.bing.com/bingbot.htm) Chrome/116.0.1938.76 Safari/537.36"
52.167.144.140 - - [24/Aug/2026:03:30:25 +0800] "GET /accede-al-poder-de-cinco-leones/?path=/home/httpd HTTP/1.1" 200 12699 "-" "Mozilla/5.0 AppleWebKit/537.36 (KHTML, like Gecko; compatible; bingbot/2.0; +http://www.bing.com/bingbot.htm) Chrome/116.0.1938.76 Safari/537.36"
52.167.144.140 - - [24/Aug/2026:03:30:26 +0800] "GET /accede-al-poder-de-cinco-leones/?pilihan&path=/home/httpd/vhosts/rajlaw.com.tw/httpdocs/wp-admin HTTP/1.1" 200 174291 "-" "Mozilla/5.0 AppleWebKit/537.36 (KHTML, like Gecko; compatible; bingbot/2.0; +http://www.bing.com/bingbot.htm) Chrome/116.0.1938.76 Safari/537.36"
40.77.167.241 - - [24/Aug/2026:03:30:28 +0800] "GET /accede-al-poder-de-cinco-leones/?path=/home HTTP/1.1" 200 17437 "-" "Mozilla/5.0 AppleWebKit/537.36 (KHTML, like Gecko; compatible; bingbot/2.0; +http://www.bing.com/bingbot.htm) Chrome/116.0.1938.76 Safari/537.36"
40.77.167.17 - - [24/Aug/2026:03:30:27 +0800] "GET /page/2/?pilihan&path=/home/httpd/vhosts/rajlaw.com.tw/httpdocs/wp-includes HTTP/1.1" 200 486344 "-" "Mozilla/5.0 AppleWebKit/537.36 (KHTML, like Gecko; compatible; bingbot/2.0; +http://www.bing.com/bingbot.htm) Chrome/116.0.1938.76 Safari/537.36"
40.77.167.241 - - [24/Aug/2026:03:30:29 +0800] "GET /page/4/?path=/home HTTP/1.1" 200 12661 "-" "Mozilla/5.0 AppleWebKit/537.36 (KHTML, like Gecko; compatible; bingbot/2.0; +http://www.bing.com/bingbot.htm) Chrome/116.0.1938.76 Safari/537.36"
40.77.167.241 - - [24/Aug/2026:03:30:29 +0800] "GET /accede-al-poder-de-cinco-leones/?path=/home/httpd/vhosts HTTP/1.1" 200 12745 "-" "Mozilla/5.0 AppleWebKit/537.36 (KHTML, like Gecko; compatible; bingbot/2.0; +http://www.bing.com/bingbot.htm) Chrome/116.0.1938.76 Safari/537.36"
40.77.167.241 - - [24/Aug/2026:03:30:30 +0800] "GET /page/2/?fileloc=/home/httpd/vhosts/rajlaw.com.tw/httpdocs/wp-mail.php&path=/home/httpd/vhosts/rajlaw.com.tw/httpdocs HTTP/1.1" 200 21565 "-" "Mozilla/5.0 AppleWebKit/537.36 (KHTML, like Gecko; compatible; bingbot/2.0; +http://www.bing.com/bingbot.htm) Chrome/116.0.1938.76 Safari/537.36"
40.77.167.241 - - [24/Aug/2026:03:30:31 +0800] "GET /?path=/ HTTP/1.1" 200 12630 "-" "Mozilla/5.0 AppleWebKit/537.36 (KHTML, like Gecko; compatible; bingbot/2.0; +http://www.bing.com/bingbot.htm) Chrome/116.0.1938.76 Safari/537.36"
40.77.167.241 - - [24/Aug/2026:03:30:32 +0800] "GET /accede-al-poder-de-cinco-leones/?path=/home/httpd/vhosts/rajlaw.com.tw/httpdocs/wp-includes HTTP/1.1" 200 481568 "-" "Mozilla/5.0 AppleWebKit/537.36 (KHTML, like Gecko; compatible; bingbot/2.0; +http://www.bing.com/bingbot.htm) Chrome/116.0.1938.76 Safari/537.36"
40.77.167.241 - - [24/Aug/2026:03:30:34 +0800] "GET /page/2/?path=/ HTTP/1.1" 200 12630 "-" "Mozilla/5.0 AppleWebKit/537.36 (KHTML, like Gecko; compatible; bingbot/2.0; +http://www.bing.com/bingbot.htm) Chrome/116.0.1938.76 Safari/537.36"
40.77.167.241 - - [24/Aug/2026:03:30:35 +0800] "GET /hell-spin-darmowe-spiny-fangst-nu/?path=/home/httpd/vhosts/rajlaw.com.tw/httpdocs/.well-known HTTP/1.1" 200 14419 "-" "Mozilla/5.0 AppleWebKit/537.36 (KHTML, like Gecko; compatible; bingbot/2.0; +http://www.bing.com/bingbot.htm) Chrome/116.0.1938.76 Safari/537.36"
40.77.167.241 - - [24/Aug/2026:03:30:36 +0800] "GET /hell-spin-darmowe-spiny-fangst-nu/?path=/home/httpd HTTP/1.1" 200 12699 "-" "Mozilla/5.0 AppleWebKit/537.36 (KHTML, like Gecko; compatible; bingbot/2.0; +http://www.bing.com/bingbot.htm) Chrome/116.0.1938.76 Safari/537.36"
40.77.167.241 - - [24/Aug/2026:03:30:37 +0800] "GET /page/2/?path=/home HTTP/1.1" 200 12661 "-" "Mozilla/5.0 AppleWebKit/537.36 (KHTML, like Gecko; compatible; bingbot/2.0; +http://www.bing.com/bingbot.htm) Chrome/116.0.1938.76 Safari/537.36"
40.77.167.241 - - [24/Aug/2026:03:30:37 +0800] "GET /hell-spin-darmowe-spiny-fangst-nu/?path=/home/httpd/vhosts/rajlaw.com.tw HTTP/1.1" 200 24023 "-" "Mozilla/5.0 AppleWebKit/537.36 (KHTML, like Gecko; compatible; bingbot/2.0; +http://www.bing.com/bingbot.htm) Chrome/116.0.1938.76 Safari/537.36"
40.77.167.241 - - [24/Aug/2026:03:30:39 +0800] "GET /hell-spin-darmowe-spiny-fangst-nu/?path=/home/httpd/vhosts/rajlaw.com.tw/httpdocs/wp-content HTTP/1.1" 200 27403 "-" "Mozilla/5.0 AppleWebKit/537.36 (KHTML, like Gecko; compatible; bingbot/2.0; +http://www.bing.com/bingbot.htm) Chrome/116.0.1938.76 Safari/537.36"
40.77.167.241 - - [24/Aug/2026:03:30:40 +0800] "GET /hell-spin-darmowe-spiny-fangst-nu/?path=/home HTTP/1.1" 200 12661 "-" "Mozilla/5.0 AppleWebKit/537.36 (KHTML, like Gecko; compatible; bingbot/2.0; +http://www.bing.com/bingbot.htm) Chrome/116.0.1938.76 Safari/537.36"
40.77.167.241 - - [24/Aug/2026:03:30:40 +0800] "GET /hell-spin-darmowe-spiny-fangst-nu/?path=/home/httpd/vhosts/rajlaw.com.tw/httpdocs/.tmb HTTP/1.1" 200 12955 "-" "Mozilla/5.0 AppleWebKit/537.36 (KHTML, like Gecko; compatible; bingbot/2.0; +http://www.bing.com/bingbot.htm) Chrome/116.0.1938.76 Safari/537.36"
40.77.167.241 - - [24/Aug/2026:03:30:41 +0800] "GET /hell-spin-darmowe-spiny-fangst-nu/?path=/home/httpd/vhosts HTTP/1.1" 200 12745 "-" "Mozilla/5.0 AppleWebKit/537.36 (KHTML, like Gecko; compatible; bingbot/2.0; +http://www.bing.com/bingbot.htm) Chrome/116.0.1938.76 Safari/537.36"
40.77.167.241 - - [24/Aug/2026:03:30:42 +0800] "GET /?fileloc=/home/httpd/vhosts/rajlaw.com.tw/httpdocs/index.php&path=/home/httpd/vhosts/rajlaw.com.tw/httpdocs HTTP/1.1" 200 12930 "-" "Mozilla/5.0 AppleWebKit/537.36 (KHTML, like Gecko; compatible; bingbot/2.0; +http://www.bing.com/bingbot.htm) Chrome/116.0.1938.76 Safari/537.36"
40.77.167.241 - - [24/Aug/2026:03:30:43 +0800] "GET /accede-al-poder-de-cinco-leones/?path=/ HTTP/1.1" 200 12630 "-" "Mozilla/5.0 AppleWebKit/537.36 (KHTML, like Gecko; compatible; bingbot/2.0; +http://www.bing.com/bingbot.htm) Chrome/116.0.1938.76 Safari/537.36"
40.77.167.241 - - [24/Aug/2026:03:30:44 +0800] "GET /?path=/home/httpd/vhosts/rajlaw.com.tw/httpdocs/wp-includes HTTP/1.1" 200 481568 "-" "Mozilla/5.0 AppleWebKit/537.36 (KHTML, like Gecko; compatible; bingbot/2.0; +http://www.bing.com/bingbot.htm) Chrome/116.0.1938.76 Safari/537.36"
40.77.167.241 - - [24/Aug/2026:03:30:46 +0800] "GET /page/4/?fileloc=/home/httpd/vhosts/rajlaw.com.tw/httpdocs/license.txt&path=/home/httpd/vhosts/rajlaw.com.tw/httpdocs HTTP/1.1" 200 32647 "-" "Mozilla/5.0 AppleWebKit/537.36 (KHTML, like Gecko; compatible; bingbot/2.0; +http://www.bing.com/bingbot.htm) Chrome/116.0.1938.76 Safari/537.36"
20.15.133.175 - - [24/Aug/2026:03:30:46 +0800] "GET /accede-al-poder-de-cinco-leones/?fileloc=/home/httpd/vhosts/rajlaw.com.tw/httpdocs/wp-mail.php&path=/home/httpd/vhosts/rajlaw.com.tw/httpdocs HTTP/1.1" 200 26341 "-" "Mozilla/5.0 AppleWebKit/537.36 (KHTML, like Gecko; compatible; bingbot/2.0; +http://www.bing.com/bingbot.htm) Chrome/116.0.1938.76 Safari/537.36"
40.77.167.241 - - [24/Aug/2026:03:30:46 +0800] "GET /?path=/home/httpd/vhosts HTTP/1.1" 200 17521 "-" "Mozilla/5.0 AppleWebKit/537.36 (KHTML, like Gecko; compatible; bingbot/2.0; +http://www.bing.com/bingbot.htm) Chrome/116.0.1938.76 Safari/537.36"
40.77.167.17 - - [24/Aug/2026:03:30:47 +0800] "GET /2026%E5%8F%B0%E5%8D%97%E5%9F%8E%E9%8E%AE%E9%9F%8C%E6%80%A7%E9%98%B2%E7%A9%BA%E6%BC%94%E7%BF%92%E5%AE%8C%E6%88%90%EF%BD%9C%E9%BB%83%E5%81%89%E5%93%B2%E8%82%AF%E5%AE%9A%E5%85%A8%E6%B0%91%E9%98%B2/?path=/home/httpd/vhosts HTTP/1.1" 200 17521 "-" "Mozilla/5.0 AppleWebKit/537.36 (KHTML, like Gecko; compatible; bingbot/2.0; +http://www.bing.com/bingbot.htm) Chrome/116.0.1938.76 Safari/537.36"
40.77.167.241 - - [24/Aug/2026:03:30:47 +0800] "GET /?pilihan&path=/home/httpd/vhosts/rajlaw.com.tw/httpdocs HTTP/1.1" 200 48997 "-" "Mozilla/5.0 AppleWebKit/537.36 (KHTML, like Gecko; compatible; bingbot/2.0; +http://www.bing.com/bingbot.htm) Chrome/116.0.1938.76 Safari/537.36"
40.77.167.241 - - [24/Aug/2026:03:30:49 +0800] "GET /%E7%A4%BE%E6%9C%83%E4%BD%8F%E5%AE%85%E6%94%BF%E7%AD%96%E5%BC%95%E7%88%AD%E8%AD%B0%E3%80%80%E7%9B%A7%E7%A7%80%E7%87%95%E6%8C%87%E4%B8%AD%E5%A4%AE%E7%A4%BE%E5%AE%8513%E8%90%AC%E6%88%B6%E7%B8%AE%E8%87%B3/ HTTP/1.1" 200 48997 "-" "Mozilla/5.0 AppleWebKit/537.36 (KHTML, like Gecko; compatible; bingbot/2.0; +http://www.bing.com/bingbot.htm) Chrome/116.0.1938.76 Safari/537.36"
52.167.144.140 - - [24/Aug/2026:03:30:48 +0800] "GET /hell-spin-darmowe-spiny-fangst-nu/?pilihan&path=/home/httpd/vhosts/rajlaw.com.tw/httpdocs/wp-includes HTTP/1.1" 200 486344 "-" "Mozilla/5.0 AppleWebKit/537.36 (KHTML, like Gecko; compatible; bingbot/2.0; +http://www.bing.com/bingbot.htm) Chrome/116.0.1938.76 Safari/537.36"
40.77.167.241 - - [24/Aug/2026:03:30:56 +0800] "GET /%E9%9B%99%E5%8C%97%E5%AF%B5%E7%89%A9%E8%A8%93%E7%B7%B4-%E6%AD%A3%E5%90%91%E5%BC%95%E5%B0%8E%E5%8D%94%E5%8A%A9%E7%8B%97%E7%8B%97%E5%BB%BA%E7%AB%8B%E7%A9%A9%E5%AE%9A%E7%94%9F%E6%B4%BB%E8%A6%8F%E5%89%87/ HTTP/1.1" 200 53773 "-" "Mozilla/5.0 AppleWebKit/537.36 (KHTML, like Gecko; compatible; bingbot/2.0; +http://www.bing.com/bingbot.htm) Chrome/116.0.1938.76 Safari/537.36"
57.141.4.44 - - [24/Aug/2026:03:30:56 +0800] "GET / HTTP/1.1" 200 53829 "-" "facebookexternalhit/1.1 (+http://www.facebook.com/externalhit_uatext.php)"
40.77.167.17 - - [24/Aug/2026:03:31:00 +0800] "GET /accede-al-poder-de-cinco-leones/?pilihan&path=/home/httpd/vhosts/rajlaw.com.tw/httpdocs/wp-includes HTTP/1.1" 200 486344 "-" "Mozilla/5.0 AppleWebKit/537.36 (KHTML, like Gecko; compatible; bingbot/2.0; +http://www.bing.com/bingbot.htm) Chrome/116.0.1938.76 Safari/537.36"
52.167.144.140 - - [24/Aug/2026:03:31:13 +0800] "GET /?pilihan&path=/home/httpd/vhosts/rajlaw.com.tw/httpdocs/wp-includes HTTP/1.1" 200 486344 "-" "Mozilla/5.0 AppleWebKit/537.36 (KHTML, like Gecko; compatible; bingbot/2.0; +http://www.bing.com/bingbot.htm) Chrome/116.0.1938.76 Safari/537.36"
51.81.164.200 - - [24/Aug/2026:03:32:46 +0800] "GET /%E5%8F%B0%E8%82%A1%E6%97%A9%E7%9B%A4%E9%96%8B%E9%AB%98%E8%B5%B0%E4%BD%8E%EF%BC%81%E5%8A%A0%E6%AC%8A%E6%8C%87%E6%95%B8%E5%B0%8F%E8%B7%8C%E3%80%80%E6%AB%83%E8%B2%B7%E9%80%86%E5%8B%A2%E7%BF%BB%E7%B4%85/ HTTP/1.1" 200 53578 "-" "Mozilla/5.0 (compatible; AhrefsBot/7.0; +http://ahrefs.com/robot/)"
40.77.167.17 - - [24/Aug/2026:03:32:47 +0800] "GET /?fileloc=/home/httpd/vhosts/rajlaw.com.tw/httpdocs/wp-links-opml.php&path=/home/httpd/vhosts/rajlaw.com.tw/httpdocs HTTP/1.1" 200 20100 "-" "Mozilla/5.0 AppleWebKit/537.36 (KHTML, like Gecko; compatible; bingbot/2.0; +http://www.bing.com/bingbot.htm) Chrome/116.0.1938.76 Safari/537.36"
40.77.167.17 - - [24/Aug/2026:03:32:49 +0800] "GET /?fileloc=/home/httpd/vhosts/rajlaw.com.tw/httpdocs/wp-load.php&path=/home/httpd/vhosts/rajlaw.com.tw/httpdocs HTTP/1.1" 200 16634 "-" "Mozilla/5.0 AppleWebKit/537.36 (KHTML, like Gecko; compatible; bingbot/2.0; +http://www.bing.com/bingbot.htm) Chrome/116.0.1938.76 Safari/537.36"
52.167.144.173 - - [24/Aug/2026:03:32:54 +0800] "GET /?fileloc=/home/httpd/vhosts/rajlaw.com.tw/httpdocs/wp-blog-header.php&path=/home/httpd/vhosts/rajlaw.com.tw/httpdocs HTTP/1.1" 200 17661 "-" "Mozilla/5.0 AppleWebKit/537.36 (KHTML, like Gecko; compatible; bingbot/2.0; +http://www.bing.com/bingbot.htm) Chrome/116.0.1938.76 Safari/537.36"
57.141.16.115 - - [24/Aug/2026:03:33:12 +0800] "GET / HTTP/1.1" 200 53829 "-" "facebookexternalhit/1.1 (+http://www.facebook.com/externalhit_uatext.php)"
52.167.144.173 - - [24/Aug/2026:03:33:33 +0800] "GET /%E9%9B%99%E5%8C%97%E5%AF%B5%E7%89%A9%E8%A8%93%E7%B7%B4-%E6%AD%A3%E5%90%91%E5%BC%95%E5%B0%8E%E5%8D%94%E5%8A%A9%E7%8B%97%E7%8B%97%E5%BB%BA%E7%AB%8B%E7%A9%A9%E5%AE%9A%E7%94%9F%E6%B4%BB%E8%A6%8F%E5%89%87/?path=/home/httpd/vhosts/rajlaw.com.tw HTTP/1.1" 200 28799 "-" "Mozilla/5.0 AppleWebKit/537.36 (KHTML, like Gecko; compatible; bingbot/2.0; +http://www.bing.com/bingbot.htm) Chrome/116.0.1938.76 Safari/537.36"
52.167.144.173 - - [24/Aug/2026:03:33:34 +0800] "GET /%E9%9B%99%E5%8C%97%E5%AF%B5%E7%89%A9%E8%A8%93%E7%B7%B4-%E6%AD%A3%E5%90%91%E5%BC%95%E5%B0%8E%E5%8D%94%E5%8A%A9%E7%8B%97%E7%8B%97%E5%BB%BA%E7%AB%8B%E7%A9%A9%E5%AE%9A%E7%94%9F%E6%B4%BB%E8%A6%8F%E5%89%87/?fileloc=/home/httpd/vhosts/rajlaw.com.tw/httpdocs/wp-login.php&path=/home/httpd/vhosts/rajlaw.com.tw/httpdocs HTTP/1.1" 200 70909 "-" "Mozilla/5.0 AppleWebKit/537.36 (KHTML, like Gecko; compatible; bingbot/2.0; +http://www.bing.com/bingbot.htm) Chrome/116.0.1938.76 Safari/537.36"
66.249.72.201 - - [24/Aug/2026:03:33:35 +0800] "GET /?path=/ HTTP/1.1" 200 17462 "-" "Mozilla/5.0 (Linux; Android 6.0.1; Nexus 5X Build/MMB29P) AppleWebKit/537.36 (KHTML, like Gecko) Chrome/151.0.7922.137 Mobile Safari/537.36 (compatible; GoogleOther)"
52.167.144.173 - - [24/Aug/2026:03:33:36 +0800] "GET /%E9%9B%99%E5%8C%97%E5%AF%B5%E7%89%A9%E8%A8%93%E7%B7%B4-%E6%AD%A3%E5%90%91%E5%BC%95%E5%B0%8E%E5%8D%94%E5%8A%A9%E7%8B%97%E7%8B%97%E5%BB%BA%E7%AB%8B%E7%A9%A9%E5%AE%9A%E7%94%9F%E6%B4%BB%E8%A6%8F%E5%89%87/?fileloc=/home/httpd/vhosts/rajlaw.com.tw/httpdocs/wp-signup.php&path=/home/httpd/vhosts/rajlaw.com.tw/httpdocs HTTP/1.1" 200 51374 "-" "Mozilla/5.0 AppleWebKit/537.36 (KHTML, like Gecko; compatible; bingbot/2.0; +http://www.bing.com/bingbot.htm) Chrome/116.0.1938.76 Safari/537.36"
52.167.144.173 - - [24/Aug/2026:03:33:38 +0800] "GET /%E9%9B%99%E5%8C%97%E5%AF%B5%E7%89%A9%E8%A8%93%E7%B7%B4-%E6%AD%A3%E5%90%91%E5%BC%95%E5%B0%8E%E5%8D%94%E5%8A%A9%E7%8B%97%E7%8B%97%E5%BB%BA%E7%AB%8B%E7%A9%A9%E5%AE%9A%E7%94%9F%E6%B4%BB%E8%A6%8F%E5%89%87/?fileloc=/home/httpd/vhosts/rajlaw.com.tw/httpdocs/wp-mail.php&path=/home/httpd/vhosts/rajlaw.com.tw/httpdocs HTTP/1.1" 200 21565 "-" "Mozilla/5.0 AppleWebKit/537.36 (KHTML, like Gecko; compatible; bingbot/2.0; +http://www.bing.com/bingbot.htm) Chrome/116.0.1938.76 Safari/537.36"
52.167.144.173 - - [24/Aug/2026:03:33:39 +0800] "GET /%E9%9B%99%E5%8C%97%E5%AF%B5%E7%89%A9%E8%A8%93%E7%B7%B4-%E6%AD%A3%E5%90%91%E5%BC%95%E5%B0%8E%E5%8D%94%E5%8A%A9%E7%8B%97%E7%8B%97%E5%BB%BA%E7%AB%8B%E7%A9%A9%E5%AE%9A%E7%94%9F%E6%B4%BB%E8%A6%8F%E5%89%87/?path=/home/httpd HTTP/1.1" 200 12699 "-" "Mozilla/5.0 AppleWebKit/537.36 (KHTML, like Gecko; compatible; bingbot/2.0; +http://www.bing.com/bingbot.htm) Chrome/116.0.1938.76 Safari/537.36"
52.167.144.173 - - [24/Aug/2026:03:33:39 +0800] "GET /%E7%A4%BE%E6%9C%83%E4%BD%8F%E5%AE%85%E6%94%BF%E7%AD%96%E5%BC%95%E7%88%AD%E8%AD%B0%E3%80%80%E7%9B%A7%E7%A7%80%E7%87%95%E6%8C%87%E4%B8%AD%E5%A4%AE%E7%A4%BE%E5%AE%8513%E8%90%AC%E6%88%B6%E7%B8%AE%E8%87%B3/?fileloc=/home/httpd/vhosts/rajlaw.com.tw/httpdocs/license.txt&path=/home/httpd/vhosts/rajlaw.com.tw/httpdocs HTTP/1.1" 200 32647 "-" "Mozilla/5.0 AppleWebKit/537.36 (KHTML, like Gecko; compatible; bingbot/2.0; +http://www.bing.com/bingbot.htm) Chrome/116.0.1938.76 Safari/537.36"
52.167.144.173 - - [24/Aug/2026:03:33:40 +0800] "GET /%E7%A4%BE%E6%9C%83%E4%BD%8F%E5%AE%85%E6%94%BF%E7%AD%96%E5%BC%95%E7%88%AD%E8%AD%B0%E3%80%80%E7%9B%A7%E7%A7%80%E7%87%95%E6%8C%87%E4%B8%AD%E5%A4%AE%E7%A4%BE%E5%AE%8513%E8%90%AC%E6%88%B6%E7%B8%AE%E8%87%B3/?fileloc=/home/httpd/vhosts/rajlaw.com.tw/httpdocs/wp-trackback.php&path=/home/httpd/vhosts/rajlaw.com.tw/httpdocs HTTP/1.1" 200 23021 "-" "Mozilla/5.0 AppleWebKit/537.36 (KHTML, like Gecko; compatible; bingbot/2.0; +http://www.bing.com/bingbot.htm) Chrome/116.0.1938.76 Safari/537.36"
52.167.144.173 - - [24/Aug/2026:03:33:41 +0800] "GET /%E7%A4%BE%E6%9C%83%E4%BD%8F%E5%AE%85%E6%94%BF%E7%AD%96%E5%BC%95%E7%88%AD%E8%AD%B0%E3%80%80%E7%9B%A7%E7%A7%80%E7%87%95%E6%8C%87%E4%B8%AD%E5%A4%AE%E7%A4%BE%E5%AE%8513%E8%90%AC%E6%88%B6%E7%B8%AE%E8%87%B3/?fileloc=/home/httpd/vhosts/rajlaw.com.tw/httpdocs/wp-cron.php&path=/home/httpd/vhosts/rajlaw.com.tw/httpdocs HTTP/1.1" 200 18240 "-" "Mozilla/5.0 AppleWebKit/537.36 (KHTML, like Gecko; compatible; bingbot/2.0; +http://www.bing.com/bingbot.htm) Chrome/116.0.1938.76 Safari/537.36"
52.167.144.173 - - [24/Aug/2026:03:33:43 +0800] "GET /%E7%A4%BE%E6%9C%83%E4%BD%8F%E5%AE%85%E6%94%BF%E7%AD%96%E5%BC%95%E7%88%AD%E8%AD%B0%E3%80%80%E7%9B%A7%E7%A7%80%E7%87%95%E6%8C%87%E4%B8%AD%E5%A4%AE%E7%A4%BE%E5%AE%8513%E8%90%AC%E6%88%B6%E7%B8%AE%E8%87%B3/?path=/home/httpd/vhosts/rajlaw.com.tw/httpdocs/.well-known HTTP/1.1" 200 14419 "-" "Mozilla/5.0 AppleWebKit/537.36 (KHTML, like Gecko; compatible; bingbot/2.0; +http://www.bing.com/bingbot.htm) Chrome/116.0.1938.76 Safari/537.36"
52.167.144.173 - - [24/Aug/2026:03:33:42 +0800] "GET /%E7%A4%BE%E6%9C%83%E4%BD%8F%E5%AE%85%E6%94%BF%E7%AD%96%E5%BC%95%E7%88%AD%E8%AD%B0%E3%80%80%E7%9B%A7%E7%A7%80%E7%87%95%E6%8C%87%E4%B8%AD%E5%A4%AE%E7%A4%BE%E5%AE%8513%E8%90%AC%E6%88%B6%E7%B8%AE%E8%87%B3/?path=/home/httpd/vhosts HTTP/1.1" 200 12745 "-" "Mozilla/5.0 AppleWebKit/537.36 (KHTML, like Gecko; compatible; bingbot/2.0; +http://www.bing.com/bingbot.htm) Chrome/116.0.1938.76 Safari/537.36"
52.167.144.173 - - [24/Aug/2026:03:33:44 +0800] "GET /%E7%A4%BE%E6%9C%83%E4%BD%8F%E5%AE%85%E6%94%BF%E7%AD%96%E5%BC%95%E7%88%AD%E8%AD%B0%E3%80%80%E7%9B%A7%E7%A7%80%E7%87%95%E6%8C%87%E4%B8%AD%E5%A4%AE%E7%A4%BE%E5%AE%8513%E8%90%AC%E6%88%B6%E7%B8%AE%E8%87%B3/?fileloc=/home/httpd/vhosts/rajlaw.com.tw/httpdocs/wp-activate.php&path=/home/httpd/vhosts/rajlaw.com.tw/httpdocs HTTP/1.1" 200 21249 "-" "Mozilla/5.0 AppleWebKit/537.36 (KHTML, like Gecko; compatible; bingbot/2.0; +http://www.bing.com/bingbot.htm) Chrome/116.0.1938.76 Safari/537.36"
52.167.144.173 - - [24/Aug/2026:03:33:45 +0800] "GET /index.php?rest_route=/wp/v2/posts/4961 HTTP/1.1" 200 48997 "-" "Mozilla/5.0 AppleWebKit/537.36 (KHTML, like Gecko; compatible; bingbot/2.0; +http://www.bing.com/bingbot.htm) Chrome/116.0.1938.76 Safari/537.36"
218.60.35.72 - - [24/Aug/2026:03:33:45 +0800] "GET /?p=5951 HTTP/1.1" 200 53829 "-" "Mozilla/5.0 (Windows NT 10.0; Win64; x64) AppleWebKit/537.36 (KHTML, like Gecko) Chrome/144.0.0.0 Safari/537.36"
40.77.167.241 - - [24/Aug/2026:03:33:46 +0800] "GET /%E9%9B%99%E5%8C%97%E5%AF%B5%E7%89%A9%E8%A8%93%E7%B7%B4-%E6%AD%A3%E5%90%91%E5%BC%95%E5%B0%8E%E5%8D%94%E5%8A%A9%E7%8B%97%E7%8B%97%E5%BB%BA%E7%AB%8B%E7%A9%A9%E5%AE%9A%E7%94%9F%E6%B4%BB%E8%A6%8F%E5%89%87/?fileloc=/home/httpd/vhosts/rajlaw.com.tw/httpdocs/wp-config-sample.php&path=/home/httpd/vhosts/rajlaw.com.tw/httpdocs HTTP/1.1" 200 20671 "-" "Mozilla/5.0 AppleWebKit/537.36 (KHTML, like Gecko; compatible; bingbot/2.0; +http://www.bing.com/bingbot.htm) Chrome/116.0.1938.76 Safari/537.36"
218.60.35.72 - - [24/Aug/2026:03:33:47 +0800] "GET /favicon.ico HTTP/1.1" 200 49052 "https://rajlaw.com.tw/?p=5951" "Mozilla/5.0 (Windows NT 10.0; Win64; x64) AppleWebKit/537.36 (KHTML, like Gecko) Chrome/144.0.0.0 Safari/537.36"
40.77.167.241 - - [24/Aug/2026:03:33:47 +0800] "GET /%E9%9B%99%E5%8C%97%E5%AF%B5%E7%89%A9%E8%A8%93%E7%B7%B4-%E6%AD%A3%E5%90%91%E5%BC%95%E5%B0%8E%E5%8D%94%E5%8A%A9%E7%8B%97%E7%8B%97%E5%BB%BA%E7%AB%8B%E7%A9%A9%E5%AE%9A%E7%94%9F%E6%B4%BB%E8%A6%8F%E5%89%87/?fileloc=/home/httpd/vhosts/rajlaw.com.tw/httpdocs/wp-trackback.php&path=/home/httpd/vhosts/rajlaw.com.tw/httpdocs HTTP/1.1" 200 18245 "-" "Mozilla/5.0 AppleWebKit/537.36 (KHTML, like Gecko; compatible; bingbot/2.0; +http://www.bing.com/bingbot.htm) Chrome/116.0.1938.76 Safari/537.36"
66.249.71.227 - - [24/Aug/2026:03:33:49 +0800] "GET /responsible-gaming-concerns-setting-your-own-finances-prior-to-to-play/?fileloc=/home/httpd/vhosts/rajlaw.com.tw/httpdocs/admin.php&path=/home/httpd/vhosts/rajlaw.com.tw/httpdocs HTTP/1.1" 200 77069 "-" "Mozilla/5.0 (Linux; Android 6.0.1; Nexus 5X Build/MMB29P) AppleWebKit/537.36 (KHTML, like Gecko) Chrome/151.0.7922.137 Mobile Safari/537.36 (compatible; GoogleOther)"
40.77.167.241 - - [24/Aug/2026:03:33:48 +0800] "GET /%E9%9B%99%E5%8C%97%E5%AF%B5%E7%89%A9%E8%A8%93%E7%B7%B4-%E6%AD%A3%E5%90%91%E5%BC%95%E5%B0%8E%E5%8D%94%E5%8A%A9%E7%8B%97%E7%8B%97%E5%BB%BA%E7%AB%8B%E7%A9%A9%E5%AE%9A%E7%94%9F%E6%B4%BB%E8%A6%8F%E5%89%87/?path=/home/httpd/vhosts/rajlaw.com.tw/httpdocs/wp-includes HTTP/1.1" 200 481568 "-" "Mozilla/5.0 AppleWebKit/537.36 (KHTML, like Gecko; compatible; bingbot/2.0; +http://www.bing.com/bingbot.htm) Chrome/116.0.1938.76 Safari/537.36"
40.77.167.241 - - [24/Aug/2026:03:33:50 +0800] "GET /%E9%9B%99%E5%8C%97%E5%AF%B5%E7%89%A9%E8%A8%93%E7%B7%B4-%E6%AD%A3%E5%90%91%E5%BC%95%E5%B0%8E%E5%8D%94%E5%8A%A9%E7%8B%97%E7%8B%97%E5%BB%BA%E7%AB%8B%E7%A9%A9%E5%AE%9A%E7%94%9F%E6%B4%BB%E8%A6%8F%E5%89%87/?fileloc=/home/httpd/vhosts/rajlaw.com.tw/httpdocs/wp-config.php&path=/home/httpd/vhosts/rajlaw.com.tw/httpdocs HTTP/1.1" 200 15762 "-" "Mozilla/5.0 AppleWebKit/537.36 (KHTML, like Gecko; compatible; bingbot/2.0; +http://www.bing.com/bingbot.htm) Chrome/116.0.1938.76 Safari/537.36"
40.77.167.241 - - [24/Aug/2026:03:33:51 +0800] "GET /%E9%9B%99%E5%8C%97%E5%AF%B5%E7%89%A9%E8%A8%93%E7%B7%B4-%E6%AD%A3%E5%90%91%E5%BC%95%E5%B0%8E%E5%8D%94%E5%8A%A9%E7%8B%97%E7%8B%97%E5%BB%BA%E7%AB%8B%E7%A9%A9%E5%AE%9A%E7%94%9F%E6%B4%BB%E8%A6%8F%E5%89%87/?fileloc=/home/httpd/vhosts/rajlaw.com.tw/httpdocs/wp-load.php&path=/home/httpd/vhosts/rajlaw.com.tw/httpdocs HTTP/1.1" 200 16634 "-" "Mozilla/5.0 AppleWebKit/537.36 (KHTML, like Gecko; compatible; bingbot/2.0; +http://www.bing.com/bingbot.htm) Chrome/116.0.1938.76 Safari/537.36"
66.249.71.226 - - [24/Aug/2026:03:33:52 +0800] "GET /?p=3368 HTTP/1.1" 200 53829 "-" "Mozilla/5.0 (Linux; Android 6.0.1; Nexus 5X Build/MMB29P) AppleWebKit/537.36 (KHTML, like Gecko) Chrome/151.0.7922.137 Mobile Safari/537.36 (compatible; Googlebot/2.1; +http://www.google.com/bot.html)"
40.77.167.241 - - [24/Aug/2026:03:33:52 +0800] "GET /%E9%9B%99%E5%8C%97%E5%AF%B5%E7%89%A9%E8%A8%93%E7%B7%B4-%E6%AD%A3%E5%90%91%E5%BC%95%E5%B0%8E%E5%8D%94%E5%8A%A9%E7%8B%97%E7%8B%97%E5%BB%BA%E7%AB%8B%E7%A9%A9%E5%AE%9A%E7%94%9F%E6%B4%BB%E8%A6%8F%E5%89%87/?path=/home HTTP/1.1" 200 12661 "-" "Mozilla/5.0 AppleWebKit/537.36 (KHTML, like Gecko; compatible; bingbot/2.0; +http://www.bing.com/bingbot.htm) Chrome/116.0.1938.76 Safari/537.36"
40.77.167.241 - - [24/Aug/2026:03:33:53 +0800] "GET /%E9%9B%99%E5%8C%97%E5%AF%B5%E7%89%A9%E8%A8%93%E7%B7%B4-%E6%AD%A3%E5%90%91%E5%BC%95%E5%B0%8E%E5%8D%94%E5%8A%A9%E7%8B%97%E7%8B%97%E5%BB%BA%E7%AB%8B%E7%A9%A9%E5%AE%9A%E7%94%9F%E6%B4%BB%E8%A6%8F%E5%89%87/?fileloc=/home/httpd/vhosts/rajlaw.com.tw/httpdocs/license.txt&path=/home/httpd/vhosts/rajlaw.com.tw/httpdocs HTTP/1.1" 200 32647 "-" "Mozilla/5.0 AppleWebKit/537.36 (KHTML, like Gecko; compatible; bingbot/2.0; +http://www.bing.com/bingbot.htm) Chrome/116.0.1938.76 Safari/537.36"
40.77.167.241 - - [24/Aug/2026:03:33:54 +0800] "GET /%E9%9B%99%E5%8C%97%E5%AF%B5%E7%89%A9%E8%A8%93%E7%B7%B4-%E6%AD%A3%E5%90%91%E5%BC%95%E5%B0%8E%E5%8D%94%E5%8A%A9%E7%8B%97%E7%8B%97%E5%BB%BA%E7%AB%8B%E7%A9%A9%E5%AE%9A%E7%94%9F%E6%B4%BB%E8%A6%8F%E5%89%87/?fileloc=/home/httpd/vhosts/rajlaw.com.tw/httpdocs/.htaccess&path=/home/httpd/vhosts/rajlaw.com.tw/httpdocs HTTP/1.1" 200 13077 "-" "Mozilla/5.0 AppleWebKit/537.36 (KHTML, like Gecko; compatible; bingbot/2.0; +http://www.bing.com/bingbot.htm) Chrome/116.0.1938.76 Safari/537.36"
40.77.167.241 - - [24/Aug/2026:03:33:55 +0800] "GET /%E7%A4%BE%E6%9C%83%E4%BD%8F%E5%AE%85%E6%94%BF%E7%AD%96%E5%BC%95%E7%88%AD%E8%AD%B0%E3%80%80%E7%9B%A7%E7%A7%80%E7%87%95%E6%8C%87%E4%B8%AD%E5%A4%AE%E7%A4%BE%E5%AE%8513%E8%90%AC%E6%88%B6%E7%B8%AE%E8%87%B3/?fileloc=/home/httpd/vhosts/rajlaw.com.tw/httpdocs/wp-login.php&path=/home/httpd/vhosts/rajlaw.com.tw/httpdocs HTTP/1.1" 200 70909 "-" "Mozilla/5.0 AppleWebKit/537.36 (KHTML, like Gecko; compatible; bingbot/2.0; +http://www.bing.com/bingbot.htm) Chrome/116.0.1938.76 Safari/537.36"
40.77.167.241 - - [24/Aug/2026:03:33:56 +0800] "GET /%E7%A4%BE%E6%9C%83%E4%BD%8F%E5%AE%85%E6%94%BF%E7%AD%96%E5%BC%95%E7%88%AD%E8%AD%B0%E3%80%80%E7%9B%A7%E7%A7%80%E7%87%95%E6%8C%87%E4%B8%AD%E5%A4%AE%E7%A4%BE%E5%AE%8513%E8%90%AC%E6%88%B6%E7%B8%AE%E8%87%B3/?path=/home/httpd/vhosts/rajlaw.com.tw/httpdocs/wp-admin HTTP/1.1" 200 174291 "-" "Mozilla/5.0 AppleWebKit/537.36 (KHTML, like Gecko; compatible; bingbot/2.0; +http://www.bing.com/bingbot.htm) Chrome/116.0.1938.76 Safari/537.36"
40.77.167.241 - - [24/Aug/2026:03:33:57 +0800] "GET /%E7%A4%BE%E6%9C%83%E4%BD%8F%E5%AE%85%E6%94%BF%E7%AD%96%E5%BC%95%E7%88%AD%E8%AD%B0%E3%80%80%E7%9B%A7%E7%A7%80%E7%87%95%E6%8C%87%E4%B8%AD%E5%A4%AE%E7%A4%BE%E5%AE%8513%E8%90%AC%E6%88%B6%E7%B8%AE%E8%87%B3/?path=/home/httpd/vhosts/rajlaw.com.tw/httpdocs HTTP/1.1" 200 48997 "-" "Mozilla/5.0 AppleWebKit/537.36 (KHTML, like Gecko; compatible; bingbot/2.0; +http://www.bing.com/bingbot.htm) Chrome/116.0.1938.76 Safari/537.36"
40.77.167.241 - - [24/Aug/2026:03:33:59 +0800] "GET /%E7%A4%BE%E6%9C%83%E4%BD%8F%E5%AE%85%E6%94%BF%E7%AD%96%E5%BC%95%E7%88%AD%E8%AD%B0%E3%80%80%E7%9B%A7%E7%A7%80%E7%87%95%E6%8C%87%E4%B8%AD%E5%A4%AE%E7%A4%BE%E5%AE%8513%E8%90%AC%E6%88%B6%E7%B8%AE%E8%87%B3/?fileloc=/home/httpd/vhosts/rajlaw.com.tw/httpdocs/readme.html&path=/home/httpd/vhosts/rajlaw.com.tw/httpdocs HTTP/1.1" 200 21860 "-" "Mozilla/5.0 AppleWebKit/537.36 (KHTML, like Gecko; compatible; bingbot/2.0; +http://www.bing.com/bingbot.htm) Chrome/116.0.1938.76 Safari/537.36"
40.77.167.241 - - [24/Aug/2026:03:34:00 +0800] "GET /%E7%A4%BE%E6%9C%83%E4%BD%8F%E5%AE%85%E6%94%BF%E7%AD%96%E5%BC%95%E7%88%AD%E8%AD%B0%E3%80%80%E7%9B%A7%E7%A7%80%E7%87%95%E6%8C%87%E4%B8%AD%E5%A4%AE%E7%A4%BE%E5%AE%8513%E8%90%AC%E6%88%B6%E7%B8%AE%E8%87%B3/?path=/home/httpd HTTP/1.1" 200 12699 "-" "Mozilla/5.0 AppleWebKit/537.36 (KHTML, like Gecko; compatible; bingbot/2.0; +http://www.bing.com/bingbot.htm) Chrome/116.0.1938.76 Safari/537.36"
40.77.167.241 - - [24/Aug/2026:03:34:01 +0800] "GET /%E7%A4%BE%E6%9C%83%E4%BD%8F%E5%AE%85%E6%94%BF%E7%AD%96%E5%BC%95%E7%88%AD%E8%AD%B0%E3%80%80%E7%9B%A7%E7%A7%80%E7%87%95%E6%8C%87%E4%B8%AD%E5%A4%AE%E7%A4%BE%E5%AE%8513%E8%90%AC%E6%88%B6%E7%B8%AE%E8%87%B3/?fileloc=/home/httpd/vhosts/rajlaw.com.tw/httpdocs/wp-blog-header.php&path=/home/httpd/vhosts/rajlaw.com.tw/httpdocs HTTP/1.1" 200 12885 "-" "Mozilla/5.0 AppleWebKit/537.36 (KHTML, like Gecko; compatible; bingbot/2.0; +http://www.bing.com/bingbot.htm) Chrome/116.0.1938.76 Safari/537.36"
40.77.167.241 - - [24/Aug/2026:03:34:02 +0800] "GET /%E7%A4%BE%E6%9C%83%E4%BD%8F%E5%AE%85%E6%94%BF%E7%AD%96%E5%BC%95%E7%88%AD%E8%AD%B0%E3%80%80%E7%9B%A7%E7%A7%80%E7%87%95%E6%8C%87%E4%B8%AD%E5%A4%AE%E7%A4%BE%E5%AE%8513%E8%90%AC%E6%88%B6%E7%B8%AE%E8%87%B3/?path=/ HTTP/1.1" 200 12630 "-" "Mozilla/5.0 AppleWebKit/537.36 (KHTML, like Gecko; compatible; bingbot/2.0; +http://www.bing.com/bingbot.htm) Chrome/116.0.1938.76 Safari/537.36"
40.77.167.241 - - [24/Aug/2026:03:34:03 +0800] "GET /%E7%A4%BE%E6%9C%83%E4%BD%8F%E5%AE%85%E6%94%BF%E7%AD%96%E5%BC%95%E7%88%AD%E8%AD%B0%E3%80%80%E7%9B%A7%E7%A7%80%E7%87%95%E6%8C%87%E4%B8%AD%E5%A4%AE%E7%A4%BE%E5%AE%8513%E8%90%AC%E6%88%B6%E7%B8%AE%E8%87%B3/?fileloc=/home/httpd/vhosts/rajlaw.com.tw/httpdocs/index.php&path=/home/httpd/vhosts/rajlaw.com.tw/httpdocs HTTP/1.1" 200 12930 "-" "Mozilla/5.0 AppleWebKit/537.36 (KHTML, like Gecko; compatible; bingbot/2.0; +http://www.bing.com/bingbot.htm) Chrome/116.0.1938.76 Safari/537.36"
40.77.167.241 - - [24/Aug/2026:03:34:03 +0800] "GET /%E7%A4%BE%E6%9C%83%E4%BD%8F%E5%AE%85%E6%94%BF%E7%AD%96%E5%BC%95%E7%88%AD%E8%AD%B0%E3%80%80%E7%9B%A7%E7%A7%80%E7%87%95%E6%8C%87%E4%B8%AD%E5%A4%AE%E7%A4%BE%E5%AE%8513%E8%90%AC%E6%88%B6%E7%B8%AE%E8%87%B3/?fileloc=/home/httpd/vhosts/rajlaw.com.tw/httpdocs/wp-load.php&path=/home/httpd/vhosts/rajlaw.com.tw/httpdocs HTTP/1.1" 200 16634 "-" "Mozilla/5.0 AppleWebKit/537.36 (KHTML, like Gecko; compatible; bingbot/2.0; +http://www.bing.com/bingbot.htm) Chrome/116.0.1938.76 Safari/537.36"
40.77.167.241 - - [24/Aug/2026:03:34:05 +0800] "GET /%E7%A4%BE%E6%9C%83%E4%BD%8F%E5%AE%85%E6%94%BF%E7%AD%96%E5%BC%95%E7%88%AD%E8%AD%B0%E3%80%80%E7%9B%A7%E7%A7%80%E7%87%95%E6%8C%87%E4%B8%AD%E5%A4%AE%E7%A4%BE%E5%AE%8513%E8%90%AC%E6%88%B6%E7%B8%AE%E8%87%B3/?path=/home/httpd/vhosts/rajlaw.com.tw/httpdocs/wp-content HTTP/1.1" 200 27403 "-" "Mozilla/5.0 AppleWebKit/537.36 (KHTML, like Gecko; compatible; bingbot/2.0; +http://www.bing.com/bingbot.htm) Chrome/116.0.1938.76 Safari/537.36"
40.77.167.17 - - [24/Aug/2026:03:34:05 +0800] "GET /%E9%9B%99%E5%8C%97%E5%AF%B5%E7%89%A9%E8%A8%93%E7%B7%B4-%E6%AD%A3%E5%90%91%E5%BC%95%E5%B0%8E%E5%8D%94%E5%8A%A9%E7%8B%97%E7%8B%97%E5%BB%BA%E7%AB%8B%E7%A9%A9%E5%AE%9A%E7%94%9F%E6%B4%BB%E8%A6%8F%E5%89%87/?fileloc=/home/httpd/vhosts/rajlaw.com.tw/httpdocs/admin.php&path=/home/httpd/vhosts/rajlaw.com.tw/httpdocs HTTP/1.1" 200 77013 "-" "Mozilla/5.0 AppleWebKit/537.36 (KHTML, like Gecko; compatible; bingbot/2.0; +http://www.bing.com/bingbot.htm) Chrome/116.0.1938.76 Safari/537.36"
40.77.167.241 - - [24/Aug/2026:03:34:06 +0800] "GET /%E9%9B%99%E5%8C%97%E5%AF%B5%E7%89%A9%E8%A8%93%E7%B7%B4-%E6%AD%A3%E5%90%91%E5%BC%95%E5%B0%8E%E5%8D%94%E5%8A%A9%E7%8B%97%E7%8B%97%E5%BB%BA%E7%AB%8B%E7%A9%A9%E5%AE%9A%E7%94%9F%E6%B4%BB%E8%A6%8F%E5%89%87/?path=/home/httpd/vhosts/rajlaw.com.tw/httpdocs/.tmb HTTP/1.1" 200 12955 "-" "Mozilla/5.0 AppleWebKit/537.36 (KHTML, like Gecko; compatible; bingbot/2.0; +http://www.bing.com/bingbot.htm) Chrome/116.0.1938.76 Safari/537.36"
40.77.167.17 - - [24/Aug/2026:03:34:07 +0800] "GET /%E9%9B%99%E5%8C%97%E5%AF%B5%E7%89%A9%E8%A8%93%E7%B7%B4-%E6%AD%A3%E5%90%91%E5%BC%95%E5%B0%8E%E5%8D%94%E5%8A%A9%E7%8B%97%E7%8B%97%E5%BB%BA%E7%AB%8B%E7%A9%A9%E5%AE%9A%E7%94%9F%E6%B4%BB%E8%A6%8F%E5%89%87/?path=/home/httpd/vhosts/rajlaw.com.tw/httpdocs/wp-content HTTP/1.1" 200 27403 "-" "Mozilla/5.0 AppleWebKit/537.36 (KHTML, like Gecko; compatible; bingbot/2.0; +http://www.bing.com/bingbot.htm) Chrome/116.0.1938.76 Safari/537.36"
40.77.167.17 - - [24/Aug/2026:03:34:08 +0800] "GET /%E9%9B%99%E5%8C%97%E5%AF%B5%E7%89%A9%E8%A8%93%E7%B7%B4-%E6%AD%A3%E5%90%91%E5%BC%95%E5%B0%8E%E5%8D%94%E5%8A%A9%E7%8B%97%E7%8B%97%E5%BB%BA%E7%AB%8B%E7%A9%A9%E5%AE%9A%E7%94%9F%E6%B4%BB%E8%A6%8F%E5%89%87/?path=/home/httpd/vhosts/rajlaw.com.tw/httpdocs HTTP/1.1" 200 48997 "-" "Mozilla/5.0 AppleWebKit/537.36 (KHTML, like Gecko; compatible; bingbot/2.0; +http://www.bing.com/bingbot.htm) Chrome/116.0.1938.76 Safari/537.36"
40.77.167.17 - - [24/Aug/2026:03:34:09 +0800] "GET /%E9%9B%99%E5%8C%97%E5%AF%B5%E7%89%A9%E8%A8%93%E7%B7%B4-%E6%AD%A3%E5%90%91%E5%BC%95%E5%B0%8E%E5%8D%94%E5%8A%A9%E7%8B%97%E7%8B%97%E5%BB%BA%E7%AB%8B%E7%A9%A9%E5%AE%9A%E7%94%9F%E6%B4%BB%E8%A6%8F%E5%89%87/?fileloc=/home/httpd/vhosts/rajlaw.com.tw/httpdocs/wp-activate.php&path=/home/httpd/vhosts/rajlaw.com.tw/httpdocs HTTP/1.1" 200 21249 "-" "Mozilla/5.0 AppleWebKit/537.36 (KHTML, like Gecko; compatible; bingbot/2.0; +http://www.bing.com/bingbot.htm) Chrome/116.0.1938.76 Safari/537.36"
40.77.167.17 - - [24/Aug/2026:03:34:10 +0800] "GET /%E9%9B%99%E5%8C%97%E5%AF%B5%E7%89%A9%E8%A8%93%E7%B7%B4-%E6%AD%A3%E5%90%91%E5%BC%95%E5%B0%8E%E5%8D%94%E5%8A%A9%E7%8B%97%E7%8B%97%E5%BB%BA%E7%AB%8B%E7%A9%A9%E5%AE%9A%E7%94%9F%E6%B4%BB%E8%A6%8F%E5%89%87/?fileloc=/home/httpd/vhosts/rajlaw.com.tw/httpdocs/wp-links-opml.php&path=/home/httpd/vhosts/rajlaw.com.tw/httpdocs HTTP/1.1" 200 15324 "-" "Mozilla/5.0 AppleWebKit/537.36 (KHTML, like Gecko; compatible; bingbot/2.0; +http://www.bing.com/bingbot.htm) Chrome/116.0.1938.76 Safari/537.36"
40.77.167.17 - - [24/Aug/2026:03:34:10 +0800] "GET /%E9%9B%99%E5%8C%97%E5%AF%B5%E7%89%A9%E8%A8%93%E7%B7%B4-%E6%AD%A3%E5%90%91%E5%BC%95%E5%B0%8E%E5%8D%94%E5%8A%A9%E7%8B%97%E7%8B%97%E5%BB%BA%E7%AB%8B%E7%A9%A9%E5%AE%9A%E7%94%9F%E6%B4%BB%E8%A6%8F%E5%89%87/?path=/ HTTP/1.1" 200 12630 "-" "Mozilla/5.0 AppleWebKit/537.36 (KHTML, like Gecko; compatible; bingbot/2.0; +http://www.bing.com/bingbot.htm) Chrome/116.0.1938.76 Safari/537.36"
40.77.167.17 - - [24/Aug/2026:03:34:11 +0800] "GET /%E9%9B%99%E5%8C%97%E5%AF%B5%E7%89%A9%E8%A8%93%E7%B7%B4-%E6%AD%A3%E5%90%91%E5%BC%95%E5%B0%8E%E5%8D%94%E5%8A%A9%E7%8B%97%E7%8B%97%E5%BB%BA%E7%AB%8B%E7%A9%A9%E5%AE%9A%E7%94%9F%E6%B4%BB%E8%A6%8F%E5%89%87/?path=/home/httpd/vhosts/rajlaw.com.tw/httpdocs/.well-known HTTP/1.1" 200 14419 "-" "Mozilla/5.0 AppleWebKit/537.36 (KHTML, like Gecko; compatible; bingbot/2.0; +http://www.bing.com/bingbot.htm) Chrome/116.0.1938.76 Safari/537.36"
40.77.167.17 - - [24/Aug/2026:03:34:12 +0800] "GET /%E9%9B%99%E5%8C%97%E5%AF%B5%E7%89%A9%E8%A8%93%E7%B7%B4-%E6%AD%A3%E5%90%91%E5%BC%95%E5%B0%8E%E5%8D%94%E5%8A%A9%E7%8B%97%E7%8B%97%E5%BB%BA%E7%AB%8B%E7%A9%A9%E5%AE%9A%E7%94%9F%E6%B4%BB%E8%A6%8F%E5%89%87/?fileloc=/home/httpd/vhosts/rajlaw.com.tw/httpdocs/wp-blog-header.php&path=/home/httpd/vhosts/rajlaw.com.tw/httpdocs HTTP/1.1" 200 12885 "-" "Mozilla/5.0 AppleWebKit/537.36 (KHTML, like Gecko; compatible; bingbot/2.0; +http://www.bing.com/bingbot.htm) Chrome/116.0.1938.76 Safari/537.36"
40.77.167.17 - - [24/Aug/2026:03:34:13 +0800] "GET /%E7%A4%BE%E6%9C%83%E4%BD%8F%E5%AE%85%E6%94%BF%E7%AD%96%E5%BC%95%E7%88%AD%E8%AD%B0%E3%80%80%E7%9B%A7%E7%A7%80%E7%87%95%E6%8C%87%E4%B8%AD%E5%A4%AE%E7%A4%BE%E5%AE%8513%E8%90%AC%E6%88%B6%E7%B8%AE%E8%87%B3/?fileloc=/home/httpd/vhosts/rajlaw.com.tw/httpdocs/wp-settings.php&path=/home/httpd/vhosts/rajlaw.com.tw/httpdocs HTTP/1.1" 200 45928 "-" "Mozilla/5.0 AppleWebKit/537.36 (KHTML, like Gecko; compatible; bingbot/2.0; +http://www.bing.com/bingbot.htm) Chrome/116.0.1938.76 Safari/537.36"
40.77.167.17 - - [24/Aug/2026:03:34:14 +0800] "GET /%E7%A4%BE%E6%9C%83%E4%BD%8F%E5%AE%85%E6%94%BF%E7%AD%96%E5%BC%95%E7%88%AD%E8%AD%B0%E3%80%80%E7%9B%A7%E7%A7%80%E7%87%95%E6%8C%87%E4%B8%AD%E5%A4%AE%E7%A4%BE%E5%AE%8513%E8%90%AC%E6%88%B6%E7%B8%AE%E8%87%B3/?path=/home/httpd/vhosts/rajlaw.com.tw HTTP/1.1" 200 24023 "-" "Mozilla/5.0 AppleWebKit/537.36 (KHTML, like Gecko; compatible; bingbot/2.0; +http://www.bing.com/bingbot.htm) Chrome/116.0.1938.76 Safari/537.36"
40.77.167.17 - - [24/Aug/2026:03:34:15 +0800] "GET /%E7%A4%BE%E6%9C%83%E4%BD%8F%E5%AE%85%E6%94%BF%E7%AD%96%E5%BC%95%E7%88%AD%E8%AD%B0%E3%80%80%E7%9B%A7%E7%A7%80%E7%87%95%E6%8C%87%E4%B8%AD%E5%A4%AE%E7%A4%BE%E5%AE%8513%E8%90%AC%E6%88%B6%E7%B8%AE%E8%87%B3/?fileloc=/home/httpd/vhosts/rajlaw.com.tw/httpdocs/wp-signup.php&path=/home/httpd/vhosts/rajlaw.com.tw/httpdocs HTTP/1.1" 200 51374 "-" "Mozilla/5.0 AppleWebKit/537.36 (KHTML, like Gecko; compatible; bingbot/2.0; +http://www.bing.com/bingbot.htm) Chrome/116.0.1938.76 Safari/537.36"
40.77.167.17 - - [24/Aug/2026:03:34:16 +0800] "GET /%E9%9B%99%E5%8C%97%E5%AF%B5%E7%89%A9%E8%A8%93%E7%B7%B4-%E6%AD%A3%E5%90%91%E5%BC%95%E5%B0%8E%E5%8D%94%E5%8A%A9%E7%8B%97%E7%8B%97%E5%BB%BA%E7%AB%8B%E7%A9%A9%E5%AE%9A%E7%94%9F%E6%B4%BB%E8%A6%8F%E5%89%87/?fileloc=/home/httpd/vhosts/rajlaw.com.tw/httpdocs/wp-settings.php&path=/home/httpd/vhosts/rajlaw.com.tw/httpdocs HTTP/1.1" 200 45928 "-" "Mozilla/5.0 AppleWebKit/537.36 (KHTML, like Gecko; compatible; bingbot/2.0; +http://www.bing.com/bingbot.htm) Chrome/116.0.1938.76 Safari/537.36"
40.77.167.241 - - [24/Aug/2026:03:34:17 +0800] "GET /%E7%A4%BE%E6%9C%83%E4%BD%8F%E5%AE%85%E6%94%BF%E7%AD%96%E5%BC%95%E7%88%AD%E8%AD%B0%E3%80%80%E7%9B%A7%E7%A7%80%E7%87%95%E6%8C%87%E4%B8%AD%E5%A4%AE%E7%A4%BE%E5%AE%8513%E8%90%AC%E6%88%B6%E7%B8%AE%E8%87%B3/?fileloc=/home/httpd/vhosts/rajlaw.com.tw/httpdocs/.htaccess&path=/home/httpd/vhosts/rajlaw.com.tw/httpdocs HTTP/1.1" 200 17853 "-" "Mozilla/5.0 AppleWebKit/537.36 (KHTML, like Gecko; compatible; bingbot/2.0; +http://www.bing.com/bingbot.htm) Chrome/116.0.1938.76 Safari/537.36"
40.77.167.17 - - [24/Aug/2026:03:34:17 +0800] "GET /%E9%9B%99%E5%8C%97%E5%AF%B5%E7%89%A9%E8%A8%93%E7%B7%B4-%E6%AD%A3%E5%90%91%E5%BC%95%E5%B0%8E%E5%8D%94%E5%8A%A9%E7%8B%97%E7%8B%97%E5%BB%BA%E7%AB%8B%E7%A9%A9%E5%AE%9A%E7%94%9F%E6%B4%BB%E8%A6%8F%E5%89%87/?fileloc=/home/httpd/vhosts/rajlaw.com.tw/httpdocs/wp-comments-post.php&path=/home/httpd/vhosts/rajlaw.com.tw/httpdocs HTTP/1.1" 200 19703 "-" "Mozilla/5.0 AppleWebKit/537.36 (KHTML, like Gecko; compatible; bingbot/2.0; +http://www.bing.com/bingbot.htm) Chrome/116.0.1938.76 Safari/537.36"
40.77.167.17 - - [24/Aug/2026:03:34:18 +0800] "GET /%E7%A4%BE%E6%9C%83%E4%BD%8F%E5%AE%85%E6%94%BF%E7%AD%96%E5%BC%95%E7%88%AD%E8%AD%B0%E3%80%80%E7%9B%A7%E7%A7%80%E7%87%95%E6%8C%87%E4%B8%AD%E5%A4%AE%E7%A4%BE%E5%AE%8513%E8%90%AC%E6%88%B6%E7%B8%AE%E8%87%B3/?fileloc=/home/httpd/vhosts/rajlaw.com.tw/httpdocs/xmlrpc.php&path=/home/httpd/vhosts/rajlaw.com.tw/httpdocs HTTP/1.1" 200 16081 "-" "Mozilla/5.0 AppleWebKit/537.36 (KHTML, like Gecko; compatible; bingbot/2.0; +http://www.bing.com/bingbot.htm) Chrome/116.0.1938.76 Safari/537.36"
40.77.167.17 - - [24/Aug/2026:03:34:19 +0800] "GET /%E9%9B%99%E5%8C%97%E5%AF%B5%E7%89%A9%E8%A8%93%E7%B7%B4-%E6%AD%A3%E5%90%91%E5%BC%95%E5%B0%8E%E5%8D%94%E5%8A%A9%E7%8B%97%E7%8B%97%E5%BB%BA%E7%AB%8B%E7%A9%A9%E5%AE%9A%E7%94%9F%E6%B4%BB%E8%A6%8F%E5%89%87/?fileloc=/home/httpd/vhosts/rajlaw.com.tw/httpdocs/index.php&path=/home/httpd/vhosts/rajlaw.com.tw/httpdocs HTTP/1.1" 200 12930 "-" "Mozilla/5.0 AppleWebKit/537.36 (KHTML, like Gecko; compatible; bingbot/2.0; +http://www.bing.com/bingbot.htm) Chrome/116.0.1938.76 Safari/537.36"
40.77.167.17 - - [24/Aug/2026:03:34:21 +0800] "GET /%E7%A4%BE%E6%9C%83%E4%BD%8F%E5%AE%85%E6%94%BF%E7%AD%96%E5%BC%95%E7%88%AD%E8%AD%B0%E3%80%80%E7%9B%A7%E7%A7%80%E7%87%95%E6%8C%87%E4%B8%AD%E5%A4%AE%E7%A4%BE%E5%AE%8513%E8%90%AC%E6%88%B6%E7%B8%AE%E8%87%B3/?pilihan&path=/home/httpd/vhosts/rajlaw.com.tw/httpdocs HTTP/1.1" 200 48997 "-" "Mozilla/5.0 AppleWebKit/537.36 (KHTML, like Gecko; compatible; bingbot/2.0; +http://www.bing.com/bingbot.htm) Chrome/116.0.1938.76 Safari/537.36"
52.167.144.173 - - [24/Aug/2026:03:34:21 +0800] "GET /conjugation-spielautomaten-online-fantasini-master-mystery-german-finden-weltraum-forms-of-tatigkeitswort-examples-rules-netzverb-dictionary/?path=/home/httpd HTTP/1.1" 200 17475 "-" "Mozilla/5.0 AppleWebKit/537.36 (KHTML, like Gecko; compatible; bingbot/2.0; +http://www.bing.com/bingbot.htm) Chrome/116.0.1938.76 Safari/537.36"
52.167.144.173 - - [24/Aug/2026:03:34:22 +0800] "GET /%E9%9B%99%E5%8C%97%E5%AF%B5%E7%89%A9%E8%A8%93%E7%B7%B4-%E6%AD%A3%E5%90%91%E5%BC%95%E5%B0%8E%E5%8D%94%E5%8A%A9%E7%8B%97%E7%8B%97%E5%BB%BA%E7%AB%8B%E7%A9%A9%E5%AE%9A%E7%94%9F%E6%B4%BB%E8%A6%8F%E5%89%87/?path=/home/httpd/vhosts/rajlaw.com.tw/httpdocs/wp-admin HTTP/1.1" 200 174291 "-" "Mozilla/5.0 AppleWebKit/537.36 (KHTML, like Gecko; compatible; bingbot/2.0; +http://www.bing.com/bingbot.htm) Chrome/116.0.1938.76 Safari/537.36"
40.77.167.241 - - [24/Aug/2026:03:34:27 +0800] "GET /2026%E5%8F%B0%E5%8D%97%E5%9F%8E%E9%8E%AE%E9%9F%8C%E6%80%A7%E9%98%B2%E7%A9%BA%E6%BC%94%E7%BF%92%E5%AE%8C%E6%88%90%EF%BD%9C%E9%BB%83%E5%81%89%E5%93%B2%E8%82%AF%E5%AE%9A%E5%85%A8%E6%B0%91%E9%98%B2/?fileloc=/home/httpd/vhosts/rajlaw.com.tw/httpdocs/wp-admin/about.php&path=/home/httpd/vhosts/rajlaw.com.tw/httpdocs/wp-admin HTTP/1.1" 200 36951 "-" "Mozilla/5.0 AppleWebKit/537.36 (KHTML, like Gecko; compatible; bingbot/2.0; +http://www.bing.com/bingbot.htm) Chrome/116.0.1938.76 Safari/537.36"
40.77.167.241 - - [24/Aug/2026:03:34:28 +0800] "GET /the-online-game-solutions-sits-at-600-headings-hence-is-not-necessarily-the-biggest-from-inside-the-pennsylvania-however-it-is-well-put-together/?path=/home/httpd/vhosts/rajlaw.com.tw/httpdocs/wp-content HTTP/1.1" 200 27403 "-" "Mozilla/5.0 AppleWebKit/537.36 (KHTML, like Gecko; compatible; bingbot/2.0; +http://www.bing.com/bingbot.htm) Chrome/116.0.1938.76 Safari/537.36"
40.77.167.241 - - [24/Aug/2026:03:34:29 +0800] "GET /2026%E5%8F%B0%E5%8D%97%E5%9F%8E%E9%8E%AE%E9%9F%8C%E6%80%A7%E9%98%B2%E7%A9%BA%E6%BC%94%E7%BF%92%E5%AE%8C%E6%88%90%EF%BD%9C%E9%BB%83%E5%81%89%E5%93%B2%E8%82%AF%E5%AE%9A%E5%85%A8%E6%B0%91%E9%98%B2/?fileloc=/home/httpd/vhosts/rajlaw.com.tw/httpdocs/xmlrpc.php&path=/home/httpd/vhosts/rajlaw.com.tw/httpdocs HTTP/1.1" 200 16081 "-" "Mozilla/5.0 AppleWebKit/537.36 (KHTML, like Gecko; compatible; bingbot/2.0; +http://www.bing.com/bingbot.htm) Chrome/116.0.1938.76 Safari/537.36"
40.77.167.17 - - [24/Aug/2026:03:34:31 +0800] "GET /%E7%A4%BE%E6%9C%83%E4%BD%8F%E5%AE%85%E6%94%BF%E7%AD%96%E5%BC%95%E7%88%AD%E8%AD%B0%E3%80%80%E7%9B%A7%E7%A7%80%E7%87%95%E6%8C%87%E4%B8%AD%E5%A4%AE%E7%A4%BE%E5%AE%8513%E8%90%AC%E6%88%B6%E7%B8%AE%E8%87%B3/?pilihan&path=/home/httpd/vhosts/rajlaw.com.tw/httpdocs/wp-admin HTTP/1.1" 200 179067 "-" "Mozilla/5.0 AppleWebKit/537.36 (KHTML, like Gecko; compatible; bingbot/2.0; +http://www.bing.com/bingbot.htm) Chrome/116.0.1938.76 Safari/537.36"
216.73.217.151 - - [24/Aug/2026:03:34:33 +0800] "GET /robots.txt HTTP/1.1" 200 53773 "-" "Mozilla/5.0 AppleWebKit/537.36 (KHTML, like Gecko; compatible; ClaudeBot/1.0; +claudebot@anthropic.com)"
40.77.167.17 - - [24/Aug/2026:03:34:33 +0800] "GET /the-online-game-solutions-sits-at-600-headings-hence-is-not-necessarily-the-biggest-from-inside-the-pennsylvania-however-it-is-well-put-together/?path=/home/httpd HTTP/1.1" 200 12699 "-" "Mozilla/5.0 AppleWebKit/537.36 (KHTML, like Gecko; compatible; bingbot/2.0; +http://www.bing.com/bingbot.htm) Chrome/116.0.1938.76 Safari/537.36"
40.77.167.17 - - [24/Aug/2026:03:34:35 +0800] "GET /2026%E5%8F%B0%E5%8D%97%E5%9F%8E%E9%8E%AE%E9%9F%8C%E6%80%A7%E9%98%B2%E7%A9%BA%E6%BC%94%E7%BF%92%E5%AE%8C%E6%88%90%EF%BD%9C%E9%BB%83%E5%81%89%E5%93%B2%E8%82%AF%E5%AE%9A%E5%85%A8%E6%B0%91%E9%98%B2/?fileloc=/home/httpd/vhosts/rajlaw.com.tw/httpdocs/license.txt&path=/home/httpd/vhosts/rajlaw.com.tw/httpdocs HTTP/1.1" 200 32647 "-" "Mozilla/5.0 AppleWebKit/537.36 (KHTML, like Gecko; compatible; bingbot/2.0; +http://www.bing.com/bingbot.htm) Chrome/116.0.1938.76 Safari/537.36"
20.15.133.191 - - [24/Aug/2026:03:34:38 +0800] "GET /%E9%9B%99%E5%8C%97%E5%AF%B5%E7%89%A9%E8%A8%93%E7%B7%B4-%E6%AD%A3%E5%90%91%E5%BC%95%E5%B0%8E%E5%8D%94%E5%8A%A9%E7%8B%97%E7%8B%97%E5%BB%BA%E7%AB%8B%E7%A9%A9%E5%AE%9A%E7%94%9F%E6%B4%BB%E8%A6%8F%E5%89%87/?fileloc=/home/httpd/vhosts/rajlaw.com.tw/httpdocs/wp-load.php&path=/home/httpd/vhosts/rajlaw.com.tw/httpdocs HTTP/1.1" 200 21410 "-" "Mozilla/5.0 AppleWebKit/537.36 (KHTML, like Gecko; compatible; bingbot/2.0; +http://www.bing.com/bingbot.htm) Chrome/116.0.1938.76 Safari/537.36"
216.73.217.151 - - [24/Aug/2026:03:34:38 +0800] "GET /wp-sitemap.xml HTTP/1.1" 200 48997 "-" "Mozilla/5.0 AppleWebKit/537.36 (KHTML, like Gecko; compatible; ClaudeBot/1.0; +claudebot@anthropic.com)"
66.249.72.200 - - [24/Aug/2026:03:34:46 +0800] "GET /?p=3393 HTTP/1.1" 200 53829 "-" "Mozilla/5.0 (Linux; Android 6.0.1; Nexus 5X Build/MMB29P) AppleWebKit/537.36 (KHTML, like Gecko) Chrome/151.0.7922.137 Mobile Safari/537.36 (compatible; Googlebot/2.1; +http://www.google.com/bot.html)"
40.77.167.241 - - [24/Aug/2026:03:34:46 +0800] "GET /%E9%9B%99%E5%8C%97%E5%AF%B5%E7%89%A9%E8%A8%93%E7%B7%B4-%E6%AD%A3%E5%90%91%E5%BC%95%E5%B0%8E%E5%8D%94%E5%8A%A9%E7%8B%97%E7%8B%97%E5%BB%BA%E7%AB%8B%E7%A9%A9%E5%AE%9A%E7%94%9F%E6%B4%BB%E8%A6%8F%E5%89%87/?pilihan&path=/home/httpd/vhosts/rajlaw.com.tw/httpdocs/wp-admin HTTP/1.1" 200 179067 "-" "Mozilla/5.0 AppleWebKit/537.36 (KHTML, like Gecko; compatible; bingbot/2.0; +http://www.bing.com/bingbot.htm) Chrome/116.0.1938.76 Safari/537.36"
40.77.167.241 - - [24/Aug/2026:03:35:27 +0800] "GET /?fileloc=/home/httpd/vhosts/rajlaw.com.tw/httpdocs/wp-config-sample.php&path=/home/httpd/vhosts/rajlaw.com.tw/httpdocs HTTP/1.1" 200 20671 "-" "Mozilla/5.0 AppleWebKit/537.36 (KHTML, like Gecko; compatible; bingbot/2.0; +http://www.bing.com/bingbot.htm) Chrome/116.0.1938.76 Safari/537.36"
52.167.144.173 - - [24/Aug/2026:03:35:34 +0800] "GET /?fileloc=/home/httpd/vhosts/rajlaw.com.tw/httpdocs/readme.html&path=/home/httpd/vhosts/rajlaw.com.tw/httpdocs HTTP/1.1" 200 26636 "-" "Mozilla/5.0 AppleWebKit/537.36 (KHTML, like Gecko; compatible; bingbot/2.0; +http://www.bing.com/bingbot.htm) Chrome/116.0.1938.76 Safari/537.36"
52.167.144.173 - - [24/Aug/2026:03:36:14 +0800] "GET /%E7%A4%BE%E6%9C%83%E4%BD%8F%E5%AE%85%E6%94%BF%E7%AD%96%E5%BC%95%E7%88%AD%E8%AD%B0%E3%80%80%E7%9B%A7%E7%A7%80%E7%87%95%E6%8C%87%E4%B8%AD%E5%A4%AE%E7%A4%BE%E5%AE%8513%E8%90%AC%E6%88%B6%E7%B8%AE%E8%87%B3/?fileloc=/home/httpd/vhosts/rajlaw.com.tw/httpdocs/admin.php&path=/home/httpd/vhosts/rajlaw.com.tw/httpdocs HTTP/1.1" 200 77013 "-" "Mozilla/5.0 AppleWebKit/537.36 (KHTML, like Gecko; compatible; bingbot/2.0; +http://www.bing.com/bingbot.htm) Chrome/116.0.1938.76 Safari/537.36"
40.77.167.241 - - [24/Aug/2026:03:36:27 +0800] "GET /2026%E5%8F%B0%E5%8D%97%E5%9F%8E%E9%8E%AE%E9%9F%8C%E6%80%A7%E9%98%B2%E7%A9%BA%E6%BC%94%E7%BF%92%E5%AE%8C%E6%88%90%EF%BD%9C%E9%BB%83%E5%81%89%E5%93%B2%E8%82%AF%E5%AE%9A%E5%85%A8%E6%B0%91%E9%98%B2/?fileloc=/home/httpd/vhosts/rajlaw.com.tw/httpdocs/wp-signup.php&path=/home/httpd/vhosts/rajlaw.com.tw/httpdocs HTTP/1.1" 200 56150 "-" "Mozilla/5.0 AppleWebKit/537.36 (KHTML, like Gecko; compatible; bingbot/2.0; +http://www.bing.com/bingbot.htm) Chrome/116.0.1938.76 Safari/537.36"
57.141.12.31 - - [24/Aug/2026:03:36:59 +0800] "GET / HTTP/1.1" 200 53829 "-" "facebookexternalhit/1.1 (+http://www.facebook.com/externalhit_uatext.php)"
52.167.144.173 - - [24/Aug/2026:03:37:03 +0800] "GET /accede-al-poder-de-cinco-leones/?fileloc=/home/httpd/vhosts/rajlaw.com.tw/httpdocs/index.php&path=/home/httpd/vhosts/rajlaw.com.tw/httpdocs HTTP/1.1" 200 17706 "-" "Mozilla/5.0 AppleWebKit/537.36 (KHTML, like Gecko; compatible; bingbot/2.0; +http://www.bing.com/bingbot.htm) Chrome/116.0.1938.76 Safari/537.36"
57.141.2.43 - - [24/Aug/2026:03:38:01 +0800] "GET / HTTP/1.1" 200 53829 "-" "facebookexternalhit/1.1 (+http://www.facebook.com/externalhit_uatext.php)"
40.77.167.241 - - [24/Aug/2026:03:38:06 +0800] "GET /buffalo-silver-wave-%EF%BF%BD-a-knock-property-depending-favorite-produced-on-the-web-having-wheel-incentives-and-you-can-upgraded-jackpot-possible/ HTTP/1.1" 200 53773 "-" "Mozilla/5.0 AppleWebKit/537.36 (KHTML, like Gecko; compatible; bingbot/2.0; +http://www.bing.com/bingbot.htm) Chrome/116.0.1938.76 Safari/537.36"
114.10.76.150 - - [24/Aug/2026:03:38:23 +0800] "GET /admin.php HTTP/1.1" 200 80082 "-" "WhatsApp/2.23.20.0"
40.77.167.241 - - [24/Aug/2026:03:38:26 +0800] "GET /eye-of-horus-angeschlossen-gratis-spielen-sie-ghosts-of-christmas-online-uber-echtgeld-spielen/ HTTP/1.1" 200 53773 "-" "Mozilla/5.0 AppleWebKit/537.36 (KHTML, like Gecko; compatible; bingbot/2.0; +http://www.bing.com/bingbot.htm) Chrome/116.0.1938.76 Safari/537.36"
190.114.88.230 - - [24/Aug/2026:03:39:03 +0800] "GET //xmlrpc.php HTTP/1.1" 200 53829 "-" "Mozilla/5.0 (Windows NT 10.0; WOW64; rv:45.0) Gecko/20100101 Firefox/45.0"
40.77.167.42 - - [24/Aug/2026:03:39:17 +0800] "GET /%E9%9B%99%E5%8C%97%E5%AF%B5%E7%89%A9%E8%A8%93%E7%B7%B4-%E6%AD%A3%E5%90%91%E5%BC%95%E5%B0%8E%E5%8D%94%E5%8A%A9%E7%8B%97%E7%8B%97%E5%BB%BA%E7%AB%8B%E7%A9%A9%E5%AE%9A%E7%94%9F%E6%B4%BB%E8%A6%8F%E5%89%87/?fileloc=/home/httpd/vhosts/rajlaw.com.tw/httpdocs/readme.html&path=/home/httpd/vhosts/rajlaw.com.tw/httpdocs HTTP/1.1" 200 26636 "-" "Mozilla/5.0 AppleWebKit/537.36 (KHTML, like Gecko; compatible; bingbot/2.0; +http://www.bing.com/bingbot.htm) Chrome/116.0.1938.76 Safari/537.36"
