185.135.84.43 - - [23/Aug/2026:15:56:47 +0800] "GET /pero-las-juegos-con-dinero-conveniente-de-spinbetter-solo-estan-que-hay-disponibles-con-el-fin-de-para-parejas/ HTTP/1.1" 200 97913 "-" "Mozilla/5.0 (Windows NT 10.0; Win64; x64) AppleWebKit/537.36 (KHTML, like Gecko) Chrome/147.0.0.0 Safari/537.36 OPR/131.0.0.0"
185.135.84.43 - - [23/Aug/2026:15:57:20 +0800] "POST /xmlrpc.php HTTP/1.1" 200 6124 "-" "Mozilla/5.0 (X11; Linux x86_64; rv:137.0) Gecko/20100101 Firefox/137.0"
124.150.132.81 - - [23/Aug/2026:15:57:25 +0800] "POST /wp-cron.php?doing_wp_cron=1787471845.0296480655670166015625 HTTP/1.1" 200 5843 "-" "WordPress/7.1; https://rajlaw.com.tw"
185.135.84.43 - - [23/Aug/2026:15:57:31 +0800] "POST /xmlrpc.php HTTP/1.1" 200 16638 "-" "Mozilla/5.0 (Windows NT 10.0; Win64; x64) AppleWebKit/537.36 (KHTML, like Gecko) obsidian/1.8.9 Chrome/132.0.6834.210 Electron/34.3.0 Safari/537.36"
185.135.84.43 - - [23/Aug/2026:15:57:38 +0800] "GET /a-continuacion-se-puede-conocer-todos-los-juegos-cual-nos-topamos-acerca-de-las-plataformas-de-esparcimiento-acerca-de-espana/ HTTP/1.1" 200 97138 "-" "Mozilla/5.0 (X11; Linux x86_64) AppleWebKit/537.36 (KHTML, like Gecko) Chrome/136.0.0.0 Safari/537.36"
57.141.6.31 - - [23/Aug/2026:15:58:14 +0800] "GET / HTTP/1.1" 200 139932 "-" "facebookexternalhit/1.1 (+http://www.facebook.com/externalhit_uatext.php)"
185.135.84.43 - - [23/Aug/2026:15:58:22 +0800] "POST /xmlrpc.php HTTP/1.1" 200 6124 "-" "Mozilla/5.0 (Macintosh; Intel Mac OS X 10_15_7) AppleWebKit/537.36 (KHTML, like Gecko) obsidian/1.8.9 Chrome/132.0.6834.210 Electron/34.3.0 Safari/537.36"
124.150.132.81 - - [23/Aug/2026:15:58:26 +0800] "POST /wp-cron.php?doing_wp_cron=1787471906.2374548912048339843750 HTTP/1.1" 200 5843 "-" "WordPress/7.1; https://rajlaw.com.tw"
185.135.84.43 - - [23/Aug/2026:15:58:35 +0800] "POST /xmlrpc.php HTTP/1.1" 200 18773 "-" "Mozilla/5.0 (Windows NT 10.0; Win64; x64) AppleWebKit/537.36 (KHTML, like Gecko) obsidian/1.6.5 Chrome/124.0.6367.243 Electron/30.1.2 Safari/537.36"
185.135.84.43 - - [23/Aug/2026:15:58:41 +0800] "GET /la-navegacion-es-intuitiva-facilitando-a-los-jugadores-canjear-facilmente-entre-tipos/ HTTP/1.1" 200 99079 "-" "Mozilla/5.0 (Macintosh; Intel Mac OS X 10_15_7) AppleWebKit/605.1.15 (KHTML, like Gecko) Version/17.5 Safari/605.1.15"
36.212.249.25 - - [23/Aug/2026:15:59:08 +0800] "GET /molti-premio-privato-di-deposito-prevedono-insecable-cauzione-meglio-sulle-vincite-prelevabili/ HTTP/1.1" 200 97257 "https://rajlaw.com.tw/news/page/32/" "Mozilla/5.0 (Windows NT 10.0; Win64; x64) AppleWebKit/537.36 (KHTML, like Gecko) Chrome/144.0.0.0 Safari/537.36"
185.135.84.43 - - [23/Aug/2026:15:59:25 +0800] "POST /xmlrpc.php HTTP/1.1" 200 6124 "-" "Mozilla/5.0 (Macintosh; Intel Mac OS X 10_15_7) AppleWebKit/605.1.15 (KHTML, like Gecko) Version/16.6 Safari/605.1.15"
185.135.84.43 - - [23/Aug/2026:15:59:40 +0800] "POST /xmlrpc.php HTTP/1.1" 200 14659 "-" "Mozilla/5.0 (Windows NT 10.0; Win64; x64) AppleWebKit/537.36 (KHTML, like Gecko) Chrome/135.0.0.0 Safari/537.36 Edg/135.0.0.0"
185.135.84.43 - - [23/Aug/2026:15:59:47 +0800] "GET /acerca-de-personas-sobre-de-cualquier-parte-del-mundo-pesan-demasiado-nuestro-edicto-emisor-la-moneda-y-no-ha-transpirado-nuestro-primer-retiro-pequeno/ HTTP/1.1" 200 95202 "-" "Mozilla/5.0 (Windows NT 10.0; Win64; x64) AppleWebKit/537.36 (KHTML, like Gecko) Chrome/122.0.0.0 Safari/537.36"
124.150.132.81 - - [23/Aug/2026:15:59:29 +0800] "POST /wp-cron.php?doing_wp_cron=1787471969.1067440509796142578125 HTTP/1.1" 500 8614 "-" "WordPress/7.1; https://rajlaw.com.tw"
185.122.115.229 - - [23/Aug/2026:16:00:20 +0800] "GET /robots.txt HTTP/1.1" 200 5931 "http://rajlaw.com.tw/robots.txt" "Mozilla/5.0 (Windows NT 10.0; Win64; x64) AppleWebKit/537.36 (KHTML, like Gecko) Chrome/121.0.0.0 Safari/537.3"
185.135.84.43 - - [23/Aug/2026:16:00:27 +0800] "POST /xmlrpc.php HTTP/1.1" 200 6124 "-" "Mozilla/5.0 (Windows NT 10.0; Win64; x64) AppleWebKit/537.36 (KHTML, like Gecko) Chrome/124.0.0.0 Safari/537.36"
193.183.103.134 - - [23/Aug/2026:16:00:29 +0800] "GET /llms.txt HTTP/1.1" 500 78767 "http://rajlaw.com.tw/llms.txt" "Mozilla/5.0 (Windows NT 10.0; Win64; x64) AppleWebKit/537.36 (KHTML, like Gecko) Chrome/121.0.0.0 Safari/537.3"
185.135.84.43 - - [23/Aug/2026:16:00:36 +0800] "POST /xmlrpc.php HTTP/1.1" 200 15336 "-" "Mozilla/5.0 (Windows NT 10.0; Win64; x64) AppleWebKit/537.36 (KHTML, like Gecko) Chrome/132.0.0.0 Safari/537.36 OPR/117.0.0.0"
193.235.23.103 - - [23/Aug/2026:16:00:35 +0800] "GET / HTTP/1.1" 200 139700 "http://rajlaw.com.tw/" "Mozilla/5.0 (Windows NT 10.0; Win64; x64) AppleWebKit/537.36 (KHTML, like Gecko) Chrome/121.0.0.0 Safari/537.3"
185.135.84.43 - - [23/Aug/2026:16:00:44 +0800] "GET /no-obstante-bastantes-jugadores-acceden-a-casinos-falto-licencia-espanola-que-operan-desde-jurisdicciones-internacionales/ HTTP/1.1" 200 95930 "-" "Mozilla/5.0 (Macintosh; Intel Mac OS X 10_15_7) AppleWebKit/537.36 (KHTML, like Gecko) obsidian/1.8.10 Chrome/132.0.6834.196 Electron/34.2.0 Safari/537.36"
40.77.167.67 - - [23/Aug/2026:16:00:57 +0800] "GET /magnetiske-slotsoplevelser-ventede/ HTTP/1.1" 200 98399 "-" "Mozilla/5.0 AppleWebKit/537.36 (KHTML, like Gecko; compatible; bingbot/2.0; +http://www.bing.com/bingbot.htm) Chrome/116.0.1938.76 Safari/537.36"
52.167.144.172 - - [23/Aug/2026:16:01:06 +0800] "GET /consigliamo-di-interrogare-rso-termini-durante-sfumatura-davanti-di-impostare/ HTTP/1.1" 200 94810 "-" "Mozilla/5.0 AppleWebKit/537.36 (KHTML, like Gecko; compatible; bingbot/2.0; +http://www.bing.com/bingbot.htm) Chrome/116.0.1938.76 Safari/537.36"
17.22.237.39 - - [23/Aug/2026:16:01:18 +0800] "GET /category/blog1/blog6/ HTTP/1.1" 200 97814 "-" "Mozilla/5.0 (Macintosh; Intel Mac OS X 10_15_7) AppleWebKit/605.1.15 (KHTML, like Gecko) Version/17.4 Safari/605.1.15 (Applebot/0.1; +http://www.apple.com/go/applebot)"
185.135.84.43 - - [23/Aug/2026:16:01:20 +0800] "POST /xmlrpc.php HTTP/1.1" 200 6124 "-" "Mozilla/5.0 (Macintosh; Intel Mac OS X 10_15_7) AppleWebKit/537.36 (KHTML, like Gecko) Chrome/135.0.0.0 Safari/537.36 Edg/135.0.0.0"
57.141.24.1 - - [23/Aug/2026:16:01:15 +0800] "GET / HTTP/1.1" 200 139932 "-" "facebookexternalhit/1.1 (+http://www.facebook.com/externalhit_uatext.php)"
124.150.132.81 - - [23/Aug/2026:16:00:33 +0800] "POST /wp-cron.php?doing_wp_cron=1787472033.3223330974578857421875 HTTP/1.1" 200 5843 "-" "WordPress/7.1; https://rajlaw.com.tw"
124.150.132.81 - - [23/Aug/2026:16:00:31 +0800] "POST /wp-cron.php?doing_wp_cron=1787472031.7999060153961181640625 HTTP/1.1" 200 5843 "-" "WordPress/7.1; https://rajlaw.com.tw"
185.135.84.43 - - [23/Aug/2026:16:01:33 +0800] "POST /xmlrpc.php HTTP/1.1" 200 16687 "-" "Mozilla/5.0 (Windows NT 10.0; Win64; x64) AppleWebKit/537.36 (KHTML, like Gecko) Chrome/133.0.0.0 Safari/537.36 OPR/118.0.0.0"
124.150.132.81 - - [23/Aug/2026:16:01:38 +0800] "POST /wp-cron.php?doing_wp_cron=1787472098.0903990268707275390625 HTTP/1.1" 200 5843 "-" "WordPress/7.1; https://rajlaw.com.tw"
185.135.84.43 - - [23/Aug/2026:16:01:41 +0800] "GET /estos-incentivos-incrementan-la-conmocion-y-no-ha-transpirado-brindan-interesantes-oportunidades-sobre-obtener-premios-interesantes/ HTTP/1.1" 200 97232 "-" "Mozilla/5.0 (X11; Linux x86_64) AppleWebKit/537.36 (KHTML, like Gecko) Chrome/129.0.0.0 Safari/537.36"
124.150.132.81 - - [23/Aug/2026:16:01:45 +0800] "POST /wp-cron.php?doing_wp_cron=1787472105.5451281070709228515625 HTTP/1.1" 200 5843 "-" "WordPress/7.1; https://rajlaw.com.tw"
185.135.84.43 - - [23/Aug/2026:16:02:15 +0800] "POST /xmlrpc.php HTTP/1.1" 200 6124 "-" "Mozilla/5.0 (Macintosh; Intel Mac OS X 10_15_7) AppleWebKit/605.1.15 (KHTML, like Gecko) Version/17.6 Safari/605.1.15"
124.150.132.81 - - [23/Aug/2026:16:02:20 +0800] "POST /wp-cron.php?doing_wp_cron=1787472140.5455698966979980468750 HTTP/1.1" 200 5843 "-" "WordPress/7.1; https://rajlaw.com.tw"
185.135.84.43 - - [23/Aug/2026:16:02:26 +0800] "POST /xmlrpc.php HTTP/1.1" 200 17018 "-" "Mozilla/5.0 (Macintosh; Intel Mac OS X 10_15_7) AppleWebKit/537.36 (KHTML, like Gecko) Chrome/136.0.0.0 Safari/537.36 Edg/136.0.0.0"
52.167.144.172 - - [23/Aug/2026:16:02:25 +0800] "GET /gratis-sjove-spil-oven-klik-pa-dette-link-her-nu-i-kobet-dyreunge-plu-alderstegen/ HTTP/1.1" 200 96302 "-" "Mozilla/5.0 AppleWebKit/537.36 (KHTML, like Gecko; compatible; bingbot/2.0; +http://www.bing.com/bingbot.htm) Chrome/116.0.1938.76 Safari/537.36"
185.135.84.43 - - [23/Aug/2026:16:02:32 +0800] "GET /la-experiencia-smartphone-es-importante-dado-que-el-conjunto-de-jugadores-espanoles-acceden-empezando-desde-accesorios-portatiles/ HTTP/1.1" 200 97562 "-" "Mozilla/5.0 (Macintosh; Intel Mac OS X 10_15_7) AppleWebKit/537.36 (KHTML, like Gecko) Chrome/128.0.0.0 Safari/537.36"
51.89.129.87 - - [23/Aug/2026:16:02:45 +0800] "GET /autonom-kasinoer-dans-ta-en-titt-pa-denne-hyperlenken-spilleautomater/ HTTP/1.1" 200 97567 "-" "Mozilla/5.0 (compatible; AhrefsBot/7.0; +http://ahrefs.com/robot/)"
185.135.84.43 - - [23/Aug/2026:16:03:02 +0800] "POST /xmlrpc.php HTTP/1.1" 200 6124 "-" "Mozilla/5.0 (X11; Ubuntu; Linux x86_64; rv:138.0) Gecko/20100101 Firefox/138.0"
124.150.132.81 - - [23/Aug/2026:16:03:06 +0800] "POST /wp-cron.php?doing_wp_cron=1787472186.2659909725189208984375 HTTP/1.1" 200 5843 "-" "WordPress/7.1; https://rajlaw.com.tw"
185.135.84.43 - - [23/Aug/2026:16:03:14 +0800] "POST /xmlrpc.php HTTP/1.1" 200 18801 "-" "Mozilla/5.0 (Windows NT 10.0; Win64; x64) AppleWebKit/537.36 (KHTML, like Gecko) Chrome/135.0.0.0 Safari/537.36"
185.135.84.43 - - [23/Aug/2026:16:03:21 +0800] "GET /sobre-casasdeapuestas-no-colocamos-todo-publicidad-referente-a-nuestro-ranking-de-bonos-carente-deposito/ HTTP/1.1" 200 99215 "-" "Mozilla/5.0 (Macintosh; Intel Mac OS X 10_15_7) AppleWebKit/605.1.15 (KHTML, like Gecko) Version/17.4.1 Safari/605.1.15"
36.138.38.216 - - [23/Aug/2026:16:03:28 +0800] "GET /free-spins-no-deposit-2026-voor-dringende-hyperlink-spins-buiten-storting-inschatten-superspins-nl/ HTTP/1.1" 200 97203 "https://rajlaw.com.tw/respins-in-the-slots-said-the-way-they-boost-real-money-casino-no-deposit-william-hill-your-victories/" "Mozilla/5.0 (Windows NT 10.0; Win64; x64) AppleWebKit/537.36 (KHTML, like Gecko) Chrome/144.0.0.0 Safari/537.36 Edg/144.0.0.0"
185.135.84.43 - - [23/Aug/2026:16:03:52 +0800] "POST /xmlrpc.php HTTP/1.1" 200 6124 "-" "Mozilla/5.0 (Windows NT 10.0; Win64; x64) AppleWebKit/537.36 (KHTML, like Gecko) Chrome/136.0.0.0 Safari/537.36 Edg/136.0.0.0"
124.150.132.81 - - [23/Aug/2026:16:03:57 +0800] "POST /wp-cron.php?doing_wp_cron=1787472237.3934409618377685546875 HTTP/1.1" 200 5843 "-" "WordPress/7.1; https://rajlaw.com.tw"
185.135.84.43 - - [23/Aug/2026:16:04:04 +0800] "POST /xmlrpc.php HTTP/1.1" 200 15270 "-" "Mozilla/5.0 (X11; Linux x86_64) AppleWebKit/537.36 Chrome/124.0"
185.135.84.43 - - [23/Aug/2026:16:04:14 +0800] "GET /con-el-pasar-del-tiempo-un-rtp-preferible-del-99-es-el-entretenimiento-con-el-pasar-del-tiempo-mayor-ventaja-del-almohadillado-con-coolmax-competidor/ HTTP/1.1" 200 95870 "-" "Mozilla/5.0 (Windows NT 10.0; Win64; x64) AppleWebKit/537.36 (KHTML, like Gecko) Chrome/132.0.0.0 Safari/537.36 OPR/117.0.0.0"
57.141.18.117 - - [23/Aug/2026:16:04:17 +0800] "GET / HTTP/1.1" 200 139932 "-" "facebookexternalhit/1.1 (+http://www.facebook.com/externalhit_uatext.php)"
42.72.213.172 - - [23/Aug/2026:16:04:29 +0800] "GET /%E5%8F%B0%E5%8C%97%E5%AF%A6%E6%9C%A8%E5%AE%B6%E5%85%B7%E9%81%B8%E8%B3%BC%E6%8C%87%E5%8D%97-%E5%8D%97%E6%98%8C%E5%AE%B6%E5%85%B7%E8%A1%97%E7%9C%8B%E5%AF%A6%E5%93%81%E3%80%81%E6%AF%94%E8%BC%83%E6%9C%A8/ HTTP/1.1" 200 99301 "https://www.google.com/" "Mozilla/5.0 (Linux; Android 10; K) AppleWebKit/537.36 (KHTML, like Gecko) Chrome/151.0.0.0 Mobile Safari/537.36"
42.72.213.172 - - [23/Aug/2026:16:04:33 +0800] "GET /wp-includes/css/dashicons.min.css?ver=7.1 HTTP/1.1" 200 64196 "https://rajlaw.com.tw/%E5%8F%B0%E5%8C%97%E5%AF%A6%E6%9C%A8%E5%AE%B6%E5%85%B7%E9%81%B8%E8%B3%BC%E6%8C%87%E5%8D%97-%E5%8D%97%E6%98%8C%E5%AE%B6%E5%85%B7%E8%A1%97%E7%9C%8B%E5%AF%A6%E5%93%81%E3%80%81%E6%AF%94%E8%BC%83%E6%9C%A8/" "Mozilla/5.0 (Linux; Android 10; K) AppleWebKit/537.36 (KHTML, like Gecko) Chrome/151.0.0.0 Mobile Safari/537.36"
42.72.213.172 - - [23/Aug/2026:16:04:34 +0800] "GET /wp-content/plugins/everest-forms/assets/css/everest-forms.css?ver=3.0.9.3 HTTP/1.1" 200 105613 "https://rajlaw.com.tw/%E5%8F%B0%E5%8C%97%E5%AF%A6%E6%9C%A8%E5%AE%B6%E5%85%B7%E9%81%B8%E8%B3%BC%E6%8C%87%E5%8D%97-%E5%8D%97%E6%98%8C%E5%AE%B6%E5%85%B7%E8%A1%97%E7%9C%8B%E5%AF%A6%E5%93%81%E3%80%81%E6%AF%94%E8%BC%83%E6%9C%A8/" "Mozilla/5.0 (Linux; Android 10; K) AppleWebKit/537.36 (KHTML, like Gecko) Chrome/151.0.0.0 Mobile Safari/537.36"
42.72.213.172 - - [23/Aug/2026:16:04:34 +0800] "GET /wp-content/plugins/everest-forms/assets/css/intlTelInput.css?ver=3.0.9.3 HTTP/1.1" 200 45859 "https://rajlaw.com.tw/%E5%8F%B0%E5%8C%97%E5%AF%A6%E6%9C%A8%E5%AE%B6%E5%85%B7%E9%81%B8%E8%B3%BC%E6%8C%87%E5%8D%97-%E5%8D%97%E6%98%8C%E5%AE%B6%E5%85%B7%E8%A1%97%E7%9C%8B%E5%AF%A6%E5%93%81%E3%80%81%E6%AF%94%E8%BC%83%E6%9C%A8/" "Mozilla/5.0 (Linux; Android 10; K) AppleWebKit/537.36 (KHTML, like Gecko) Chrome/151.0.0.0 Mobile Safari/537.36"
42.72.213.172 - - [23/Aug/2026:16:04:34 +0800] "GET /wp-content/themes/zakra/inc/customizer/customind/assets/fontawesome/v6/css/all.min.css?ver=6.2.4 HTTP/1.1" 200 103513 "https://rajlaw.com.tw/%E5%8F%B0%E5%8C%97%E5%AF%A6%E6%9C%A8%E5%AE%B6%E5%85%B7%E9%81%B8%E8%B3%BC%E6%8C%87%E5%8D%97-%E5%8D%97%E6%98%8C%E5%AE%B6%E5%85%B7%E8%A1%97%E7%9C%8B%E5%AF%A6%E5%93%81%E3%80%81%E6%AF%94%E8%BC%83%E6%9C%A8/" "Mozilla/5.0 (Linux; Android 10; K) AppleWebKit/537.36 (KHTML, like Gecko) Chrome/151.0.0.0 Mobile Safari/537.36"
42.72.213.172 - - [23/Aug/2026:16:04:35 +0800] "GET /wp-content/themes/zakra/style.css?ver=4.0.6 HTTP/1.1" 200 106957 "https://rajlaw.com.tw/%E5%8F%B0%E5%8C%97%E5%AF%A6%E6%9C%A8%E5%AE%B6%E5%85%B7%E9%81%B8%E8%B3%BC%E6%8C%87%E5%8D%97-%E5%8D%97%E6%98%8C%E5%AE%B6%E5%85%B7%E8%A1%97%E7%9C%8B%E5%AF%A6%E5%93%81%E3%80%81%E6%AF%94%E8%BC%83%E6%9C%A8/" "Mozilla/5.0 (Linux; Android 10; K) AppleWebKit/537.36 (KHTML, like Gecko) Chrome/151.0.0.0 Mobile Safari/537.36"
42.72.213.172 - - [23/Aug/2026:16:04:35 +0800] "GET /wp-content/uploads/2025/03/logo-removebg-preview-e1741353740950.png HTTP/1.1" 200 71099 "https://rajlaw.com.tw/%E5%8F%B0%E5%8C%97%E5%AF%A6%E6%9C%A8%E5%AE%B6%E5%85%B7%E9%81%B8%E8%B3%BC%E6%8C%87%E5%8D%97-%E5%8D%97%E6%98%8C%E5%AE%B6%E5%85%B7%E8%A1%97%E7%9C%8B%E5%AF%A6%E5%93%81%E3%80%81%E6%AF%94%E8%BC%83%E6%9C%A8/" "Mozilla/5.0 (Linux; Android 10; K) AppleWebKit/537.36 (KHTML, like Gecko) Chrome/151.0.0.0 Mobile Safari/537.36"
138.226.105.19 - - [23/Aug/2026:16:04:31 +0800] "GET /?p=3368 HTTP/1.1" 301 5915 "-" "Mozilla/5.0 (Macintosh; Intel Mac OS X 10_15_7) AppleWebKit/605.1.15 (KHTML, like Gecko) Version/26.2 Safari/605.1.15"
195.40.119.237 - - [23/Aug/2026:16:04:32 +0800] "GET /?p=3368 HTTP/1.1" 301 5915 "-" "Mozilla/5.0 (Macintosh; Intel Mac OS X 10_15_7) AppleWebKit/605.1.15 (KHTML, like Gecko) Version/26.2 Safari/605.1.15"
42.72.213.172 - - [23/Aug/2026:16:04:35 +0800] "GET /wp-content/themes/zakra/assets/js/navigation.min.js?ver=4.0.6 HTTP/1.1" 200 4809 "https://rajlaw.com.tw/%E5%8F%B0%E5%8C%97%E5%AF%A6%E6%9C%A8%E5%AE%B6%E5%85%B7%E9%81%B8%E8%B3%BC%E6%8C%87%E5%8D%97-%E5%8D%97%E6%98%8C%E5%AE%B6%E5%85%B7%E8%A1%97%E7%9C%8B%E5%AF%A6%E5%93%81%E3%80%81%E6%AF%94%E8%BC%83%E6%9C%A8/" "Mozilla/5.0 (Linux; Android 10; K) AppleWebKit/537.36 (KHTML, like Gecko) Chrome/151.0.0.0 Mobile Safari/537.36"
42.72.213.172 - - [23/Aug/2026:16:04:35 +0800] "GET /wp-content/themes/zakra/assets/js/skip-link-focus-fix.min.js?ver=4.0.6 HTTP/1.1" 200 666 "https://rajlaw.com.tw/%E5%8F%B0%E5%8C%97%E5%AF%A6%E6%9C%A8%E5%AE%B6%E5%85%B7%E9%81%B8%E8%B3%BC%E6%8C%87%E5%8D%97-%E5%8D%97%E6%98%8C%E5%AE%B6%E5%85%B7%E8%A1%97%E7%9C%8B%E5%AF%A6%E5%93%81%E3%80%81%E6%AF%94%E8%BC%83%E6%9C%A8/" "Mozilla/5.0 (Linux; Android 10; K) AppleWebKit/537.36 (KHTML, like Gecko) Chrome/151.0.0.0 Mobile Safari/537.36"
42.72.213.172 - - [23/Aug/2026:16:04:35 +0800] "GET /wp-content/themes/zakra/assets/js/zakra-custom.min.js?ver=4.0.6 HTTP/1.1" 200 5825 "https://rajlaw.com.tw/%E5%8F%B0%E5%8C%97%E5%AF%A6%E6%9C%A8%E5%AE%B6%E5%85%B7%E9%81%B8%E8%B3%BC%E6%8C%87%E5%8D%97-%E5%8D%97%E6%98%8C%E5%AE%B6%E5%85%B7%E8%A1%97%E7%9C%8B%E5%AF%A6%E5%93%81%E3%80%81%E6%AF%94%E8%BC%83%E6%9C%A8/" "Mozilla/5.0 (Linux; Android 10; K) AppleWebKit/537.36 (KHTML, like Gecko) Chrome/151.0.0.0 Mobile Safari/537.36"
42.72.213.172 - - [23/Aug/2026:16:04:35 +0800] "GET /wp-content/uploads/2026/07/20260731094931_1_0.jpg HTTP/1.1" 200 193599 "https://rajlaw.com.tw/%E5%8F%B0%E5%8C%97%E5%AF%A6%E6%9C%A8%E5%AE%B6%E5%85%B7%E9%81%B8%E8%B3%BC%E6%8C%87%E5%8D%97-%E5%8D%97%E6%98%8C%E5%AE%B6%E5%85%B7%E8%A1%97%E7%9C%8B%E5%AF%A6%E5%93%81%E3%80%81%E6%AF%94%E8%BC%83%E6%9C%A8/" "Mozilla/5.0 (Linux; Android 10; K) AppleWebKit/537.36 (KHTML, like Gecko) Chrome/151.0.0.0 Mobile Safari/537.36"
42.72.213.172 - - [23/Aug/2026:16:04:36 +0800] "GET /wp-content/themes/zakra/assets/fonts/themegrill-icons.woff2?5d42b271f668d2d6461ba91fc5a5a839 HTTP/1.1" 200 1760 "https://rajlaw.com.tw/wp-content/themes/zakra/style.css?ver=4.0.6" "Mozilla/5.0 (Linux; Android 10; K) AppleWebKit/537.36 (KHTML, like Gecko) Chrome/151.0.0.0 Mobile Safari/537.36"
42.72.213.172 - - [23/Aug/2026:16:04:36 +0800] "GET /wp-content/themes/zakra/123.jpg HTTP/1.1" 200 455955 "https://rajlaw.com.tw/wp-content/themes/zakra/style.css?ver=4.0.6" "Mozilla/5.0 (Linux; Android 10; K) AppleWebKit/537.36 (KHTML, like Gecko) Chrome/151.0.0.0 Mobile Safari/537.36"
138.226.24.70 - - [23/Aug/2026:16:04:33 +0800] "GET /?p=3368 HTTP/1.1" 301 6110 "-" "Mozilla/5.0 (Macintosh; Intel Mac OS X 10_15_7) AppleWebKit/537.36 (KHTML, like Gecko) Chrome/142.0.0.0 Safari/537.36"
42.72.213.172 - - [23/Aug/2026:16:04:37 +0800] "GET /wp-includes/js/wp-emoji-release.min.js?ver=7.1 HTTP/1.1" 200 23123 "https://rajlaw.com.tw/%E5%8F%B0%E5%8C%97%E5%AF%A6%E6%9C%A8%E5%AE%B6%E5%85%B7%E9%81%B8%E8%B3%BC%E6%8C%87%E5%8D%97-%E5%8D%97%E6%98%8C%E5%AE%B6%E5%85%B7%E8%A1%97%E7%9C%8B%E5%AF%A6%E5%93%81%E3%80%81%E6%AF%94%E8%BC%83%E6%9C%A8/" "Mozilla/5.0 (Linux; Android 10; K) AppleWebKit/537.36 (KHTML, like Gecko) Chrome/151.0.0.0 Mobile Safari/537.36"
138.226.17.113 - - [23/Aug/2026:16:04:34 +0800] "GET /?p=3368 HTTP/1.1" 301 6110 "-" "Mozilla/5.0 (Macintosh; Intel Mac OS X 10_15_7) AppleWebKit/537.36 (KHTML, like Gecko) Chrome/142.0.0.0 Safari/537.36"
138.226.105.19 - - [23/Aug/2026:16:04:35 +0800] "GET /%e5%8d%b0%e9%91%91%e8%ad%89%e6%98%8e%e5%8f%af%e4%bb%a5%e5%a7%94%e8%a8%97%e7%94%b3%e8%ab%8b%e5%97%8e%ef%bc%9f/ HTTP/1.1" 200 88326 "https://rajlaw.com.tw/?p=3368" "Mozilla/5.0 (Macintosh; Intel Mac OS X 10_15_7) AppleWebKit/605.1.15 (KHTML, like Gecko) Version/26.2 Safari/605.1.15"
195.40.119.237 - - [23/Aug/2026:16:04:35 +0800] "GET /%e5%8d%b0%e9%91%91%e8%ad%89%e6%98%8e%e5%8f%af%e4%bb%a5%e5%a7%94%e8%a8%97%e7%94%b3%e8%ab%8b%e5%97%8e%ef%bc%9f/ HTTP/1.1" 200 88326 "https://rajlaw.com.tw/?p=3368" "Mozilla/5.0 (Macintosh; Intel Mac OS X 10_15_7) AppleWebKit/605.1.15 (KHTML, like Gecko) Version/26.2 Safari/605.1.15"
42.72.213.172 - - [23/Aug/2026:16:04:38 +0800] "GET /favicon.ico HTTP/1.1" 302 1395 "https://rajlaw.com.tw/%E5%8F%B0%E5%8C%97%E5%AF%A6%E6%9C%A8%E5%AE%B6%E5%85%B7%E9%81%B8%E8%B3%BC%E6%8C%87%E5%8D%97-%E5%8D%97%E6%98%8C%E5%AE%B6%E5%85%B7%E8%A1%97%E7%9C%8B%E5%AF%A6%E5%93%81%E3%80%81%E6%AF%94%E8%BC%83%E6%9C%A8/" "Mozilla/5.0 (Linux; Android 10; K) AppleWebKit/537.36 (KHTML, like Gecko) Chrome/151.0.0.0 Mobile Safari/537.36"
66.249.72.199 - - [23/Aug/2026:16:04:38 +0800] "GET /die-besten-casino-freispiele-2026-free-spins-exklusive-groste-no-einzahlung-primebetz-einzahlung/ HTTP/1.1" 200 99991 "-" "Mozilla/5.0 (Linux; Android 6.0.1; Nexus 5X Build/MMB29P) AppleWebKit/537.36 (KHTML, like Gecko) Chrome/151.0.7922.137 Mobile Safari/537.36 (compatible; GoogleOther)"
185.135.84.43 - - [23/Aug/2026:16:04:49 +0800] "POST /xmlrpc.php HTTP/1.1" 200 6124 "-" "Mozilla/5.0 (Windows NT 10.0; Win64; x64) AppleWebKit/537.36 (KHTML, like Gecko) Chrome/132.0.0.0 Safari/537.36 OPR/117.0.0.0"
124.150.132.81 - - [23/Aug/2026:16:04:57 +0800] "POST /wp-cron.php?doing_wp_cron=1787472297.2569849491119384765625 HTTP/1.1" 200 5843 "-" "WordPress/7.1; https://rajlaw.com.tw"
185.135.84.43 - - [23/Aug/2026:16:05:01 +0800] "POST /xmlrpc.php HTTP/1.1" 200 16120 "-" "Mozilla/5.0 (Macintosh; Intel Mac OS X 10_15_7) AppleWebKit/605.1.15 (KHTML, like Gecko) Version/18.3 Safari/605.1.15"
36.137.204.241 - - [23/Aug/2026:16:05:10 +0800] "GET /iscriviti-contro-admiralbet-usando-lo-spid-a-riciclare-indivisible-plurimiliardario-gratifica-in-assenza-di-fondo-di-1/ HTTP/1.1" 200 95475 "https://rajlaw.com.tw/news/page/32/" "Mozilla/5.0 (Windows NT 10.0; Win64; x64) AppleWebKit/537.36 (KHTML, like Gecko) Chrome/142.0.0.0 Safari/537.36"
185.135.84.43 - - [23/Aug/2026:16:05:16 +0800] "GET /referente-a-portugal-lo-perfectamente-normal-podri%EF%BF%BDa-ser-os-pidan-emplazar-20-ocasiones-el-importe-del-bono/ HTTP/1.1" 200 96661 "-" "Mozilla/5.0 (Macintosh; Intel Mac OS X 10_15_7) AppleWebKit/537.36 (KHTML, like Gecko) Chrome/136.0.0.0 Safari/537.36"
45.43.139.126 - - [23/Aug/2026:16:05:22 +0800] "GET /?p=3368 HTTP/1.1" 301 6110 "-" "Mozilla/5.0 (Macintosh; Intel Mac OS X 10_15_7) AppleWebKit/537.36 (KHTML, like Gecko) Chrome/142.0.0.0 Safari/537.36"
36.212.251.229 - - [23/Aug/2026:16:05:21 +0800] "GET /iscriviti-contro-admiralbet-usando-lo-spid-a-riciclare-indivisible-plurimiliardario-gratifica-in-assenza-di-fondo-di-1/ HTTP/1.1" 200 95475 "https://rajlaw.com.tw/news/page/32/" "Mozilla/5.0 (Windows NT 10.0; Win64; x64) AppleWebKit/537.36 (KHTML, like Gecko) Chrome/142.0.0.0 Safari/537.36"
17.22.237.116 - - [23/Aug/2026:16:05:34 +0800] "GET /wp-includes/css/dashicons.min.css?ver=7.1 HTTP/1.1" 200 64196 "https://rajlaw.com.tw/category/blog1/blog6/" "Mozilla/5.0 (Macintosh; Intel Mac OS X 10_15_7) AppleWebKit/605.1.15 (KHTML, like Gecko) Version/17.4 Safari/605.1.15 (Applebot/0.1; +http://www.apple.com/go/applebot)"
17.22.237.116 - - [23/Aug/2026:16:05:34 +0800] "GET /wp-content/plugins/everest-forms/assets/css/everest-forms.css?ver=3.0.9.3 HTTP/1.1" 200 100836 "https://rajlaw.com.tw/category/blog1/blog6/" "Mozilla/5.0 (Macintosh; Intel Mac OS X 10_15_7) AppleWebKit/605.1.15 (KHTML, like Gecko) Version/17.4 Safari/605.1.15 (Applebot/0.1; +http://www.apple.com/go/applebot)"
17.22.237.116 - - [23/Aug/2026:16:05:36 +0800] "GET /wp-content/themes/zakra/style.css?ver=4.0.6 HTTP/1.1" 200 106819 "https://rajlaw.com.tw/category/blog1/blog6/" "Mozilla/5.0 (Macintosh; Intel Mac OS X 10_15_7) AppleWebKit/605.1.15 (KHTML, like Gecko) Version/17.4 Safari/605.1.15 (Applebot/0.1; +http://www.apple.com/go/applebot)"
17.22.237.116 - - [23/Aug/2026:16:05:37 +0800] "GET /wp-content/themes/zakra/assets/js/navigation.min.js?ver=4.0.6 HTTP/1.1" 200 4809 "https://rajlaw.com.tw/category/blog1/blog6/" "Mozilla/5.0 (Macintosh; Intel Mac OS X 10_15_7) AppleWebKit/605.1.15 (KHTML, like Gecko) Version/17.4 Safari/605.1.15 (Applebot/0.1; +http://www.apple.com/go/applebot)"
17.22.237.116 - - [23/Aug/2026:16:05:39 +0800] "GET /wp-content/plugins/everest-forms/assets/css/intlTelInput.css?ver=3.0.9.3 HTTP/1.1" 200 45859 "https://rajlaw.com.tw/category/blog1/blog6/" "Mozilla/5.0 (Macintosh; Intel Mac OS X 10_15_7) AppleWebKit/605.1.15 (KHTML, like Gecko) Version/17.4 Safari/605.1.15 (Applebot/0.1; +http://www.apple.com/go/applebot)"
17.22.237.116 - - [23/Aug/2026:16:05:40 +0800] "GET /wp-content/themes/zakra/inc/customizer/customind/assets/fontawesome/v6/css/all.min.css?ver=6.2.4 HTTP/1.1" 200 103513 "https://rajlaw.com.tw/category/blog1/blog6/" "Mozilla/5.0 (Macintosh; Intel Mac OS X 10_15_7) AppleWebKit/605.1.15 (KHTML, like Gecko) Version/17.4 Safari/605.1.15 (Applebot/0.1; +http://www.apple.com/go/applebot)"
17.22.237.116 - - [23/Aug/2026:16:05:42 +0800] "GET /wp-content/themes/zakra/assets/js/skip-link-focus-fix.min.js?ver=4.0.6 HTTP/1.1" 200 666 "https://rajlaw.com.tw/category/blog1/blog6/" "Mozilla/5.0 (Macintosh; Intel Mac OS X 10_15_7) AppleWebKit/605.1.15 (KHTML, like Gecko) Version/17.4 Safari/605.1.15 (Applebot/0.1; +http://www.apple.com/go/applebot)"
17.22.237.116 - - [23/Aug/2026:16:05:43 +0800] "GET /wp-content/themes/zakra/assets/js/zakra-custom.min.js?ver=4.0.6 HTTP/1.1" 200 5825 "https://rajlaw.com.tw/category/blog1/blog6/" "Mozilla/5.0 (Macintosh; Intel Mac OS X 10_15_7) AppleWebKit/605.1.15 (KHTML, like Gecko) Version/17.4 Safari/605.1.15 (Applebot/0.1; +http://www.apple.com/go/applebot)"
185.135.84.43 - - [23/Aug/2026:16:05:38 +0800] "POST /xmlrpc.php HTTP/1.1" 200 6124 "-" "Mozilla/5.0 (X11; Linux x86_64) AppleWebKit/537.36 (KHTML, like Gecko) Chrome/129.0.0.0 Safari/537.36"
17.22.237.116 - - [23/Aug/2026:16:05:45 +0800] "GET /wp-includes/js/wp-emoji-release.min.js?ver=7.1 HTTP/1.1" 200 23123 "https://rajlaw.com.tw/category/blog1/blog6/" "Mozilla/5.0 (Macintosh; Intel Mac OS X 10_15_7) AppleWebKit/605.1.15 (KHTML, like Gecko) Version/17.4 Safari/605.1.15 (Applebot/0.1; +http://www.apple.com/go/applebot)"
124.150.132.81 - - [23/Aug/2026:16:05:42 +0800] "POST /wp-cron.php?doing_wp_cron=1787472342.6069149971008300781250 HTTP/1.1" 200 5843 "-" "WordPress/7.1; https://rajlaw.com.tw"
185.135.84.43 - - [23/Aug/2026:16:05:54 +0800] "POST /xmlrpc.php HTTP/1.1" 200 15694 "-" "Mozilla/5.0 (Macintosh; Intel Mac OS X 10_15_7) AppleWebKit/537.36 (KHTML, like Gecko) Chrome/136.0.0.0 Safari/537.36 Edg/136.0.0.0"
185.135.84.43 - - [23/Aug/2026:16:06:02 +0800] "GET /para-contrastar-referencia-independiente-informarse-opiniones-y-no-ha-transpirado-confirmar-sellos-regulatorios-continuamente-favorece-ver-proveedoras-oficiales/ HTTP/1.1" 200 96361 "-" "Mozilla/5.0 (Macintosh; Intel Mac OS X 10_15_7) AppleWebKit/537.36 (KHTML, like Gecko) Chrome/147.0.0.0 Safari/537.36"
52.167.144.172 - - [23/Aug/2026:16:06:26 +0800] "GET /page/4/?author=0 HTTP/1.1" 200 131481 "-" "Mozilla/5.0 AppleWebKit/537.36 (KHTML, like Gecko; compatible; bingbot/2.0; +http://www.bing.com/bingbot.htm) Chrome/116.0.1938.76 Safari/537.36"
52.167.144.172 - - [23/Aug/2026:16:06:31 +0800] "GET /page/2/?author=0 HTTP/1.1" 200 121669 "-" "Mozilla/5.0 AppleWebKit/537.36 (KHTML, like Gecko; compatible; bingbot/2.0; +http://www.bing.com/bingbot.htm) Chrome/116.0.1938.76 Safari/537.36"
40.77.167.62 - - [23/Aug/2026:16:06:31 +0800] "GET /?author=0 HTTP/1.1" 200 126334 "-" "Mozilla/5.0 AppleWebKit/537.36 (KHTML, like Gecko; compatible; bingbot/2.0; +http://www.bing.com/bingbot.htm) Chrome/116.0.1938.76 Safari/537.36"
40.77.167.62 - - [23/Aug/2026:16:06:38 +0800] "GET /accede-al-poder-de-cinco-leones/ HTTP/1.1" 200 93780 "-" "Mozilla/5.0 AppleWebKit/537.36 (KHTML, like Gecko; compatible; bingbot/2.0; +http://www.bing.com/bingbot.htm) Chrome/116.0.1938.76 Safari/537.36"
40.77.167.62 - - [23/Aug/2026:16:06:49 +0800] "GET /hell-spin-darmowe-spiny-fangst-nu/ HTTP/1.1" 200 96199 "-" "Mozilla/5.0 AppleWebKit/537.36 (KHTML, like Gecko; compatible; bingbot/2.0; +http://www.bing.com/bingbot.htm) Chrome/116.0.1938.76 Safari/537.36"
185.135.85.252 - - [23/Aug/2026:16:07:03 +0800] "POST /xmlrpc.php HTTP/1.1" 200 6124 "-" "Mozilla/5.0 (Windows NT 10.0; Win64; x64) AppleWebKit/537.36 (KHTML, like Gecko) Chrome/134.0.0.0 Safari/537.36"
185.135.85.252 - - [23/Aug/2026:16:07:14 +0800] "POST /xmlrpc.php HTTP/1.1" 200 14505 "-" "Mozilla/5.0 (Macintosh; Intel Mac OS X 10_15_7) AppleWebKit/537.36 (KHTML, like Gecko) Chrome/134.0.0.0 Safari/537.36"
51.89.129.239 - - [23/Aug/2026:16:07:22 +0800] "GET /test-post-created/ HTTP/1.1" 200 89584 "-" "Mozilla/5.0 (compatible; AhrefsBot/7.0; +http://ahrefs.com/robot/)"
185.135.85.252 - - [23/Aug/2026:16:07:22 +0800] "GET /ademas-este-tipo-de-oferta-particular-de-bono-sobre-conmemoracion-hace-que-la-habilidad-podri%EF%BF%BDa-llegar-a-ser-todavia-mas-profusamente-excitante/ HTTP/1.1" 200 95186 "-" "Mozilla/5.0 (X11; Linux x86_64; rv:128.0) Gecko/20100101 Firefox/128.0"
17.22.237.57 - - [23/Aug/2026:16:07:49 +0800] "GET /%e9%80%80%e4%bc%91%e8%a6%8f%e5%8a%83%e6%80%8e%e9%ba%bc%e5%81%9a%ef%bc%9f%e4%b8%96%e7%95%8c%e7%b0%a1%e5%a7%93%e5%ae%97%e8%a6%aa%e7%b8%bd%e6%9c%83%e3%80%8c70%e6%ad%b2%e8%87%aa%e7%94%b1%e4%ba%ba%e7%94%9f/ HTTP/1.1" 200 102990 "-" "Mozilla/5.0 (Macintosh; Intel Mac OS X 10_15_7) AppleWebKit/605.1.15 (KHTML, like Gecko) Version/17.4 Safari/605.1.15 (Applebot/0.1; +http://www.apple.com/go/applebot)"
66.249.71.226 - - [23/Aug/2026:16:08:24 +0800] "GET /%E8%BF%9140%E5%B9%B4%E8%8A%B1%E8%97%9D%E7%B6%93%E9%A9%97%E8%B7%A8%E6%B5%B7-%E4%BA%8C%E4%BB%A3%E5%89%B5%E5%87%9C%E8%8A%B1%E5%8C%A0%E9%A6%96%E5%B1%95%E6%97%A5%E6%9C%AC%E5%AF%8C%E5%B1%B1/ HTTP/1.1" 200 96509 "-" "Mozilla/5.0 (Linux; Android 6.0.1; Nexus 5X Build/MMB29P) AppleWebKit/537.36 (KHTML, like Gecko) Chrome/151.0.7922.137 Mobile Safari/537.36 (compatible; Googlebot/2.1; +http://www.google.com/bot.html)"
124.150.132.81 - - [23/Aug/2026:16:08:28 +0800] "POST /wp-cron.php?doing_wp_cron=1787472508.9267199039459228515625 HTTP/1.1" 200 5843 "-" "WordPress/7.1; https://rajlaw.com.tw"
101.42.140.3 - - [23/Aug/2026:16:08:33 +0800] "GET /blog3/ HTTP/1.1" 200 113455 "-" "Mozilla/5.0 (Macintosh; Intel Mac OS X 10_15_7) AppleWebKit/537.36 (KHTML, like Gecko) Chrome/150.0.0.0 Safari/537.36"
101.42.140.3 - - [23/Aug/2026:16:08:38 +0800] "GET /wp-content/themes/zakra/inc/customizer/customind/assets/fontawesome/v6/css/all.min.css?ver=6.2.4 HTTP/1.1" 200 103513 "https://rajlaw.com.tw/blog3/" "Mozilla/5.0 (Macintosh; Intel Mac OS X 10_15_7) AppleWebKit/537.36 (KHTML, like Gecko) Chrome/150.0.0.0 Safari/537.36"
101.42.140.3 - - [23/Aug/2026:16:08:38 +0800] "GET /wp-content/plugins/elementor/assets/lib/eicons/css/elementor-icons.min.css?ver=5.11.0 HTTP/1.1" 200 17727 "https://rajlaw.com.tw/blog3/" "Mozilla/5.0 (Macintosh; Intel Mac OS X 10_15_7) AppleWebKit/537.36 (KHTML, like Gecko) Chrome/150.0.0.0 Safari/537.36"
101.42.140.3 - - [23/Aug/2026:16:08:38 +0800] "GET /wp-content/plugins/elementor/assets/lib/animations/animations.min.css?ver=3.2.3 HTTP/1.1" 200 18963 "https://rajlaw.com.tw/blog3/" "Mozilla/5.0 (Macintosh; Intel Mac OS X 10_15_7) AppleWebKit/537.36 (KHTML, like Gecko) Chrome/150.0.0.0 Safari/537.36"
101.42.140.3 - - [23/Aug/2026:16:08:38 +0800] "GET /wp-content/plugins/everest-forms/assets/css/intlTelInput.css?ver=3.0.9.3 HTTP/1.1" 200 45997 "https://rajlaw.com.tw/blog3/" "Mozilla/5.0 (Macintosh; Intel Mac OS X 10_15_7) AppleWebKit/537.36 (KHTML, like Gecko) Chrome/150.0.0.0 Safari/537.36"
101.42.140.3 - - [23/Aug/2026:16:08:38 +0800] "GET /wp-content/plugins/elementor-pro/assets/css/frontend.min.css?ver=3.2.2 HTTP/1.1" 200 211560 "https://rajlaw.com.tw/blog3/" "Mozilla/5.0 (Macintosh; Intel Mac OS X 10_15_7) AppleWebKit/537.36 (KHTML, like Gecko) Chrome/150.0.0.0 Safari/537.36"
101.42.140.3 - - [23/Aug/2026:16:08:38 +0800] "GET /wp-content/plugins/elementor/assets/lib/font-awesome/css/all.min.css?ver=3.2.3 HTTP/1.1" 200 59897 "https://rajlaw.com.tw/blog3/" "Mozilla/5.0 (Macintosh; Intel Mac OS X 10_15_7) AppleWebKit/537.36 (KHTML, like Gecko) Chrome/150.0.0.0 Safari/537.36"
101.42.140.3 - - [23/Aug/2026:16:08:39 +0800] "GET /wp-content/plugins/elementor/assets/lib/font-awesome/css/solid.min.css?ver=5.15.1 HTTP/1.1" 200 994 "https://rajlaw.com.tw/blog3/" "Mozilla/5.0 (Macintosh; Intel Mac OS X 10_15_7) AppleWebKit/537.36 (KHTML, like Gecko) Chrome/150.0.0.0 Safari/537.36"
101.42.140.3 - - [23/Aug/2026:16:08:39 +0800] "GET /wp-content/uploads/elementor/css/post-3107.css?ver=1741845479 HTTP/1.1" 200 5047 "https://rajlaw.com.tw/blog3/" "Mozilla/5.0 (Macintosh; Intel Mac OS X 10_15_7) AppleWebKit/537.36 (KHTML, like Gecko) Chrome/150.0.0.0 Safari/537.36"
101.42.140.3 - - [23/Aug/2026:16:08:39 +0800] "GET /wp-content/plugins/elementor/assets/lib/font-awesome/css/fontawesome.min.css?ver=5.15.1 HTTP/1.1" 200 58327 "https://rajlaw.com.tw/blog3/" "Mozilla/5.0 (Macintosh; Intel Mac OS X 10_15_7) AppleWebKit/537.36 (KHTML, like Gecko) Chrome/150.0.0.0 Safari/537.36"
101.42.140.3 - - [23/Aug/2026:16:08:38 +0800] "GET /wp-content/plugins/elementor/assets/css/frontend.min.css?ver=3.2.3 HTTP/1.1" 200 118499 "https://rajlaw.com.tw/blog3/" "Mozilla/5.0 (Macintosh; Intel Mac OS X 10_15_7) AppleWebKit/537.36 (KHTML, like Gecko) Chrome/150.0.0.0 Safari/537.36"
101.42.140.3 - - [23/Aug/2026:16:08:39 +0800] "GET /wp-content/themes/zakra/assets/js/skip-link-focus-fix.min.js?ver=4.0.6 HTTP/1.1" 200 666 "https://rajlaw.com.tw/blog3/" "Mozilla/5.0 (Macintosh; Intel Mac OS X 10_15_7) AppleWebKit/537.36 (KHTML, like Gecko) Chrome/150.0.0.0 Safari/537.36"
101.42.140.3 - - [23/Aug/2026:16:08:39 +0800] "GET /wp-content/plugins/elementor-pro/assets/js/webpack-pro.runtime.min.js?ver=3.2.2 HTTP/1.1" 200 5877 "https://rajlaw.com.tw/blog3/" "Mozilla/5.0 (Macintosh; Intel Mac OS X 10_15_7) AppleWebKit/537.36 (KHTML, like Gecko) Chrome/150.0.0.0 Safari/537.36"
101.42.140.3 - - [23/Aug/2026:16:08:39 +0800] "GET /wp-includes/js/jquery/jquery-migrate.min.js?ver=3.4.1 HTTP/1.1" 200 13919 "https://rajlaw.com.tw/blog3/" "Mozilla/5.0 (Macintosh; Intel Mac OS X 10_15_7) AppleWebKit/537.36 (KHTML, like Gecko) Chrome/150.0.0.0 Safari/537.36"
101.42.140.3 - - [23/Aug/2026:16:08:39 +0800] "GET /wp-content/plugins/elementor-pro/assets/js/frontend.min.js?ver=3.2.2 HTTP/1.1" 200 57554 "https://rajlaw.com.tw/blog3/" "Mozilla/5.0 (Macintosh; Intel Mac OS X 10_15_7) AppleWebKit/537.36 (KHTML, like Gecko) Chrome/150.0.0.0 Safari/537.36"
101.42.140.3 - - [23/Aug/2026:16:08:39 +0800] "GET /wp-content/plugins/elementor/assets/js/frontend-modules.min.js?ver=3.2.3 HTTP/1.1" 200 65343 "https://rajlaw.com.tw/blog3/" "Mozilla/5.0 (Macintosh; Intel Mac OS X 10_15_7) AppleWebKit/537.36 (KHTML, like Gecko) Chrome/150.0.0.0 Safari/537.36"
101.42.140.3 - - [23/Aug/2026:16:08:39 +0800] "GET /wp-content/themes/zakra/assets/js/zakra-custom.min.js?ver=4.0.6 HTTP/1.1" 200 5825 "https://rajlaw.com.tw/blog3/" "Mozilla/5.0 (Macintosh; Intel Mac OS X 10_15_7) AppleWebKit/537.36 (KHTML, like Gecko) Chrome/150.0.0.0 Safari/537.36"
101.42.140.3 - - [23/Aug/2026:16:08:39 +0800] "GET /wp-includes/js/jquery/jquery.min.js?ver=3.7.1 HTTP/1.1" 200 88041 "https://rajlaw.com.tw/blog3/" "Mozilla/5.0 (Macintosh; Intel Mac OS X 10_15_7) AppleWebKit/537.36 (KHTML, like Gecko) Chrome/150.0.0.0 Safari/537.36"
101.42.140.3 - - [23/Aug/2026:16:08:39 +0800] "GET /wp-content/plugins/elementor/assets/js/frontend.min.js?ver=3.2.3 HTTP/1.1" 200 68149 "https://rajlaw.com.tw/blog3/" "Mozilla/5.0 (Macintosh; Intel Mac OS X 10_15_7) AppleWebKit/537.36 (KHTML, like Gecko) Chrome/150.0.0.0 Safari/537.36"
101.42.140.3 - - [23/Aug/2026:16:08:39 +0800] "GET /wp-includes/js/jquery/ui/core.min.js?ver=1.14.2 HTTP/1.1" 200 19045 "https://rajlaw.com.tw/blog3/" "Mozilla/5.0 (Macintosh; Intel Mac OS X 10_15_7) AppleWebKit/537.36 (KHTML, like Gecko) Chrome/150.0.0.0 Safari/537.36"
101.42.140.3 - - [23/Aug/2026:16:08:39 +0800] "GET /wp-content/plugins/blockart-blocks/assets/lib/swiper/swiper-bundle.min.js?ver=11.0.7 HTTP/1.1" 200 149752 "https://rajlaw.com.tw/blog3/" "Mozilla/5.0 (Macintosh; Intel Mac OS X 10_15_7) AppleWebKit/537.36 (KHTML, like Gecko) Chrome/150.0.0.0 Safari/537.36"
101.42.140.3 - - [23/Aug/2026:16:08:39 +0800] "GET /wp-content/plugins/elementor-pro/assets/js/preloaded-elements-handlers.min.js?ver=3.2.2 HTTP/1.1" 200 157438 "https://rajlaw.com.tw/blog3/" "Mozilla/5.0 (Macintosh; Intel Mac OS X 10_15_7) AppleWebKit/537.36 (KHTML, like Gecko) Chrome/150.0.0.0 Safari/537.36"
104.164.170.186 - - [23/Aug/2026:16:08:47 +0800] "GET /%E5%8D%B0%E9%91%91%E8%AD%89%E6%98%8E%E5%8F%AF%E4%BB%A5%E5%A7%94%E8%A8%97%E7%94%B3%E8%AB%8B%E5%97%8E%EF%BC%9F/ HTTP/1.1" 200 93102 "-" "Mozilla/5.0 (Macintosh; Intel Mac OS X 10_15_7) AppleWebKit/537.36 (KHTML, like Gecko) Chrome/142.0.0.0 Safari/537.36"
132.226.89.28 - - [23/Aug/2026:16:08:51 +0800] "GET /?page_id=3161 HTTP/1.1" 301 5813 "-" "Mozilla/5.0 (X11; Linux aarch64) AppleWebKit/537.36 (KHTML, like Gecko) Chrome/139.0.0.0 Safari/537.36"
185.230.122.15 - - [23/Aug/2026:16:08:54 +0800] "GET /%E5%8D%B0%E9%91%91%E8%AD%89%E6%98%8E%E5%8F%AF%E4%BB%A5%E5%A7%94%E8%A8%97%E7%94%B3%E8%AB%8B%E5%97%8E%EF%BC%9F/ HTTP/1.1" 200 93102 "-" "Mozilla/5.0 (Macintosh; Intel Mac OS X 10_15_7) AppleWebKit/537.36 (KHTML, like Gecko) Chrome/142.0.0.0 Safari/537.36"
40.77.167.62 - - [23/Aug/2026:16:08:59 +0800] "GET /a-continuacion-se-puede-conocer-todos-los-juegos-cual-nos-topamos-acerca-de-las-plataformas-de-esparcimiento-acerca-de-espana/ HTTP/1.1" 200 97386 "-" "Mozilla/5.0 AppleWebKit/537.36 (KHTML, like Gecko; compatible; bingbot/2.0; +http://www.bing.com/bingbot.htm) Chrome/116.0.1938.76 Safari/537.36"
40.77.167.62 - - [23/Aug/2026:16:09:04 +0800] "GET /la-experiencia-smartphone-es-importante-dado-que-el-conjunto-de-jugadores-espanoles-acceden-empezando-desde-accesorios-portatiles/ HTTP/1.1" 200 93071 "-" "Mozilla/5.0 AppleWebKit/537.36 (KHTML, like Gecko; compatible; bingbot/2.0; +http://www.bing.com/bingbot.htm) Chrome/116.0.1938.76 Safari/537.36"
132.226.89.28 - - [23/Aug/2026:16:09:05 +0800] "GET /blog12/ HTTP/1.1" 500 4581 "https://rajlaw.com.tw/?page_id=3161" "Mozilla/5.0 (X11; Linux aarch64) AppleWebKit/537.36 (KHTML, like Gecko) Chrome/139.0.0.0 Safari/537.36"
40.77.167.151 - - [23/Aug/2026:16:09:06 +0800] "GET /para-contrastar-referencia-independiente-informarse-opiniones-y-no-ha-transpirado-confirmar-sellos-regulatorios-continuamente-favorece-ver-proveedoras-oficiales/ HTTP/1.1" 200 96735 "-" "Mozilla/5.0 AppleWebKit/537.36 (KHTML, like Gecko; compatible; bingbot/2.0; +http://www.bing.com/bingbot.htm) Chrome/116.0.1938.76 Safari/537.36"
40.77.167.62 - - [23/Aug/2026:16:09:09 +0800] "GET /ademis-se-podri%ef%bf%bdan-mover-poseen-versiones-con-normas-especificas-multiplicadores-y-no-ha-transpirado-mesas-sobre-presto-con-el-pasar-del-tiempo-crupieres-reales/ HTTP/1.1" 200 91254 "-" "Mozilla/5.0 AppleWebKit/537.36 (KHTML, like Gecko; compatible; bingbot/2.0; +http://www.bing.com/bingbot.htm) Chrome/116.0.1938.76 Safari/537.36"
36.138.38.3 - - [23/Aug/2026:16:09:06 +0800] "GET /spin-samurai-unleash-50-free-spins-no-deposit-bonus/ HTTP/1.1" 200 98926 "https://rajlaw.com.tw/naobet-ireland-unlocks-thrilling-opportunities-for-irish-sports-betting-enthusiasts/" "Mozilla/5.0 (Windows NT 10.0; Win64; x64) AppleWebKit/537.36 (KHTML, like Gecko) Chrome/144.0.0.0 Safari/537.36 Edg/144.0.0.0"
52.167.144.236 - - [23/Aug/2026:16:09:12 +0800] "GET /estos-incentivos-incrementan-la-conmocion-y-no-ha-transpirado-brindan-interesantes-oportunidades-sobre-obtener-premios-interesantes/ HTTP/1.1" 200 97567 "-" "Mozilla/5.0 AppleWebKit/537.36 (KHTML, like Gecko; compatible; bingbot/2.0; +http://www.bing.com/bingbot.htm) Chrome/116.0.1938.76 Safari/537.36"
40.77.167.151 - - [23/Aug/2026:16:09:13 +0800] "GET /no-obstante-bastantes-jugadores-acceden-a-casinos-falto-licencia-espanola-que-operan-desde-jurisdicciones-internacionales/ HTTP/1.1" 200 91493 "-" "Mozilla/5.0 AppleWebKit/537.36 (KHTML, like Gecko; compatible; bingbot/2.0; +http://www.bing.com/bingbot.htm) Chrome/116.0.1938.76 Safari/537.36"
40.77.167.151 - - [23/Aug/2026:16:09:18 +0800] "GET /sobre-casasdeapuestas-no-colocamos-todo-publicidad-referente-a-nuestro-ranking-de-bonos-carente-deposito/ HTTP/1.1" 200 94816 "-" "Mozilla/5.0 AppleWebKit/537.36 (KHTML, like Gecko; compatible; bingbot/2.0; +http://www.bing.com/bingbot.htm) Chrome/116.0.1938.76 Safari/537.36"
52.167.144.236 - - [23/Aug/2026:16:09:17 +0800] "GET /referente-a-portugal-lo-perfectamente-normal-podri%ef%bf%bda-ser-os-pidan-emplazar-20-ocasiones-el-importe-del-bono/ HTTP/1.1" 200 92255 "-" "Mozilla/5.0 AppleWebKit/537.36 (KHTML, like Gecko; compatible; bingbot/2.0; +http://www.bing.com/bingbot.htm) Chrome/116.0.1938.76 Safari/537.36"
36.140.134.9 - - [23/Aug/2026:16:09:19 +0800] "GET /spin-samurai-unleash-50-free-spins-no-deposit-bonus/ HTTP/1.1" 200 98926 "https://rajlaw.com.tw/naobet-ireland-unlocks-thrilling-opportunities-for-irish-sports-betting-enthusiasts/" "Mozilla/5.0 (Windows NT 10.0; Win64; x64) AppleWebKit/537.36 (KHTML, like Gecko) Chrome/144.0.0.0 Safari/537.36 Edg/144.0.0.0"
20.15.133.163 - - [23/Aug/2026:16:09:21 +0800] "GET /la-dgoj-se-encuentre-compuesta-para-una-vestimenta-de-profesionales-referente-a-derecho-tecnologia-y-no-ha-transpirado-decision-informatica/ HTTP/1.1" 200 99047 "-" "Mozilla/5.0 AppleWebKit/537.36 (KHTML, like Gecko; compatible; bingbot/2.0; +http://www.bing.com/bingbot.htm) Chrome/116.0.1938.76 Safari/537.36"
40.77.167.151 - - [23/Aug/2026:16:09:22 +0800] "GET /lo-que-de-mayor-destaco-sobre-platincasino-podri%ef%bf%bda-ser-brinda-bonos-sobre-giros-gratis-para-duplicado/ HTTP/1.1" 200 96279 "-" "Mozilla/5.0 AppleWebKit/537.36 (KHTML, like Gecko; compatible; bingbot/2.0; +http://www.bing.com/bingbot.htm) Chrome/116.0.1938.76 Safari/537.36"
52.167.144.236 - - [23/Aug/2026:16:09:23 +0800] "GET /la-navegacion-es-intuitiva-facilitando-a-los-jugadores-canjear-facilmente-entre-tipos/ HTTP/1.1" 200 94683 "-" "Mozilla/5.0 AppleWebKit/537.36 (KHTML, like Gecko; compatible; bingbot/2.0; +http://www.bing.com/bingbot.htm) Chrome/116.0.1938.76 Safari/537.36"
52.167.144.236 - - [23/Aug/2026:16:09:29 +0800] "GET /el-peso-de-estas-recompensas-se-podri%ef%bf%bdan-mover-define-segun-nuestro-total-sobre-depositos-realizados-nuestro-fecha-pasado/ HTTP/1.1" 200 94706 "-" "Mozilla/5.0 AppleWebKit/537.36 (KHTML, like Gecko; compatible; bingbot/2.0; +http://www.bing.com/bingbot.htm) Chrome/116.0.1938.76 Safari/537.36"
132.226.89.28 - - [23/Aug/2026:16:09:29 +0800] "GET /blog12/ HTTP/1.1" 500 4581 "https://rajlaw.com.tw/?page_id=3161" "Mozilla/5.0 (X11; Linux aarch64) AppleWebKit/537.36 (KHTML, like Gecko) Chrome/139.0.0.0 Safari/537.36"
40.77.167.62 - - [23/Aug/2026:16:09:30 +0800] "GET /nebensachlich-touristen-jungere-zielgruppen-und-gelegenheitsbesucher-sie-sind-kumulativ-angesprochen-%ef%bf%bd-qua-erfolg/ HTTP/1.1" 200 100838 "-" "Mozilla/5.0 AppleWebKit/537.36 (KHTML, like Gecko; compatible; bingbot/2.0; +http://www.bing.com/bingbot.htm) Chrome/116.0.1938.76 Safari/537.36"
36.213.166.61 - - [23/Aug/2026:16:09:32 +0800] "GET /spin-samurai-unleash-50-free-spins-no-deposit-bonus/ HTTP/1.1" 200 98926 "https://rajlaw.com.tw/naobet-ireland-unlocks-thrilling-opportunities-for-irish-sports-betting-enthusiasts/" "Mozilla/5.0 (Windows NT 10.0; Win64; x64) AppleWebKit/537.36 (KHTML, like Gecko) Chrome/144.0.0.0 Safari/537.36 Edg/144.0.0.0"
40.77.167.62 - - [23/Aug/2026:16:09:35 +0800] "GET /%E8%98%8B%E6%9E%9Ciphone-18-pro%E5%A4%96%E8%A7%80%E5%82%B3%E8%81%9E%E6%9B%9D%E5%85%89%EF%BC%9A%E5%8B%95%E6%85%8B%E5%B3%B6%E7%B8%AE%E5%B0%8F%E3%80%81%E6%A9%9F%E8%BA%AB%E6%95%B4%E5%90%88%E8%88%87/ HTTP/1.1" 200 94075 "-" "Mozilla/5.0 AppleWebKit/537.36 (KHTML, like Gecko; compatible; bingbot/2.0; +http://www.bing.com/bingbot.htm) Chrome/116.0.1938.76 Safari/537.36"
40.77.167.151 - - [23/Aug/2026:16:09:36 +0800] "GET /la-dgoj-se-encuentre-compuesta-para-una-vestimenta-de-profesionales-referente-a-derecho-tecnologia-y-no-ha-transpirado-decision-informatica/ HTTP/1.1" 200 99047 "-" "Mozilla/5.0 AppleWebKit/537.36 (KHTML, like Gecko; compatible; bingbot/2.0; +http://www.bing.com/bingbot.htm) Chrome/116.0.1938.76 Safari/537.36"
52.167.144.236 - - [23/Aug/2026:16:09:41 +0800] "GET /dine-gamble-pakete-sie-sind-auch-zuganglich-sodass-sie-den-unterhaltsamen-abend-via-freunden-baden-in-im-stande-sein/ HTTP/1.1" 200 99744 "-" "Mozilla/5.0 AppleWebKit/537.36 (KHTML, like Gecko; compatible; bingbot/2.0; +http://www.bing.com/bingbot.htm) Chrome/116.0.1938.76 Safari/537.36"
40.77.167.151 - - [23/Aug/2026:16:09:41 +0800] "GET /la-tarima-promociones-desplazandolo-hacia-el-pelo-palabras-se-encuentran-que-hay-disponibles-acerca-de-espanol/ HTTP/1.1" 200 91403 "-" "Mozilla/5.0 AppleWebKit/537.36 (KHTML, like Gecko; compatible; bingbot/2.0; +http://www.bing.com/bingbot.htm) Chrome/116.0.1938.76 Safari/537.36"
52.167.144.236 - - [23/Aug/2026:16:09:45 +0800] "GET /los-invitaciones-pase-y-no-ha-transpirado-mastercard-siguen-siendo-aceptadas-en-el-500-de-los-casinos-legales-espanoles/ HTTP/1.1" 200 90682 "-" "Mozilla/5.0 AppleWebKit/537.36 (KHTML, like Gecko; compatible; bingbot/2.0; +http://www.bing.com/bingbot.htm) Chrome/116.0.1938.76 Safari/537.36"
40.77.167.62 - - [23/Aug/2026:16:09:49 +0800] "GET /tiktok%E9%81%AD%E7%BE%8E%E5%9C%8B%E5%8F%B8%E6%B3%95%E9%83%A8%E6%8E%A7%E9%81%95%E5%8F%8D%E5%85%92%E7%AB%A5%E9%9A%B1%E7%A7%81%E6%B3%95%E3%80%804%E5%84%84%E7%BE%8E%E5%85%83%E5%92%8C%E8%A7%A3%E3%80%8113/ HTTP/1.1" 200 99341 "-" "Mozilla/5.0 AppleWebKit/537.36 (KHTML, like Gecko; compatible; bingbot/2.0; +http://www.bing.com/bingbot.htm) Chrome/116.0.1938.76 Safari/537.36"
40.77.167.151 - - [23/Aug/2026:16:09:56 +0800] "GET /no-obstante-las-bonos-carente-deposito-asimismo-pueden-suponer-algunas-desconveniencias-ante-otros-bonos/ HTTP/1.1" 200 97781 "-" "Mozilla/5.0 AppleWebKit/537.36 (KHTML, like Gecko; compatible; bingbot/2.0; +http://www.bing.com/bingbot.htm) Chrome/116.0.1938.76 Safari/537.36"
124.150.132.81 - - [23/Aug/2026:16:09:22 +0800] "POST /wp-cron.php?doing_wp_cron=1787472561.9381110668182373046875 HTTP/1.1" 500 8614 "-" "WordPress/7.1; https://rajlaw.com.tw"
52.167.144.236 - - [23/Aug/2026:16:10:01 +0800] "GET /con-el-pasar-del-tiempo-un-rtp-preferible-del-99-es-el-entretenimiento-con-el-pasar-del-tiempo-mayor-ventaja-del-almohadillado-con-coolmax-competidor/ HTTP/1.1" 200 96143 "-" "Mozilla/5.0 AppleWebKit/537.36 (KHTML, like Gecko; compatible; bingbot/2.0; +http://www.bing.com/bingbot.htm) Chrome/116.0.1938.76 Safari/537.36"
40.77.167.151 - - [23/Aug/2026:16:10:01 +0800] "GET /acerca-de-personas-sobre-de-cualquier-parte-del-mundo-pesan-demasiado-nuestro-edicto-emisor-la-moneda-y-no-ha-transpirado-nuestro-primer-retiro-pequeno/ HTTP/1.1" 200 90746 "-" "Mozilla/5.0 AppleWebKit/537.36 (KHTML, like Gecko; compatible; bingbot/2.0; +http://www.bing.com/bingbot.htm) Chrome/116.0.1938.76 Safari/537.36"
66.249.82.36 - - [23/Aug/2026:16:10:03 +0800] "GET /.well-known/traffic-advice HTTP/1.1" 404 86794 "-" "Chrome Privacy Preserving Prefetch Proxy"
162.120.184.61 - - [23/Aug/2026:16:10:03 +0800] "GET /%E5%8F%B0%E7%81%A3ai%E6%96%B0%E5%89%B5%E6%8A%95%E8%B3%87%E7%86%B1%E6%BD%AE%E5%8D%87%E6%BA%AB%EF%BC%81veloflow-ai%E6%8E%A2%E7%B4%A2%E7%94%9F%E6%88%90%E5%BC%8Fai%E5%95%86%E6%A5%AD%E6%A8%A1%E5%BC%8F/ HTTP/1.1" 200 95917 "https://www.google.com/" "Mozilla/5.0 (Linux; Android 10; K) AppleWebKit/537.36 (KHTML, like Gecko) Chrome/151.0.0.0 Mobile Safari/537.36"
52.167.144.236 - - [23/Aug/2026:16:10:05 +0800] "GET /pero-las-juegos-con-dinero-conveniente-de-spinbetter-solo-estan-que-hay-disponibles-con-el-fin-de-para-parejas/ HTTP/1.1" 200 93464 "-" "Mozilla/5.0 AppleWebKit/537.36 (KHTML, like Gecko; compatible; bingbot/2.0; +http://www.bing.com/bingbot.htm) Chrome/116.0.1938.76 Safari/537.36"
52.167.144.236 - - [23/Aug/2026:16:10:10 +0800] "GET /%E6%AD%90%E4%B8%AD%E8%B2%BF%E6%98%93%E9%80%86%E5%B7%AE%E6%8C%81%E7%BA%8C%E6%93%B4%E5%A4%A7%EF%BC%81%E5%BE%B7%E5%9C%8B%E5%B9%B4%E5%A2%9E86-5%E3%80%81%E7%91%9E%E5%85%B8%E9%A3%864%E5%80%8D%E3%80%80/ HTTP/1.1" 200 94758 "-" "Mozilla/5.0 AppleWebKit/537.36 (KHTML, like Gecko; compatible; bingbot/2.0; +http://www.bing.com/bingbot.htm) Chrome/116.0.1938.76 Safari/537.36"
40.77.167.151 - - [23/Aug/2026:16:10:16 +0800] "GET /category/%E7%BE%8E%E9%A3%9F%E6%97%85%E9%81%8A/ HTTP/1.1" 200 137472 "-" "Mozilla/5.0 AppleWebKit/537.36 (KHTML, like Gecko; compatible; bingbot/2.0; +http://www.bing.com/bingbot.htm) Chrome/116.0.1938.76 Safari/537.36"
52.167.144.236 - - [23/Aug/2026:16:10:29 +0800] "GET /just-the-right-position-relies-on-your-own-exposure-endurance-example-length-and-you-will-bankroll/ HTTP/1.1" 200 99107 "-" "Mozilla/5.0 AppleWebKit/537.36 (KHTML, like Gecko; compatible; bingbot/2.0; +http://www.bing.com/bingbot.htm) Chrome/116.0.1938.76 Safari/537.36"
40.77.167.151 - - [23/Aug/2026:16:10:37 +0800] "GET /ggpoker-exposed-the-sharp-edge-of-online-play/ HTTP/1.1" 200 98936 "-" "Mozilla/5.0 AppleWebKit/537.36 (KHTML, like Gecko; compatible; bingbot/2.0; +http://www.bing.com/bingbot.htm) Chrome/116.0.1938.76 Safari/537.36"
124.150.132.81 - - [23/Aug/2026:16:10:33 +0800] "POST /wp-cron.php?doing_wp_cron=1787472633.7933049201965332031250 HTTP/1.1" 200 5843 "-" "WordPress/7.1; https://rajlaw.com.tw"
36.133.56.203 - - [23/Aug/2026:16:12:58 +0800] "GET /10-casinos4u-app-2026-finest-craps-online-casinos-the-real-deal-money-in-2026/ HTTP/1.1" 500 79263 "https://rajlaw.com.tw/7-greatest-a-real-income-on-line-craps-cobber-casino-bonus-code-websites-2026/" "Mozilla/5.0 (Windows NT 10.0; Win64; x64) AppleWebKit/537.36 (KHTML, like Gecko) Chrome/142.0.0.0 Safari/537.36"
52.167.144.236 - - [23/Aug/2026:16:12:58 +0800] "GET /%E8%97%8F%E5%A3%BD%E5%8F%B8%E6%97%A5%E6%9C%AC9%E6%9C%88%E8%8F%9C%E5%96%AE%E6%94%B9%E5%83%B9%EF%BC%81%E9%AE%AD%E9%AD%9A%E5%A3%BD%E5%8F%B8%E6%BC%B2%E8%87%B3120%E6%97%A5%E5%9C%93%E3%80%8137%E5%93%81/ HTTP/1.1" 200 96510 "-" "Mozilla/5.0 AppleWebKit/537.36 (KHTML, like Gecko; compatible; bingbot/2.0; +http://www.bing.com/bingbot.htm) Chrome/116.0.1938.76 Safari/537.36"
124.150.132.81 - - [23/Aug/2026:16:13:03 +0800] "POST /wp-cron.php?doing_wp_cron=1787472783.6203980445861816406250 HTTP/1.1" 200 5843 "-" "WordPress/7.1; https://rajlaw.com.tw"
52.167.144.236 - - [23/Aug/2026:16:13:08 +0800] "GET /%E5%8F%B0%E5%8D%97%E5%AD%B8%E6%A0%A1%E5%8D%88%E9%A4%90%E5%BB%9A%E8%97%9D%E7%AB%B6%E8%B3%BD%E6%88%90%E6%9E%9C%E5%85%AC%E9%96%8B%E3%80%80%E7%B4%80%E9%8C%84%E7%89%87%E6%8F%AD%E9%96%8B%E6%A0%A1%E5%9C%92/ HTTP/1.1" 200 90255 "-" "Mozilla/5.0 AppleWebKit/537.36 (KHTML, like Gecko; compatible; bingbot/2.0; +http://www.bing.com/bingbot.htm) Chrome/116.0.1938.76 Safari/537.36"
36.138.81.171 - - [23/Aug/2026:16:13:09 +0800] "GET /10-casinos4u-app-2026-finest-craps-online-casinos-the-real-deal-money-in-2026/ HTTP/1.1" 200 96550 "https://rajlaw.com.tw/7-greatest-a-real-income-on-line-craps-cobber-casino-bonus-code-websites-2026/" "Mozilla/5.0 (Windows NT 10.0; Win64; x64) AppleWebKit/537.36 (KHTML, like Gecko) Chrome/142.0.0.0 Safari/537.36"
