17.22.245.48 - - [23/Aug/2026:13:23:45 +0800] "GET /wp-content/plugins/everest-forms/assets/css/everest-forms.css?ver=3.0.9.3 HTTP/1.1" 200 100836 "https://rajlaw.com.tw/%e7%b2%be%e6%b9%9b%e4%ba%a4%e9%80%9a%e5%b7%a5%e6%a5%ad%e6%8a%95%e8%b3%875-1%e5%84%84%e5%85%83%e9%80%b2%e9%a7%90%e4%b8%83%e8%82%a1%e7%a7%91%e5%b7%a5%e5%8d%80%e3%80%80%e5%b0%8e%e5%85%a5%e6%99%ba/" "Mozilla/5.0 (Macintosh; Intel Mac OS X 10_15_7) AppleWebKit/605.1.15 (KHTML, like Gecko) Version/17.4 Safari/605.1.15 (Applebot/0.1; +http://www.apple.com/go/applebot)"
17.22.245.48 - - [23/Aug/2026:13:23:46 +0800] "GET /wp-includes/css/dashicons.min.css?ver=7.1 HTTP/1.1" 200 59419 "https://rajlaw.com.tw/%e7%b2%be%e6%b9%9b%e4%ba%a4%e9%80%9a%e5%b7%a5%e6%a5%ad%e6%8a%95%e8%b3%875-1%e5%84%84%e5%85%83%e9%80%b2%e9%a7%90%e4%b8%83%e8%82%a1%e7%a7%91%e5%b7%a5%e5%8d%80%e3%80%80%e5%b0%8e%e5%85%a5%e6%99%ba/" "Mozilla/5.0 (Macintosh; Intel Mac OS X 10_15_7) AppleWebKit/605.1.15 (KHTML, like Gecko) Version/17.4 Safari/605.1.15 (Applebot/0.1; +http://www.apple.com/go/applebot)"
17.22.245.48 - - [23/Aug/2026:13:23:48 +0800] "GET /wp-content/themes/zakra/assets/js/skip-link-focus-fix.min.js?ver=4.0.6 HTTP/1.1" 200 666 "https://rajlaw.com.tw/%e7%b2%be%e6%b9%9b%e4%ba%a4%e9%80%9a%e5%b7%a5%e6%a5%ad%e6%8a%95%e8%b3%875-1%e5%84%84%e5%85%83%e9%80%b2%e9%a7%90%e4%b8%83%e8%82%a1%e7%a7%91%e5%b7%a5%e5%8d%80%e3%80%80%e5%b0%8e%e5%85%a5%e6%99%ba/" "Mozilla/5.0 (Macintosh; Intel Mac OS X 10_15_7) AppleWebKit/605.1.15 (KHTML, like Gecko) Version/17.4 Safari/605.1.15 (Applebot/0.1; +http://www.apple.com/go/applebot)"
17.22.245.48 - - [23/Aug/2026:13:23:49 +0800] "GET /wp-content/themes/zakra/assets/js/zakra-custom.min.js?ver=4.0.6 HTTP/1.1" 200 5825 "https://rajlaw.com.tw/%e7%b2%be%e6%b9%9b%e4%ba%a4%e9%80%9a%e5%b7%a5%e6%a5%ad%e6%8a%95%e8%b3%875-1%e5%84%84%e5%85%83%e9%80%b2%e9%a7%90%e4%b8%83%e8%82%a1%e7%a7%91%e5%b7%a5%e5%8d%80%e3%80%80%e5%b0%8e%e5%85%a5%e6%99%ba/" "Mozilla/5.0 (Macintosh; Intel Mac OS X 10_15_7) AppleWebKit/605.1.15 (KHTML, like Gecko) Version/17.4 Safari/605.1.15 (Applebot/0.1; +http://www.apple.com/go/applebot)"
66.249.69.66 - - [23/Aug/2026:13:23:46 +0800] "GET /financial-import-casinos-152-roman-legion-slot-free-spins-sites-acknowledging-dumps-inside-2026/ HTTP/1.1" 200 96691 "-" "Mozilla/5.0 (Linux; Android 6.0.1; Nexus 5X Build/MMB29P) AppleWebKit/537.36 (KHTML, like Gecko) Chrome/151.0.7922.137 Mobile Safari/537.36 (compatible; Googlebot/2.1; +http://www.google.com/bot.html)"
17.22.245.48 - - [23/Aug/2026:13:23:51 +0800] "GET /wp-includes/js/wp-emoji-release.min.js?ver=7.1 HTTP/1.1" 200 23123 "https://rajlaw.com.tw/%e7%b2%be%e6%b9%9b%e4%ba%a4%e9%80%9a%e5%b7%a5%e6%a5%ad%e6%8a%95%e8%b3%875-1%e5%84%84%e5%85%83%e9%80%b2%e9%a7%90%e4%b8%83%e8%82%a1%e7%a7%91%e5%b7%a5%e5%8d%80%e3%80%80%e5%b0%8e%e5%85%a5%e6%99%ba/" "Mozilla/5.0 (Macintosh; Intel Mac OS X 10_15_7) AppleWebKit/605.1.15 (KHTML, like Gecko) Version/17.4 Safari/605.1.15 (Applebot/0.1; +http://www.apple.com/go/applebot)"
66.249.71.227 - - [23/Aug/2026:13:24:48 +0800] "GET /if-you-enjoy-variety-and-you-may-good-sized-crypto-friendly-incentives-aspirations-gambling-enterprise-might-possibly-be-value-looking-at/ HTTP/1.1" 200 97410 "-" "Mozilla/5.0 (Linux; Android 6.0.1; Nexus 5X Build/MMB29P) AppleWebKit/537.36 (KHTML, like Gecko) Chrome/151.0.7922.137 Mobile Safari/537.36 (compatible; Googlebot/2.1; +http://www.google.com/bot.html)"
66.249.69.68 - - [23/Aug/2026:13:25:16 +0800] "GET /so-you-can-allege-the-award-the-very-first-time-you-will-have-to-be-sure-your-bank-account/ HTTP/1.1" 200 96789 "-" "Mozilla/5.0 (Linux; Android 6.0.1; Nexus 5X Build/MMB29P) AppleWebKit/537.36 (KHTML, like Gecko) Chrome/151.0.7922.137 Mobile Safari/537.36 (compatible; GoogleOther)"
114.119.152.143 - - [23/Aug/2026:13:25:24 +0800] "GET /connexion-hellspin-casino-porte-vers-lor/ HTTP/1.1" 200 97920 "https://rajlaw.com.tw/vinna-stor-pa-winota-utan-stress/" "Mozilla/5.0 (Linux; Android 7.0;) AppleWebKit/537.36 (HTML, like Gecko) Mobile Safari/537.36 (compatible; PetalBot;+https://webmaster.petalsearch.com/site/petalbot)"
182.234.228.88 - - [23/Aug/2026:13:26:23 +0800] "GET /%E5%8F%B0%E7%81%A3ai%E6%96%B0%E5%89%B5%E6%8A%95%E8%B3%87%E7%86%B1%E6%BD%AE%E5%8D%87%E6%BA%AB%EF%BC%81veloflow-ai%E6%8E%A2%E7%B4%A2%E7%94%9F%E6%88%90%E5%BC%8Fai%E5%95%86%E6%A5%AD%E6%A8%A1%E5%BC%8F/ HTTP/1.1" 200 95722 "https://www.google.com/" "Mozilla/5.0 (iPhone; CPU iPhone OS 18_7 like Mac OS X) AppleWebKit/605.1.15 (KHTML, like Gecko) Version/26.5.2 Mobile/15E148 Safari/604.1"
182.234.228.88 - - [23/Aug/2026:13:26:27 +0800] "GET /wp-includes/css/dashicons.min.css?ver=7.1 HTTP/1.1" 200 64001 "https://rajlaw.com.tw/%E5%8F%B0%E7%81%A3ai%E6%96%B0%E5%89%B5%E6%8A%95%E8%B3%87%E7%86%B1%E6%BD%AE%E5%8D%87%E6%BA%AB%EF%BC%81veloflow-ai%E6%8E%A2%E7%B4%A2%E7%94%9F%E6%88%90%E5%BC%8Fai%E5%95%86%E6%A5%AD%E6%A8%A1%E5%BC%8F/" "Mozilla/5.0 (iPhone; CPU iPhone OS 18_7 like Mac OS X) AppleWebKit/605.1.15 (KHTML, like Gecko) Version/26.5.2 Mobile/15E148 Safari/604.1"
182.234.228.88 - - [23/Aug/2026:13:26:27 +0800] "GET /wp-content/themes/zakra/style.css?ver=4.0.6 HTTP/1.1" 200 106819 "https://rajlaw.com.tw/%E5%8F%B0%E7%81%A3ai%E6%96%B0%E5%89%B5%E6%8A%95%E8%B3%87%E7%86%B1%E6%BD%AE%E5%8D%87%E6%BA%AB%EF%BC%81veloflow-ai%E6%8E%A2%E7%B4%A2%E7%94%9F%E6%88%90%E5%BC%8Fai%E5%95%86%E6%A5%AD%E6%A8%A1%E5%BC%8F/" "Mozilla/5.0 (iPhone; CPU iPhone OS 18_7 like Mac OS X) AppleWebKit/605.1.15 (KHTML, like Gecko) Version/26.5.2 Mobile/15E148 Safari/604.1"
182.234.228.88 - - [23/Aug/2026:13:26:27 +0800] "GET /wp-content/themes/zakra/assets/js/navigation.min.js?ver=4.0.6 HTTP/1.1" 200 4809 "https://rajlaw.com.tw/%E5%8F%B0%E7%81%A3ai%E6%96%B0%E5%89%B5%E6%8A%95%E8%B3%87%E7%86%B1%E6%BD%AE%E5%8D%87%E6%BA%AB%EF%BC%81veloflow-ai%E6%8E%A2%E7%B4%A2%E7%94%9F%E6%88%90%E5%BC%8Fai%E5%95%86%E6%A5%AD%E6%A8%A1%E5%BC%8F/" "Mozilla/5.0 (iPhone; CPU iPhone OS 18_7 like Mac OS X) AppleWebKit/605.1.15 (KHTML, like Gecko) Version/26.5.2 Mobile/15E148 Safari/604.1"
182.234.228.88 - - [23/Aug/2026:13:26:27 +0800] "GET /wp-content/plugins/everest-forms/assets/css/everest-forms.css?ver=3.0.9.3 HTTP/1.1" 200 100974 "https://rajlaw.com.tw/%E5%8F%B0%E7%81%A3ai%E6%96%B0%E5%89%B5%E6%8A%95%E8%B3%87%E7%86%B1%E6%BD%AE%E5%8D%87%E6%BA%AB%EF%BC%81veloflow-ai%E6%8E%A2%E7%B4%A2%E7%94%9F%E6%88%90%E5%BC%8Fai%E5%95%86%E6%A5%AD%E6%A8%A1%E5%BC%8F/" "Mozilla/5.0 (iPhone; CPU iPhone OS 18_7 like Mac OS X) AppleWebKit/605.1.15 (KHTML, like Gecko) Version/26.5.2 Mobile/15E148 Safari/604.1"
182.234.228.88 - - [23/Aug/2026:13:26:27 +0800] "GET /wp-content/themes/zakra/assets/js/skip-link-focus-fix.min.js?ver=4.0.6 HTTP/1.1" 200 666 "https://rajlaw.com.tw/%E5%8F%B0%E7%81%A3ai%E6%96%B0%E5%89%B5%E6%8A%95%E8%B3%87%E7%86%B1%E6%BD%AE%E5%8D%87%E6%BA%AB%EF%BC%81veloflow-ai%E6%8E%A2%E7%B4%A2%E7%94%9F%E6%88%90%E5%BC%8Fai%E5%95%86%E6%A5%AD%E6%A8%A1%E5%BC%8F/" "Mozilla/5.0 (iPhone; CPU iPhone OS 18_7 like Mac OS X) AppleWebKit/605.1.15 (KHTML, like Gecko) Version/26.5.2 Mobile/15E148 Safari/604.1"
182.234.228.88 - - [23/Aug/2026:13:26:27 +0800] "GET /wp-content/plugins/everest-forms/assets/css/intlTelInput.css?ver=3.0.9.3 HTTP/1.1" 200 50441 "https://rajlaw.com.tw/%E5%8F%B0%E7%81%A3ai%E6%96%B0%E5%89%B5%E6%8A%95%E8%B3%87%E7%86%B1%E6%BD%AE%E5%8D%87%E6%BA%AB%EF%BC%81veloflow-ai%E6%8E%A2%E7%B4%A2%E7%94%9F%E6%88%90%E5%BC%8Fai%E5%95%86%E6%A5%AD%E6%A8%A1%E5%BC%8F/" "Mozilla/5.0 (iPhone; CPU iPhone OS 18_7 like Mac OS X) AppleWebKit/605.1.15 (KHTML, like Gecko) Version/26.5.2 Mobile/15E148 Safari/604.1"
182.234.228.88 - - [23/Aug/2026:13:26:27 +0800] "GET /wp-content/themes/zakra/assets/js/zakra-custom.min.js?ver=4.0.6 HTTP/1.1" 200 5825 "https://rajlaw.com.tw/%E5%8F%B0%E7%81%A3ai%E6%96%B0%E5%89%B5%E6%8A%95%E8%B3%87%E7%86%B1%E6%BD%AE%E5%8D%87%E6%BA%AB%EF%BC%81veloflow-ai%E6%8E%A2%E7%B4%A2%E7%94%9F%E6%88%90%E5%BC%8Fai%E5%95%86%E6%A5%AD%E6%A8%A1%E5%BC%8F/" "Mozilla/5.0 (iPhone; CPU iPhone OS 18_7 like Mac OS X) AppleWebKit/605.1.15 (KHTML, like Gecko) Version/26.5.2 Mobile/15E148 Safari/604.1"
182.234.228.88 - - [23/Aug/2026:13:26:27 +0800] "GET /wp-content/themes/zakra/inc/customizer/customind/assets/fontawesome/v6/css/all.min.css?ver=6.2.4 HTTP/1.1" 200 108095 "https://rajlaw.com.tw/%E5%8F%B0%E7%81%A3ai%E6%96%B0%E5%89%B5%E6%8A%95%E8%B3%87%E7%86%B1%E6%BD%AE%E5%8D%87%E6%BA%AB%EF%BC%81veloflow-ai%E6%8E%A2%E7%B4%A2%E7%94%9F%E6%88%90%E5%BC%8Fai%E5%95%86%E6%A5%AD%E6%A8%A1%E5%BC%8F/" "Mozilla/5.0 (iPhone; CPU iPhone OS 18_7 like Mac OS X) AppleWebKit/605.1.15 (KHTML, like Gecko) Version/26.5.2 Mobile/15E148 Safari/604.1"
182.234.228.88 - - [23/Aug/2026:13:26:27 +0800] "GET /wp-content/uploads/2025/03/logo-removebg-preview-e1741353740950.png HTTP/1.1" 200 75681 "https://rajlaw.com.tw/%E5%8F%B0%E7%81%A3ai%E6%96%B0%E5%89%B5%E6%8A%95%E8%B3%87%E7%86%B1%E6%BD%AE%E5%8D%87%E6%BA%AB%EF%BC%81veloflow-ai%E6%8E%A2%E7%B4%A2%E7%94%9F%E6%88%90%E5%BC%8Fai%E5%95%86%E6%A5%AD%E6%A8%A1%E5%BC%8F/" "Mozilla/5.0 (iPhone; CPU iPhone OS 18_7 like Mac OS X) AppleWebKit/605.1.15 (KHTML, like Gecko) Version/26.5.2 Mobile/15E148 Safari/604.1"
182.234.228.88 - - [23/Aug/2026:13:26:27 +0800] "GET /wp-content/uploads/2026/08/GpBczxecnA0Y63FOQNhOpqIYbWKSogvznznEEFg4.png HTTP/1.1" 200 2269879 "https://rajlaw.com.tw/%E5%8F%B0%E7%81%A3ai%E6%96%B0%E5%89%B5%E6%8A%95%E8%B3%87%E7%86%B1%E6%BD%AE%E5%8D%87%E6%BA%AB%EF%BC%81veloflow-ai%E6%8E%A2%E7%B4%A2%E7%94%9F%E6%88%90%E5%BC%8Fai%E5%95%86%E6%A5%AD%E6%A8%A1%E5%BC%8F/" "Mozilla/5.0 (iPhone; CPU iPhone OS 18_7 like Mac OS X) AppleWebKit/605.1.15 (KHTML, like Gecko) Version/26.5.2 Mobile/15E148 Safari/604.1"
182.234.228.88 - - [23/Aug/2026:13:26:28 +0800] "GET /wp-content/themes/zakra/assets/fonts/themegrill-icons.woff2?5d42b271f668d2d6461ba91fc5a5a839 HTTP/1.1" 200 1622 "https://rajlaw.com.tw/%E5%8F%B0%E7%81%A3ai%E6%96%B0%E5%89%B5%E6%8A%95%E8%B3%87%E7%86%B1%E6%BD%AE%E5%8D%87%E6%BA%AB%EF%BC%81veloflow-ai%E6%8E%A2%E7%B4%A2%E7%94%9F%E6%88%90%E5%BC%8Fai%E5%95%86%E6%A5%AD%E6%A8%A1%E5%BC%8F/" "Mozilla/5.0 (iPhone; CPU iPhone OS 18_7 like Mac OS X) AppleWebKit/605.1.15 (KHTML, like Gecko) Version/26.5.2 Mobile/15E148 Safari/604.1"
182.234.228.88 - - [23/Aug/2026:13:26:28 +0800] "GET /wp-content/themes/zakra/inc/customizer/customind/assets/fontawesome/v6/webfonts/fa-brands-400.woff2 HTTP/1.1" 200 118361 "https://rajlaw.com.tw/%E5%8F%B0%E7%81%A3ai%E6%96%B0%E5%89%B5%E6%8A%95%E8%B3%87%E7%86%B1%E6%BD%AE%E5%8D%87%E6%BA%AB%EF%BC%81veloflow-ai%E6%8E%A2%E7%B4%A2%E7%94%9F%E6%88%90%E5%BC%8Fai%E5%95%86%E6%A5%AD%E6%A8%A1%E5%BC%8F/" "Mozilla/5.0 (iPhone; CPU iPhone OS 18_7 like Mac OS X) AppleWebKit/605.1.15 (KHTML, like Gecko) Version/26.5.2 Mobile/15E148 Safari/604.1"
182.234.228.88 - - [23/Aug/2026:13:26:28 +0800] "GET /wp-includes/js/wp-emoji-release.min.js?ver=7.1 HTTP/1.1" 200 23123 "https://rajlaw.com.tw/%E5%8F%B0%E7%81%A3ai%E6%96%B0%E5%89%B5%E6%8A%95%E8%B3%87%E7%86%B1%E6%BD%AE%E5%8D%87%E6%BA%AB%EF%BC%81veloflow-ai%E6%8E%A2%E7%B4%A2%E7%94%9F%E6%88%90%E5%BC%8Fai%E5%95%86%E6%A5%AD%E6%A8%A1%E5%BC%8F/" "Mozilla/5.0 (iPhone; CPU iPhone OS 18_7 like Mac OS X) AppleWebKit/605.1.15 (KHTML, like Gecko) Version/26.5.2 Mobile/15E148 Safari/604.1"
182.234.228.88 - - [23/Aug/2026:13:26:28 +0800] "GET /wp-content/themes/zakra/inc/customizer/customind/assets/fontawesome/v6/webfonts/fa-solid-900.woff2 HTTP/1.1" 200 156967 "https://rajlaw.com.tw/%E5%8F%B0%E7%81%A3ai%E6%96%B0%E5%89%B5%E6%8A%95%E8%B3%87%E7%86%B1%E6%BD%AE%E5%8D%87%E6%BA%AB%EF%BC%81veloflow-ai%E6%8E%A2%E7%B4%A2%E7%94%9F%E6%88%90%E5%BC%8Fai%E5%95%86%E6%A5%AD%E6%A8%A1%E5%BC%8F/" "Mozilla/5.0 (iPhone; CPU iPhone OS 18_7 like Mac OS X) AppleWebKit/605.1.15 (KHTML, like Gecko) Version/26.5.2 Mobile/15E148 Safari/604.1"
182.234.228.88 - - [23/Aug/2026:13:26:28 +0800] "GET /wp-content/themes/zakra/123.jpg HTTP/1.1" 200 455955 "https://rajlaw.com.tw/%E5%8F%B0%E7%81%A3ai%E6%96%B0%E5%89%B5%E6%8A%95%E8%B3%87%E7%86%B1%E6%BD%AE%E5%8D%87%E6%BA%AB%EF%BC%81veloflow-ai%E6%8E%A2%E7%B4%A2%E7%94%9F%E6%88%90%E5%BC%8Fai%E5%95%86%E6%A5%AD%E6%A8%A1%E5%BC%8F/" "Mozilla/5.0 (iPhone; CPU iPhone OS 18_7 like Mac OS X) AppleWebKit/605.1.15 (KHTML, like Gecko) Version/26.5.2 Mobile/15E148 Safari/604.1"
182.234.228.88 - - [23/Aug/2026:13:26:28 +0800] "GET /wp-content/themes/zakra/inc/customizer/customind/assets/fontawesome/v6/webfonts/fa-v4compatibility.woff2 HTTP/1.1" 200 5095 "https://rajlaw.com.tw/%E5%8F%B0%E7%81%A3ai%E6%96%B0%E5%89%B5%E6%8A%95%E8%B3%87%E7%86%B1%E6%BD%AE%E5%8D%87%E6%BA%AB%EF%BC%81veloflow-ai%E6%8E%A2%E7%B4%A2%E7%94%9F%E6%88%90%E5%BC%8Fai%E5%95%86%E6%A5%AD%E6%A8%A1%E5%BC%8F/" "Mozilla/5.0 (iPhone; CPU iPhone OS 18_7 like Mac OS X) AppleWebKit/605.1.15 (KHTML, like Gecko) Version/26.5.2 Mobile/15E148 Safari/604.1"
182.234.228.88 - - [23/Aug/2026:13:26:27 +0800] "GET /uploaded/blog/content/blog_content_image1785899793513410722.png HTTP/1.1" 404 82178 "https://rajlaw.com.tw/%E5%8F%B0%E7%81%A3ai%E6%96%B0%E5%89%B5%E6%8A%95%E8%B3%87%E7%86%B1%E6%BD%AE%E5%8D%87%E6%BA%AB%EF%BC%81veloflow-ai%E6%8E%A2%E7%B4%A2%E7%94%9F%E6%88%90%E5%BC%8Fai%E5%95%86%E6%A5%AD%E6%A8%A1%E5%BC%8F/" "Mozilla/5.0 (iPhone; CPU iPhone OS 18_7 like Mac OS X) AppleWebKit/605.1.15 (KHTML, like Gecko) Version/26.5.2 Mobile/15E148 Safari/604.1"
182.234.228.88 - - [23/Aug/2026:13:26:28 +0800] "GET /uploaded/blog/content/blog_content_image1785899871436743436.png HTTP/1.1" 404 82178 "https://rajlaw.com.tw/%E5%8F%B0%E7%81%A3ai%E6%96%B0%E5%89%B5%E6%8A%95%E8%B3%87%E7%86%B1%E6%BD%AE%E5%8D%87%E6%BA%AB%EF%BC%81veloflow-ai%E6%8E%A2%E7%B4%A2%E7%94%9F%E6%88%90%E5%BC%8Fai%E5%95%86%E6%A5%AD%E6%A8%A1%E5%BC%8F/" "Mozilla/5.0 (iPhone; CPU iPhone OS 18_7 like Mac OS X) AppleWebKit/605.1.15 (KHTML, like Gecko) Version/26.5.2 Mobile/15E148 Safari/604.1"
182.234.228.88 - - [23/Aug/2026:13:26:31 +0800] "GET /favicon.ico HTTP/1.1" 302 1395 "https://rajlaw.com.tw/%E5%8F%B0%E7%81%A3ai%E6%96%B0%E5%89%B5%E6%8A%95%E8%B3%87%E7%86%B1%E6%BD%AE%E5%8D%87%E6%BA%AB%EF%BC%81veloflow-ai%E6%8E%A2%E7%B4%A2%E7%94%9F%E6%88%90%E5%BC%8Fai%E5%95%86%E6%A5%AD%E6%A8%A1%E5%BC%8F/" "Mozilla/5.0 (iPhone; CPU iPhone OS 18_7 like Mac OS X) AppleWebKit/605.1.15 (KHTML, like Gecko) Version/26.5.2 Mobile/15E148 Safari/604.1"
182.234.228.88 - - [23/Aug/2026:13:26:34 +0800] "GET /wp-content/uploads/2025/03/%E9%95%B7%E5%AE%89logo-150x150.png HTTP/1.1" 200 12612 "https://rajlaw.com.tw/%E5%8F%B0%E7%81%A3ai%E6%96%B0%E5%89%B5%E6%8A%95%E8%B3%87%E7%86%B1%E6%BD%AE%E5%8D%87%E6%BA%AB%EF%BC%81veloflow-ai%E6%8E%A2%E7%B4%A2%E7%94%9F%E6%88%90%E5%BC%8Fai%E5%95%86%E6%A5%AD%E6%A8%A1%E5%BC%8F/" "Mozilla/5.0 (iPhone; CPU iPhone OS 18_7 like Mac OS X) AppleWebKit/605.1.15 (KHTML, like Gecko) Version/26.5.2 Mobile/15E148 Safari/604.1"
66.249.69.67 - - [23/Aug/2026:13:26:51 +0800] "GET /why-dont-we-dig-deeper-on-the-each-type-to-know-what-means-they-are-unique/ HTTP/1.1" 200 96210 "-" "Mozilla/5.0 (Linux; Android 6.0.1; Nexus 5X Build/MMB29P) AppleWebKit/537.36 (KHTML, like Gecko) Chrome/151.0.7922.137 Mobile Safari/537.36 (compatible; Googlebot/2.1; +http://www.google.com/bot.html)"
36.131.194.179 - - [23/Aug/2026:13:26:57 +0800] "GET /%e5%8a%8d%e9%ba%9f%e5%8b%95%e8%83%bd%e7%a9%a9-h1%e7%87%9f%e6%94%b6%e6%8c%81%e7%a9%a9 HTTP/1.1" 301 6142 "-" "Mozilla/5.0 (Windows NT 10.0; Win64; x64) AppleWebKit/537.36 (KHTML, like Gecko) Chrome/144.0.0.0 Safari/537.36"
36.131.194.179 - - [23/Aug/2026:13:27:00 +0800] "GET /%e5%8a%8d%e9%ba%9f%e5%8b%95%e8%83%bd%e7%a9%a9-h1%e7%87%9f%e6%94%b6%e6%8c%81%e7%a9%a9/ HTTP/1.1" 200 87398 "-" "Mozilla/5.0 (Windows NT 10.0; Win64; x64) AppleWebKit/537.36 (KHTML, like Gecko) Chrome/144.0.0.0 Safari/537.36"
36.140.129.246 - - [23/Aug/2026:13:27:09 +0800] "GET /%E8%87%BA%E5%8D%97%E5%8D%97%E5%8D%80%E3%80%8C%E9%96%8B%E5%8D%97%E5%AE%89%E5%B1%85%E3%80%8D%E7%A4%BE%E5%AE%858%E6%9C%8814%E6%97%A5%E8%B5%B7%E6%8B%9B%E7%A7%9F%E3%80%80300%E6%88%B6%E5%8D%B3%E6%97%A5/ HTTP/1.1" 200 94098 "https://rajlaw.com.tw/the-ultimate-guide-to-mobile-gaming-at-payid-pokies-australia-play-anywhere-anytime/" "Mozilla/5.0 (Windows NT 10.0; Win64; x64) AppleWebKit/537.36 (KHTML, like Gecko) Chrome/145.0.0.0 Safari/537.36 Edg/145.0.0.0"
114.119.145.233 - - [23/Aug/2026:13:27:20 +0800] "GET /blog1/10 HTTP/1.1" 301 5943 "https://rajlaw.com.tw/blog1/" "Mozilla/5.0 (Linux; Android 7.0;) AppleWebKit/537.36 (HTML, like Gecko) Mobile Safari/537.36 (compatible; PetalBot;+https://webmaster.petalsearch.com/site/petalbot)"
114.119.145.233 - - [23/Aug/2026:13:27:23 +0800] "GET /blog1/ HTTP/1.1" 200 122266 "https://rajlaw.com.tw/blog1/" "Mozilla/5.0 (Linux; Android 7.0;) AppleWebKit/537.36 (HTML, like Gecko) Mobile Safari/537.36 (compatible; PetalBot;+https://webmaster.petalsearch.com/site/petalbot)"
66.249.82.36 - - [23/Aug/2026:13:28:34 +0800] "GET /.well-known/traffic-advice HTTP/1.1" 404 86794 "-" "Chrome Privacy Preserving Prefetch Proxy"
162.120.184.235 - - [23/Aug/2026:13:28:34 +0800] "GET /%E5%8F%B0%E7%A9%8D%E9%9B%BB%E6%93%B4%E7%94%A2%E5%86%8D%E5%8A%A0%E7%A2%BC%EF%BC%812026%E5%B9%B4%E8%B3%87%E6%9C%AC%E9%A0%90%E7%AE%97607%E5%84%84%E7%BE%8E%E5%85%83%E9%80%BC%E8%BF%912%E5%85%86%E5%85%83/ HTTP/1.1" 200 99892 "https://www.google.com/" "Mozilla/5.0 (Macintosh; Intel Mac OS X 10_15_7) AppleWebKit/537.36 (KHTML, like Gecko) Chrome/151.0.0.0 Safari/537.36"
114.119.154.113 - - [23/Aug/2026:13:29:14 +0800] "GET /category/casino-de/ HTTP/1.1" 200 97077 "https://rajlaw.com.tw/paysafecard-online-casino-im-vergleich-vor-der/" "Mozilla/5.0 (Linux; Android 7.0;) AppleWebKit/537.36 (HTML, like Gecko) Mobile Safari/537.36 (compatible; PetalBot;+https://webmaster.petalsearch.com/site/petalbot)"
124.150.132.81 - - [23/Aug/2026:13:29:20 +0800] "POST /wp-cron.php?doing_wp_cron=1787462960.0397849082946777343750 HTTP/1.1" 500 8614 "-" "WordPress/7.1; https://rajlaw.com.tw"
36.139.98.204 - - [23/Aug/2026:13:31:02 +0800] "GET /codice-betty-spin-senza-deposito-bonus-immediato/ HTTP/1.1" 200 98598 "https://rajlaw.com.tw/spinsahara-at-dein-glucksstaubfanger/" "Mozilla/5.0 (Macintosh; Intel Mac OS X 10_15_7) AppleWebKit/537.36 (KHTML, like Gecko) Chrome/144.0.0.0 Safari/537.36"
114.119.131.210 - - [23/Aug/2026:13:31:08 +0800] "GET /%e8%82%af%e5%ae%9a%e7%ac%ac10%e5%b1%86%e5%9c%8b%e5%ae%b6%e7%92%b0%e5%a2%83%e6%95%99%e8%82%b2%e7%8d%8e%e7%8d%b2%e7%8d%8e%e8%80%85-%e9%bb%83%e5%81%89%e5%93%b2%e7%9b%bc%e7%99%bc%e6%8f%ae%e7%a4%ba/ HTTP/1.1" 200 94864 "https://rajlaw.com.tw/category/%e7%a4%be%e6%9c%83%e6%94%bf%e6%b2%bb/" "Mozilla/5.0 (Linux; Android 7.0;) AppleWebKit/537.36 (HTML, like Gecko) Mobile Safari/537.36 (compatible; PetalBot;+https://webmaster.petalsearch.com/site/petalbot)"
157.55.39.223 - - [23/Aug/2026:13:31:14 +0800] "GET /robots.txt HTTP/1.1" 200 6163 "-" "Mozilla/5.0 AppleWebKit/537.36 (KHTML, like Gecko; compatible; bingbot/2.0; +http://www.bing.com/bingbot.htm) Chrome/116.0.1938.76 Safari/537.36"
36.138.181.123 - - [23/Aug/2026:13:31:12 +0800] "GET /codice-betty-spin-senza-deposito-bonus-immediato/ HTTP/1.1" 200 98598 "https://rajlaw.com.tw/spinsahara-at-dein-glucksstaubfanger/" "Mozilla/5.0 (Macintosh; Intel Mac OS X 10_15_7) AppleWebKit/537.36 (KHTML, like Gecko) Chrome/144.0.0.0 Safari/537.36"
40.77.167.79 - - [23/Aug/2026:13:31:16 +0800] "GET /il-premio-privato-di-fondo-bourlingue-ovvio-assolutamente-al-umanita-dellattivazione-del-vantaggio-inganno-sul-allibratore-selezionato/ HTTP/1.1" 200 95079 "-" "Mozilla/5.0 AppleWebKit/537.36 (KHTML, like Gecko; compatible; bingbot/2.0; +http://www.bing.com/bingbot.htm) Chrome/116.0.1938.76 Safari/537.36"
57.141.8.14 - - [23/Aug/2026:13:31:15 +0800] "GET / HTTP/1.1" 200 139932 "-" "facebookexternalhit/1.1 (+http://www.facebook.com/externalhit_uatext.php)"
36.212.245.166 - - [23/Aug/2026:13:31:23 +0800] "GET /codice-betty-spin-senza-deposito-bonus-immediato/ HTTP/1.1" 200 98598 "https://rajlaw.com.tw/spinsahara-at-dein-glucksstaubfanger/" "Mozilla/5.0 (Macintosh; Intel Mac OS X 10_15_7) AppleWebKit/537.36 (KHTML, like Gecko) Chrome/144.0.0.0 Safari/537.36"
66.249.71.226 - - [23/Aug/2026:13:31:47 +0800] "GET /rtg-powered-casinos-also-provide-a-downloadable-visitors-getting-screen-pages-just-who-prefer-offline-access/ HTTP/1.1" 200 97281 "-" "Mozilla/5.0 (Linux; Android 6.0.1; Nexus 5X Build/MMB29P) AppleWebKit/537.36 (KHTML, like Gecko) Chrome/151.0.7922.137 Mobile Safari/537.36 (compatible; Googlebot/2.1; +http://www.google.com/bot.html)"
124.150.132.81 - - [23/Aug/2026:13:31:06 +0800] "POST /wp-cron.php?doing_wp_cron=1787463066.7676379680633544921875 HTTP/1.1" 200 5843 "-" "WordPress/7.1; https://rajlaw.com.tw"
40.77.167.79 - - [23/Aug/2026:13:32:09 +0800] "GET /%E5%8F%B0%E4%B8%AD%E8%87%AA%E5%8A%A9%E6%B4%97%E8%A1%A3%E6%8E%A8%E8%96%A6%EF%BD%9C%E5%AF%A6%E9%9A%9B%E8%B5%B0%E8%A8%AA%E9%80%A2%E7%94%B2%E8%87%AA%E5%8A%A9%E6%B4%97%E8%A1%A3%E5%BA%97%EF%BC%8C%E5%BE%9E/ HTTP/1.1" 200 99881 "-" "Mozilla/5.0 AppleWebKit/537.36 (KHTML, like Gecko; compatible; bingbot/2.0; +http://www.bing.com/bingbot.htm) Chrome/116.0.1938.76 Safari/537.36"
40.77.167.79 - - [23/Aug/2026:13:32:14 +0800] "GET /you-can-put-and-you-may-withdraw-in-minutes-stop-many-charge-and-stay-unknown-if-you-want/ HTTP/1.1" 200 90233 "-" "Mozilla/5.0 AppleWebKit/537.36 (KHTML, like Gecko; compatible; bingbot/2.0; +http://www.bing.com/bingbot.htm) Chrome/116.0.1938.76 Safari/537.36"
52.167.144.187 - - [23/Aug/2026:13:32:18 +0800] "GET /whenever-you-are-betwhale-wild-bull-indeed-really-does-and-it-is-one-of-the-better-we-now-have-actually-viewed/ HTTP/1.1" 200 95165 "-" "Mozilla/5.0 AppleWebKit/537.36 (KHTML, like Gecko; compatible; bingbot/2.0; +http://www.bing.com/bingbot.htm) Chrome/116.0.1938.76 Safari/537.36"
40.77.167.35 - - [23/Aug/2026:13:32:43 +0800] "GET /fix-real-poker-online-spielen/ HTTP/1.1" 200 98916 "-" "Mozilla/5.0 AppleWebKit/537.36 (KHTML, like Gecko; compatible; bingbot/2.0; +http://www.bing.com/bingbot.htm) Chrome/116.0.1938.76 Safari/537.36"
114.119.155.142 - - [23/Aug/2026:13:33:03 +0800] "GET /%e5%9b%9b%e5%8d%81%e5%b9%b4%e6%a5%a0%e6%a2%93%e9%8e%96%e5%8d%b0%e8%80%81%e5%ba%97%e5%8d%87%e7%b4%9a-%e7%b7%8a%e6%80%a5%e9%96%8b%e9%8e%96%e3%80%81%e5%88%bb%e5%8d%b0%e7%ab%a0%e5%88%b0%e9%9b%bb%e5%ad%90/ HTTP/1.1" 200 98091 "https://rajlaw.com.tw/%e6%96%b0%e7%ab%b9%e5%81%a5%e5%ba%b7%e9%a4%90%e7%9b%92-%e5%90%84%e5%bc%8f%e9%ab%98%e8%9b%8b%e7%99%bd%e9%a4%90%e9%bb%9e-%e8%ae%93%e5%a2%9e%e8%82%8c%e6%b8%9b%e8%84%82%e6%97%8f%e7%be%a4%e8%bc%95%e9%ac%86/" "Mozilla/5.0 (Linux; Android 7.0;) AppleWebKit/537.36 (HTML, like Gecko) Mobile Safari/537.36 (compatible; PetalBot;+https://webmaster.petalsearch.com/site/petalbot)"
57.141.0.66 - - [23/Aug/2026:13:33:52 +0800] "GET / HTTP/1.1" 200 139932 "-" "facebookexternalhit/1.1 (+http://www.facebook.com/externalhit_uatext.php)"
223.140.213.250 - - [23/Aug/2026:13:35:02 +0800] "GET /?page_id=3107 HTTP/1.1" 301 5868 "https://www.google.com/url?q=https://rajlaw.com.tw/%3Fpage_id%3D3107&sa=U&ved=2ahUKEwjPovjXg7aWAxX5OS4FHX8dMa8QFnoECBwQAQ&usg=AOvVaw3Ooc-zXPw-sIhPZaxtDplh" "Mozilla/5.0 (iPhone; CPU iPhone OS 26_6_0 like Mac OS X) AppleWebKit/605.1.15 (KHTML, like Gecko) GSA/434.2.961627397 Mobile/15E148 Safari/604.1"
52.167.144.187 - - [23/Aug/2026:13:35:05 +0800] "GET /the-latest-katsubet-no-deposit-incentive-is-automated-you-dont-have-to-go-into-a-password/ HTTP/1.1" 200 99225 "-" "Mozilla/5.0 AppleWebKit/537.36 (KHTML, like Gecko; compatible; bingbot/2.0; +http://www.bing.com/bingbot.htm) Chrome/116.0.1938.76 Safari/537.36"
223.140.213.250 - - [23/Aug/2026:13:35:06 +0800] "GET /blog3/ HTTP/1.1" 200 108678 "https://www.google.com/" "Mozilla/5.0 (iPhone; CPU iPhone OS 26_6_0 like Mac OS X) AppleWebKit/605.1.15 (KHTML, like Gecko) GSA/434.2.961627397 Mobile/15E148 Safari/604.1"
223.140.213.250 - - [23/Aug/2026:13:35:14 +0800] "GET /wp-content/plugins/elementor/assets/lib/eicons/css/elementor-icons.min.css?ver=5.11.0 HTTP/1.1" 200 17589 "https://rajlaw.com.tw/blog3/" "Mozilla/5.0 (iPhone; CPU iPhone OS 26_6_0 like Mac OS X) AppleWebKit/605.1.15 (KHTML, like Gecko) GSA/434.2.961627397 Mobile/15E148 Safari/604.1"
223.140.213.250 - - [23/Aug/2026:13:35:14 +0800] "GET /wp-content/plugins/elementor/assets/lib/animations/animations.min.css?ver=3.2.3 HTTP/1.1" 200 18825 "https://rajlaw.com.tw/blog3/" "Mozilla/5.0 (iPhone; CPU iPhone OS 26_6_0 like Mac OS X) AppleWebKit/605.1.15 (KHTML, like Gecko) GSA/434.2.961627397 Mobile/15E148 Safari/604.1"
223.140.213.250 - - [23/Aug/2026:13:35:14 +0800] "GET /wp-content/plugins/elementor/assets/css/frontend.min.css?ver=3.2.3 HTTP/1.1" 200 118361 "https://rajlaw.com.tw/blog3/" "Mozilla/5.0 (iPhone; CPU iPhone OS 26_6_0 like Mac OS X) AppleWebKit/605.1.15 (KHTML, like Gecko) GSA/434.2.961627397 Mobile/15E148 Safari/604.1"
223.140.213.250 - - [23/Aug/2026:13:35:14 +0800] "GET /wp-content/uploads/elementor/css/post-504.css?ver=1741807482 HTTP/1.1" 200 1490 "https://rajlaw.com.tw/blog3/" "Mozilla/5.0 (iPhone; CPU iPhone OS 26_6_0 like Mac OS X) AppleWebKit/605.1.15 (KHTML, like Gecko) GSA/434.2.961627397 Mobile/15E148 Safari/604.1"
223.140.213.250 - - [23/Aug/2026:13:35:14 +0800] "GET /wp-content/plugins/elementor-pro/assets/css/frontend.min.css?ver=3.2.2 HTTP/1.1" 200 211560 "https://rajlaw.com.tw/blog3/" "Mozilla/5.0 (iPhone; CPU iPhone OS 26_6_0 like Mac OS X) AppleWebKit/605.1.15 (KHTML, like Gecko) GSA/434.2.961627397 Mobile/15E148 Safari/604.1"
223.140.213.250 - - [23/Aug/2026:13:35:14 +0800] "GET /wp-content/plugins/elementor/assets/lib/font-awesome/css/all.min.css?ver=3.2.3 HTTP/1.1" 200 59759 "https://rajlaw.com.tw/blog3/" "Mozilla/5.0 (iPhone; CPU iPhone OS 26_6_0 like Mac OS X) AppleWebKit/605.1.15 (KHTML, like Gecko) GSA/434.2.961627397 Mobile/15E148 Safari/604.1"
223.140.213.250 - - [23/Aug/2026:13:35:14 +0800] "GET /wp-content/plugins/elementor/assets/lib/font-awesome/css/v4-shims.min.css?ver=3.2.3 HTTP/1.1" 200 27059 "https://rajlaw.com.tw/blog3/" "Mozilla/5.0 (iPhone; CPU iPhone OS 26_6_0 like Mac OS X) AppleWebKit/605.1.15 (KHTML, like Gecko) GSA/434.2.961627397 Mobile/15E148 Safari/604.1"
223.140.213.250 - - [23/Aug/2026:13:35:14 +0800] "GET /wp-content/uploads/elementor/css/post-3107.css?ver=1741845479 HTTP/1.1" 200 5047 "https://rajlaw.com.tw/blog3/" "Mozilla/5.0 (iPhone; CPU iPhone OS 26_6_0 like Mac OS X) AppleWebKit/605.1.15 (KHTML, like Gecko) GSA/434.2.961627397 Mobile/15E148 Safari/604.1"
223.140.213.250 - - [23/Aug/2026:13:35:14 +0800] "GET /wp-content/plugins/elementor/assets/lib/font-awesome/js/v4-shims.min.js?ver=3.2.3 HTTP/1.1" 200 15397 "https://rajlaw.com.tw/blog3/" "Mozilla/5.0 (iPhone; CPU iPhone OS 26_6_0 like Mac OS X) AppleWebKit/605.1.15 (KHTML, like Gecko) GSA/434.2.961627397 Mobile/15E148 Safari/604.1"
223.140.213.250 - - [23/Aug/2026:13:35:14 +0800] "GET /wp-content/plugins/elementor/assets/lib/font-awesome/css/fontawesome.min.css?ver=5.15.1 HTTP/1.1" 200 58327 "https://rajlaw.com.tw/blog3/" "Mozilla/5.0 (iPhone; CPU iPhone OS 26_6_0 like Mac OS X) AppleWebKit/605.1.15 (KHTML, like Gecko) GSA/434.2.961627397 Mobile/15E148 Safari/604.1"
223.140.213.250 - - [23/Aug/2026:13:35:14 +0800] "GET /wp-content/plugins/elementor/assets/lib/font-awesome/css/solid.min.css?ver=5.15.1 HTTP/1.1" 200 994 "https://rajlaw.com.tw/blog3/" "Mozilla/5.0 (iPhone; CPU iPhone OS 26_6_0 like Mac OS X) AppleWebKit/605.1.15 (KHTML, like Gecko) GSA/434.2.961627397 Mobile/15E148 Safari/604.1"
223.140.213.250 - - [23/Aug/2026:13:35:14 +0800] "GET /wp-content/uploads/2025/03/logo-removebg-preview-e1741353740950.png HTTP/1.1" 200 71099 "https://rajlaw.com.tw/blog3/" "Mozilla/5.0 (iPhone; CPU iPhone OS 26_6_0 like Mac OS X) AppleWebKit/605.1.15 (KHTML, like Gecko) GSA/434.2.961627397 Mobile/15E148 Safari/604.1"
223.140.213.250 - - [23/Aug/2026:13:35:14 +0800] "GET /wp-content/themes/zakra/assets/js/navigation.min.js?ver=4.0.6 HTTP/1.1" 200 4809 "https://rajlaw.com.tw/blog3/" "Mozilla/5.0 (iPhone; CPU iPhone OS 26_6_0 like Mac OS X) AppleWebKit/605.1.15 (KHTML, like Gecko) GSA/434.2.961627397 Mobile/15E148 Safari/604.1"
223.140.213.250 - - [23/Aug/2026:13:35:14 +0800] "GET /wp-includes/css/dashicons.min.css?ver=7.1 HTTP/1.1" 200 59557 "https://rajlaw.com.tw/blog3/" "Mozilla/5.0 (iPhone; CPU iPhone OS 26_6_0 like Mac OS X) AppleWebKit/605.1.15 (KHTML, like Gecko) GSA/434.2.961627397 Mobile/15E148 Safari/604.1"
223.140.213.250 - - [23/Aug/2026:13:35:14 +0800] "GET /wp-content/themes/zakra/assets/js/skip-link-focus-fix.min.js?ver=4.0.6 HTTP/1.1" 200 666 "https://rajlaw.com.tw/blog3/" "Mozilla/5.0 (iPhone; CPU iPhone OS 26_6_0 like Mac OS X) AppleWebKit/605.1.15 (KHTML, like Gecko) GSA/434.2.961627397 Mobile/15E148 Safari/604.1"
223.140.213.250 - - [23/Aug/2026:13:35:14 +0800] "GET /wp-content/themes/zakra/assets/js/zakra-custom.min.js?ver=4.0.6 HTTP/1.1" 200 5825 "https://rajlaw.com.tw/blog3/" "Mozilla/5.0 (iPhone; CPU iPhone OS 26_6_0 like Mac OS X) AppleWebKit/605.1.15 (KHTML, like Gecko) GSA/434.2.961627397 Mobile/15E148 Safari/604.1"
223.140.213.250 - - [23/Aug/2026:13:35:15 +0800] "GET /wp-includes/js/imagesloaded.min.js?ver=5.0.0 HTTP/1.1" 200 5861 "https://rajlaw.com.tw/blog3/" "Mozilla/5.0 (iPhone; CPU iPhone OS 26_6_0 like Mac OS X) AppleWebKit/605.1.15 (KHTML, like Gecko) GSA/434.2.961627397 Mobile/15E148 Safari/604.1"
223.140.213.250 - - [23/Aug/2026:13:35:15 +0800] "GET /wp-content/plugins/elementor-pro/assets/js/webpack-pro.runtime.min.js?ver=3.2.2 HTTP/1.1" 200 5877 "https://rajlaw.com.tw/blog3/" "Mozilla/5.0 (iPhone; CPU iPhone OS 26_6_0 like Mac OS X) AppleWebKit/605.1.15 (KHTML, like Gecko) GSA/434.2.961627397 Mobile/15E148 Safari/604.1"
223.140.213.250 - - [23/Aug/2026:13:35:15 +0800] "GET /wp-content/plugins/everest-forms/assets/css/intlTelInput.css?ver=3.0.9.3 HTTP/1.1" 200 50441 "https://rajlaw.com.tw/blog3/" "Mozilla/5.0 (iPhone; CPU iPhone OS 26_6_0 like Mac OS X) AppleWebKit/605.1.15 (KHTML, like Gecko) GSA/434.2.961627397 Mobile/15E148 Safari/604.1"
223.140.213.250 - - [23/Aug/2026:13:35:15 +0800] "GET /wp-content/plugins/everest-forms/assets/css/everest-forms.css?ver=3.0.9.3 HTTP/1.1" 200 105418 "https://rajlaw.com.tw/blog3/" "Mozilla/5.0 (iPhone; CPU iPhone OS 26_6_0 like Mac OS X) AppleWebKit/605.1.15 (KHTML, like Gecko) GSA/434.2.961627397 Mobile/15E148 Safari/604.1"
223.140.213.250 - - [23/Aug/2026:13:35:15 +0800] "GET /wp-content/themes/zakra/inc/customizer/customind/assets/fontawesome/v6/css/all.min.css?ver=6.2.4 HTTP/1.1" 200 108095 "https://rajlaw.com.tw/blog3/" "Mozilla/5.0 (iPhone; CPU iPhone OS 26_6_0 like Mac OS X) AppleWebKit/605.1.15 (KHTML, like Gecko) GSA/434.2.961627397 Mobile/15E148 Safari/604.1"
223.140.213.250 - - [23/Aug/2026:13:35:15 +0800] "GET /wp-content/plugins/elementor/assets/js/webpack.runtime.min.js?ver=3.2.3 HTTP/1.1" 200 5110 "https://rajlaw.com.tw/blog3/" "Mozilla/5.0 (iPhone; CPU iPhone OS 26_6_0 like Mac OS X) AppleWebKit/605.1.15 (KHTML, like Gecko) GSA/434.2.961627397 Mobile/15E148 Safari/604.1"
223.140.213.250 - - [23/Aug/2026:13:35:15 +0800] "GET /wp-includes/js/jquery/jquery.min.js?ver=3.7.1 HTTP/1.1" 200 88041 "https://rajlaw.com.tw/blog3/" "Mozilla/5.0 (iPhone; CPU iPhone OS 26_6_0 like Mac OS X) AppleWebKit/605.1.15 (KHTML, like Gecko) GSA/434.2.961627397 Mobile/15E148 Safari/604.1"
223.140.213.250 - - [23/Aug/2026:13:35:15 +0800] "GET /wp-content/themes/zakra/style.css?ver=4.0.6 HTTP/1.1" 200 111401 "https://rajlaw.com.tw/blog3/" "Mozilla/5.0 (iPhone; CPU iPhone OS 26_6_0 like Mac OS X) AppleWebKit/605.1.15 (KHTML, like Gecko) GSA/434.2.961627397 Mobile/15E148 Safari/604.1"
223.140.213.250 - - [23/Aug/2026:13:35:15 +0800] "GET /wp-includes/js/jquery/jquery-migrate.min.js?ver=3.4.1 HTTP/1.1" 200 13919 "https://rajlaw.com.tw/blog3/" "Mozilla/5.0 (iPhone; CPU iPhone OS 26_6_0 like Mac OS X) AppleWebKit/605.1.15 (KHTML, like Gecko) GSA/434.2.961627397 Mobile/15E148 Safari/604.1"
223.140.213.250 - - [23/Aug/2026:13:35:15 +0800] "GET /wp-content/plugins/elementor/assets/js/frontend-modules.min.js?ver=3.2.3 HTTP/1.1" 200 65343 "https://rajlaw.com.tw/blog3/" "Mozilla/5.0 (iPhone; CPU iPhone OS 26_6_0 like Mac OS X) AppleWebKit/605.1.15 (KHTML, like Gecko) GSA/434.2.961627397 Mobile/15E148 Safari/604.1"
223.140.213.250 - - [23/Aug/2026:13:35:15 +0800] "GET /wp-content/plugins/elementor/assets/lib/waypoints/waypoints.min.js?ver=4.0.2 HTTP/1.1" 200 12540 "https://rajlaw.com.tw/blog3/" "Mozilla/5.0 (iPhone; CPU iPhone OS 26_6_0 like Mac OS X) AppleWebKit/605.1.15 (KHTML, like Gecko) GSA/434.2.961627397 Mobile/15E148 Safari/604.1"
223.140.213.250 - - [23/Aug/2026:13:35:15 +0800] "GET /wp-content/plugins/elementor-pro/assets/js/frontend.min.js?ver=3.2.2 HTTP/1.1" 200 57554 "https://rajlaw.com.tw/blog3/" "Mozilla/5.0 (iPhone; CPU iPhone OS 26_6_0 like Mac OS X) AppleWebKit/605.1.15 (KHTML, like Gecko) GSA/434.2.961627397 Mobile/15E148 Safari/604.1"
223.140.213.250 - - [23/Aug/2026:13:35:15 +0800] "GET /wp-includes/js/jquery/ui/core.min.js?ver=1.14.2 HTTP/1.1" 200 19045 "https://rajlaw.com.tw/blog3/" "Mozilla/5.0 (iPhone; CPU iPhone OS 26_6_0 like Mac OS X) AppleWebKit/605.1.15 (KHTML, like Gecko) GSA/434.2.961627397 Mobile/15E148 Safari/604.1"
223.140.213.250 - - [23/Aug/2026:13:35:15 +0800] "GET /wp-content/plugins/elementor/assets/lib/share-link/share-link.min.js?ver=3.2.3 HTTP/1.1" 200 2918 "https://rajlaw.com.tw/blog3/" "Mozilla/5.0 (iPhone; CPU iPhone OS 26_6_0 like Mac OS X) AppleWebKit/605.1.15 (KHTML, like Gecko) GSA/434.2.961627397 Mobile/15E148 Safari/604.1"
223.140.213.250 - - [23/Aug/2026:13:35:15 +0800] "GET /wp-content/plugins/blockart-blocks/assets/lib/swiper/swiper-bundle.min.js?ver=11.0.7 HTTP/1.1" 200 149752 "https://rajlaw.com.tw/blog3/" "Mozilla/5.0 (iPhone; CPU iPhone OS 26_6_0 like Mac OS X) AppleWebKit/605.1.15 (KHTML, like Gecko) GSA/434.2.961627397 Mobile/15E148 Safari/604.1"
223.140.213.250 - - [23/Aug/2026:13:35:15 +0800] "GET /wp-content/plugins/elementor/assets/lib/dialog/dialog.min.js?ver=4.8.1 HTTP/1.1" 200 11205 "https://rajlaw.com.tw/blog3/" "Mozilla/5.0 (iPhone; CPU iPhone OS 26_6_0 like Mac OS X) AppleWebKit/605.1.15 (KHTML, like Gecko) GSA/434.2.961627397 Mobile/15E148 Safari/604.1"
223.140.213.250 - - [23/Aug/2026:13:35:15 +0800] "GET /wp-content/plugins/elementor/assets/js/frontend.min.js?ver=3.2.3 HTTP/1.1" 200 68149 "https://rajlaw.com.tw/blog3/" "Mozilla/5.0 (iPhone; CPU iPhone OS 26_6_0 like Mac OS X) AppleWebKit/605.1.15 (KHTML, like Gecko) GSA/434.2.961627397 Mobile/15E148 Safari/604.1"
223.140.213.250 - - [23/Aug/2026:13:35:15 +0800] "GET /wp-content/plugins/elementor/assets/js/preloaded-modules.min.js?ver=3.2.3 HTTP/1.1" 200 58463 "https://rajlaw.com.tw/blog3/" "Mozilla/5.0 (iPhone; CPU iPhone OS 26_6_0 like Mac OS X) AppleWebKit/605.1.15 (KHTML, like Gecko) GSA/434.2.961627397 Mobile/15E148 Safari/604.1"
223.140.213.250 - - [23/Aug/2026:13:35:15 +0800] "GET /wp-content/plugins/elementor-pro/assets/js/preloaded-elements-handlers.min.js?ver=3.2.2 HTTP/1.1" 200 157438 "https://rajlaw.com.tw/blog3/" "Mozilla/5.0 (iPhone; CPU iPhone OS 26_6_0 like Mac OS X) AppleWebKit/605.1.15 (KHTML, like Gecko) GSA/434.2.961627397 Mobile/15E148 Safari/604.1"
223.140.213.250 - - [23/Aug/2026:13:35:15 +0800] "GET /wp-content/themes/zakra/assets/fonts/themegrill-icons.woff2?5d42b271f668d2d6461ba91fc5a5a839 HTTP/1.1" 200 1622 "https://rajlaw.com.tw/blog3/" "Mozilla/5.0 (iPhone; CPU iPhone OS 26_6_0 like Mac OS X) AppleWebKit/605.1.15 (KHTML, like Gecko) GSA/434.2.961627397 Mobile/15E148 Safari/604.1"
223.140.213.250 - - [23/Aug/2026:13:35:15 +0800] "GET /wp-content/plugins/elementor/assets/lib/font-awesome/webfonts/fa-solid-900.woff2 HTTP/1.1" 200 80721 "https://rajlaw.com.tw/blog3/" "Mozilla/5.0 (iPhone; CPU iPhone OS 26_6_0 like Mac OS X) AppleWebKit/605.1.15 (KHTML, like Gecko) GSA/434.2.961627397 Mobile/15E148 Safari/604.1"
223.140.213.250 - - [23/Aug/2026:13:35:15 +0800] "GET /wp-content/themes/zakra/inc/customizer/customind/assets/fontawesome/v6/webfonts/fa-solid-900.woff2 HTTP/1.1" 200 156967 "https://rajlaw.com.tw/blog3/" "Mozilla/5.0 (iPhone; CPU iPhone OS 26_6_0 like Mac OS X) AppleWebKit/605.1.15 (KHTML, like Gecko) GSA/434.2.961627397 Mobile/15E148 Safari/604.1"
223.140.213.250 - - [23/Aug/2026:13:35:15 +0800] "GET /wp-content/uploads/2025/02/%E9%95%B7%E5%AE%89icon-25_0.jpg HTTP/1.1" 200 39294 "https://rajlaw.com.tw/blog3/" "Mozilla/5.0 (iPhone; CPU iPhone OS 26_6_0 like Mac OS X) AppleWebKit/605.1.15 (KHTML, like Gecko) GSA/434.2.961627397 Mobile/15E148 Safari/604.1"
223.140.213.250 - - [23/Aug/2026:13:35:15 +0800] "GET /wp-content/themes/zakra/123.jpg HTTP/1.1" 200 455955 "https://rajlaw.com.tw/blog3/" "Mozilla/5.0 (iPhone; CPU iPhone OS 26_6_0 like Mac OS X) AppleWebKit/605.1.15 (KHTML, like Gecko) GSA/434.2.961627397 Mobile/15E148 Safari/604.1"
223.140.213.250 - - [23/Aug/2026:13:35:15 +0800] "GET /wp-content/plugins/elementor-pro/assets/lib/sticky/jquery.sticky.min.js?ver=3.2.2 HTTP/1.1" 200 6936 "https://rajlaw.com.tw/blog3/" "Mozilla/5.0 (iPhone; CPU iPhone OS 26_6_0 like Mac OS X) AppleWebKit/605.1.15 (KHTML, like Gecko) GSA/434.2.961627397 Mobile/15E148 Safari/604.1"
223.140.213.250 - - [23/Aug/2026:13:35:15 +0800] "GET /wp-includes/js/wp-emoji-release.min.js?ver=7.1 HTTP/1.1" 200 23123 "https://rajlaw.com.tw/blog3/" "Mozilla/5.0 (iPhone; CPU iPhone OS 26_6_0 like Mac OS X) AppleWebKit/605.1.15 (KHTML, like Gecko) GSA/434.2.961627397 Mobile/15E148 Safari/604.1"
223.140.213.250 - - [23/Aug/2026:13:35:16 +0800] "GET /blog3/ HTTP/1.1" 200 108816 "https://www.google.com/" "Mozilla/5.0 (iPhone; CPU iPhone OS 26_6_0 like Mac OS X) AppleWebKit/605.1.15 (KHTML, like Gecko) GSA/434.2.961627397 Mobile/15E148 Safari/604.1"
52.167.144.187 - - [23/Aug/2026:13:35:19 +0800] "GET /?p=5684 HTTP/1.1" 301 6200 "-" "Mozilla/5.0 AppleWebKit/537.36 (KHTML, like Gecko; compatible; bingbot/2.0; +http://www.bing.com/bingbot.htm) Chrome/116.0.1938.76 Safari/537.36"
112.41.23.53 - - [23/Aug/2026:13:35:27 +0800] "GET /category/blog1/blog4/feed HTTP/1.1" 301 6181 "-" "Mozilla/5.0 (Windows NT 10.0; Win64; x64) AppleWebKit/537.36 (KHTML, like Gecko) Chrome/144.0.0.0 Safari/537.36"
112.41.23.53 - - [23/Aug/2026:13:35:31 +0800] "GET /category/blog1/blog4/feed/ HTTP/1.1" 200 23870 "-" "Mozilla/5.0 (Windows NT 10.0; Win64; x64) AppleWebKit/537.36 (KHTML, like Gecko) Chrome/144.0.0.0 Safari/537.36"
66.249.72.201 - - [23/Aug/2026:13:35:40 +0800] "GET /?page_id=3107 HTTP/1.1" 301 6063 "-" "Mozilla/5.0 (Linux; Android 6.0.1; Nexus 5X Build/MMB29P) AppleWebKit/537.36 (KHTML, like Gecko) Chrome/99.0.4844.84 Mobile Safari/537.36 (compatible; Googlebot/2.1; +http://www.google.com/bot.html)"
57.141.14.33 - - [23/Aug/2026:13:35:37 +0800] "GET / HTTP/1.1" 200 139932 "-" "facebookexternalhit/1.1 (+http://www.facebook.com/externalhit_uatext.php)"
66.249.72.200 - - [23/Aug/2026:13:35:40 +0800] "GET /?page_id=3107 HTTP/1.1" 301 6063 "-" "Mozilla/5.0 (compatible; Googlebot/2.1; +http://www.google.com/bot.html)"
66.249.71.226 - - [23/Aug/2026:13:35:43 +0800] "GET /blog3/ HTTP/1.1" 200 113455 "-" "Mozilla/5.0 (Linux; Android 6.0.1; Nexus 5X Build/MMB29P) AppleWebKit/537.36 (KHTML, like Gecko) Chrome/99.0.4844.84 Mobile Safari/537.36 (compatible; Googlebot/2.1; +http://www.google.com/bot.html)"
198.244.226.164 - - [23/Aug/2026:13:35:45 +0800] "GET /category/uncategorized/feed/ HTTP/1.1" 200 70059 "-" "Mozilla/5.0 (compatible; AhrefsBot/7.0; +http://ahrefs.com/robot/)"
66.249.72.199 - - [23/Aug/2026:13:35:44 +0800] "GET /blog3/ HTTP/1.1" 200 113455 "-" "Mozilla/5.0 (compatible; Googlebot/2.1; +http://www.google.com/bot.html)"
66.249.71.226 - - [23/Aug/2026:13:35:53 +0800] "GET /wp-content/plugins/elementor/assets/css/frontend.min.css?ver=3.2.3 HTTP/1.1" 200 123138 "https://rajlaw.com.tw/blog3/" "Mozilla/5.0 AppleWebKit/537.36 (KHTML, like Gecko; compatible; Googlebot/2.1; +http://www.google.com/bot.html) Chrome/151.0.7922.108 Safari/537.36"
66.249.71.226 - - [23/Aug/2026:13:35:53 +0800] "GET /wp-content/uploads/elementor/css/post-504.css?ver=1741807482 HTTP/1.1" 200 1490 "https://rajlaw.com.tw/blog3/" "Mozilla/5.0 AppleWebKit/537.36 (KHTML, like Gecko; compatible; Googlebot/2.1; +http://www.google.com/bot.html) Chrome/151.0.7922.108 Safari/537.36"
66.249.71.226 - - [23/Aug/2026:13:35:54 +0800] "GET /wp-content/uploads/elementor/css/post-3107.css?ver=1741845479 HTTP/1.1" 200 5047 "https://rajlaw.com.tw/blog3/" "Mozilla/5.0 AppleWebKit/537.36 (KHTML, like Gecko; compatible; Googlebot/2.1; +http://www.google.com/bot.html) Chrome/151.0.7922.108 Safari/537.36"
66.249.71.226 - - [23/Aug/2026:13:35:54 +0800] "GET /wp-content/uploads/elementor/css/post-3107.css?ver=1741845479 HTTP/1.1" 200 5047 "https://rajlaw.com.tw/blog3/" "Mozilla/5.0 (Linux; Android 6.0.1; Nexus 5X Build/MMB29P) AppleWebKit/537.36 (KHTML, like Gecko) Chrome/151.0.7922.108 Mobile Safari/537.36 (compatible; Googlebot/2.1; +http://www.google.com/bot.html)"
66.249.72.199 - - [23/Aug/2026:13:35:54 +0800] "GET /wp-content/uploads/elementor/css/post-504.css?ver=1741807482 HTTP/1.1" 200 6267 "https://rajlaw.com.tw/blog3/" "Mozilla/5.0 (Linux; Android 6.0.1; Nexus 5X Build/MMB29P) AppleWebKit/537.36 (KHTML, like Gecko) Chrome/151.0.7922.108 Mobile Safari/537.36 (compatible; Googlebot/2.1; +http://www.google.com/bot.html)"
66.249.72.199 - - [23/Aug/2026:13:35:54 +0800] "GET /wp-content/plugins/elementor/assets/css/frontend.min.css?ver=3.2.3 HTTP/1.1" 200 123138 "https://rajlaw.com.tw/blog3/" "Mozilla/5.0 (Linux; Android 6.0.1; Nexus 5X Build/MMB29P) AppleWebKit/537.36 (KHTML, like Gecko) Chrome/151.0.7922.108 Mobile Safari/537.36 (compatible; Googlebot/2.1; +http://www.google.com/bot.html)"
66.249.72.199 - - [23/Aug/2026:13:35:54 +0800] "GET /wp-content/plugins/elementor-pro/assets/js/preloaded-elements-handlers.min.js?ver=3.2.2 HTTP/1.1" 200 162215 "https://rajlaw.com.tw/blog3/" "Mozilla/5.0 (Linux; Android 6.0.1; Nexus 5X Build/MMB29P) AppleWebKit/537.36 (KHTML, like Gecko) Chrome/151.0.7922.108 Mobile Safari/537.36 (compatible; Googlebot/2.1; +http://www.google.com/bot.html)"
66.249.72.199 - - [23/Aug/2026:13:35:55 +0800] "GET /wp-content/plugins/elementor-pro/assets/js/preloaded-elements-handlers.min.js?ver=3.2.2 HTTP/1.1" 200 162215 "https://rajlaw.com.tw/blog3/" "Mozilla/5.0 AppleWebKit/537.36 (KHTML, like Gecko; compatible; Googlebot/2.1; +http://www.google.com/bot.html) Chrome/151.0.7922.108 Safari/537.36"
40.77.167.79 - - [23/Aug/2026:13:36:56 +0800] "GET /less-than-are-a-curated-listing-of-the-top-internet-offering-zero-put-bonuses/ HTTP/1.1" 200 97382 "-" "Mozilla/5.0 AppleWebKit/537.36 (KHTML, like Gecko; compatible; bingbot/2.0; +http://www.bing.com/bingbot.htm) Chrome/116.0.1938.76 Safari/537.36"
216.73.217.151 - - [23/Aug/2026:13:37:24 +0800] "GET /robots.txt HTTP/1.1" 200 6107 "-" "Mozilla/5.0 AppleWebKit/537.36 (KHTML, like Gecko; compatible; ClaudeBot/1.0; +claudebot@anthropic.com)"
216.73.217.151 - - [23/Aug/2026:13:37:28 +0800] "GET /wp-sitemap.xml HTTP/1.1" 200 1868 "-" "Mozilla/5.0 AppleWebKit/537.36 (KHTML, like Gecko; compatible; ClaudeBot/1.0; +claudebot@anthropic.com)"
223.140.213.250 - - [23/Aug/2026:13:37:38 +0800] "GET /wp-content/uploads/2025/02/%E5%B1%A5%E7%B4%84%E4%BF%9D%E8%AD%89%E7%A4%BA%E6%84%8F%E5%9C%96V2.png HTTP/1.1" 200 5923300 "-" "com.google.GoogleMobile/434.2 iPhone/26.6 hw/iPhone18_5"
223.140.213.250 - - [23/Aug/2026:13:37:46 +0800] "GET /?p=3384 HTTP/1.1" 301 5935 "-" "Mozilla/5.0 (iPhone; CPU iPhone OS 26_6_0 like Mac OS X) AppleWebKit/605.1.15 (KHTML, like Gecko) GSA/434.2.961627397 Mobile/15E148 Safari/604.1"
223.140.213.250 - - [23/Aug/2026:13:37:49 +0800] "GET /%e4%bb%80%e9%ba%bc%e6%98%af%e5%b1%a5%e7%b4%84%e4%bf%9d%e8%ad%89%ef%bc%9f/ HTTP/1.1" 200 99194 "-" "Mozilla/5.0 (iPhone; CPU iPhone OS 26_6_0 like Mac OS X) AppleWebKit/605.1.15 (KHTML, like Gecko) GSA/434.2.961627397 Mobile/15E148 Safari/604.1"
223.140.213.250 - - [23/Aug/2026:13:37:53 +0800] "GET /wp-content/uploads/2025/02/%E5%B1%A5%E7%B4%84%E4%BF%9D%E8%AD%89%E7%A4%BA%E6%84%8F%E5%9C%96V2-1229x1536.png HTTP/1.1" 200 1110170 "https://rajlaw.com.tw/%e4%bb%80%e9%ba%bc%e6%98%af%e5%b1%a5%e7%b4%84%e4%bf%9d%e8%ad%89%ef%bc%9f/" "Mozilla/5.0 (iPhone; CPU iPhone OS 26_6_0 like Mac OS X) AppleWebKit/605.1.15 (KHTML, like Gecko) GSA/434.2.961627397 Mobile/15E148 Safari/604.1"
223.140.213.250 - - [23/Aug/2026:13:37:53 +0800] "GET /wp-content/themes/zakra/inc/customizer/customind/assets/fontawesome/v6/webfonts/fa-brands-400.woff2 HTTP/1.1" 200 122943 "https://rajlaw.com.tw/%e4%bb%80%e9%ba%bc%e6%98%af%e5%b1%a5%e7%b4%84%e4%bf%9d%e8%ad%89%ef%bc%9f/" "Mozilla/5.0 (iPhone; CPU iPhone OS 26_6_0 like Mac OS X) AppleWebKit/605.1.15 (KHTML, like Gecko) GSA/434.2.961627397 Mobile/15E148 Safari/604.1"
223.140.213.250 - - [23/Aug/2026:13:37:53 +0800] "GET /wp-content/themes/zakra/inc/customizer/customind/assets/fontawesome/v6/webfonts/fa-v4compatibility.woff2 HTTP/1.1" 200 5095 "https://rajlaw.com.tw/%e4%bb%80%e9%ba%bc%e6%98%af%e5%b1%a5%e7%b4%84%e4%bf%9d%e8%ad%89%ef%bc%9f/" "Mozilla/5.0 (iPhone; CPU iPhone OS 26_6_0 like Mac OS X) AppleWebKit/605.1.15 (KHTML, like Gecko) GSA/434.2.961627397 Mobile/15E148 Safari/604.1"
40.77.167.255 - - [23/Aug/2026:13:38:16 +0800] "GET /bisca-online-immigrato-20bet-ora-non-offre-un-emolumento-in-assenza-di-deposito-pronto/ HTTP/1.1" 200 96539 "-" "Mozilla/5.0 AppleWebKit/537.36 (KHTML, like Gecko; compatible; bingbot/2.0; +http://www.bing.com/bingbot.htm) Chrome/116.0.1938.76 Safari/537.36"
85.208.96.200 - - [23/Aug/2026:13:38:27 +0800] "GET /%E5%85%83%E5%A4%A7%E8%AD%89%E6%8A%95%E8%B3%87%E5%85%88%E7%94%9Fapp%E6%8E%A8%E6%A5%B5%E7%B0%A1%E4%BB%8B%E9%9D%A2-%E5%8A%A9%E6%94%BB%E6%96%B0%E7%94%9F%E4%BB%A3%E6%8A%95%E8%B3%87%E5%B8%83%E5%B1%80/ HTTP/1.1" 200 94483 "-" "Mozilla/5.0 (compatible; SemrushBot/7~bl; +http://www.semrush.com/bot.html)"
57.141.20.35 - - [23/Aug/2026:13:38:35 +0800] "GET / HTTP/1.1" 200 139932 "-" "facebookexternalhit/1.1 (+http://www.facebook.com/externalhit_uatext.php)"
66.249.71.227 - - [23/Aug/2026:13:38:47 +0800] "GET /having-modern-jackpot-admirers-you-will-find-a-powerful-roster-of-over-30-titles-regarding-netgame/ HTTP/1.1" 200 95233 "-" "Mozilla/5.0 (Linux; Android 6.0.1; Nexus 5X Build/MMB29P) AppleWebKit/537.36 (KHTML, like Gecko) Chrome/151.0.7922.137 Mobile Safari/537.36 (compatible; Googlebot/2.1; +http://www.google.com/bot.html)"
114.119.152.143 - - [23/Aug/2026:13:39:08 +0800] "GET /wp-content/uploads/2026/08/B8i9a76Cs1lpChTlKmKoZj4kX5P0AkxUhgbw4gOM.jpg HTTP/1.1" 200 562957 "https://rajlaw.com.tw/%e8%87%ba%e5%8d%97%e5%9f%b9%e8%82%b2200%e5%90%8d%e6%a0%a1%e5%9c%92%e9%98%b2%e7%81%bd%e5%a3%ab%e3%80%80%e5%bc%b7%e5%8c%96%e6%a0%a1%e5%9c%92%e9%98%b2%e7%81%bd%e9%9f%8c%e6%80%a7%e6%89%93%e9%80%a0/" "Mozilla/5.0 (Linux; Android 7.0;) AppleWebKit/537.36 (HTML, like Gecko) Mobile Safari/537.36 (compatible; PetalBot;+https://webmaster.petalsearch.com/site/petalbot)"
36.212.171.24 - - [23/Aug/2026:13:39:32 +0800] "GET /category/bloga/news/page/7/ HTTP/1.1" 200 125956 "https://rajlaw.com.tw/category/bloga/news/page/6/" "Mozilla/5.0 (Windows NT 10.0; Win64; x64) AppleWebKit/537.36 (KHTML, like Gecko) Chrome/143.0.0.0 Safari/537.36"
36.137.1.59 - - [23/Aug/2026:13:39:40 +0800] "GET /category/bloga/news/page/7/ HTTP/1.1" 200 125956 "https://rajlaw.com.tw/category/bloga/news/page/6/" "Mozilla/5.0 (Windows NT 10.0; Win64; x64) AppleWebKit/537.36 (KHTML, like Gecko) Chrome/143.0.0.0 Safari/537.36"
57.141.10.65 - - [23/Aug/2026:13:39:58 +0800] "GET / HTTP/1.1" 200 139932 "-" "facebookexternalhit/1.1 (+http://www.facebook.com/externalhit_uatext.php)"
36.212.246.23 - - [23/Aug/2026:13:40:01 +0800] "GET /category/bloga/news/page/7/ HTTP/1.1" 500 54024 "https://rajlaw.com.tw/category/bloga/news/page/6/" "Mozilla/5.0 (Windows NT 10.0; Win64; x64) AppleWebKit/537.36 (KHTML, like Gecko) Chrome/143.0.0.0 Safari/537.36"
124.150.132.81 - - [23/Aug/2026:13:39:37 +0800] "POST /wp-cron.php?doing_wp_cron=1787463577.0026760101318359375000 HTTP/1.1" 500 8614 "-" "WordPress/7.1; https://rajlaw.com.tw"
36.140.119.28 - - [23/Aug/2026:13:40:15 +0800] "GET /%E8%87%BA%E5%8D%975%E8%99%95%E6%8B%96%E5%90%8A%E5%A0%B4%E4%BD%BF%E7%94%A8%E7%8E%87%E9%81%9482%E3%80%80%E9%BB%83%E5%81%89%E5%93%B2%E8%A6%96%E5%AF%9F%E6%9D%B1%E5%8D%80%E4%BF%9D%E7%AE%A1%E5%A0%B4/ HTTP/1.1" 200 95043 "https://rajlaw.com.tw/%E5%8F%B0%E5%8D%97%E5%B0%8F%E9%BB%83%E5%85%AC%E8%BB%8A%E6%A9%981%E3%80%81%E6%A9%985%E3%80%81%E6%A9%987%E6%AD%A3%E5%BC%8F%E9%80%9A%E8%BB%8A%E3%80%80%E5%AE%89%E5%AE%9A%E5%8D%80%E9%A6%96%E6%A2%9D/" "Mozilla/5.0 (Windows NT 10.0; Win64; x64) AppleWebKit/537.36 (KHTML, like Gecko) Chrome/144.0.0.0 Safari/537.36 Edg/144.0.0.0"
66.249.72.200 - - [23/Aug/2026:13:40:45 +0800] "GET /in-addition-has-actually-freerolls-and-cash-tournaments-which-can-be-appear-to-updated-on-the-internet-site/ HTTP/1.1" 200 97477 "-" "Mozilla/5.0 (Linux; Android 6.0.1; Nexus 5X Build/MMB29P) AppleWebKit/537.36 (KHTML, like Gecko) Chrome/151.0.7922.137 Mobile Safari/537.36 (compatible; Googlebot/2.1; +http://www.google.com/bot.html)"
114.119.152.143 - - [23/Aug/2026:13:41:03 +0800] "GET /poiscite-posido-promo-kodo-zdaj/ HTTP/1.1" 200 96957 "https://rajlaw.com.tw/glucksspiele-im-casino-app-tonyspins-erleben/" "Mozilla/5.0 (Linux; Android 7.0;) AppleWebKit/537.36 (HTML, like Gecko) Mobile Safari/537.36 (compatible; PetalBot;+https://webmaster.petalsearch.com/site/petalbot)"
40.77.167.255 - - [23/Aug/2026:13:41:16 +0800] "GET /tomb-raider-slot-play-online-100percent-free-with-no-down-toki-time-game-load-by-microgaming/ HTTP/1.1" 200 97541 "-" "Mozilla/5.0 AppleWebKit/537.36 (KHTML, like Gecko; compatible; bingbot/2.0; +http://www.bing.com/bingbot.htm) Chrome/116.0.1938.76 Safari/537.36"
124.150.132.81 - - [23/Aug/2026:13:40:49 +0800] "POST /wp-cron.php?doing_wp_cron=1787463649.8142640590667724609375 HTTP/1.1" 200 5843 "-" "WordPress/7.1; https://rajlaw.com.tw"
40.77.167.35 - - [23/Aug/2026:13:41:55 +0800] "GET /?p=4035 HTTP/1.1" 301 6194 "-" "Mozilla/5.0 AppleWebKit/537.36 (KHTML, like Gecko; compatible; bingbot/2.0; +http://www.bing.com/bingbot.htm) Chrome/116.0.1938.76 Safari/537.36"
