185.135.85.253 - - [23/Aug/2026:17:50:30 +0800] "POST /xmlrpc.php HTTP/1.1" 200 18397 "-" "Mozilla/5.0 (Windows NT 10.0; Win64; x64) AppleWebKit/537.36 (KHTML, like Gecko) Chrome/147.0.0.0 Safari/537.36"
185.135.85.253 - - [23/Aug/2026:17:50:36 +0800] "GET /a-continuacion-describimos-los-primeros-colaboradores-reguladoras-presentes-sobre-los-casinos-nunca-regulados-para-espana/ HTTP/1.1" 200 98880 "-" "Mozilla/5.0 (Macintosh; Intel Mac OS X 10_15_7) AppleWebKit/537.36 (KHTML, like Gecko) Chrome/136.0.0.0 Safari/537.36"
124.150.132.81 - - [23/Aug/2026:17:49:57 +0800] "POST /wp-cron.php?doing_wp_cron=1787478597.1350550651550292968750 HTTP/1.1" 500 8614 "-" "WordPress/7.1; https://rajlaw.com.tw"
40.77.167.41 - - [23/Aug/2026:17:51:18 +0800] "GET /provare-nondimeno-la-stringa-dei-pagamenti-del-artificio-a-comprendere-le-informazioni-sulla-guadagno-adagio/ HTTP/1.1" 200 95937 "-" "Mozilla/5.0 AppleWebKit/537.36 (KHTML, like Gecko; compatible; bingbot/2.0; +http://www.bing.com/bingbot.htm) Chrome/116.0.1938.76 Safari/537.36"
66.249.72.200 - - [23/Aug/2026:17:51:27 +0800] "GET /yes-modo-also-offers-alive-agent-online-game-by-way-of-vivo-gambling-close-to-live-game-shows/ HTTP/1.1" 200 98441 "-" "Mozilla/5.0 (Linux; Android 6.0.1; Nexus 5X Build/MMB29P) AppleWebKit/537.36 (KHTML, like Gecko) Chrome/151.0.7922.137 Mobile Safari/537.36 (compatible; GoogleOther)"
66.249.72.200 - - [23/Aug/2026:17:51:31 +0800] "GET /bitcoin-gambling-enterprise-incentives-within-the-mad-mad-monkey-slot-online-2026-their-bonus-book-bgg/ HTTP/1.1" 200 95090 "-" "Mozilla/5.0 (Linux; Android 6.0.1; Nexus 5X Build/MMB29P) AppleWebKit/537.36 (KHTML, like Gecko) Chrome/151.0.7922.137 Mobile Safari/537.36 (compatible; Googlebot/2.1; +http://www.google.com/bot.html)"
57.141.0.68 - - [23/Aug/2026:17:51:36 +0800] "GET / HTTP/1.1" 200 139932 "-" "facebookexternalhit/1.1 (+http://www.facebook.com/externalhit_uatext.php)"
1.162.157.100 - - [23/Aug/2026:17:51:42 +0800] "GET / HTTP/1.1" 301 6057 "-" "Mozilla/5.0 (Windows NT 10.0; Win64; x64) AppleWebKit/537.36 (KHTML, like Gecko) Chrome/151.0.0.0 Safari/537.36"
185.135.85.253 - - [23/Aug/2026:17:51:44 +0800] "POST /xmlrpc.php HTTP/1.1" 200 6124 "-" "Mozilla/5.0 (Macintosh; Intel Mac OS X 10_15_7) AppleWebKit/537.36 (KHTML, like Gecko) Chrome/131.0.0.0 Safari/537.36"
1.162.157.100 - - [23/Aug/2026:17:51:50 +0800] "GET / HTTP/1.1" 200 139932 "https://www.rajlaw.com.tw/" "Mozilla/5.0 (Windows NT 10.0; Win64; x64) AppleWebKit/537.36 (KHTML, like Gecko) Chrome/151.0.0.0 Safari/537.36"
1.162.157.100 - - [23/Aug/2026:17:51:58 +0800] "GET /2024/07/19/%E7%84%A1%E5%84%9F%E7%82%BA%E5%AD%90%E5%A5%B3%E8%B3%BC%E7%BD%AE%E8%BE%B2%E5%9C%B0%EF%BC%8C%E4%B8%8D%E9%81%A9%E7%94%A8%E4%B8%8D%E8%A8%88%E5%85%A5%E8%B4%88%E8%88%87%E7%B8%BD%E9%A1%8D%E8%A6%8F%E5%AE%9A/ HTTP/1.1" 301 1740 "https://www.rajlaw.com.tw/" "Mozilla/5.0 (Windows NT 10.0; Win64; x64) AppleWebKit/537.36 (KHTML, like Gecko) Chrome/151.0.0.0 Safari/537.36"
1.162.157.100 - - [23/Aug/2026:17:52:03 +0800] "GET /2024/07/19/%E7%84%A1%E5%84%9F%E7%82%BA%E5%AD%90%E5%A5%B3%E8%B3%BC%E7%BD%AE%E8%BE%B2%E5%9C%B0%EF%BC%8C%E4%B8%8D%E9%81%A9%E7%94%A8%E4%B8%8D%E8%A8%88%E5%85%A5%E8%B4%88%E8%88%87%E7%B8%BD%E9%A1%8D%E8%A6%8F%E5%AE%9A/ HTTP/1.1" 404 82316 "https://www.rajlaw.com.tw/2024/07/19/%E7%84%A1%E5%84%9F%E7%82%BA%E5%AD%90%E5%A5%B3%E8%B3%BC%E7%BD%AE%E8%BE%B2%E5%9C%B0%EF%BC%8C%E4%B8%8D%E9%81%A9%E7%94%A8%E4%B8%8D%E8%A8%88%E5%85%A5%E8%B4%88%E8%88%87%E7%B8%BD%E9%A1%8D%E8%A6%8F%E5%AE%9A/" "Mozilla/5.0 (Windows NT 10.0; Win64; x64) AppleWebKit/537.36 (KHTML, like Gecko) Chrome/151.0.0.0 Safari/537.36"
124.150.132.81 - - [23/Aug/2026:17:51:22 +0800] "POST /wp-cron.php?doing_wp_cron=1787478682.5193738937377929687500 HTTP/1.1" 200 5843 "-" "WordPress/7.1; https://rajlaw.com.tw"
57.141.14.22 - - [23/Aug/2026:17:54:30 +0800] "GET / HTTP/1.1" 200 139932 "-" "facebookexternalhit/1.1 (+http://www.facebook.com/externalhit_uatext.php)"
66.249.72.199 - - [23/Aug/2026:17:55:04 +0800] "GET /offers-paid-down-while-the-bonus-loans-for-the-pa-subject-to-1x-playthrough-demands/ HTTP/1.1" 200 97341 "-" "Mozilla/5.0 (Linux; Android 6.0.1; Nexus 5X Build/MMB29P) AppleWebKit/537.36 (KHTML, like Gecko) Chrome/151.0.7922.137 Mobile Safari/537.36 (compatible; GoogleOther)"
40.77.167.17 - - [23/Aug/2026:17:55:37 +0800] "GET /check-out-the-shortlist-to-obtain-safer-web-sites-offering-genuine-money-playing-large-bonuses-numerous-video-game-and-much-more/ HTTP/1.1" 200 95645 "-" "Mozilla/5.0 AppleWebKit/537.36 (KHTML, like Gecko; compatible; bingbot/2.0; +http://www.bing.com/bingbot.htm) Chrome/116.0.1938.76 Safari/537.36"
40.77.167.55 - - [23/Aug/2026:17:55:49 +0800] "GET /getting-wilds-inside-the-free-revolves-accumulates-the-fresh-new-restricted-bucks-values-0/ HTTP/1.1" 200 95683 "-" "Mozilla/5.0 AppleWebKit/537.36 (KHTML, like Gecko; compatible; bingbot/2.0; +http://www.bing.com/bingbot.htm) Chrome/116.0.1938.76 Safari/537.36"
105.71.133.240 - - [23/Aug/2026:17:56:04 +0800] "GET //xmlrpc.php HTTP/1.1" 403 23203 "-" "Mozilla/5.0 (Windows NT 10.0; WOW64; rv:45.0) Gecko/20100101 Firefox/45.0"
66.249.71.228 - - [23/Aug/2026:17:56:59 +0800] "GET /category/%E6%97%85%E9%81%8A%E6%9C%AD%E8%A8%98/feed/ HTTP/1.1" 200 68559 "-" "Mozilla/5.0 (Linux; Android 6.0.1; Nexus 5X Build/MMB29P) AppleWebKit/537.36 (KHTML, like Gecko) Chrome/151.0.7922.137 Mobile Safari/537.36 (compatible; Googlebot/2.1; +http://www.google.com/bot.html)"
124.150.132.81 - - [23/Aug/2026:17:57:01 +0800] "POST /?wordfence_syncAttackData=1787479021.3454 HTTP/1.1" 200 5755 "-" "WordPress/7.1; https://rajlaw.com.tw"
66.249.72.200 - - [23/Aug/2026:17:57:17 +0800] "GET /analizzando-lofferta-attuale-il-tutto-dei-gratifica-escludendo-fitto-raggiunge-la-cifra-conturbante-di-7/ HTTP/1.1" 200 95772 "-" "Mozilla/5.0 (Linux; Android 6.0.1; Nexus 5X Build/MMB29P) AppleWebKit/537.36 (KHTML, like Gecko) Chrome/151.0.7922.137 Mobile Safari/537.36 (compatible; GoogleOther)"
57.141.20.25 - - [23/Aug/2026:17:57:24 +0800] "GET / HTTP/1.1" 200 139932 "-" "facebookexternalhit/1.1 (+http://www.facebook.com/externalhit_uatext.php)"
40.77.167.55 - - [23/Aug/2026:17:58:00 +0800] "GET /%E5%8F%B0%E7%A9%8D%E9%9B%BB%E6%93%B4%E7%94%A2%E5%86%8D%E5%8A%A0%E7%A2%BC%EF%BC%812026%E5%B9%B4%E8%B3%87%E6%9C%AC%E9%A0%90%E7%AE%97607%E5%84%84%E7%BE%8E%E5%85%83%E9%80%BC%E8%BF%912%E5%85%86%E5%85%83/ HTTP/1.1" 200 99836 "-" "Mozilla/5.0 AppleWebKit/537.36 (KHTML, like Gecko; compatible; bingbot/2.0; +http://www.bing.com/bingbot.htm) Chrome/116.0.1938.76 Safari/537.36"
52.167.144.162 - - [23/Aug/2026:17:59:09 +0800] "GET /write-a-preliminary-introduction-with-the-dining-table-and-you-may-listing-the-top-land-founded-gambling-enterprises-inside-europes-brick-and-mortar-gambling-community/ HTTP/1.1" 200 98293 "-" "Mozilla/5.0 AppleWebKit/537.36 (KHTML, like Gecko; compatible; bingbot/2.0; +http://www.bing.com/bingbot.htm) Chrome/116.0.1938.76 Safari/537.36"
40.77.167.131 - - [23/Aug/2026:17:59:36 +0800] "GET /adverts-quest-you-will-need-to-open-every-coins-gift-packets/ HTTP/1.1" 200 95878 "-" "Mozilla/5.0 AppleWebKit/537.36 (KHTML, like Gecko; compatible; bingbot/2.0; +http://www.bing.com/bingbot.htm) Chrome/116.0.1938.76 Safari/537.36"
124.150.132.81 - - [23/Aug/2026:17:59:41 +0800] "POST /wp-cron.php?doing_wp_cron=1787479181.2130908966064453125000 HTTP/1.1" 500 8614 "-" "WordPress/7.1; https://rajlaw.com.tw"
57.141.10.40 - - [23/Aug/2026:18:00:16 +0800] "GET / HTTP/1.1" 200 139932 "-" "facebookexternalhit/1.1 (+http://www.facebook.com/externalhit_uatext.php)"
52.167.144.229 - - [23/Aug/2026:18:00:39 +0800] "GET /eye-of-horus-shogun-slot-free-spins-tricks-je-das-partie-uber-einem-dusel/ HTTP/1.1" 200 101317 "-" "Mozilla/5.0 AppleWebKit/537.36 (KHTML, like Gecko; compatible; bingbot/2.0; +http://www.bing.com/bingbot.htm) Chrome/116.0.1938.76 Safari/537.36"
36.137.206.212 - - [23/Aug/2026:18:00:55 +0800] "GET /%E5%8F%B0%E5%8D%97%E6%96%B0%E7%87%9F%E5%8F%B0%E7%B3%96%E6%B2%B9%E5%93%81%E4%BA%8B%E6%A5%AD%E9%83%A8%E5%8F%97%E9%97%9C%E6%B3%A8%E3%80%80%E5%B8%82%E5%BA%9C%E5%AF%A6%E5%9C%B0%E6%9F%A5%E6%A0%B8%E9%87%90/ HTTP/1.1" 200 96108 "https://rajlaw.com.tw/category/%E5%9C%B0%E6%96%B9%E6%96%B0%E8%81%9E/page/2/" "Mozilla/5.0 (Windows NT 10.0; Win64; x64) AppleWebKit/537.36 (KHTML, like Gecko) Chrome/142.0.0.0 Safari/537.36"
36.138.37.79 - - [23/Aug/2026:18:01:00 +0800] "GET /%E5%8F%B0%E5%8D%97%E6%96%B0%E7%87%9F%E5%8F%B0%E7%B3%96%E6%B2%B9%E5%93%81%E4%BA%8B%E6%A5%AD%E9%83%A8%E5%8F%97%E9%97%9C%E6%B3%A8%E3%80%80%E5%B8%82%E5%BA%9C%E5%AF%A6%E5%9C%B0%E6%9F%A5%E6%A0%B8%E9%87%90/ HTTP/1.1" 200 94529 "https://rajlaw.com.tw/category/%E5%9C%B0%E6%96%B9%E6%96%B0%E8%81%9E/page/2/" "Mozilla/5.0 (Windows NT 10.0; Win64; x64) AppleWebKit/537.36 (KHTML, like Gecko) Chrome/142.0.0.0 Safari/537.36"
36.139.200.125 - - [23/Aug/2026:18:01:10 +0800] "GET /%E5%8F%B0%E5%8D%97%E6%96%B0%E7%87%9F%E5%8F%B0%E7%B3%96%E6%B2%B9%E5%93%81%E4%BA%8B%E6%A5%AD%E9%83%A8%E5%8F%97%E9%97%9C%E6%B3%A8%E3%80%80%E5%B8%82%E5%BA%9C%E5%AF%A6%E5%9C%B0%E6%9F%A5%E6%A0%B8%E9%87%90/ HTTP/1.1" 200 96108 "https://rajlaw.com.tw/category/%E5%9C%B0%E6%96%B9%E6%96%B0%E8%81%9E/page/2/" "Mozilla/5.0 (Windows NT 10.0; Win64; x64) AppleWebKit/537.36 (KHTML, like Gecko) Chrome/142.0.0.0 Safari/537.36"
124.150.132.81 - - [23/Aug/2026:18:00:43 +0800] "POST /wp-cron.php?doing_wp_cron=1787479243.8529689311981201171875 HTTP/1.1" 200 5843 "-" "WordPress/7.1; https://rajlaw.com.tw"
52.167.144.229 - - [23/Aug/2026:18:01:49 +0800] "GET /fomc%E6%9C%83%E8%AD%B0%E7%B4%80%E9%8C%84%E5%8D%B3%E5%B0%87%E5%85%AC%E5%B8%83%E3%80%80%E9%AE%91%E7%88%BE%E8%AB%87%E8%A9%B1%E3%80%81%E7%BE%8E%E5%82%B5%E6%AE%96%E5%88%A9%E7%8E%87%E3%80%81govt%E3%80%81tlt/ HTTP/1.1" 200 94404 "-" "Mozilla/5.0 AppleWebKit/537.36 (KHTML, like Gecko; compatible; bingbot/2.0; +http://www.bing.com/bingbot.htm) Chrome/116.0.1938.76 Safari/537.36"
57.141.22.37 - - [23/Aug/2026:18:03:11 +0800] "GET / HTTP/1.1" 200 139932 "-" "facebookexternalhit/1.1 (+http://www.facebook.com/externalhit_uatext.php)"
124.150.132.81 - - [23/Aug/2026:18:03:17 +0800] "POST /wp-cron.php?doing_wp_cron=1787479397.4685831069946289062500 HTTP/1.1" 200 5843 "-" "WordPress/7.1; https://rajlaw.com.tw"
52.167.144.229 - - [23/Aug/2026:18:03:30 +0800] "GET /la-piano-martingala-e-sovente-discussa-tuttavia-il-minaccia-di-estenuare-il-bankroll-e-volante/ HTTP/1.1" 200 96960 "-" "Mozilla/5.0 AppleWebKit/537.36 (KHTML, like Gecko; compatible; bingbot/2.0; +http://www.bing.com/bingbot.htm) Chrome/116.0.1938.76 Safari/537.36"
52.167.144.229 - - [23/Aug/2026:18:03:35 +0800] "GET /idraetsgren-online-slotspil-the-invisible-man-fr-online/ HTTP/1.1" 200 96784 "-" "Mozilla/5.0 AppleWebKit/537.36 (KHTML, like Gecko; compatible; bingbot/2.0; +http://www.bing.com/bingbot.htm) Chrome/116.0.1938.76 Safari/537.36"
66.249.71.227 - - [23/Aug/2026:18:03:38 +0800] "GET /players-inside-the-california-is-only-able-to-take-pleasure-in-simple-gameplay-to-have-activities-aim-through-gc/ HTTP/1.1" 200 96113 "-" "Mozilla/5.0 (Linux; Android 6.0.1; Nexus 5X Build/MMB29P) AppleWebKit/537.36 (KHTML, like Gecko) Chrome/151.0.7922.137 Mobile Safari/537.36 (compatible; GoogleOther)"
66.249.72.201 - - [23/Aug/2026:18:03:43 +0800] "GET /the-entire-question-is-found-on-telegram-so-it-is-not-the-regular/ HTTP/1.1" 200 97690 "-" "Mozilla/5.0 (Linux; Android 6.0.1; Nexus 5X Build/MMB29P) AppleWebKit/537.36 (KHTML, like Gecko) Chrome/151.0.7922.137 Mobile Safari/537.36 (compatible; GoogleOther)"
66.249.71.228 - - [23/Aug/2026:18:04:24 +0800] "GET /kasyna-online-blik-najlepsze-gry-i-cechy-ktore-musisz-znac/ HTTP/1.1" 200 96533 "-" "Mozilla/5.0 (Linux; Android 6.0.1; Nexus 5X Build/MMB29P) AppleWebKit/537.36 (KHTML, like Gecko) Chrome/151.0.7922.137 Mobile Safari/537.36 (compatible; Googlebot/2.1; +http://www.google.com/bot.html)"
165.73.240.122 - - [23/Aug/2026:18:04:31 +0800] "POST /xmlrpc.php HTTP/1.1" 200 6124 "-" "Mozilla/5.0 (Windows NT 10.0; Win64; x64) AppleWebKit/537.36 (KHTML, like Gecko) Chrome/114.0.0.0 Safari/537.36"
124.150.132.81 - - [23/Aug/2026:18:04:36 +0800] "POST /wp-cron.php?doing_wp_cron=1787479476.6019270420074462890625 HTTP/1.1" 200 5843 "-" "WordPress/7.1; https://rajlaw.com.tw"
165.73.240.122 - - [23/Aug/2026:18:04:45 +0800] "POST /xmlrpc.php HTTP/1.1" 200 15439 "-" "Mozilla/5.0 (Windows NT 10.0; Win64; x64) AppleWebKit/537.36 (KHTML, like Gecko) Chrome/114.0.0.0 Safari/537.36"
66.249.71.227 - - [23/Aug/2026:18:04:47 +0800] "GET /category/%E6%97%85%E9%81%8A%E6%9C%AD%E8%A8%98/feed/taiwanholic@microad.tw HTTP/1.1" 404 86794 "-" "Mozilla/5.0 (Linux; Android 6.0.1; Nexus 5X Build/MMB29P) AppleWebKit/537.36 (KHTML, like Gecko) Chrome/151.0.7922.137 Mobile Safari/537.36 (compatible; Googlebot/2.1; +http://www.google.com/bot.html)"
165.73.240.122 - - [23/Aug/2026:18:04:52 +0800] "GET /immediately-incorporating-money-in-order-to-a-players-membership-lets-them-initiate-to-experience-the-real-deal-currency-and-obtaining-incentives/ HTTP/1.1" 200 96104 "-" "Mozilla/5.0 (Windows NT 10.0; Win64; x64; rv:124.0) Gecko/20100101 Firefox/124.0"
187.189.102.34 - - [23/Aug/2026:18:05:30 +0800] "GET /%E5%8F%B0%E5%8D%97%E6%8E%A8%E5%9C%8B%E5%9C%9F%E7%B6%A0%E8%94%AD%E6%8A%97%E9%AB%98%E6%BA%AB%E3%80%80%E7%9B%A4%E9%BB%9E%E9%83%BD%E5%B8%82%E6%9E%97%E6%BD%9B%E5%8A%9B%E5%8D%80%E3%80%81%E7%92%B0%E5%A2%83/ HTTP/1.1" 200 99009 "-" "Mozilla/5.0 (Windows NT 10.0; Win64; x64) AppleWebKit/537.36 (KHTML, like Gecko) Chrome/116.0.0.0 Safari/537.36"
129.227.90.232 - - [23/Aug/2026:18:05:29 +0800] "POST /xmlrpc.php HTTP/1.1" 200 6124 "-" "Mozilla/5.0 (Windows NT 10.0; Win64; x64) AppleWebKit/537.36 (KHTML, like Gecko) Chrome/114.0.0.0 Safari/537.36"
124.150.132.81 - - [23/Aug/2026:18:05:34 +0800] "POST /wp-cron.php?doing_wp_cron=1787479534.2541520595550537109375 HTTP/1.1" 200 5843 "-" "WordPress/7.1; https://rajlaw.com.tw"
129.227.90.232 - - [23/Aug/2026:18:05:41 +0800] "POST /xmlrpc.php HTTP/1.1" 200 16267 "-" "Mozilla/5.0 (Windows NT 10.0; Win64; x64) AppleWebKit/537.36 (KHTML, like Gecko) Chrome/114.0.0.0 Safari/537.36"
129.227.90.153 - - [23/Aug/2026:18:05:49 +0800] "POST /xmlrpc.php HTTP/1.1" 200 6124 "-" "Mozilla/5.0 (Macintosh; Intel Mac OS X 10_15_7) AppleWebKit/605.1.15 (KHTML, like Gecko) Version/16.6 Safari/605.1.15"
124.150.132.81 - - [23/Aug/2026:18:05:53 +0800] "POST /wp-cron.php?doing_wp_cron=1787479553.2475950717926025390625 HTTP/1.1" 200 5843 "-" "WordPress/7.1; https://rajlaw.com.tw"
66.249.71.228 - - [23/Aug/2026:18:05:55 +0800] "GET /you-can-allege-a-personal-anticipate-added-bonus-well-worth-350-into-the-first-deposit-playing-harbors-the-real-deal-currency/ HTTP/1.1" 200 95458 "-" "Mozilla/5.0 (Linux; Android 6.0.1; Nexus 5X Build/MMB29P) AppleWebKit/537.36 (KHTML, like Gecko) Chrome/151.0.7922.137 Mobile Safari/537.36 (compatible; GoogleOther)"
129.227.90.153 - - [23/Aug/2026:18:05:56 +0800] "POST /xmlrpc.php HTTP/1.1" 200 15874 "-" "Mozilla/5.0 (X11; Linux x86_64) AppleWebKit/537.36 (KHTML, like Gecko) Chrome/133.0.0.0 Safari/537.36"
66.249.71.226 - - [23/Aug/2026:18:06:02 +0800] "GET /wp-content/themes/zakra/style.css?ver=4.0.6 HTTP/1.1" 200 111596 "https://rajlaw.com.tw/you-can-allege-a-personal-anticipate-added-bonus-well-worth-350-into-the-first-deposit-playing-harbors-the-real-deal-currency/" "Mozilla/5.0 (Linux; Android 6.0.1; Nexus 5X Build/MMB29P) AppleWebKit/537.36 (KHTML, like Gecko) Chrome/151.0.7922.137 Mobile Safari/537.36 (compatible; GoogleOther)"
129.227.90.153 - - [23/Aug/2026:18:06:02 +0800] "GET /i-have-big-preparations-around-the-new-part-and-you-can-our-company-is-thrilled/ HTTP/1.1" 200 96263 "-" "Mozilla/5.0 (Windows NT 10.0; Win64; x64) AppleWebKit/537.36 (KHTML, like Gecko) Chrome/136.0.0.0 Safari/537.36 Edg/136.0.0.0"
85.208.96.194 - - [23/Aug/2026:18:06:14 +0800] "GET /blog1/2/ HTTP/1.1" 200 130707 "-" "Mozilla/5.0 (compatible; SemrushBot/7~bl; +http://www.semrush.com/bot.html)"
152.136.106.75 - - [23/Aug/2026:18:06:27 +0800] "GET /bloga/ HTTP/1.1" 200 122514 "-" "Mozilla/5.0 (Macintosh; Intel Mac OS X 10_15_7) AppleWebKit/537.36 (KHTML, like Gecko) Chrome/150.0.0.0 Safari/537.36"
152.136.106.75 - - [23/Aug/2026:18:06:27 +0800] "GET /cdn-cgi/scripts/5c5dd728/cloudflare-static/email-decode.min.js HTTP/1.1" 404 82178 "https://rajlaw.com.tw/bloga/" "Mozilla/5.0 (Macintosh; Intel Mac OS X 10_15_7) AppleWebKit/537.36 (KHTML, like Gecko) Chrome/150.0.0.0 Safari/537.36"
152.136.106.75 - - [23/Aug/2026:18:06:32 +0800] "GET /cdn-cgi/scripts/5c5dd728/cloudflare-static/email-decode.min.js HTTP/1.1" 404 82178 "https://rajlaw.com.tw/bloga/" "Mozilla/5.0 (Macintosh; Intel Mac OS X 10_15_7) AppleWebKit/537.36 (KHTML, like Gecko) Chrome/150.0.0.0 Safari/537.36"
152.136.106.75 - - [23/Aug/2026:18:06:35 +0800] "GET /cdn-cgi/scripts/5c5dd728/cloudflare-static/email-decode.min.js HTTP/1.1" 404 82178 "https://rajlaw.com.tw/bloga/" "Mozilla/5.0 (Macintosh; Intel Mac OS X 10_15_7) AppleWebKit/537.36 (KHTML, like Gecko) Chrome/150.0.0.0 Safari/537.36"
152.136.106.75 - - [23/Aug/2026:18:06:40 +0800] "GET /cdn-cgi/challenge-platform/scripts/jsd/main.js HTTP/1.1" 404 82178 "-" "Mozilla/5.0 (Macintosh; Intel Mac OS X 10_15_7) AppleWebKit/537.36 (KHTML, like Gecko) Chrome/150.0.0.0 Safari/537.36"
152.136.106.75 - - [23/Aug/2026:18:06:44 +0800] "GET /cdn-cgi/challenge-platform/scripts/jsd/main.js HTTP/1.1" 404 82178 "-" "Mozilla/5.0 (Macintosh; Intel Mac OS X 10_15_7) AppleWebKit/537.36 (KHTML, like Gecko) Chrome/150.0.0.0 Safari/537.36"
129.227.90.232 - - [23/Aug/2026:18:05:46 +0800] "GET /as-the-listed-that-is-a-breathtaking-internet-casino-that-includes-more-than-eight-hundred-harbors/ HTTP/1.1" 200 83436 "-" "Mozilla/5.0 (Windows NT 10.0; Win64; x64) AppleWebKit/537.36 (KHTML, like Gecko) Chrome/124.0.0.0 Safari/537.36"
180.140.47.3 - - [23/Aug/2026:18:06:59 +0800] "GET /no-deposit-bonuses-excel-because-they-do-not-want-people-minimum-put-making-them-offered-to-all-new-players/ HTTP/1.1" 200 98216 "https://rajlaw.com.tw/news/page/32/" "Mozilla/5.0 (Windows NT 10.0; Win64; x64) AppleWebKit/537.36 (KHTML, like Gecko) Chrome/144.0.0.0 Safari/537.36"
129.227.90.153 - - [23/Aug/2026:18:07:36 +0800] "POST /xmlrpc.php HTTP/1.1" 200 6124 "-" "Mozilla/5.0 (Macintosh; Intel Mac OS X 10.15; rv:150.0) Gecko/20100101 Firefox/150.0"
124.150.132.81 - - [23/Aug/2026:18:07:40 +0800] "POST /wp-cron.php?doing_wp_cron=1787479660.6715691089630126953125 HTTP/1.1" 200 5843 "-" "WordPress/7.1; https://rajlaw.com.tw"
129.227.90.153 - - [23/Aug/2026:18:07:43 +0800] "POST /xmlrpc.php HTTP/1.1" 200 16286 "-" "Mozilla/5.0 (Macintosh; Intel Mac OS X 10_15_7) AppleWebKit/605.1.15 (KHTML, like Gecko) Version/16.6 Safari/605.1.15"
219.77.62.22 - - [23/Aug/2026:18:07:48 +0800] "GET //xmlrpc.php HTTP/1.1" 403 23234 "-" "Mozilla/5.0 (Windows NT 10.0; WOW64; rv:45.0) Gecko/20100101 Firefox/45.0"
124.150.132.81 - - [23/Aug/2026:18:07:54 +0800] "POST /?wordfence_syncAttackData=1787479674.1355 HTTP/1.1" 200 5755 "-" "WordPress/7.1; https://rajlaw.com.tw"
52.167.144.140 - - [23/Aug/2026:18:07:50 +0800] "GET /20bet-exklusiv-gewinne-live-erleben/ HTTP/1.1" 200 100645 "-" "Mozilla/5.0 AppleWebKit/537.36 (KHTML, like Gecko; compatible; bingbot/2.0; +http://www.bing.com/bingbot.htm) Chrome/116.0.1938.76 Safari/537.36"
129.227.90.153 - - [23/Aug/2026:18:07:54 +0800] "GET /ignition-casino-is-a-well-rounded-gambling-on-line-site-which-provides-a-secure-and-you-can-fun-gaming-experience/ HTTP/1.1" 200 96705 "-" "Mozilla/5.0 (Macintosh; Intel Mac OS X 10_15_7) AppleWebKit/537.36"
52.167.144.229 - - [23/Aug/2026:18:09:00 +0800] "GET /darmowe-spiny-z-brakiem-depozytu-w-calej-kasyno-indian-dreaming-kasynach-goldbet-logowanie-apk-sieciowy/ HTTP/1.1" 200 96857 "-" "Mozilla/5.0 AppleWebKit/537.36 (KHTML, like Gecko; compatible; bingbot/2.0; +http://www.bing.com/bingbot.htm) Chrome/116.0.1938.76 Safari/537.36"
129.227.90.153 - - [23/Aug/2026:18:09:13 +0800] "POST /xmlrpc.php HTTP/1.1" 200 6124 "-" "Mozilla/5.0 (Windows NT 10.0; Win64; x64; rv:137.0) Gecko/20100101 Firefox/137.0"
14.215.29.104 - - [23/Aug/2026:18:09:19 +0800] "GET /?p=3803 HTTP/1.1" 301 6005 "-" "Mozilla/5.0 (Windows NT 10.0; Win64; x64) AppleWebKit/537.36 (KHTML, like Gecko) Chrome/104.0.5112.81 Safari/537.36"
66.249.72.199 - - [23/Aug/2026:18:09:18 +0800] "GET /if-not-find-it-around-you-can-try-examining-the-brand-new-providers-site-on-the-recommendations/ HTTP/1.1" 200 94802 "-" "Mozilla/5.0 (Linux; Android 6.0.1; Nexus 5X Build/MMB29P) AppleWebKit/537.36 (KHTML, like Gecko) Chrome/151.0.7922.137 Mobile Safari/537.36 (compatible; GoogleOther)"
129.227.90.153 - - [23/Aug/2026:18:09:20 +0800] "POST /xmlrpc.php HTTP/1.1" 200 16219 "-" "Mozilla/5.0 (Windows NT 10.0; Win64; x64) AppleWebKit/537.36 (KHTML, like Gecko) Chrome/134.0.0.0 Safari/537.36 Edg/134.0.0.0"
120.241.208.69 - - [23/Aug/2026:18:09:24 +0800] "GET /%e6%88%91%e6%9c%89%e4%b8%80%e7%ad%86%e5%9c%9f%e5%9c%b0%e5%b7%b2%e9%a0%98%e6%9c%89%e5%81%9c%e8%bb%8a%e5%a0%b4%e7%99%bb%e8%a8%98%e8%ad%89%ef%bc%8c%e5%9c%b0%e5%83%b9%e7%a8%85%e6%9c%89%e5%84%aa%e6%83%a0/ HTTP/1.1" 200 92717 "-" "Mozilla/5.0 (Windows NT 10.0; Win64; x64) AppleWebKit/537.36 (KHTML, like Gecko) Chrome/104.0.5112.81 Safari/537.36"
129.227.90.153 - - [23/Aug/2026:18:09:27 +0800] "GET /je-is-obtainable-24-seven-to-greatly-help-having-campaigns-otherwise-kyc-monitors-guaranteeing-a-soft-sense/ HTTP/1.1" 200 96663 "-" "Mozilla/5.0 (Windows NT 10.0; Win64; x64) AppleWebKit/537.36 (KHTML, like Gecko) Chrome/126.0.0.0 Safari/537.36"
40.77.167.55 - - [23/Aug/2026:18:09:38 +0800] "GET /%E9%9B%BB%E5%95%86%E7%A7%91%E6%8A%80%E6%96%B0%E5%95%86%E6%A5%AD%E6%A8%A1%E5%BC%8Fai%E8%AE%8A%E7%8F%BEveloflow-ai%E7%9E%84%E6%BA%96%E7%94%9F%E6%88%90%E5%BC%8Fai%E6%87%89%E7%94%A8%E7%97%9B%E9%BB%9E/ HTTP/1.1" 200 95925 "-" "Mozilla/5.0 AppleWebKit/537.36 (KHTML, like Gecko; compatible; bingbot/2.0; +http://www.bing.com/bingbot.htm) Chrome/116.0.1938.76 Safari/537.36"
212.44.120.27 - - [23/Aug/2026:18:09:54 +0800] "POST /xmlrpc.php HTTP/1.1" 200 6124 "-" "Mozilla/5.0 (Macintosh; Intel Mac OS X 10_15_7) AppleWebKit/537.36 (KHTML, like Gecko) Chrome/146.0.0.0 Safari/537.36"
124.150.132.81 - - [23/Aug/2026:18:09:17 +0800] "POST /wp-cron.php?doing_wp_cron=1787479757.0871191024780273437500 HTTP/1.1" 500 8614 "-" "WordPress/7.1; https://rajlaw.com.tw"
212.44.120.27 - - [23/Aug/2026:18:10:01 +0800] "POST /xmlrpc.php HTTP/1.1" 200 15743 "-" "Mozilla/5.0 (Windows NT 10.0; Win64; x64) AppleWebKit/537.36 (KHTML, like Gecko) Chrome/122.0.0.0 Safari/537.36"
212.44.120.27 - - [23/Aug/2026:18:10:06 +0800] "GET /los-excelentes-casinos-en-internet-tienen-plazos-excelentes-a-dos-semanas-con-el-fin-de-llegar-en-el-rollover/ HTTP/1.1" 200 96186 "-" "Mozilla/5.0 (Windows NT 10.0; Win64; x64; rv:136.0) Gecko/20100101 Firefox/136.0"
85.208.96.197 - - [23/Aug/2026:18:10:31 +0800] "GET /%E5%83%B9%E9%87%91%E5%B1%A5%E7%B4%84%E4%BF%9D%E8%AD%89%E8%88%87%E5%83%B9%E9%87%91%E4%BF%A1%E8%A8%97%E4%B9%8B%E6%AF%94%E8%BC%83/ HTTP/1.1" 200 93123 "-" "Mozilla/5.0 (compatible; SemrushBot/7~bl; +http://www.semrush.com/bot.html)"
129.227.90.153 - - [23/Aug/2026:18:10:42 +0800] "POST /xmlrpc.php HTTP/1.1" 200 6124 "-" "Mozilla/5.0 (Windows NT 10.0; Win64; x64) AppleWebKit/537.36 (KHTML, like Gecko) Chrome/148.0.0.0 Safari/537.36 Edg/148.0.0.0"
129.227.90.153 - - [23/Aug/2026:18:10:49 +0800] "POST /xmlrpc.php HTTP/1.1" 200 16422 "-" "Mozilla/5.0 (Windows NT 10.0; Win64; x64) AppleWebKit/537.36 (KHTML, like Gecko) Chrome/136.0.0.0 Safari/537.36 Edg/136.0.0.0"
129.227.90.153 - - [23/Aug/2026:18:10:54 +0800] "GET /karamba-features-an-effective-work-on-betting-but-a-few-tweaks-are-required/ HTTP/1.1" 200 96783 "-" "Mozilla/5.0 (Windows NT 10.0; Win64; x64) AppleWebKit/537.36 (KHTML, like Gecko) Chrome/91.0.4472.124 Safari/537.36"
165.73.242.2 - - [23/Aug/2026:18:11:14 +0800] "POST /xmlrpc.php HTTP/1.1" 200 6124 "-" "Mozilla/5.0 (Windows NT 10.0; Win64; x64) AppleWebKit/537.36 (KHTML, like Gecko) Chrome/114.0.0.0 Safari/537.36"
165.73.242.2 - - [23/Aug/2026:18:11:28 +0800] "POST /xmlrpc.php HTTP/1.1" 200 14351 "-" "Mozilla/5.0 (Windows NT 10.0; Win64; x64) AppleWebKit/537.36 (KHTML, like Gecko) Chrome/114.0.0.0 Safari/537.36"
124.150.132.81 - - [23/Aug/2026:18:10:36 +0800] "POST /wp-cron.php?doing_wp_cron=1787479836.1306269168853759765625 HTTP/1.1" 200 5843 "-" "WordPress/7.1; https://rajlaw.com.tw"
165.73.242.2 - - [23/Aug/2026:18:11:35 +0800] "GET /nolimitcoins-remark-2026-can-it-be-a-legitimate-sweepstakes-local-casino/ HTTP/1.1" 200 94623 "-" "Mozilla/5.0 (Windows NT 10.0; Win64; x64) AppleWebKit/537.36 (KHTML, like Gecko) Chrome/109.0.0.0 Safari/537.36"
124.150.132.81 - - [23/Aug/2026:18:11:40 +0800] "POST /wp-cron.php?doing_wp_cron=1787479900.5222129821777343750000 HTTP/1.1" 200 5843 "-" "WordPress/7.1; https://rajlaw.com.tw"
129.227.90.153 - - [23/Aug/2026:18:12:00 +0800] "POST /xmlrpc.php HTTP/1.1" 200 6124 "-" "Mozilla/5.0 (Windows NT 10.0; Win64; x64) AppleWebKit/537.36 (KHTML, like Gecko) Chrome/126.0.0.0 Safari/537.36"
124.150.132.81 - - [23/Aug/2026:18:12:06 +0800] "POST /wp-cron.php?doing_wp_cron=1787479926.5936200618743896484375 HTTP/1.1" 200 5843 "-" "WordPress/7.1; https://rajlaw.com.tw"
129.227.90.153 - - [23/Aug/2026:18:12:09 +0800] "POST /xmlrpc.php HTTP/1.1" 200 16231 "-" "Mozilla/5.0 (Macintosh; Intel Mac OS X 10_15_7) AppleWebKit/605.1.15 (KHTML, like Gecko) Version/18.1 Safari/605.1.15"
129.227.90.153 - - [23/Aug/2026:18:12:14 +0800] "GET /even-offers-promoted-due-to-juwa-facebook-pages-otherwise-individual-agents-can-differ-after-that/ HTTP/1.1" 200 96608 "-" "Mozilla/5.0 (Windows NT 10.0; Win64; x64) AppleWebKit/537.36 (KHTML, like Gecko) Chrome/124.0.0.0 Safari/537.36"
43.155.140.157 - - [23/Aug/2026:18:13:05 +0800] "GET / HTTP/1.1" 301 5825 "http://www.rajlaw.com.tw" "Mozilla/5.0 (iPhone; CPU iPhone OS 13_2_3 like Mac OS X) AppleWebKit/605.1.15 (KHTML, like Gecko) Version/13.0.3 Mobile/15E148 Safari/604.1"
124.150.132.81 - - [23/Aug/2026:18:13:08 +0800] "POST /wp-cron.php?doing_wp_cron=1787479988.4485659599304199218750 HTTP/1.1" 200 5843 "-" "WordPress/7.1; https://rajlaw.com.tw"
43.155.140.157 - - [23/Aug/2026:18:13:10 +0800] "GET / HTTP/1.1" 200 139700 "https://www.rajlaw.com.tw/" "Mozilla/5.0 (iPhone; CPU iPhone OS 13_2_3 like Mac OS X) AppleWebKit/605.1.15 (KHTML, like Gecko) Version/13.0.3 Mobile/15E148 Safari/604.1"
129.227.90.153 - - [23/Aug/2026:18:13:21 +0800] "POST /xmlrpc.php HTTP/1.1" 200 6124 "-" "Mozilla/5.0 (X11; Ubuntu; Linux x86_64; rv:136.0) Gecko/20100101 Firefox/136.0"
124.150.132.81 - - [23/Aug/2026:18:13:25 +0800] "POST /wp-cron.php?doing_wp_cron=1787480005.7802610397338867187500 HTTP/1.1" 200 5843 "-" "WordPress/7.1; https://rajlaw.com.tw"
129.227.90.153 - - [23/Aug/2026:18:13:28 +0800] "POST /xmlrpc.php HTTP/1.1" 200 15725 "-" "Mozilla/5.0 (Macintosh; Intel Mac OS X 10_15_7) AppleWebKit/537.36 (KHTML, like Gecko) Chrome/134.0.0.0 Safari/537.36"
129.227.90.153 - - [23/Aug/2026:18:13:33 +0800] "GET /check-for-the-dates-over-and-we-will-direct-you-the-lowest-cost/ HTTP/1.1" 200 95879 "-" "Mozilla/5.0 (Windows NT 10.0; Win64; x64; rv:128.0) Gecko/20100101 Firefox/128.0"
165.73.242.2 - - [23/Aug/2026:18:14:25 +0800] "POST /xmlrpc.php HTTP/1.1" 200 6124 "-" "Mozilla/5.0 (Windows NT 10.0; Win64; x64) AppleWebKit/537.36 (KHTML, like Gecko) Chrome/114.0.0.0 Safari/537.36"
124.150.132.81 - - [23/Aug/2026:18:14:29 +0800] "POST /wp-cron.php?doing_wp_cron=1787480069.8413600921630859375000 HTTP/1.1" 200 5843 "-" "WordPress/7.1; https://rajlaw.com.tw"
129.227.90.153 - - [23/Aug/2026:18:14:34 +0800] "POST /xmlrpc.php HTTP/1.1" 200 6124 "-" "Mozilla/5.0 (Macintosh; Intel Mac OS X 10_15_7) AppleWebKit/537.36 (KHTML, like Gecko) Chrome/134.0.0.0 Safari/537.36"
165.73.242.2 - - [23/Aug/2026:18:14:38 +0800] "POST /xmlrpc.php HTTP/1.1" 200 14935 "-" "Mozilla/5.0 (Windows NT 10.0; Win64; x64) AppleWebKit/537.36 (KHTML, like Gecko) Chrome/114.0.0.0 Safari/537.36"
129.227.90.153 - - [23/Aug/2026:18:14:41 +0800] "POST /xmlrpc.php HTTP/1.1" 200 16109 "-" "Mozilla/5.0 (Windows NT 10.0; Win64; x64) AppleWebKit/537.36 (KHTML, like Gecko) Chrome/135.0.0.0 Safari/537.36 Edg/135.0.0.0"
129.227.90.153 - - [23/Aug/2026:18:14:46 +0800] "GET /all-of-our-in-charge-gambling-center-delivers-samples-of-safer-game-play-actually-in-operation/ HTTP/1.1" 200 96545 "-" "Mozilla/5.0 (Windows NT 10.0; Win64; x64) AppleWebKit/537.36 (KHTML, like Gecko) Chrome/91.0.4472.124 Safari/537.36"
124.150.132.81 - - [23/Aug/2026:18:14:42 +0800] "POST /wp-cron.php?doing_wp_cron=1787480082.8837060928344726562500 HTTP/1.1" 200 5843 "-" "WordPress/7.1; https://rajlaw.com.tw"
165.73.242.2 - - [23/Aug/2026:18:14:46 +0800] "GET /users-need-to-use-the-bonus-funds-and-you-will-award-credit-inside-a-great-eight-big-date-months-following-the-activation/ HTTP/1.1" 200 95658 "-" "Mozilla/5.0 (Windows NT 10.0; Win64; x64) AppleWebKit/537.36 (KHTML, like Gecko) Chrome/123.0.0.0 Safari/537.36 OPR/109.0.0.0"
129.227.90.153 - - [23/Aug/2026:18:15:46 +0800] "POST /xmlrpc.php HTTP/1.1" 200 6124 "-" "Mozilla/5.0 (X11; Linux x86_64) AppleWebKit/537.36 (KHTML, like Gecko) Chrome/136.0.0.0 Safari/537.36"
124.150.132.81 - - [23/Aug/2026:18:15:50 +0800] "POST /wp-cron.php?doing_wp_cron=1787480150.2160179615020751953125 HTTP/1.1" 200 5843 "-" "WordPress/7.1; https://rajlaw.com.tw"
129.227.90.153 - - [23/Aug/2026:18:15:53 +0800] "POST /xmlrpc.php HTTP/1.1" 200 16336 "-" "Mozilla/5.0 (Macintosh; Intel Mac OS X 10_15_7) AppleWebKit/605.1.15 (KHTML, like Gecko) Version/18.4 Safari/605.1.15"
129.227.90.153 - - [23/Aug/2026:18:15:57 +0800] "GET /the-fresh-new-visa-deposit-brought-about-an-otp-take-a-look-at-fundamental-defense-for-1-go-out-repayments/ HTTP/1.1" 200 96745 "-" "Mozilla/5.0 (Macintosh; Intel Mac OS X 10_15_7) AppleWebKit/605.1.15 (KHTML, like Gecko) Version/17.4.1 Safari/605.1.15"
66.249.72.200 - - [23/Aug/2026:18:16:27 +0800] "GET /%E8%BC%9D%E9%81%94spectrum-x%E7%9F%BD%E5%85%89%E5%AD%90%E4%BA%A4%E6%8F%9B%E6%A9%9F%E9%87%8F%E7%94%A2%E3%80%80%E5%8F%B0%E7%A9%8D%E9%9B%BB%E3%80%81%E7%9F%BD%E5%93%81%E3%80%81%E9%B4%BB%E6%B5%B7%E4%BE%9B/ HTTP/1.1" 200 100152 "-" "Mozilla/5.0 (Linux; Android 6.0.1; Nexus 5X Build/MMB29P) AppleWebKit/537.36 (KHTML, like Gecko) Chrome/151.0.7922.137 Mobile Safari/537.36 (compatible; GoogleOther)"
165.73.242.2 - - [23/Aug/2026:18:16:43 +0800] "POST /xmlrpc.php HTTP/1.1" 200 6124 "-" "Mozilla/5.0 (Windows NT 10.0; Win64; x64) AppleWebKit/537.36 (KHTML, like Gecko) Chrome/114.0.0.0 Safari/537.36"
124.150.132.81 - - [23/Aug/2026:18:16:47 +0800] "POST /wp-cron.php?doing_wp_cron=1787480206.9397189617156982421875 HTTP/1.1" 200 5843 "-" "WordPress/7.1; https://rajlaw.com.tw"
165.73.242.2 - - [23/Aug/2026:18:16:55 +0800] "POST /xmlrpc.php HTTP/1.1" 200 14697 "-" "Mozilla/5.0 (Windows NT 10.0; Win64; x64) AppleWebKit/537.36 (KHTML, like Gecko) Chrome/114.0.0.0 Safari/537.36"
129.227.90.153 - - [23/Aug/2026:18:16:56 +0800] "POST /xmlrpc.php HTTP/1.1" 200 6124 "-" "Mozilla/5.0 (Windows NT 10.0; Win64; x64) AppleWebKit/537.36 (KHTML, like Gecko) obsidian/1.8.4 Chrome/130.0.6723.191 Electron/33.3.2 Safari/537.36"
129.227.90.153 - - [23/Aug/2026:18:17:11 +0800] "POST /xmlrpc.php HTTP/1.1" 200 16074 "-" "Mozilla/5.0 (Macintosh; Intel Mac OS X 10_15_7) AppleWebKit/605.1.15 (KHTML, like Gecko) Version/18.3.1 Safari/605.1.15"
124.150.132.81 - - [23/Aug/2026:18:17:08 +0800] "POST /wp-cron.php?doing_wp_cron=1787480228.2844190597534179687500 HTTP/1.1" 200 5843 "-" "WordPress/7.1; https://rajlaw.com.tw"
165.73.242.2 - - [23/Aug/2026:18:17:11 +0800] "GET /really-the-only-significance-of-buying-a-lottery-solution-was-fulfilling-the-fresh-new-minimal-period-of-18/ HTTP/1.1" 200 95405 "-" "Mozilla/5.0 (Windows NT 10.0; Win64; x64) AppleWebKit/537.36 (KHTML, like Gecko) Chrome/109.0.0.0 Safari/537.36"
129.227.90.153 - - [23/Aug/2026:18:17:16 +0800] "GET /practical-desk-game-fundamentally-never-help-you-obvious-betting-unless-you-are-by-using-the-table-certain-promo/ HTTP/1.1" 200 96576 "-" "Mozilla/5.0 (Windows NT 10.0; Win64; x64; rv:150.0) Gecko/20100101 Firefox/150.0"
40.77.167.49 - - [23/Aug/2026:18:17:31 +0800] "GET /vulcan-vegas-login-portale-esclusivo/ HTTP/1.1" 200 98389 "-" "Mozilla/5.0 AppleWebKit/537.36 (KHTML, like Gecko; compatible; bingbot/2.0; +http://www.bing.com/bingbot.htm) Chrome/116.0.1938.76 Safari/537.36"
129.227.90.153 - - [23/Aug/2026:18:18:06 +0800] "POST /xmlrpc.php HTTP/1.1" 200 6124 "-" "Mozilla/5.0 (Windows NT 10.0; Win64; x64) AppleWebKit/537.36 (KHTML, like Gecko) Chrome/130.0.0.0 Safari/537.36"
124.150.132.81 - - [23/Aug/2026:18:18:10 +0800] "POST /wp-cron.php?doing_wp_cron=1787480290.2010118961334228515625 HTTP/1.1" 200 5843 "-" "WordPress/7.1; https://rajlaw.com.tw"
129.227.90.153 - - [23/Aug/2026:18:18:13 +0800] "POST /xmlrpc.php HTTP/1.1" 200 16139 "-" "Mozilla/5.0 (X11; Linux x86_64) AppleWebKit/537.36 (KHTML, like Gecko) Chrome/135.0.0.0 Safari/537.36"
129.227.90.153 - - [23/Aug/2026:18:18:17 +0800] "GET /ignition-local-casino-is-a-properly-rounded-online-gambling-webpages-which-provides-a-safe-and-you-can-fun-gaming-feel/ HTTP/1.1" 200 96661 "-" "Mozilla/5.0 (Macintosh; Intel Mac OS X 10_15_7) AppleWebKit/537.36 (KHTML, like Gecko) Chrome/145.0.0.0 Safari/537.36 OPR/129.0.0.0"
165.73.242.2 - - [23/Aug/2026:18:18:56 +0800] "POST /xmlrpc.php HTTP/1.1" 200 6124 "-" "Mozilla/5.0 (Windows NT 10.0; Win64; x64) AppleWebKit/537.36 (KHTML, like Gecko) Chrome/114.0.0.0 Safari/537.36"
124.150.132.81 - - [23/Aug/2026:18:18:59 +0800] "POST /wp-cron.php?doing_wp_cron=1787480339.7946031093597412109375 HTTP/1.1" 200 5843 "-" "WordPress/7.1; https://rajlaw.com.tw"
165.73.242.2 - - [23/Aug/2026:18:19:14 +0800] "POST /xmlrpc.php HTTP/1.1" 200 14535 "-" "Mozilla/5.0 (Windows NT 10.0; Win64; x64) AppleWebKit/537.36 (KHTML, like Gecko) Chrome/114.0.0.0 Safari/537.36"
129.227.90.153 - - [23/Aug/2026:18:19:13 +0800] "POST /xmlrpc.php HTTP/1.1" 200 6124 "-" "Mozilla/5.0 (Windows NT 10.0; Win64; x64; rv:136.0) Gecko/20100101 Firefox/136.0"
129.227.90.153 - - [23/Aug/2026:18:19:20 +0800] "POST /xmlrpc.php HTTP/1.1" 200 16428 "-" "Mozilla/5.0 (Windows NT 10.0; Win64; x64) AppleWebKit/537.36 (KHTML, like Gecko) Chrome/133.0.0.0 Safari/537.36"
129.227.90.153 - - [23/Aug/2026:18:19:24 +0800] "GET /ignition-gambling-enterprise-was-a-highly-round-gambling-on-line-web-site-that-gives-a-safe-and-you-can-fun-playing-sense/ HTTP/1.1" 200 96878 "-" "Mozilla/5.0 (Windows NT 10.0; Win64; x64) AppleWebKit/537.36 (KHTML, like Gecko) Chrome/134.0.0.0 Safari/537.36 Edg/134.0.0.0"
165.73.242.2 - - [23/Aug/2026:18:19:24 +0800] "GET /alive-agent-casinos-around-australia-most-readily-useful-alive-casino-websites-to-own-2026/ HTTP/1.1" 200 95263 "-" "Mozilla/5.0 (Windows NT 10.0; Win64; x64) AppleWebKit/537.36 (KHTML, like Gecko) Chrome/123.0.0.0 Safari/537.36"
124.150.132.81 - - [23/Aug/2026:18:19:17 +0800] "POST /wp-cron.php?doing_wp_cron=1787480357.0730140209197998046875 HTTP/1.1" 500 8614 "-" "WordPress/7.1; https://rajlaw.com.tw"
129.227.90.153 - - [23/Aug/2026:18:20:14 +0800] "POST /xmlrpc.php HTTP/1.1" 200 6124 "-" "Mozilla/5.0 (Windows NT 10.0; Win64; x64) AppleWebKit/537.36 (KHTML, like Gecko) Chrome/134.0.0.0 YaBrowser/25.4.0.0 Safari/537.36"
129.227.90.153 - - [23/Aug/2026:18:20:21 +0800] "POST /xmlrpc.php HTTP/1.1" 200 16029 "-" "Mozilla/5.0 (Macintosh; Intel Mac OS X 10.15; rv:137.0) Gecko/20100101 Firefox/137.0"
129.227.90.153 - - [23/Aug/2026:18:20:26 +0800] "GET /really-quick-withdrawal-crypto-casinos-place-generous-detachment-limitations-versus-conventional-platforms/ HTTP/1.1" 200 96495 "-" "Mozilla/5.0 (Windows NT 10.0; Win64; x64) AppleWebKit/537.36 (KHTML, like Gecko) Chrome/129.0.0.0 Safari/537.36"
221.204.87.19 - - [23/Aug/2026:18:20:35 +0800] "GET /?p=6728 HTTP/1.1" 301 6254 "-" "Mozilla/5.0 (Windows NT 10.0; Win64; x64) AppleWebKit/537.36 (KHTML, like Gecko) Chrome/144.0.0.0 Safari/537.36"
221.204.87.19 - - [23/Aug/2026:18:20:38 +0800] "GET /%e7%be%8e%e5%9c%8b%e5%a4%9a%e6%99%b6%e7%9f%bd232%e9%97%9c%e7%a8%8512%e6%9c%88%e4%b8%8a%e8%b7%af%e3%80%80%e5%8f%b0%e7%81%a3%e9%81%a9%e7%94%a815%e4%b8%8d%e7%96%8a%e5%8a%a0%e3%80%81%e5%8d%8a%e5%b0%8e/ HTTP/1.1" 200 95303 "-" "Mozilla/5.0 (Windows NT 10.0; Win64; x64) AppleWebKit/537.36 (KHTML, like Gecko) Chrome/144.0.0.0 Safari/537.36"
221.204.87.19 - - [23/Aug/2026:18:20:44 +0800] "GET /wp-includes/css/dashicons.min.css?ver=7.1 HTTP/1.1" 200 59419 "https://rajlaw.com.tw/%e7%be%8e%e5%9c%8b%e5%a4%9a%e6%99%b6%e7%9f%bd232%e9%97%9c%e7%a8%8512%e6%9c%88%e4%b8%8a%e8%b7%af%e3%80%80%e5%8f%b0%e7%81%a3%e9%81%a9%e7%94%a815%e4%b8%8d%e7%96%8a%e5%8a%a0%e3%80%81%e5%8d%8a%e5%b0%8e/" "Mozilla/5.0 (Windows NT 10.0; Win64; x64) AppleWebKit/537.36 (KHTML, like Gecko) Chrome/144.0.0.0 Safari/537.36"
221.204.87.19 - - [23/Aug/2026:18:20:44 +0800] "GET /wp-content/plugins/everest-forms/assets/css/everest-forms.css?ver=3.0.9.3 HTTP/1.1" 200 100836 "https://rajlaw.com.tw/%e7%be%8e%e5%9c%8b%e5%a4%9a%e6%99%b6%e7%9f%bd232%e9%97%9c%e7%a8%8512%e6%9c%88%e4%b8%8a%e8%b7%af%e3%80%80%e5%8f%b0%e7%81%a3%e9%81%a9%e7%94%a815%e4%b8%8d%e7%96%8a%e5%8a%a0%e3%80%81%e5%8d%8a%e5%b0%8e/" "Mozilla/5.0 (Windows NT 10.0; Win64; x64) AppleWebKit/537.36 (KHTML, like Gecko) Chrome/144.0.0.0 Safari/537.36"
221.204.87.19 - - [23/Aug/2026:18:20:44 +0800] "GET /wp-content/plugins/everest-forms/assets/css/intlTelInput.css?ver=3.0.9.3 HTTP/1.1" 200 45997 "https://rajlaw.com.tw/%e7%be%8e%e5%9c%8b%e5%a4%9a%e6%99%b6%e7%9f%bd232%e9%97%9c%e7%a8%8512%e6%9c%88%e4%b8%8a%e8%b7%af%e3%80%80%e5%8f%b0%e7%81%a3%e9%81%a9%e7%94%a815%e4%b8%8d%e7%96%8a%e5%8a%a0%e3%80%81%e5%8d%8a%e5%b0%8e/" "Mozilla/5.0 (Windows NT 10.0; Win64; x64) AppleWebKit/537.36 (KHTML, like Gecko) Chrome/144.0.0.0 Safari/537.36"
221.204.87.19 - - [23/Aug/2026:18:20:44 +0800] "GET /wp-content/themes/zakra/inc/customizer/customind/assets/fontawesome/v6/css/all.min.css?ver=6.2.4 HTTP/1.1" 200 103651 "https://rajlaw.com.tw/%e7%be%8e%e5%9c%8b%e5%a4%9a%e6%99%b6%e7%9f%bd232%e9%97%9c%e7%a8%8512%e6%9c%88%e4%b8%8a%e8%b7%af%e3%80%80%e5%8f%b0%e7%81%a3%e9%81%a9%e7%94%a815%e4%b8%8d%e7%96%8a%e5%8a%a0%e3%80%81%e5%8d%8a%e5%b0%8e/" "Mozilla/5.0 (Windows NT 10.0; Win64; x64) AppleWebKit/537.36 (KHTML, like Gecko) Chrome/144.0.0.0 Safari/537.36"
221.204.87.19 - - [23/Aug/2026:18:20:44 +0800] "GET /wp-content/themes/zakra/style.css?ver=4.0.6 HTTP/1.1" 200 106957 "https://rajlaw.com.tw/%e7%be%8e%e5%9c%8b%e5%a4%9a%e6%99%b6%e7%9f%bd232%e9%97%9c%e7%a8%8512%e6%9c%88%e4%b8%8a%e8%b7%af%e3%80%80%e5%8f%b0%e7%81%a3%e9%81%a9%e7%94%a815%e4%b8%8d%e7%96%8a%e5%8a%a0%e3%80%81%e5%8d%8a%e5%b0%8e/" "Mozilla/5.0 (Windows NT 10.0; Win64; x64) AppleWebKit/537.36 (KHTML, like Gecko) Chrome/144.0.0.0 Safari/537.36"
221.204.87.19 - - [23/Aug/2026:18:20:44 +0800] "GET /wp-content/themes/zakra/assets/js/navigation.min.js?ver=4.0.6 HTTP/1.1" 200 4947 "https://rajlaw.com.tw/%e7%be%8e%e5%9c%8b%e5%a4%9a%e6%99%b6%e7%9f%bd232%e9%97%9c%e7%a8%8512%e6%9c%88%e4%b8%8a%e8%b7%af%e3%80%80%e5%8f%b0%e7%81%a3%e9%81%a9%e7%94%a815%e4%b8%8d%e7%96%8a%e5%8a%a0%e3%80%81%e5%8d%8a%e5%b0%8e/" "Mozilla/5.0 (Windows NT 10.0; Win64; x64) AppleWebKit/537.36 (KHTML, like Gecko) Chrome/144.0.0.0 Safari/537.36"
221.204.87.19 - - [23/Aug/2026:18:20:44 +0800] "GET /wp-content/themes/zakra/assets/js/skip-link-focus-fix.min.js?ver=4.0.6 HTTP/1.1" 200 804 "https://rajlaw.com.tw/%e7%be%8e%e5%9c%8b%e5%a4%9a%e6%99%b6%e7%9f%bd232%e9%97%9c%e7%a8%8512%e6%9c%88%e4%b8%8a%e8%b7%af%e3%80%80%e5%8f%b0%e7%81%a3%e9%81%a9%e7%94%a815%e4%b8%8d%e7%96%8a%e5%8a%a0%e3%80%81%e5%8d%8a%e5%b0%8e/" "Mozilla/5.0 (Windows NT 10.0; Win64; x64) AppleWebKit/537.36 (KHTML, like Gecko) Chrome/144.0.0.0 Safari/537.36"
221.204.87.19 - - [23/Aug/2026:18:20:44 +0800] "GET /wp-content/themes/zakra/assets/js/zakra-custom.min.js?ver=4.0.6 HTTP/1.1" 200 5825 "https://rajlaw.com.tw/%e7%be%8e%e5%9c%8b%e5%a4%9a%e6%99%b6%e7%9f%bd232%e9%97%9c%e7%a8%8512%e6%9c%88%e4%b8%8a%e8%b7%af%e3%80%80%e5%8f%b0%e7%81%a3%e9%81%a9%e7%94%a815%e4%b8%8d%e7%96%8a%e5%8a%a0%e3%80%81%e5%8d%8a%e5%b0%8e/" "Mozilla/5.0 (Windows NT 10.0; Win64; x64) AppleWebKit/537.36 (KHTML, like Gecko) Chrome/144.0.0.0 Safari/537.36"
221.204.87.19 - - [23/Aug/2026:18:20:45 +0800] "GET /wp-content/themes/zakra/assets/fonts/themegrill-icons.woff2?5d42b271f668d2d6461ba91fc5a5a839 HTTP/1.1" 200 1622 "https://rajlaw.com.tw/wp-content/themes/zakra/style.css?ver=4.0.6" "Mozilla/5.0 (Windows NT 10.0; Win64; x64) AppleWebKit/537.36 (KHTML, like Gecko) Chrome/144.0.0.0 Safari/537.36"
221.204.87.19 - - [23/Aug/2026:18:20:45 +0800] "GET /wp-content/themes/zakra/inc/customizer/customind/assets/fontawesome/v6/webfonts/fa-solid-900.woff2 HTTP/1.1" 200 156967 "https://rajlaw.com.tw/wp-content/themes/zakra/inc/customizer/customind/assets/fontawesome/v6/css/all.min.css?ver=6.2.4" "Mozilla/5.0 (Windows NT 10.0; Win64; x64) AppleWebKit/537.36 (KHTML, like Gecko) Chrome/144.0.0.0 Safari/537.36"
221.204.87.19 - - [23/Aug/2026:18:20:46 +0800] "GET /wp-includes/js/wp-emoji-release.min.js?ver=7.1 HTTP/1.1" 200 23123 "https://rajlaw.com.tw/%e7%be%8e%e5%9c%8b%e5%a4%9a%e6%99%b6%e7%9f%bd232%e9%97%9c%e7%a8%8512%e6%9c%88%e4%b8%8a%e8%b7%af%e3%80%80%e5%8f%b0%e7%81%a3%e9%81%a9%e7%94%a815%e4%b8%8d%e7%96%8a%e5%8a%a0%e3%80%81%e5%8d%8a%e5%b0%8e/" "Mozilla/5.0 (Windows NT 10.0; Win64; x64) AppleWebKit/537.36 (KHTML, like Gecko) Chrome/144.0.0.0 Safari/537.36"
221.204.87.19 - - [23/Aug/2026:18:20:46 +0800] "GET /favicon.ico HTTP/1.1" 302 1395 "https://rajlaw.com.tw/%e7%be%8e%e5%9c%8b%e5%a4%9a%e6%99%b6%e7%9f%bd232%e9%97%9c%e7%a8%8512%e6%9c%88%e4%b8%8a%e8%b7%af%e3%80%80%e5%8f%b0%e7%81%a3%e9%81%a9%e7%94%a815%e4%b8%8d%e7%96%8a%e5%8a%a0%e3%80%81%e5%8d%8a%e5%b0%8e/" "Mozilla/5.0 (Windows NT 10.0; Win64; x64) AppleWebKit/537.36 (KHTML, like Gecko) Chrome/144.0.0.0 Safari/537.36"
165.73.242.2 - - [23/Aug/2026:18:20:57 +0800] "POST /xmlrpc.php HTTP/1.1" 200 6124 "-" "Mozilla/5.0 (Windows NT 10.0; Win64; x64) AppleWebKit/537.36 (KHTML, like Gecko) Chrome/114.0.0.0 Safari/537.36"
165.73.242.2 - - [23/Aug/2026:18:21:09 +0800] "POST /xmlrpc.php HTTP/1.1" 200 14337 "-" "Mozilla/5.0 (Windows NT 10.0; Win64; x64) AppleWebKit/537.36 (KHTML, like Gecko) Chrome/114.0.0.0 Safari/537.36"
40.77.167.241 - - [23/Aug/2026:18:21:11 +0800] "GET /molti-premio-privato-di-deposito-prevedono-insecable-cauzione-meglio-sulle-vincite-prelevabili/ HTTP/1.1" 200 97238 "-" "Mozilla/5.0 AppleWebKit/537.36 (KHTML, like Gecko; compatible; bingbot/2.0; +http://www.bing.com/bingbot.htm) Chrome/116.0.1938.76 Safari/537.36"
124.150.132.81 - - [23/Aug/2026:18:20:18 +0800] "POST /wp-cron.php?doing_wp_cron=1787480418.4903759956359863281250 HTTP/1.1" 200 5843 "-" "WordPress/7.1; https://rajlaw.com.tw"
129.227.90.153 - - [23/Aug/2026:18:21:12 +0800] "POST /xmlrpc.php HTTP/1.1" 200 6124 "-" "Mozilla/5.0 (Macintosh; Intel Mac OS X 10.15; rv:137.0) Gecko/20100101 Firefox/137.0"
165.73.242.2 - - [23/Aug/2026:18:21:15 +0800] "GET /better-gambling-enterprise-greeting-incentive-a-number-of-local-casino-sign-up-bonuses-2026/ HTTP/1.1" 200 95046 "-" "Mozilla/5.0 (Windows NT 10.0; Win64; x64) AppleWebKit/537.36 (KHTML, like Gecko) Chrome/122.0.0.0 Safari/537.36"
124.150.132.81 - - [23/Aug/2026:18:21:19 +0800] "POST /wp-cron.php?doing_wp_cron=1787480479.6087551116943359375000 HTTP/1.1" 200 5843 "-" "WordPress/7.1; https://rajlaw.com.tw"
129.227.90.153 - - [23/Aug/2026:18:21:20 +0800] "POST /xmlrpc.php HTTP/1.1" 200 16057 "-" "Mozilla/5.0 (Macintosh; Intel Mac OS X 10_15_7) AppleWebKit/537.36 (KHTML, like Gecko) obsidian/1.6.5 Chrome/124.0.6367.243 Electron/30.1.2 Safari/537.36"
124.150.132.81 - - [23/Aug/2026:18:21:23 +0800] "POST /wp-cron.php?doing_wp_cron=1787480483.4967060089111328125000 HTTP/1.1" 200 5843 "-" "WordPress/7.1; https://rajlaw.com.tw"
129.227.90.153 - - [23/Aug/2026:18:21:25 +0800] "GET /very-instant-detachment-crypto-casinos-set-generous-withdrawal-restrictions-compared-to-old-fashioned-systems/ HTTP/1.1" 200 96487 "-" "Mozilla/5.0 (Windows NT 10.0; Win64; x64) AppleWebKit/537.36 (KHTML, like Gecko) Chrome/126.0.0.0 Safari/537.36"
36.148.67.108 - - [23/Aug/2026:18:21:34 +0800] "GET /uploaded/blog/content/blog_content_image17865292611016037844.png HTTP/1.1" 500 63621 "https://rajlaw.com.tw/" "Mozilla/5.0 (Windows NT 10.0; Win64; x64) AppleWebKit/537.36 (KHTML, like Gecko) Chrome/116.0.0.0 Safari/537.36"
139.199.229.210 - - [23/Aug/2026:18:21:38 +0800] "GET /uploaded/blog/content/blog_content_image17865292611016037844.png HTTP/1.1" 404 86723 "https://rajlaw.com.tw/" "Mozilla/5.0 (Windows NT 10.0; Win64; x64) AppleWebKit/537.36 (KHTML, like Gecko) Chrome/116.0.0.0 Safari/537.36"
40.77.167.241 - - [23/Aug/2026:18:21:41 +0800] "GET /to-experience-all-the-paylines-on-the-highest-possible-worthy-of-you-can-come-across-%EF%BF%BDmaximum-choice/ HTTP/1.1" 200 97217 "-" "Mozilla/5.0 AppleWebKit/537.36 (KHTML, like Gecko; compatible; bingbot/2.0; +http://www.bing.com/bingbot.htm) Chrome/116.0.1938.76 Safari/537.36"
117.188.36.32 - - [23/Aug/2026:18:21:44 +0800] "GET /uploaded/blog/content/blog_content_image17865285912143651774.jpg HTTP/1.1" 500 56411 "https://rajlaw.com.tw/" "Mozilla/5.0 (Windows NT 10.0; Win64; x64) AppleWebKit/537.36 (KHTML, like Gecko) Chrome/116.0.0.0 Safari/537.36"
43.143.44.45 - - [23/Aug/2026:18:21:46 +0800] "GET /uploaded/blog/content/blog_content_image17865300161333973286.png HTTP/1.1" 404 86723 "https://rajlaw.com.tw/" "Mozilla/5.0 (Windows NT 10.0; Win64; x64) AppleWebKit/537.36 (KHTML, like Gecko) Chrome/116.0.0.0 Safari/537.36"
114.117.236.189 - - [23/Aug/2026:18:21:49 +0800] "GET /uploaded/blog/content/blog_content_image17865285912143651774.jpg HTTP/1.1" 404 86723 "https://rajlaw.com.tw/" "Mozilla/5.0 (Windows NT 10.0; Win64; x64) AppleWebKit/537.36 (KHTML, like Gecko) Chrome/116.0.0.0 Safari/537.36"
129.227.90.153 - - [23/Aug/2026:18:22:08 +0800] "POST /xmlrpc.php HTTP/1.1" 200 6124 "-" "Mozilla/5.0 (Windows NT 10.0; Win64; x64) AppleWebKit/537.36 (KHTML, like Gecko) Chrome/148.0.0.0 Safari/537.36"
124.150.132.81 - - [23/Aug/2026:18:22:12 +0800] "POST /wp-cron.php?doing_wp_cron=1787480532.1915349960327148437500 HTTP/1.1" 200 5843 "-" "WordPress/7.1; https://rajlaw.com.tw"
129.227.90.153 - - [23/Aug/2026:18:22:15 +0800] "POST /xmlrpc.php HTTP/1.1" 200 17091 "-" "Mozilla/5.0 (X11; Ubuntu; Linux x86_64; rv:137.0) Gecko/20100101 Firefox/137.0"
129.227.90.153 - - [23/Aug/2026:18:22:20 +0800] "GET /like-other-sweepstakes-casinos-jackpotrabbit-uses-one-or-two-digital-currencies-unlike-a-real-income-purchases/ HTTP/1.1" 200 97609 "-" "Mozilla/5.0 (X11; Linux x86_64) AppleWebKit/537.36 (KHTML, like Gecko) Chrome/133.0.0.0 Safari/537.36"
114.250.43.178 - - [23/Aug/2026:18:22:22 +0800] "GET /wp-content/uploads/2015/10/IMG_6150-300x225.jpg HTTP/1.1" 301 6160 "http://www.rajlaw.com.tw/" "Mozilla/5.0 (Macintosh; Intel Mac OS X 10_15_7) AppleWebKit/537.36 (KHTML, like Gecko) Chrome/146.0.0.0 Safari/537.36"
114.250.43.178 - - [23/Aug/2026:18:22:23 +0800] "GET /wp-content/uploads/2015/10/IMG_6147-300x225.jpg HTTP/1.1" 301 6160 "http://www.rajlaw.com.tw/" "Mozilla/5.0 (Macintosh; Intel Mac OS X 10_15_7) AppleWebKit/537.36 (KHTML, like Gecko) Chrome/146.0.0.0 Safari/537.36"
114.250.43.178 - - [23/Aug/2026:18:22:23 +0800] "GET /wp-content/uploads/2015/10/%E5%B7%A5%E5%95%86%E6%99%82%E5%A0%B1-848x1024.jpg HTTP/1.1" 301 6189 "http://www.rajlaw.com.tw/" "Mozilla/5.0 (Macintosh; Intel Mac OS X 10_15_7) AppleWebKit/537.36 (KHTML, like Gecko) Chrome/146.0.0.0 Safari/537.36"
114.250.43.178 - - [23/Aug/2026:18:22:23 +0800] "GET /wp-content/uploads/2015/11/IMG_5734-2-225x300.jpg HTTP/1.1" 301 6162 "http://www.rajlaw.com.tw/" "Mozilla/5.0 (Macintosh; Intel Mac OS X 10_15_7) AppleWebKit/537.36 (KHTML, like Gecko) Chrome/146.0.0.0 Safari/537.36"
114.250.43.178 - - [23/Aug/2026:18:22:23 +0800] "GET /wp-content/uploads/2015/11/IMG_5730-2-225x300.jpg HTTP/1.1" 301 6162 "http://www.rajlaw.com.tw/" "Mozilla/5.0 (Macintosh; Intel Mac OS X 10_15_7) AppleWebKit/537.36 (KHTML, like Gecko) Chrome/146.0.0.0 Safari/537.36"
114.250.43.178 - - [23/Aug/2026:18:22:26 +0800] "GET /wp-content/uploads/2015/10/IMG_6150-300x225.jpg HTTP/1.1" 404 86899 "http://www.rajlaw.com.tw/" "Mozilla/5.0 (Macintosh; Intel Mac OS X 10_15_7) AppleWebKit/537.36 (KHTML, like Gecko) Chrome/146.0.0.0 Safari/537.36"
114.250.43.178 - - [23/Aug/2026:18:22:27 +0800] "GET /wp-content/uploads/2015/10/IMG_6147-300x225.jpg HTTP/1.1" 404 86899 "http://www.rajlaw.com.tw/" "Mozilla/5.0 (Macintosh; Intel Mac OS X 10_15_7) AppleWebKit/537.36 (KHTML, like Gecko) Chrome/146.0.0.0 Safari/537.36"
114.250.43.178 - - [23/Aug/2026:18:22:29 +0800] "GET /wp-content/uploads/2015/10/%E5%B7%A5%E5%95%86%E6%99%82%E5%A0%B1-848x1024.jpg HTTP/1.1" 404 86870 "http://www.rajlaw.com.tw/" "Mozilla/5.0 (Macintosh; Intel Mac OS X 10_15_7) AppleWebKit/537.36 (KHTML, like Gecko) Chrome/146.0.0.0 Safari/537.36"
114.250.43.178 - - [23/Aug/2026:18:22:29 +0800] "GET /wp-content/uploads/2015/11/IMG_5730-2-225x300.jpg HTTP/1.1" 404 86899 "http://www.rajlaw.com.tw/" "Mozilla/5.0 (Macintosh; Intel Mac OS X 10_15_7) AppleWebKit/537.36 (KHTML, like Gecko) Chrome/146.0.0.0 Safari/537.36"
114.250.43.178 - - [23/Aug/2026:18:22:29 +0800] "GET /wp-content/uploads/2015/11/IMG_5734-2-225x300.jpg HTTP/1.1" 404 86899 "http://www.rajlaw.com.tw/" "Mozilla/5.0 (Macintosh; Intel Mac OS X 10_15_7) AppleWebKit/537.36 (KHTML, like Gecko) Chrome/146.0.0.0 Safari/537.36"
52.167.144.209 - - [23/Aug/2026:18:22:52 +0800] "GET /if-youve-got-questions-about-bonuses-or-need-help-with-your-membership-their-assistance-party-is-able-to-assist/ HTTP/1.1" 200 96430 "-" "Mozilla/5.0 AppleWebKit/537.36 (KHTML, like Gecko; compatible; bingbot/2.0; +http://www.bing.com/bingbot.htm) Chrome/116.0.1938.76 Safari/537.36"
165.73.242.2 - - [23/Aug/2026:18:22:53 +0800] "POST /xmlrpc.php HTTP/1.1" 200 6124 "-" "Mozilla/5.0 (Windows NT 10.0; Win64; x64) AppleWebKit/537.36 (KHTML, like Gecko) Chrome/114.0.0.0 Safari/537.36"
124.150.132.81 - - [23/Aug/2026:18:22:57 +0800] "POST /wp-cron.php?doing_wp_cron=1787480577.2558119297027587890625 HTTP/1.1" 200 5843 "-" "WordPress/7.1; https://rajlaw.com.tw"
