114.119.152.143 - - [23/Aug/2026:10:08:08 +0800] "GET /cazinoul-drip-recenzie-neinfricata/ HTTP/1.1" 200 98527 "https://rajlaw.com.tw/cazinoul-drip-recenzie-neinfricata/" "Mozilla/5.0 (Linux; Android 7.0;) AppleWebKit/537.36 (HTML, like Gecko) Mobile Safari/537.36 (compatible; PetalBot;+https://webmaster.petalsearch.com/site/petalbot)"
198.244.242.200 - - [23/Aug/2026:10:08:45 +0800] "GET /uploaded/blog/content/blog_content_image1787019372588183201.jpg HTTP/1.1" 404 82557 "-" "Mozilla/5.0 (compatible; AhrefsBot/7.0; +http://ahrefs.com/robot/)"
198.244.242.176 - - [23/Aug/2026:10:08:50 +0800] "GET /uploaded/blog/content/blog_content_image1787019419601052002.jpg HTTP/1.1" 404 82557 "-" "Mozilla/5.0 (compatible; AhrefsBot/7.0; +http://ahrefs.com/robot/)"
198.244.240.200 - - [23/Aug/2026:10:08:55 +0800] "GET /uploaded/blog/content/blog_content_image1787019322518280874.jpg HTTP/1.1" 404 82557 "-" "Mozilla/5.0 (compatible; AhrefsBot/7.0; +http://ahrefs.com/robot/)"
51.195.183.56 - - [23/Aug/2026:10:09:14 +0800] "GET /uploaded/blog/content/blog_content_image17873171801002869040.jpg HTTP/1.1" 404 82557 "-" "Mozilla/5.0 (compatible; AhrefsBot/7.0; +http://ahrefs.com/robot/)"
54.38.147.100 - - [23/Aug/2026:10:09:19 +0800] "GET /wp-content/uploads/2026/08/0aFmZdkATVcrtNrNYcy3lPYg6W1b5js8tNEa7afW.jpg HTTP/1.1" 200 696347 "-" "Mozilla/5.0 (compatible; AhrefsBot/7.0; +http://ahrefs.com/robot/)"
114.119.154.237 - - [23/Aug/2026:10:10:15 +0800] "GET /nove-casino-portugal-desafia-a-sorte-com-estilo/ HTTP/1.1" 200 97065 "https://rajlaw.com.tw/spinboss-login-your-gateway-to-winning-reels/" "Mozilla/5.0 (Linux; Android 7.0;) AppleWebKit/537.36 (HTML, like Gecko) Mobile Safari/537.36 (compatible; PetalBot;+https://webmaster.petalsearch.com/site/petalbot)"
124.150.132.81 - - [23/Aug/2026:10:10:19 +0800] "POST /wp-cron.php?doing_wp_cron=1787451019.8047940731048583984375 HTTP/1.1" 500 6009 "-" "WordPress/7.1; https://rajlaw.com.tw"
114.119.131.210 - - [23/Aug/2026:10:12:11 +0800] "GET /comeon-kasino-test-2026-casino-ladbrokes-echtes-geld-ganz-bewertungen-tiefschurfend/ HTTP/1.1" 200 102781 "https://rajlaw.com.tw/comeon-spielsaal-erfahrungen-abzocke-unter-anderem-nicht-test-mr-bet-casino-anmelden-bonus-berechnung/" "Mozilla/5.0 (Linux; Android 7.0;) AppleWebKit/537.36 (HTML, like Gecko) Mobile Safari/537.36 (compatible; PetalBot;+https://webmaster.petalsearch.com/site/petalbot)"
124.150.132.81 - - [23/Aug/2026:10:12:15 +0800] "POST /wp-cron.php?doing_wp_cron=1787451135.0812020301818847656250 HTTP/1.1" 200 5549 "-" "WordPress/7.1; https://rajlaw.com.tw"
120.241.209.166 - - [23/Aug/2026:10:12:51 +0800] "GET /wp-json/oembed/1.0/embed?url=https%3A%2F%2Frajlaw.com.tw%2F%25e9%2599%25a4%25e7%25b1%258d%25e5%25a6%2582%25e4%25bd%2595%25e7%2594%25b3%25e8%25ab%258b%25e5%258d%25b0%25e9%2591%2591%25e8%25ad%2589%25e6%2598%258e%25ef%25bc%259f%2F HTTP/1.1" 200 8409 "-" "Mozilla/5.0 (Windows NT 10.0; Win64; x64) AppleWebKit/537.36 (KHTML, like Gecko) Chrome/131.0.0.0 Safari/537.36"
66.249.69.66 - - [23/Aug/2026:10:13:54 +0800] "GET /?p=3384 HTTP/1.1" 301 5836 "-" "Mozilla/5.0 (Linux; Android 6.0.1; Nexus 5X Build/MMB29P) AppleWebKit/537.36 (KHTML, like Gecko) Chrome/151.0.7922.137 Mobile Safari/537.36 (compatible; Googlebot/2.1; +http://www.google.com/bot.html)"
66.249.69.67 - - [23/Aug/2026:10:13:58 +0800] "GET /%E4%BB%80%E9%BA%BC%E6%98%AF%E5%B1%A5%E7%B4%84%E4%BF%9D%E8%AD%89%EF%BC%9F/ HTTP/1.1" 200 103648 "-" "Mozilla/5.0 (Linux; Android 6.0.1; Nexus 5X Build/MMB29P) AppleWebKit/537.36 (KHTML, like Gecko) Chrome/151.0.7922.137 Mobile Safari/537.36 (compatible; Googlebot/2.1; +http://www.google.com/bot.html)"
114.119.155.142 - - [23/Aug/2026:10:14:24 +0800] "GET /casinoly-geheimnisse-die-erfahrene-spieler-kennen/ HTTP/1.1" 200 98718 "https://rajlaw.com.tw/casinoly-geheimnisse-die-erfahrene-spieler-kennen/" "Mozilla/5.0 (Linux; Android 7.0;) AppleWebKit/537.36 (HTML, like Gecko) Mobile Safari/537.36 (compatible; PetalBot;+https://webmaster.petalsearch.com/site/petalbot)"
152.136.99.182 - - [23/Aug/2026:10:14:37 +0800] "GET /blog4/ HTTP/1.1" 200 113057 "-" "Mozilla/5.0 (Windows NT 10.0; Win64; x64) AppleWebKit/537.36 (KHTML, like Gecko) Chrome/148.0.0.0 Safari/537.36"
152.136.99.182 - - [23/Aug/2026:10:14:42 +0800] "GET /wp-content/uploads/elementor/css/post-504.css?ver=1741807482 HTTP/1.1" 200 1628 "https://rajlaw.com.tw/blog4/" "Mozilla/5.0 (Windows NT 10.0; Win64; x64) AppleWebKit/537.36 (KHTML, like Gecko) Chrome/148.0.0.0 Safari/537.36"
152.136.99.182 - - [23/Aug/2026:10:14:42 +0800] "GET /wp-content/plugins/everest-forms/assets/css/everest-forms.css?ver=3.0.9.3 HTTP/1.1" 200 100836 "https://rajlaw.com.tw/blog4/" "Mozilla/5.0 (Windows NT 10.0; Win64; x64) AppleWebKit/537.36 (KHTML, like Gecko) Chrome/148.0.0.0 Safari/537.36"
152.136.99.182 - - [23/Aug/2026:10:14:42 +0800] "GET /wp-content/uploads/elementor/css/post-3112.css?ver=1741845502 HTTP/1.1" 200 5185 "https://rajlaw.com.tw/blog4/" "Mozilla/5.0 (Windows NT 10.0; Win64; x64) AppleWebKit/537.36 (KHTML, like Gecko) Chrome/148.0.0.0 Safari/537.36"
152.136.99.182 - - [23/Aug/2026:10:14:42 +0800] "GET /wp-content/plugins/elementor/assets/lib/eicons/css/elementor-icons.min.css?ver=5.11.0 HTTP/1.1" 200 17727 "https://rajlaw.com.tw/blog4/" "Mozilla/5.0 (Windows NT 10.0; Win64; x64) AppleWebKit/537.36 (KHTML, like Gecko) Chrome/148.0.0.0 Safari/537.36"
152.136.99.182 - - [23/Aug/2026:10:14:42 +0800] "GET /wp-content/plugins/everest-forms/assets/css/intlTelInput.css?ver=3.0.9.3 HTTP/1.1" 200 45997 "https://rajlaw.com.tw/blog4/" "Mozilla/5.0 (Windows NT 10.0; Win64; x64) AppleWebKit/537.36 (KHTML, like Gecko) Chrome/148.0.0.0 Safari/537.36"
152.136.99.182 - - [23/Aug/2026:10:14:42 +0800] "GET /wp-content/plugins/elementor/assets/css/frontend.min.css?ver=3.2.3 HTTP/1.1" 200 118361 "https://rajlaw.com.tw/blog4/" "Mozilla/5.0 (Windows NT 10.0; Win64; x64) AppleWebKit/537.36 (KHTML, like Gecko) Chrome/148.0.0.0 Safari/537.36"
152.136.99.182 - - [23/Aug/2026:10:14:42 +0800] "GET /wp-content/plugins/elementor/assets/lib/font-awesome/css/solid.min.css?ver=5.15.1 HTTP/1.1" 200 994 "https://rajlaw.com.tw/blog4/" "Mozilla/5.0 (Windows NT 10.0; Win64; x64) AppleWebKit/537.36 (KHTML, like Gecko) Chrome/148.0.0.0 Safari/537.36"
152.136.99.182 - - [23/Aug/2026:10:14:42 +0800] "GET /wp-content/plugins/elementor-pro/assets/css/frontend.min.css?ver=3.2.2 HTTP/1.1" 200 211698 "https://rajlaw.com.tw/blog4/" "Mozilla/5.0 (Windows NT 10.0; Win64; x64) AppleWebKit/537.36 (KHTML, like Gecko) Chrome/148.0.0.0 Safari/537.36"
152.136.99.182 - - [23/Aug/2026:10:14:42 +0800] "GET /wp-content/themes/zakra/assets/js/skip-link-focus-fix.min.js?ver=4.0.6 HTTP/1.1" 200 666 "https://rajlaw.com.tw/blog4/" "Mozilla/5.0 (Windows NT 10.0; Win64; x64) AppleWebKit/537.36 (KHTML, like Gecko) Chrome/148.0.0.0 Safari/537.36"
152.136.99.182 - - [23/Aug/2026:10:14:42 +0800] "GET /wp-includes/js/imagesloaded.min.js?ver=5.0.0 HTTP/1.1" 200 5861 "https://rajlaw.com.tw/blog4/" "Mozilla/5.0 (Windows NT 10.0; Win64; x64) AppleWebKit/537.36 (KHTML, like Gecko) Chrome/148.0.0.0 Safari/537.36"
152.136.99.182 - - [23/Aug/2026:10:14:42 +0800] "GET /wp-content/plugins/elementor/assets/js/frontend-modules.min.js?ver=3.2.3 HTTP/1.1" 200 65343 "https://rajlaw.com.tw/blog4/" "Mozilla/5.0 (Windows NT 10.0; Win64; x64) AppleWebKit/537.36 (KHTML, like Gecko) Chrome/148.0.0.0 Safari/537.36"
152.136.99.182 - - [23/Aug/2026:10:14:42 +0800] "GET /wp-content/plugins/elementor/assets/js/webpack.runtime.min.js?ver=3.2.3 HTTP/1.1" 200 5110 "https://rajlaw.com.tw/blog4/" "Mozilla/5.0 (Windows NT 10.0; Win64; x64) AppleWebKit/537.36 (KHTML, like Gecko) Chrome/148.0.0.0 Safari/537.36"
152.136.99.182 - - [23/Aug/2026:10:14:42 +0800] "GET /wp-content/plugins/elementor/assets/lib/font-awesome/css/fontawesome.min.css?ver=5.15.1 HTTP/1.1" 200 58327 "https://rajlaw.com.tw/blog4/" "Mozilla/5.0 (Windows NT 10.0; Win64; x64) AppleWebKit/537.36 (KHTML, like Gecko) Chrome/148.0.0.0 Safari/537.36"
152.136.99.182 - - [23/Aug/2026:10:14:43 +0800] "GET /wp-content/plugins/elementor/assets/lib/share-link/share-link.min.js?ver=3.2.3 HTTP/1.1" 200 2918 "https://rajlaw.com.tw/blog4/" "Mozilla/5.0 (Windows NT 10.0; Win64; x64) AppleWebKit/537.36 (KHTML, like Gecko) Chrome/148.0.0.0 Safari/537.36"
152.136.99.182 - - [23/Aug/2026:10:14:43 +0800] "GET /wp-content/plugins/elementor-pro/assets/js/frontend.min.js?ver=3.2.2 HTTP/1.1" 200 57554 "https://rajlaw.com.tw/blog4/" "Mozilla/5.0 (Windows NT 10.0; Win64; x64) AppleWebKit/537.36 (KHTML, like Gecko) Chrome/148.0.0.0 Safari/537.36"
152.136.99.182 - - [23/Aug/2026:10:14:43 +0800] "GET /wp-content/plugins/blockart-blocks/assets/lib/swiper/swiper-bundle.min.js?ver=11.0.7 HTTP/1.1" 200 149752 "https://rajlaw.com.tw/blog4/" "Mozilla/5.0 (Windows NT 10.0; Win64; x64) AppleWebKit/537.36 (KHTML, like Gecko) Chrome/148.0.0.0 Safari/537.36"
152.136.99.182 - - [23/Aug/2026:10:14:43 +0800] "GET /wp-content/plugins/elementor-pro/assets/js/preloaded-elements-handlers.min.js?ver=3.2.2 HTTP/1.1" 200 157438 "https://rajlaw.com.tw/blog4/" "Mozilla/5.0 (Windows NT 10.0; Win64; x64) AppleWebKit/537.36 (KHTML, like Gecko) Chrome/148.0.0.0 Safari/537.36"
152.136.99.182 - - [23/Aug/2026:10:14:44 +0800] "GET /wp-includes/js/wp-emoji-release.min.js?ver=7.1 HTTP/1.1" 200 23123 "https://rajlaw.com.tw/blog4/" "Mozilla/5.0 (Windows NT 10.0; Win64; x64) AppleWebKit/537.36 (KHTML, like Gecko) Chrome/148.0.0.0 Safari/537.36"
40.77.167.46 - - [23/Aug/2026:10:15:46 +0800] "GET /fat-santa-casino-en-linea-sin-bonos-de-deposito-sobre-push-gaming-funciona-sin-cargo-online-tragamonedas-desprovisto-asignacion/ HTTP/1.1" 200 99658 "-" "Mozilla/5.0 AppleWebKit/537.36 (KHTML, like Gecko; compatible; bingbot/2.0; +http://www.bing.com/bingbot.htm) Chrome/116.0.1938.76 Safari/537.36"
114.119.154.113 - - [23/Aug/2026:10:16:13 +0800] "GET /%e8%87%ba%e5%8d%97%e7%94%9c%e9%bb%9e%e6%96%b0%e5%9c%b0%e6%a8%99%ef%bc%81%e7%ad%91%e9%a6%a8%e5%b1%85%e8%b1%86%e8%8a%b1%e9%80%b2%e9%a7%90%e4%bf%a1%e7%be%a9%e8%a1%97%e3%80%80%e6%89%8b%e5%b7%a5%e5%8f%a4/ HTTP/1.1" 200 96757 "https://rajlaw.com.tw/category/%e7%be%8e%e9%a3%9f%e6%97%85%e9%81%8a/" "Mozilla/5.0 (Linux; Android 7.0;) AppleWebKit/537.36 (HTML, like Gecko) Mobile Safari/537.36 (compatible; PetalBot;+https://webmaster.petalsearch.com/site/petalbot)"
114.119.131.210 - - [23/Aug/2026:10:18:18 +0800] "GET /wp-content/uploads/2026/08/96tkBrVNgBPkwNYsfjdcS8z7UyxbIBpvbk0nPUKS.jpg HTTP/1.1" 200 709225 "https://rajlaw.com.tw/%e8%8d%b7%e8%8e%ab%e8%8c%b2%e6%b5%b7%e5%b3%bd%e6%b2%b9%e8%bc%aa%e9%81%87%e8%a5%b2%e6%8e%a8%e5%8d%87%e6%b2%b9%e5%83%b9%e3%80%80%e5%8f%b0%e7%81%a3%e4%b8%ad%e6%b2%b9%e5%ae%a3%e5%b8%838%e6%9c%8817/" "Mozilla/5.0 (Linux; Android 7.0;) AppleWebKit/537.36 (HTML, like Gecko) Mobile Safari/537.36 (compatible; PetalBot;+https://webmaster.petalsearch.com/site/petalbot)"
112.215.152.60 - - [23/Aug/2026:10:19:20 +0800] "GET /wp-login.php HTTP/1.1" 200 13650 "-" "iPhone; CPU iPhone OS 13_2_3 like Mac OS X) AppleWebKit/605.1.15 (KHTML, like Gecko) Version/13.0.3 Mobile/15E148 Safari/604.1)"
112.215.152.60 - - [23/Aug/2026:10:19:26 +0800] "POST /wp-login.php HTTP/1.1" 302 2024 "-" "iPhone; CPU iPhone OS 13_2_3 like Mac OS X) AppleWebKit/605.1.15 (KHTML, like Gecko) Version/13.0.3 Mobile/15E148 Safari/604.1)"
112.215.152.60 - - [23/Aug/2026:10:19:32 +0800] "GET /wp-admin/ HTTP/1.1" 200 181100 "-" "iPhone; CPU iPhone OS 13_2_3 like Mac OS X) AppleWebKit/605.1.15 (KHTML, like Gecko) Version/13.0.3 Mobile/15E148 Safari/604.1)"
112.215.152.60 - - [23/Aug/2026:10:19:41 +0800] "GET /wp-admin/plugin-install.php?tab=upload HTTP/1.1" 200 114141 "-" "iPhone; CPU iPhone OS 13_2_3 like Mac OS X) AppleWebKit/605.1.15 (KHTML, like Gecko) Version/13.0.3 Mobile/15E148 Safari/604.1)"
124.150.132.81 - - [23/Aug/2026:10:19:24 +0800] "POST /wp-cron.php?doing_wp_cron=1787451564.8659770488739013671875 HTTP/1.1" 500 8320 "-" "WordPress/7.1; https://rajlaw.com.tw"
112.215.152.60 - - [23/Aug/2026:10:19:47 +0800] "POST /wp-admin/update.php?action=upload-plugin HTTP/1.1" 200 108407 "-" "iPhone; CPU iPhone OS 13_2_3 like Mac OS X) AppleWebKit/605.1.15 (KHTML, like Gecko) Version/13.0.3 Mobile/15E148 Safari/604.1)"
140.213.6.83 - - [23/Aug/2026:10:20:06 +0800] "GET /wp-content/plugins/snh53vz8/install.php HTTP/1.1" 200 5110 "-" "python-requests/2.34.2"
112.215.152.60 - - [23/Aug/2026:10:20:06 +0800] "GET /wp-admin/theme-install.php?tab=upload HTTP/1.1" 200 130785 "-" "iPhone; CPU iPhone OS 13_2_3 like Mac OS X) AppleWebKit/605.1.15 (KHTML, like Gecko) Version/13.0.3 Mobile/15E148 Safari/604.1)"
114.119.155.142 - - [23/Aug/2026:10:20:16 +0800] "GET /%e6%88%bf%e5%b1%8b%e7%b5%82%e6%ad%a2%e7%a7%9f%e7%b4%84%e6%94%b6%e5%9b%9e%e4%be%9b%e8%87%aa%e4%bd%8f%e9%a0%88%e6%bb%bf1%e5%b9%b4%e6%89%8d%e8%83%bd%e9%81%a9%e7%94%a8%e8%87%aa%e7%94%a8%e4%bd%8f%e5%ae%85/ HTTP/1.1" 200 93674 "https://rajlaw.com.tw/questions/" "Mozilla/5.0 (Linux; Android 7.0;) AppleWebKit/537.36 (HTML, like Gecko) Mobile Safari/537.36 (compatible; PetalBot;+https://webmaster.petalsearch.com/site/petalbot)"
112.215.152.60 - - [23/Aug/2026:10:20:16 +0800] "POST /wp-admin/update.php?action=upload-theme HTTP/1.1" 200 108961 "-" "iPhone; CPU iPhone OS 13_2_3 like Mac OS X) AppleWebKit/605.1.15 (KHTML, like Gecko) Version/13.0.3 Mobile/15E148 Safari/604.1)"
112.215.152.60 - - [23/Aug/2026:10:20:27 +0800] "GET /wp-admin/plugin-editor.php HTTP/1.1" 200 181978 "-" "iPhone; CPU iPhone OS 13_2_3 like Mac OS X) AppleWebKit/605.1.15 (KHTML, like Gecko) Version/13.0.3 Mobile/15E148 Safari/604.1)"
112.215.152.60 - - [23/Aug/2026:10:20:32 +0800] "GET /wp-admin/plugin-editor.php?file=backup_1786535934/eps-301-redirects.php&plugin=backup_1786535934/eps-301-redirects.php HTTP/1.1" 200 183360 "-" "iPhone; CPU iPhone OS 13_2_3 like Mac OS X) AppleWebKit/605.1.15 (KHTML, like Gecko) Version/13.0.3 Mobile/15E148 Safari/604.1)"
112.215.152.60 - - [23/Aug/2026:10:20:38 +0800] "GET /wp-admin/plugin-editor.php?file=advance-custom-html/advance-custom-html.php&plugin=advance-custom-html/advance-custom-html.php HTTP/1.1" 200 147941 "-" "iPhone; CPU iPhone OS 13_2_3 like Mac OS X) AppleWebKit/605.1.15 (KHTML, like Gecko) Version/13.0.3 Mobile/15E148 Safari/604.1)"
112.215.152.60 - - [23/Aug/2026:10:20:44 +0800] "GET /wp-admin/plugin-editor.php?file=blockart-blocks/blockart.php&plugin=blockart-blocks/blockart.php HTTP/1.1" 200 202664 "-" "iPhone; CPU iPhone OS 13_2_3 like Mac OS X) AppleWebKit/605.1.15 (KHTML, like Gecko) Version/13.0.3 Mobile/15E148 Safari/604.1)"
112.215.152.60 - - [23/Aug/2026:10:20:49 +0800] "GET /wp-admin/plugin-editor.php?file=ceton-components-set-nq/ceton-components-set-nq.php&plugin=ceton-components-set-nq/ceton-components-set-nq.php HTTP/1.1" 200 129729 "-" "iPhone; CPU iPhone OS 13_2_3 like Mac OS X) AppleWebKit/605.1.15 (KHTML, like Gecko) Version/13.0.3 Mobile/15E148 Safari/604.1)"
124.150.132.81 - - [23/Aug/2026:10:20:58 +0800] "GET /wp-admin/plugin-editor.php?plugin=ceton-components-set-nq%2Fceton-components-set-nq.php&file=ceton-components-set-nq%2Fceton-components-set-nq.php&wp_scrape_key=f4290d60f6605d308a3a1265e7a036a5&wp_scrape_nonce=1215362796 HTTP/1.1" 200 136457 "-" "WordPress/7.1; https://rajlaw.com.tw"
124.150.132.81 - - [23/Aug/2026:10:21:04 +0800] "GET /?wp_scrape_key=f4290d60f6605d308a3a1265e7a036a5&wp_scrape_nonce=1215362796 HTTP/1.1" 200 177990 "-" "WordPress/7.1; https://rajlaw.com.tw"
112.215.152.60 - - [23/Aug/2026:10:20:55 +0800] "POST /wp-admin/plugin-editor.php HTTP/1.1" 302 1385 "-" "iPhone; CPU iPhone OS 13_2_3 like Mac OS X) AppleWebKit/605.1.15 (KHTML, like Gecko) Version/13.0.3 Mobile/15E148 Safari/604.1)"
124.150.132.81 - - [23/Aug/2026:10:20:31 +0800] "POST /wp-cron.php?doing_wp_cron=1787451631.4875900745391845703125 HTTP/1.1" 200 5549 "-" "WordPress/7.1; https://rajlaw.com.tw"
103.131.14.134 - - [23/Aug/2026:10:21:29 +0800] "GET /%E5%AF%A6%E5%83%B9%E7%99%BB%E9%8C%84%E6%98%AF%E7%94%9A%E9%BA%BC%EF%BC%9F%E8%A2%AB%E8%93%8B%E7%89%8C%EF%BC%9F/ HTTP/1.1" 200 97245 "https://www.google.com/" "Mozilla/5.0 (Macintosh; Intel Mac OS X 10_15_7) AppleWebKit/537.36 (KHTML, like Gecko) Chrome/151.0.0.0 Safari/537.36"
103.131.14.134 - - [23/Aug/2026:10:21:33 +0800] "GET /wp-includes/css/dashicons.min.css?ver=7.1 HTTP/1.1" 200 64196 "https://rajlaw.com.tw/%E5%AF%A6%E5%83%B9%E7%99%BB%E9%8C%84%E6%98%AF%E7%94%9A%E9%BA%BC%EF%BC%9F%E8%A2%AB%E8%93%8B%E7%89%8C%EF%BC%9F/" "Mozilla/5.0 (Macintosh; Intel Mac OS X 10_15_7) AppleWebKit/537.36 (KHTML, like Gecko) Chrome/151.0.0.0 Safari/537.36"
103.131.14.134 - - [23/Aug/2026:10:21:33 +0800] "GET /wp-content/plugins/everest-forms/assets/css/everest-forms.css?ver=3.0.9.3 HTTP/1.1" 200 100836 "https://rajlaw.com.tw/%E5%AF%A6%E5%83%B9%E7%99%BB%E9%8C%84%E6%98%AF%E7%94%9A%E9%BA%BC%EF%BC%9F%E8%A2%AB%E8%93%8B%E7%89%8C%EF%BC%9F/" "Mozilla/5.0 (Macintosh; Intel Mac OS X 10_15_7) AppleWebKit/537.36 (KHTML, like Gecko) Chrome/151.0.0.0 Safari/537.36"
103.131.14.134 - - [23/Aug/2026:10:21:34 +0800] "GET /wp-content/plugins/everest-forms/assets/css/intlTelInput.css?ver=3.0.9.3 HTTP/1.1" 200 45997 "https://rajlaw.com.tw/%E5%AF%A6%E5%83%B9%E7%99%BB%E9%8C%84%E6%98%AF%E7%94%9A%E9%BA%BC%EF%BC%9F%E8%A2%AB%E8%93%8B%E7%89%8C%EF%BC%9F/" "Mozilla/5.0 (Macintosh; Intel Mac OS X 10_15_7) AppleWebKit/537.36 (KHTML, like Gecko) Chrome/151.0.0.0 Safari/537.36"
103.131.14.134 - - [23/Aug/2026:10:21:34 +0800] "GET /wp-content/themes/zakra/inc/customizer/customind/assets/fontawesome/v6/css/all.min.css?ver=6.2.4 HTTP/1.1" 200 103651 "https://rajlaw.com.tw/%E5%AF%A6%E5%83%B9%E7%99%BB%E9%8C%84%E6%98%AF%E7%94%9A%E9%BA%BC%EF%BC%9F%E8%A2%AB%E8%93%8B%E7%89%8C%EF%BC%9F/" "Mozilla/5.0 (Macintosh; Intel Mac OS X 10_15_7) AppleWebKit/537.36 (KHTML, like Gecko) Chrome/151.0.0.0 Safari/537.36"
103.131.14.134 - - [23/Aug/2026:10:21:34 +0800] "GET /wp-content/themes/zakra/style.css?ver=4.0.6 HTTP/1.1" 200 106957 "https://rajlaw.com.tw/%E5%AF%A6%E5%83%B9%E7%99%BB%E9%8C%84%E6%98%AF%E7%94%9A%E9%BA%BC%EF%BC%9F%E8%A2%AB%E8%93%8B%E7%89%8C%EF%BC%9F/" "Mozilla/5.0 (Macintosh; Intel Mac OS X 10_15_7) AppleWebKit/537.36 (KHTML, like Gecko) Chrome/151.0.0.0 Safari/537.36"
103.131.14.134 - - [23/Aug/2026:10:21:34 +0800] "GET /wp-content/uploads/2025/03/logo-removebg-preview-e1741353740950.png HTTP/1.1" 200 71099 "https://rajlaw.com.tw/%E5%AF%A6%E5%83%B9%E7%99%BB%E9%8C%84%E6%98%AF%E7%94%9A%E9%BA%BC%EF%BC%9F%E8%A2%AB%E8%93%8B%E7%89%8C%EF%BC%9F/" "Mozilla/5.0 (Macintosh; Intel Mac OS X 10_15_7) AppleWebKit/537.36 (KHTML, like Gecko) Chrome/151.0.0.0 Safari/537.36"
103.131.14.134 - - [23/Aug/2026:10:21:34 +0800] "GET /wp-content/uploads/2025/02/%E8%A9%95%E4%BC%B0.png HTTP/1.1" 200 10862 "https://rajlaw.com.tw/%E5%AF%A6%E5%83%B9%E7%99%BB%E9%8C%84%E6%98%AF%E7%94%9A%E9%BA%BC%EF%BC%9F%E8%A2%AB%E8%93%8B%E7%89%8C%EF%BC%9F/" "Mozilla/5.0 (Macintosh; Intel Mac OS X 10_15_7) AppleWebKit/537.36 (KHTML, like Gecko) Chrome/151.0.0.0 Safari/537.36"
103.131.14.134 - - [23/Aug/2026:10:21:34 +0800] "GET /wp-content/themes/zakra/assets/js/navigation.min.js?ver=4.0.6 HTTP/1.1" 200 4809 "https://rajlaw.com.tw/%E5%AF%A6%E5%83%B9%E7%99%BB%E9%8C%84%E6%98%AF%E7%94%9A%E9%BA%BC%EF%BC%9F%E8%A2%AB%E8%93%8B%E7%89%8C%EF%BC%9F/" "Mozilla/5.0 (Macintosh; Intel Mac OS X 10_15_7) AppleWebKit/537.36 (KHTML, like Gecko) Chrome/151.0.0.0 Safari/537.36"
103.131.14.134 - - [23/Aug/2026:10:21:34 +0800] "GET /wp-content/themes/zakra/assets/js/skip-link-focus-fix.min.js?ver=4.0.6 HTTP/1.1" 200 666 "https://rajlaw.com.tw/%E5%AF%A6%E5%83%B9%E7%99%BB%E9%8C%84%E6%98%AF%E7%94%9A%E9%BA%BC%EF%BC%9F%E8%A2%AB%E8%93%8B%E7%89%8C%EF%BC%9F/" "Mozilla/5.0 (Macintosh; Intel Mac OS X 10_15_7) AppleWebKit/537.36 (KHTML, like Gecko) Chrome/151.0.0.0 Safari/537.36"
103.131.14.134 - - [23/Aug/2026:10:21:34 +0800] "GET /wp-content/themes/zakra/assets/js/zakra-custom.min.js?ver=4.0.6 HTTP/1.1" 200 5825 "https://rajlaw.com.tw/%E5%AF%A6%E5%83%B9%E7%99%BB%E9%8C%84%E6%98%AF%E7%94%9A%E9%BA%BC%EF%BC%9F%E8%A2%AB%E8%93%8B%E7%89%8C%EF%BC%9F/" "Mozilla/5.0 (Macintosh; Intel Mac OS X 10_15_7) AppleWebKit/537.36 (KHTML, like Gecko) Chrome/151.0.0.0 Safari/537.36"
103.131.14.134 - - [23/Aug/2026:10:21:35 +0800] "GET /wp-content/themes/zakra/assets/fonts/themegrill-icons.woff2?5d42b271f668d2d6461ba91fc5a5a839 HTTP/1.1" 200 1622 "https://rajlaw.com.tw/wp-content/themes/zakra/style.css?ver=4.0.6" "Mozilla/5.0 (Macintosh; Intel Mac OS X 10_15_7) AppleWebKit/537.36 (KHTML, like Gecko) Chrome/151.0.0.0 Safari/537.36"
103.131.14.134 - - [23/Aug/2026:10:21:35 +0800] "GET /wp-content/themes/zakra/inc/customizer/customind/assets/fontawesome/v6/webfonts/fa-solid-900.woff2 HTTP/1.1" 200 156967 "https://rajlaw.com.tw/wp-content/themes/zakra/inc/customizer/customind/assets/fontawesome/v6/css/all.min.css?ver=6.2.4" "Mozilla/5.0 (Macintosh; Intel Mac OS X 10_15_7) AppleWebKit/537.36 (KHTML, like Gecko) Chrome/151.0.0.0 Safari/537.36"
103.131.14.134 - - [23/Aug/2026:10:21:35 +0800] "GET /wp-includes/js/wp-emoji-release.min.js?ver=7.1 HTTP/1.1" 200 23123 "https://rajlaw.com.tw/%E5%AF%A6%E5%83%B9%E7%99%BB%E9%8C%84%E6%98%AF%E7%94%9A%E9%BA%BC%EF%BC%9F%E8%A2%AB%E8%93%8B%E7%89%8C%EF%BC%9F/" "Mozilla/5.0 (Macintosh; Intel Mac OS X 10_15_7) AppleWebKit/537.36 (KHTML, like Gecko) Chrome/151.0.0.0 Safari/537.36"
103.131.14.134 - - [23/Aug/2026:10:21:35 +0800] "GET /wp-content/themes/zakra/123.jpg HTTP/1.1" 200 455955 "https://rajlaw.com.tw/wp-content/themes/zakra/style.css?ver=4.0.6" "Mozilla/5.0 (Macintosh; Intel Mac OS X 10_15_7) AppleWebKit/537.36 (KHTML, like Gecko) Chrome/151.0.0.0 Safari/537.36"
103.131.14.134 - - [23/Aug/2026:10:21:35 +0800] "GET /favicon.ico HTTP/1.1" 302 1395 "https://rajlaw.com.tw/%E5%AF%A6%E5%83%B9%E7%99%BB%E9%8C%84%E6%98%AF%E7%94%9A%E9%BA%BC%EF%BC%9F%E8%A2%AB%E8%93%8B%E7%89%8C%EF%BC%9F/" "Mozilla/5.0 (Macintosh; Intel Mac OS X 10_15_7) AppleWebKit/537.36 (KHTML, like Gecko) Chrome/151.0.0.0 Safari/537.36"
103.131.14.134 - - [23/Aug/2026:10:21:39 +0800] "GET /wp-content/uploads/2025/03/%E9%95%B7%E5%AE%89logo-150x150.png HTTP/1.1" 200 12612 "https://rajlaw.com.tw/%E5%AF%A6%E5%83%B9%E7%99%BB%E9%8C%84%E6%98%AF%E7%94%9A%E9%BA%BC%EF%BC%9F%E8%A2%AB%E8%93%8B%E7%89%8C%EF%BC%9F/" "Mozilla/5.0 (Macintosh; Intel Mac OS X 10_15_7) AppleWebKit/537.36 (KHTML, like Gecko) Chrome/151.0.0.0 Safari/537.36"
1.172.18.17 - - [23/Aug/2026:10:22:04 +0800] "GET /%E9%9B%BB%E5%8B%95%E9%BA%BB%E5%B0%87%E6%A1%8C%E5%8D%A1%E7%89%8C%E6%80%8E%E9%BA%BC%E8%BE%A6%EF%BC%9F%E5%8F%B0%E7%81%A3%E8%A6%8F%E6%A0%BC%E3%80%81%E7%A9%A9%E5%AE%9A%E6%A9%9F%E7%A8%AE%E8%88%87%E5%94%AE/ HTTP/1.1" 200 98124 "https://www.google.com/" "Mozilla/5.0 (iPhone; CPU iPhone OS 16_0_2 like Mac OS X) AppleWebKit/605.1.15 (KHTML, like Gecko) GSA/414.0.890628820 Mobile/15E148 Safari/604.1"
1.172.18.17 - - [23/Aug/2026:10:22:08 +0800] "GET /wp-includes/css/dashicons.min.css?ver=7.1 HTTP/1.1" 200 59419 "https://rajlaw.com.tw/%E9%9B%BB%E5%8B%95%E9%BA%BB%E5%B0%87%E6%A1%8C%E5%8D%A1%E7%89%8C%E6%80%8E%E9%BA%BC%E8%BE%A6%EF%BC%9F%E5%8F%B0%E7%81%A3%E8%A6%8F%E6%A0%BC%E3%80%81%E7%A9%A9%E5%AE%9A%E6%A9%9F%E7%A8%AE%E8%88%87%E5%94%AE/" "Mozilla/5.0 (iPhone; CPU iPhone OS 16_0_2 like Mac OS X) AppleWebKit/605.1.15 (KHTML, like Gecko) GSA/414.0.890628820 Mobile/15E148 Safari/604.1"
1.172.18.17 - - [23/Aug/2026:10:22:08 +0800] "GET /wp-content/themes/zakra/assets/js/skip-link-focus-fix.min.js?ver=4.0.6 HTTP/1.1" 200 666 "https://rajlaw.com.tw/%E9%9B%BB%E5%8B%95%E9%BA%BB%E5%B0%87%E6%A1%8C%E5%8D%A1%E7%89%8C%E6%80%8E%E9%BA%BC%E8%BE%A6%EF%BC%9F%E5%8F%B0%E7%81%A3%E8%A6%8F%E6%A0%BC%E3%80%81%E7%A9%A9%E5%AE%9A%E6%A9%9F%E7%A8%AE%E8%88%87%E5%94%AE/" "Mozilla/5.0 (iPhone; CPU iPhone OS 16_0_2 like Mac OS X) AppleWebKit/605.1.15 (KHTML, like Gecko) GSA/414.0.890628820 Mobile/15E148 Safari/604.1"
1.172.18.17 - - [23/Aug/2026:10:22:08 +0800] "GET /wp-content/themes/zakra/assets/js/zakra-custom.min.js?ver=4.0.6 HTTP/1.1" 200 5825 "https://rajlaw.com.tw/%E9%9B%BB%E5%8B%95%E9%BA%BB%E5%B0%87%E6%A1%8C%E5%8D%A1%E7%89%8C%E6%80%8E%E9%BA%BC%E8%BE%A6%EF%BC%9F%E5%8F%B0%E7%81%A3%E8%A6%8F%E6%A0%BC%E3%80%81%E7%A9%A9%E5%AE%9A%E6%A9%9F%E7%A8%AE%E8%88%87%E5%94%AE/" "Mozilla/5.0 (iPhone; CPU iPhone OS 16_0_2 like Mac OS X) AppleWebKit/605.1.15 (KHTML, like Gecko) GSA/414.0.890628820 Mobile/15E148 Safari/604.1"
1.172.18.17 - - [23/Aug/2026:10:22:08 +0800] "GET /wp-content/themes/zakra/assets/js/navigation.min.js?ver=4.0.6 HTTP/1.1" 200 9391 "https://rajlaw.com.tw/%E9%9B%BB%E5%8B%95%E9%BA%BB%E5%B0%87%E6%A1%8C%E5%8D%A1%E7%89%8C%E6%80%8E%E9%BA%BC%E8%BE%A6%EF%BC%9F%E5%8F%B0%E7%81%A3%E8%A6%8F%E6%A0%BC%E3%80%81%E7%A9%A9%E5%AE%9A%E6%A9%9F%E7%A8%AE%E8%88%87%E5%94%AE/" "Mozilla/5.0 (iPhone; CPU iPhone OS 16_0_2 like Mac OS X) AppleWebKit/605.1.15 (KHTML, like Gecko) GSA/414.0.890628820 Mobile/15E148 Safari/604.1"
1.172.18.17 - - [23/Aug/2026:10:22:08 +0800] "GET /wp-content/plugins/everest-forms/assets/css/intlTelInput.css?ver=3.0.9.3 HTTP/1.1" 200 50441 "https://rajlaw.com.tw/%E9%9B%BB%E5%8B%95%E9%BA%BB%E5%B0%87%E6%A1%8C%E5%8D%A1%E7%89%8C%E6%80%8E%E9%BA%BC%E8%BE%A6%EF%BC%9F%E5%8F%B0%E7%81%A3%E8%A6%8F%E6%A0%BC%E3%80%81%E7%A9%A9%E5%AE%9A%E6%A9%9F%E7%A8%AE%E8%88%87%E5%94%AE/" "Mozilla/5.0 (iPhone; CPU iPhone OS 16_0_2 like Mac OS X) AppleWebKit/605.1.15 (KHTML, like Gecko) GSA/414.0.890628820 Mobile/15E148 Safari/604.1"
1.172.18.17 - - [23/Aug/2026:10:22:08 +0800] "GET /wp-content/plugins/everest-forms/assets/css/everest-forms.css?ver=3.0.9.3 HTTP/1.1" 200 105418 "https://rajlaw.com.tw/%E9%9B%BB%E5%8B%95%E9%BA%BB%E5%B0%87%E6%A1%8C%E5%8D%A1%E7%89%8C%E6%80%8E%E9%BA%BC%E8%BE%A6%EF%BC%9F%E5%8F%B0%E7%81%A3%E8%A6%8F%E6%A0%BC%E3%80%81%E7%A9%A9%E5%AE%9A%E6%A9%9F%E7%A8%AE%E8%88%87%E5%94%AE/" "Mozilla/5.0 (iPhone; CPU iPhone OS 16_0_2 like Mac OS X) AppleWebKit/605.1.15 (KHTML, like Gecko) GSA/414.0.890628820 Mobile/15E148 Safari/604.1"
1.172.18.17 - - [23/Aug/2026:10:22:08 +0800] "GET /wp-content/themes/zakra/inc/customizer/customind/assets/fontawesome/v6/css/all.min.css?ver=6.2.4 HTTP/1.1" 200 108095 "https://rajlaw.com.tw/%E9%9B%BB%E5%8B%95%E9%BA%BB%E5%B0%87%E6%A1%8C%E5%8D%A1%E7%89%8C%E6%80%8E%E9%BA%BC%E8%BE%A6%EF%BC%9F%E5%8F%B0%E7%81%A3%E8%A6%8F%E6%A0%BC%E3%80%81%E7%A9%A9%E5%AE%9A%E6%A9%9F%E7%A8%AE%E8%88%87%E5%94%AE/" "Mozilla/5.0 (iPhone; CPU iPhone OS 16_0_2 like Mac OS X) AppleWebKit/605.1.15 (KHTML, like Gecko) GSA/414.0.890628820 Mobile/15E148 Safari/604.1"
1.172.18.17 - - [23/Aug/2026:10:22:08 +0800] "GET /wp-content/themes/zakra/style.css?ver=4.0.6 HTTP/1.1" 200 111401 "https://rajlaw.com.tw/%E9%9B%BB%E5%8B%95%E9%BA%BB%E5%B0%87%E6%A1%8C%E5%8D%A1%E7%89%8C%E6%80%8E%E9%BA%BC%E8%BE%A6%EF%BC%9F%E5%8F%B0%E7%81%A3%E8%A6%8F%E6%A0%BC%E3%80%81%E7%A9%A9%E5%AE%9A%E6%A9%9F%E7%A8%AE%E8%88%87%E5%94%AE/" "Mozilla/5.0 (iPhone; CPU iPhone OS 16_0_2 like Mac OS X) AppleWebKit/605.1.15 (KHTML, like Gecko) GSA/414.0.890628820 Mobile/15E148 Safari/604.1"
1.172.18.17 - - [23/Aug/2026:10:22:08 +0800] "GET /wp-content/uploads/2025/03/logo-removebg-preview-e1741353740950.png HTTP/1.1" 200 71099 "https://rajlaw.com.tw/%E9%9B%BB%E5%8B%95%E9%BA%BB%E5%B0%87%E6%A1%8C%E5%8D%A1%E7%89%8C%E6%80%8E%E9%BA%BC%E8%BE%A6%EF%BC%9F%E5%8F%B0%E7%81%A3%E8%A6%8F%E6%A0%BC%E3%80%81%E7%A9%A9%E5%AE%9A%E6%A9%9F%E7%A8%AE%E8%88%87%E5%94%AE/" "Mozilla/5.0 (iPhone; CPU iPhone OS 16_0_2 like Mac OS X) AppleWebKit/605.1.15 (KHTML, like Gecko) GSA/414.0.890628820 Mobile/15E148 Safari/604.1"
1.172.18.17 - - [23/Aug/2026:10:22:08 +0800] "GET /wp-content/themes/zakra/123.jpg HTTP/1.1" 200 455955 "https://rajlaw.com.tw/%E9%9B%BB%E5%8B%95%E9%BA%BB%E5%B0%87%E6%A1%8C%E5%8D%A1%E7%89%8C%E6%80%8E%E9%BA%BC%E8%BE%A6%EF%BC%9F%E5%8F%B0%E7%81%A3%E8%A6%8F%E6%A0%BC%E3%80%81%E7%A9%A9%E5%AE%9A%E6%A9%9F%E7%A8%AE%E8%88%87%E5%94%AE/" "Mozilla/5.0 (iPhone; CPU iPhone OS 16_0_2 like Mac OS X) AppleWebKit/605.1.15 (KHTML, like Gecko) GSA/414.0.890628820 Mobile/15E148 Safari/604.1"
1.172.18.17 - - [23/Aug/2026:10:22:08 +0800] "GET /wp-content/themes/zakra/assets/fonts/themegrill-icons.woff2?5d42b271f668d2d6461ba91fc5a5a839 HTTP/1.1" 200 1622 "https://rajlaw.com.tw/%E9%9B%BB%E5%8B%95%E9%BA%BB%E5%B0%87%E6%A1%8C%E5%8D%A1%E7%89%8C%E6%80%8E%E9%BA%BC%E8%BE%A6%EF%BC%9F%E5%8F%B0%E7%81%A3%E8%A6%8F%E6%A0%BC%E3%80%81%E7%A9%A9%E5%AE%9A%E6%A9%9F%E7%A8%AE%E8%88%87%E5%94%AE/" "Mozilla/5.0 (iPhone; CPU iPhone OS 16_0_2 like Mac OS X) AppleWebKit/605.1.15 (KHTML, like Gecko) GSA/414.0.890628820 Mobile/15E148 Safari/604.1"
1.172.18.17 - - [23/Aug/2026:10:22:08 +0800] "GET /wp-includes/js/wp-emoji-release.min.js?ver=7.1 HTTP/1.1" 200 23123 "https://rajlaw.com.tw/%E9%9B%BB%E5%8B%95%E9%BA%BB%E5%B0%87%E6%A1%8C%E5%8D%A1%E7%89%8C%E6%80%8E%E9%BA%BC%E8%BE%A6%EF%BC%9F%E5%8F%B0%E7%81%A3%E8%A6%8F%E6%A0%BC%E3%80%81%E7%A9%A9%E5%AE%9A%E6%A9%9F%E7%A8%AE%E8%88%87%E5%94%AE/" "Mozilla/5.0 (iPhone; CPU iPhone OS 16_0_2 like Mac OS X) AppleWebKit/605.1.15 (KHTML, like Gecko) GSA/414.0.890628820 Mobile/15E148 Safari/604.1"
1.172.18.17 - - [23/Aug/2026:10:22:08 +0800] "GET /wp-content/uploads/2026/07/20260730093045_1_0.jpg HTTP/1.1" 200 203307 "https://rajlaw.com.tw/%E9%9B%BB%E5%8B%95%E9%BA%BB%E5%B0%87%E6%A1%8C%E5%8D%A1%E7%89%8C%E6%80%8E%E9%BA%BC%E8%BE%A6%EF%BC%9F%E5%8F%B0%E7%81%A3%E8%A6%8F%E6%A0%BC%E3%80%81%E7%A9%A9%E5%AE%9A%E6%A9%9F%E7%A8%AE%E8%88%87%E5%94%AE/" "Mozilla/5.0 (iPhone; CPU iPhone OS 16_0_2 like Mac OS X) AppleWebKit/605.1.15 (KHTML, like Gecko) GSA/414.0.890628820 Mobile/15E148 Safari/604.1"
114.119.145.233 - - [23/Aug/2026:10:22:17 +0800] "GET /%e5%8f%b0%e5%8d%97%e8%80%81%e5%ae%85%e5%bb%b6%e5%a3%bd%e8%a3%9c%e5%8a%a9%e5%8f%97%e7%90%86%e8%87%b39%e6%9c%8811%e6%97%a5%e3%80%80%e6%9c%80%e9%ab%98%e8%a3%9c%e5%8a%a965%e5%8a%a9%e8%80%81%e5%b1%8b/ HTTP/1.1" 200 94951 "https://rajlaw.com.tw/category/uncategorized/" "Mozilla/5.0 (Linux; Android 7.0;) AppleWebKit/537.36 (HTML, like Gecko) Mobile Safari/537.36 (compatible; PetalBot;+https://webmaster.petalsearch.com/site/petalbot)"
66.249.71.226 - - [23/Aug/2026:10:23:07 +0800] "GET /please-render-various-other-statements-you-intend-to-build-regarding-your-efforts-effort-to-find-certification-within-these-applications/ HTTP/1.1" 200 95046 "-" "Mozilla/5.0 (Linux; Android 6.0.1; Nexus 5X Build/MMB29P) AppleWebKit/537.36 (KHTML, like Gecko) Chrome/151.0.7922.137 Mobile Safari/537.36 (compatible; GoogleOther)"
61.223.193.163 - - [23/Aug/2026:10:23:53 +0800] "GET /%E5%8F%B0%E5%8D%97%E6%B2%BB%E6%B0%B4%E6%B7%B9%E6%B0%B4%E9%9D%A2%E7%A9%8D%E6%B8%9B98%E3%80%80%E9%BB%83%E5%81%89%E5%93%B2%E5%86%8D%E7%88%AD%E5%8F%9620%E5%84%84%E5%85%83%E6%94%B9%E5%96%84%E4%B8%89/ HTTP/1.1" 200 99166 "https://www.google.com/" "Mozilla/5.0 (Linux; Android 10; K) AppleWebKit/537.36 (KHTML, like Gecko) Chrome/151.0.0.0 Mobile Safari/537.36"
61.223.193.163 - - [23/Aug/2026:10:23:56 +0800] "GET /wp-includes/css/dashicons.min.css?ver=7.1 HTTP/1.1" 200 59419 "https://rajlaw.com.tw/%E5%8F%B0%E5%8D%97%E6%B2%BB%E6%B0%B4%E6%B7%B9%E6%B0%B4%E9%9D%A2%E7%A9%8D%E6%B8%9B98%E3%80%80%E9%BB%83%E5%81%89%E5%93%B2%E5%86%8D%E7%88%AD%E5%8F%9620%E5%84%84%E5%85%83%E6%94%B9%E5%96%84%E4%B8%89/" "Mozilla/5.0 (Linux; Android 10; K) AppleWebKit/537.36 (KHTML, like Gecko) Chrome/151.0.0.0 Mobile Safari/537.36"
61.223.193.163 - - [23/Aug/2026:10:23:56 +0800] "GET /wp-content/themes/zakra/style.css?ver=4.0.6 HTTP/1.1" 200 106819 "https://rajlaw.com.tw/%E5%8F%B0%E5%8D%97%E6%B2%BB%E6%B0%B4%E6%B7%B9%E6%B0%B4%E9%9D%A2%E7%A9%8D%E6%B8%9B98%E3%80%80%E9%BB%83%E5%81%89%E5%93%B2%E5%86%8D%E7%88%AD%E5%8F%9620%E5%84%84%E5%85%83%E6%94%B9%E5%96%84%E4%B8%89/" "Mozilla/5.0 (Linux; Android 10; K) AppleWebKit/537.36 (KHTML, like Gecko) Chrome/151.0.0.0 Mobile Safari/537.36"
61.223.193.163 - - [23/Aug/2026:10:23:56 +0800] "GET /wp-content/plugins/everest-forms/assets/css/intlTelInput.css?ver=3.0.9.3 HTTP/1.1" 200 45997 "https://rajlaw.com.tw/%E5%8F%B0%E5%8D%97%E6%B2%BB%E6%B0%B4%E6%B7%B9%E6%B0%B4%E9%9D%A2%E7%A9%8D%E6%B8%9B98%E3%80%80%E9%BB%83%E5%81%89%E5%93%B2%E5%86%8D%E7%88%AD%E5%8F%9620%E5%84%84%E5%85%83%E6%94%B9%E5%96%84%E4%B8%89/" "Mozilla/5.0 (Linux; Android 10; K) AppleWebKit/537.36 (KHTML, like Gecko) Chrome/151.0.0.0 Mobile Safari/537.36"
61.223.193.163 - - [23/Aug/2026:10:23:56 +0800] "GET /wp-content/plugins/everest-forms/assets/css/everest-forms.css?ver=3.0.9.3 HTTP/1.1" 200 100974 "https://rajlaw.com.tw/%E5%8F%B0%E5%8D%97%E6%B2%BB%E6%B0%B4%E6%B7%B9%E6%B0%B4%E9%9D%A2%E7%A9%8D%E6%B8%9B98%E3%80%80%E9%BB%83%E5%81%89%E5%93%B2%E5%86%8D%E7%88%AD%E5%8F%9620%E5%84%84%E5%85%83%E6%94%B9%E5%96%84%E4%B8%89/" "Mozilla/5.0 (Linux; Android 10; K) AppleWebKit/537.36 (KHTML, like Gecko) Chrome/151.0.0.0 Mobile Safari/537.36"
61.223.193.163 - - [23/Aug/2026:10:23:56 +0800] "GET /wp-content/themes/zakra/inc/customizer/customind/assets/fontawesome/v6/css/all.min.css?ver=6.2.4 HTTP/1.1" 200 103651 "https://rajlaw.com.tw/%E5%8F%B0%E5%8D%97%E6%B2%BB%E6%B0%B4%E6%B7%B9%E6%B0%B4%E9%9D%A2%E7%A9%8D%E6%B8%9B98%E3%80%80%E9%BB%83%E5%81%89%E5%93%B2%E5%86%8D%E7%88%AD%E5%8F%9620%E5%84%84%E5%85%83%E6%94%B9%E5%96%84%E4%B8%89/" "Mozilla/5.0 (Linux; Android 10; K) AppleWebKit/537.36 (KHTML, like Gecko) Chrome/151.0.0.0 Mobile Safari/537.36"
61.223.193.163 - - [23/Aug/2026:10:23:56 +0800] "GET /wp-content/uploads/2025/03/logo-removebg-preview-e1741353740950.png HTTP/1.1" 200 71237 "https://rajlaw.com.tw/%E5%8F%B0%E5%8D%97%E6%B2%BB%E6%B0%B4%E6%B7%B9%E6%B0%B4%E9%9D%A2%E7%A9%8D%E6%B8%9B98%E3%80%80%E9%BB%83%E5%81%89%E5%93%B2%E5%86%8D%E7%88%AD%E5%8F%9620%E5%84%84%E5%85%83%E6%94%B9%E5%96%84%E4%B8%89/" "Mozilla/5.0 (Linux; Android 10; K) AppleWebKit/537.36 (KHTML, like Gecko) Chrome/151.0.0.0 Mobile Safari/537.36"
61.223.193.163 - - [23/Aug/2026:10:23:57 +0800] "GET /wp-content/themes/zakra/assets/js/navigation.min.js?ver=4.0.6 HTTP/1.1" 200 4809 "https://rajlaw.com.tw/%E5%8F%B0%E5%8D%97%E6%B2%BB%E6%B0%B4%E6%B7%B9%E6%B0%B4%E9%9D%A2%E7%A9%8D%E6%B8%9B98%E3%80%80%E9%BB%83%E5%81%89%E5%93%B2%E5%86%8D%E7%88%AD%E5%8F%9620%E5%84%84%E5%85%83%E6%94%B9%E5%96%84%E4%B8%89/" "Mozilla/5.0 (Linux; Android 10; K) AppleWebKit/537.36 (KHTML, like Gecko) Chrome/151.0.0.0 Mobile Safari/537.36"
61.223.193.163 - - [23/Aug/2026:10:23:57 +0800] "GET /wp-content/themes/zakra/assets/js/skip-link-focus-fix.min.js?ver=4.0.6 HTTP/1.1" 200 666 "https://rajlaw.com.tw/%E5%8F%B0%E5%8D%97%E6%B2%BB%E6%B0%B4%E6%B7%B9%E6%B0%B4%E9%9D%A2%E7%A9%8D%E6%B8%9B98%E3%80%80%E9%BB%83%E5%81%89%E5%93%B2%E5%86%8D%E7%88%AD%E5%8F%9620%E5%84%84%E5%85%83%E6%94%B9%E5%96%84%E4%B8%89/" "Mozilla/5.0 (Linux; Android 10; K) AppleWebKit/537.36 (KHTML, like Gecko) Chrome/151.0.0.0 Mobile Safari/537.36"
61.223.193.163 - - [23/Aug/2026:10:23:56 +0800] "GET /wp-content/uploads/2026/08/ulxjczN9YoXJHf60xVIoXX8QPKyyFzvSvSzMZNc5-6-1536x1024.jpg HTTP/1.1" 200 230989 "https://rajlaw.com.tw/%E5%8F%B0%E5%8D%97%E6%B2%BB%E6%B0%B4%E6%B7%B9%E6%B0%B4%E9%9D%A2%E7%A9%8D%E6%B8%9B98%E3%80%80%E9%BB%83%E5%81%89%E5%93%B2%E5%86%8D%E7%88%AD%E5%8F%9620%E5%84%84%E5%85%83%E6%94%B9%E5%96%84%E4%B8%89/" "Mozilla/5.0 (Linux; Android 10; K) AppleWebKit/537.36 (KHTML, like Gecko) Chrome/151.0.0.0 Mobile Safari/537.36"
61.223.193.163 - - [23/Aug/2026:10:23:57 +0800] "GET /wp-content/themes/zakra/assets/js/zakra-custom.min.js?ver=4.0.6 HTTP/1.1" 200 5825 "https://rajlaw.com.tw/%E5%8F%B0%E5%8D%97%E6%B2%BB%E6%B0%B4%E6%B7%B9%E6%B0%B4%E9%9D%A2%E7%A9%8D%E6%B8%9B98%E3%80%80%E9%BB%83%E5%81%89%E5%93%B2%E5%86%8D%E7%88%AD%E5%8F%9620%E5%84%84%E5%85%83%E6%94%B9%E5%96%84%E4%B8%89/" "Mozilla/5.0 (Linux; Android 10; K) AppleWebKit/537.36 (KHTML, like Gecko) Chrome/151.0.0.0 Mobile Safari/537.36"
61.223.193.163 - - [23/Aug/2026:10:23:57 +0800] "GET /wp-content/themes/zakra/assets/fonts/themegrill-icons.woff2?5d42b271f668d2d6461ba91fc5a5a839 HTTP/1.1" 200 1622 "https://rajlaw.com.tw/wp-content/themes/zakra/style.css?ver=4.0.6" "Mozilla/5.0 (Linux; Android 10; K) AppleWebKit/537.36 (KHTML, like Gecko) Chrome/151.0.0.0 Mobile Safari/537.36"
61.223.193.163 - - [23/Aug/2026:10:23:57 +0800] "GET /wp-includes/js/wp-emoji-release.min.js?ver=7.1 HTTP/1.1" 200 23123 "https://rajlaw.com.tw/%E5%8F%B0%E5%8D%97%E6%B2%BB%E6%B0%B4%E6%B7%B9%E6%B0%B4%E9%9D%A2%E7%A9%8D%E6%B8%9B98%E3%80%80%E9%BB%83%E5%81%89%E5%93%B2%E5%86%8D%E7%88%AD%E5%8F%9620%E5%84%84%E5%85%83%E6%94%B9%E5%96%84%E4%B8%89/" "Mozilla/5.0 (Linux; Android 10; K) AppleWebKit/537.36 (KHTML, like Gecko) Chrome/151.0.0.0 Mobile Safari/537.36"
61.223.193.163 - - [23/Aug/2026:10:23:57 +0800] "GET /wp-content/themes/zakra/123.jpg HTTP/1.1" 200 455955 "https://rajlaw.com.tw/wp-content/themes/zakra/style.css?ver=4.0.6" "Mozilla/5.0 (Linux; Android 10; K) AppleWebKit/537.36 (KHTML, like Gecko) Chrome/151.0.0.0 Mobile Safari/537.36"
61.223.193.163 - - [23/Aug/2026:10:23:56 +0800] "GET /uploaded/blog/content/blog_content_image1786072729682912800.jpg HTTP/1.1" 404 82178 "https://rajlaw.com.tw/%E5%8F%B0%E5%8D%97%E6%B2%BB%E6%B0%B4%E6%B7%B9%E6%B0%B4%E9%9D%A2%E7%A9%8D%E6%B8%9B98%E3%80%80%E9%BB%83%E5%81%89%E5%93%B2%E5%86%8D%E7%88%AD%E5%8F%9620%E5%84%84%E5%85%83%E6%94%B9%E5%96%84%E4%B8%89/" "Mozilla/5.0 (Linux; Android 10; K) AppleWebKit/537.36 (KHTML, like Gecko) Chrome/151.0.0.0 Mobile Safari/537.36"
61.223.193.163 - - [23/Aug/2026:10:23:56 +0800] "GET /uploaded/blog/content/blog_content_image1786072690643695825.jpg HTTP/1.1" 404 82178 "https://rajlaw.com.tw/%E5%8F%B0%E5%8D%97%E6%B2%BB%E6%B0%B4%E6%B7%B9%E6%B0%B4%E9%9D%A2%E7%A9%8D%E6%B8%9B98%E3%80%80%E9%BB%83%E5%81%89%E5%93%B2%E5%86%8D%E7%88%AD%E5%8F%9620%E5%84%84%E5%85%83%E6%94%B9%E5%96%84%E4%B8%89/" "Mozilla/5.0 (Linux; Android 10; K) AppleWebKit/537.36 (KHTML, like Gecko) Chrome/151.0.0.0 Mobile Safari/537.36"
61.223.193.163 - - [23/Aug/2026:10:23:57 +0800] "GET /uploaded/blog/content/blog_content_image17860730581575819703.jpg HTTP/1.1" 404 82178 "https://rajlaw.com.tw/%E5%8F%B0%E5%8D%97%E6%B2%BB%E6%B0%B4%E6%B7%B9%E6%B0%B4%E9%9D%A2%E7%A9%8D%E6%B8%9B98%E3%80%80%E9%BB%83%E5%81%89%E5%93%B2%E5%86%8D%E7%88%AD%E5%8F%9620%E5%84%84%E5%85%83%E6%94%B9%E5%96%84%E4%B8%89/" "Mozilla/5.0 (Linux; Android 10; K) AppleWebKit/537.36 (KHTML, like Gecko) Chrome/151.0.0.0 Mobile Safari/537.36"
61.223.193.163 - - [23/Aug/2026:10:23:59 +0800] "GET /%E5%8F%B0%E5%8D%97%E6%B2%BB%E6%B0%B4%E6%B7%B9%E6%B0%B4%E9%9D%A2%E7%A9%8D%E6%B8%9B98%E3%80%80%E9%BB%83%E5%81%89%E5%93%B2%E5%86%8D%E7%88%AD%E5%8F%9620%E5%84%84%E5%85%83%E6%94%B9%E5%96%84%E4%B8%89/ HTTP/1.1" 200 94389 "https://www.google.com/" "Mozilla/5.0 (Linux; Android 10; K) AppleWebKit/537.36 (KHTML, like Gecko) Chrome/151.0.0.0 Mobile Safari/537.36"
52.167.144.20 - - [23/Aug/2026:10:25:08 +0800] "GET /eye-of-horus-angeschlossen-gratis-spielen-sie-ghosts-of-christmas-online-uber-echtgeld-spielen/ HTTP/1.1" 200 98403 "-" "Mozilla/5.0 AppleWebKit/537.36 (KHTML, like Gecko; compatible; bingbot/2.0; +http://www.bing.com/bingbot.htm) Chrome/116.0.1938.76 Safari/537.36"
114.119.145.233 - - [23/Aug/2026:10:26:19 +0800] "GET /uploaded/blog/content/blog_content_image17866938821998362519.jpg HTTP/1.1" 404 86723 "https://rajlaw.com.tw/%e3%80%8a%e5%b0%8f%e9%bb%91%e7%90%b5%e3%80%8b%e7%ac%ac16%e8%bc%af%e5%87%ba%e7%89%88%e3%80%80%e9%a6%96%e5%a2%9eai%e6%95%a3%e6%96%87%e7%b5%84%e6%94%b6%e9%8c%8493%e4%bb%b6%e4%bd%9c%e5%93%81%e3%80%80/" "Mozilla/5.0 (Linux; Android 7.0;) AppleWebKit/537.36 (HTML, like Gecko) Mobile Safari/537.36 (compatible; PetalBot;+https://webmaster.petalsearch.com/site/petalbot)"
52.167.144.20 - - [23/Aug/2026:10:26:58 +0800] "GET /buffalo-silver-wave-%EF%BF%BD-a-knock-property-depending-favorite-produced-on-the-web-having-wheel-incentives-and-you-can-upgraded-jackpot-possible/ HTTP/1.1" 200 99736 "-" "Mozilla/5.0 AppleWebKit/537.36 (KHTML, like Gecko; compatible; bingbot/2.0; +http://www.bing.com/bingbot.htm) Chrome/116.0.1938.76 Safari/537.36"
40.77.167.49 - - [23/Aug/2026:10:28:22 +0800] "GET /majestic-reels-spin-wild-fortunes-unlocked/ HTTP/1.1" 200 97245 "-" "Mozilla/5.0 AppleWebKit/537.36 (KHTML, like Gecko; compatible; bingbot/2.0; +http://www.bing.com/bingbot.htm) Chrome/116.0.1938.76 Safari/537.36"
66.249.69.66 - - [23/Aug/2026:10:28:30 +0800] "GET /who-founded-youtube-4/ HTTP/1.1" 200 93348 "-" "Mozilla/5.0 (Linux; Android 6.0.1; Nexus 5X Build/MMB29P) AppleWebKit/537.36 (KHTML, like Gecko) Chrome/151.0.7922.137 Mobile Safari/537.36 (compatible; GoogleOther)"
114.136.224.14 - - [23/Aug/2026:10:28:35 +0800] "GET /?p=3399 HTTP/1.1" 301 1563 "-" "Mozilla/5.0 (Macintosh; Intel Mac OS X 10_11_1) AppleWebKit/601.2.4 (KHTML, like Gecko) Version/9.0.1 Safari/601.2.4 facebookexternalhit/1.1 Facebot Twitterbot/1.0"
114.119.154.237 - - [23/Aug/2026:10:28:36 +0800] "GET /wp-content/uploads/2026/07/20260729195828_1785326239208-1.jpg HTTP/1.1" 200 553600 "https://rajlaw.com.tw/ai%e7%8e%a9%e7%bf%bb%e8%82%89%e8%80%81%e5%a4%a7-%e9%87%91%e8%82%89%e7%8d%8e%e6%9c%80%e5%be%8c%e5%8f%ac%e9%9b%86%e7%be%8e%e7%89%9b%e7%a5%9e%e4%bd%9c/" "Mozilla/5.0 (Linux; Android 7.0;) AppleWebKit/537.36 (HTML, like Gecko) Mobile Safari/537.36 (compatible; PetalBot;+https://webmaster.petalsearch.com/site/petalbot)"
114.136.224.14 - - [23/Aug/2026:10:28:35 +0800] "GET /favicon.ico HTTP/1.1" 302 5977 "-" "NetworkingExtension/8624.4.5.10.5 Network/5812.160.9 iOS/26.6"
114.136.224.14 - - [23/Aug/2026:10:28:40 +0800] "GET /wp-content/uploads/2025/03/%E9%95%B7%E5%AE%89logo-150x150.png HTTP/1.1" 200 12750 "-" "NetworkingExtension/8624.4.5.10.5 Network/5812.160.9 iOS/26.6"
114.136.224.14 - - [23/Aug/2026:10:28:35 +0800] "GET /apple-touch-icon-precomposed.png HTTP/1.1" 404 86599 "-" "NetworkingExtension/8624.4.5.10.5 Network/5812.160.9 iOS/26.6"
114.136.224.14 - - [23/Aug/2026:10:28:35 +0800] "GET /apple-touch-icon.png HTTP/1.1" 404 82155 "-" "NetworkingExtension/8624.4.5.10.5 Network/5812.160.9 iOS/26.6"
114.136.224.14 - - [23/Aug/2026:10:28:38 +0800] "GET /%e6%88%bf%e5%9c%b0%e5%90%88%e4%b8%80%e7%a8%85%e5%8f%af%e6%89%a3%e9%99%a4%e8%a3%9d%e6%bd%a2%e8%b2%bb%e7%94%a8%e6%9c%89%e5%93%aa%e4%ba%9b%ef%bc%9f/ HTTP/1.1" 200 93326 "-" "Mozilla/5.0 (Macintosh; Intel Mac OS X 10_11_1) AppleWebKit/601.2.4 (KHTML, like Gecko) Version/9.0.1 Safari/601.2.4 facebookexternalhit/1.1 Facebot Twitterbot/1.0"
40.77.167.21 - - [23/Aug/2026:10:29:38 +0800] "GET /?author=0 HTTP/1.1" 200 124747 "-" "Mozilla/5.0 AppleWebKit/537.36 (KHTML, like Gecko; compatible; bingbot/2.0; +http://www.bing.com/bingbot.htm) Chrome/116.0.1938.76 Safari/537.36"
52.167.144.20 - - [23/Aug/2026:10:29:43 +0800] "GET /page/4/?author=0 HTTP/1.1" 200 124996 "-" "Mozilla/5.0 AppleWebKit/537.36 (KHTML, like Gecko; compatible; bingbot/2.0; +http://www.bing.com/bingbot.htm) Chrome/116.0.1938.76 Safari/537.36"
40.77.167.21 - - [23/Aug/2026:10:29:44 +0800] "GET /accede-al-poder-de-cinco-leones/ HTTP/1.1" 200 93780 "-" "Mozilla/5.0 AppleWebKit/537.36 (KHTML, like Gecko; compatible; bingbot/2.0; +http://www.bing.com/bingbot.htm) Chrome/116.0.1938.76 Safari/537.36"
124.150.132.81 - - [23/Aug/2026:10:29:42 +0800] "POST /wp-cron.php?doing_wp_cron=1787452182.4839689731597900390625 HTTP/1.1" 500 8614 "-" "WordPress/7.1; https://rajlaw.com.tw"
114.119.131.210 - - [23/Aug/2026:10:30:23 +0800] "GET /zavrti-se-v-novo-obliko-zabave/ HTTP/1.1" 200 96747 "https://rajlaw.com.tw/sol-casino-io-vroce-igre-veliki-dobitki/" "Mozilla/5.0 (Linux; Android 7.0;) AppleWebKit/537.36 (HTML, like Gecko) Mobile Safari/537.36 (compatible; PetalBot;+https://webmaster.petalsearch.com/site/petalbot)"
40.77.167.21 - - [23/Aug/2026:10:30:28 +0800] "GET /%E5%8F%B0%E5%8D%9738%E6%89%80%E5%AD%B8%E6%A0%A1%E5%A2%9E%E8%A8%AD40%E5%A5%97aed%E3%80%80%E5%B8%82%E6%B0%91%E9%BB%83%E6%9F%8F%E6%98%8C%E6%8D%90%E8%B4%88%E7%B4%84600%E8%90%AC%E5%85%83%E5%BC%B7%E5%8C%96/ HTTP/1.1" 200 94366 "-" "Mozilla/5.0 AppleWebKit/537.36 (KHTML, like Gecko; compatible; bingbot/2.0; +http://www.bing.com/bingbot.htm) Chrome/116.0.1938.76 Safari/537.36"
66.249.71.227 - - [23/Aug/2026:10:31:08 +0800] "GET /please-render-various-other-statements-you-intend-to-build-regarding-your-efforts-effort-to-find-certification-within-these-applications/ HTTP/1.1" 200 95046 "-" "Mozilla/5.0 (Linux; Android 6.0.1; Nexus 5X Build/MMB29P) AppleWebKit/537.36 (KHTML, like Gecko) Chrome/151.0.7922.137 Mobile Safari/537.36 (compatible; GoogleOther)"
40.77.167.49 - - [23/Aug/2026:10:31:12 +0800] "GET /football-star-deluxe-slot-tematico-criancice-futebol-uma-vez-que-jackpots/ HTTP/1.1" 200 104084 "-" "Mozilla/5.0 AppleWebKit/537.36 (KHTML, like Gecko; compatible; bingbot/2.0; +http://www.bing.com/bingbot.htm) Chrome/116.0.1938.76 Safari/537.36"
40.77.167.21 - - [23/Aug/2026:10:31:28 +0800] "GET /betsoft-gaming-recenzja-2026-frog-story-1-depozyt-sloty-trojwymiarowym-max-quest-jak-i-rowniez-kasyna/ HTTP/1.1" 200 99409 "-" "Mozilla/5.0 AppleWebKit/537.36 (KHTML, like Gecko; compatible; bingbot/2.0; +http://www.bing.com/bingbot.htm) Chrome/116.0.1938.76 Safari/537.36"
57.141.8.13 - - [23/Aug/2026:10:31:26 +0800] "GET / HTTP/1.1" 200 139932 "-" "facebookexternalhit/1.1 (+http://www.facebook.com/externalhit_uatext.php)"
124.150.132.81 - - [23/Aug/2026:10:31:12 +0800] "POST /wp-cron.php?doing_wp_cron=1787452272.7772998809814453125000 HTTP/1.1" 200 5843 "-" "WordPress/7.1; https://rajlaw.com.tw"
114.119.145.233 - - [23/Aug/2026:10:32:34 +0800] "GET /wp-content/uploads/2025/02/pexels-photo-8292890_0.jpg HTTP/1.1" 200 142862 "https://rajlaw.com.tw/?page_id=1174" "Mozilla/5.0 (Linux; Android 7.0;) AppleWebKit/537.36 (HTML, like Gecko) Mobile Safari/537.36 (compatible; PetalBot;+https://webmaster.petalsearch.com/site/petalbot)"
54.38.147.154 - - [23/Aug/2026:10:32:48 +0800] "GET /category/%E5%85%A9%E5%B2%B8%E6%96%B0%E8%81%9E/ HTTP/1.1" 200 106618 "-" "Mozilla/5.0 (compatible; AhrefsBot/7.0; +http://ahrefs.com/robot/)"
40.77.167.38 - - [23/Aug/2026:10:33:29 +0800] "GET /najdogodniejszy-keks-sposrod-kasyno-stunning-hot-bakaliami/ HTTP/1.1" 200 102822 "-" "Mozilla/5.0 AppleWebKit/537.36 (KHTML, like Gecko; compatible; bingbot/2.0; +http://www.bing.com/bingbot.htm) Chrome/116.0.1938.76 Safari/537.36"
101.10.105.46 - - [23/Aug/2026:10:33:55 +0800] "GET /%E5%B0%88%E6%A5%AD%E5%9C%98%E9%9A%8A/ HTTP/1.1" 200 145251 "https://www.google.com/" "Mozilla/5.0 (Linux; Android 10; K) AppleWebKit/537.36 (KHTML, like Gecko) Chrome/151.0.0.0 Mobile Safari/537.36"
101.10.105.46 - - [23/Aug/2026:10:34:00 +0800] "GET /wp-includes/css/dashicons.min.css?ver=7.1 HTTP/1.1" 200 59419 "https://rajlaw.com.tw/%E5%B0%88%E6%A5%AD%E5%9C%98%E9%9A%8A/" "Mozilla/5.0 (Linux; Android 10; K) AppleWebKit/537.36 (KHTML, like Gecko) Chrome/151.0.0.0 Mobile Safari/537.36"
101.10.105.46 - - [23/Aug/2026:10:34:00 +0800] "GET /wp-content/plugins/everest-forms/assets/css/everest-forms.css?ver=3.0.9.3 HTTP/1.1" 200 105613 "https://rajlaw.com.tw/%E5%B0%88%E6%A5%AD%E5%9C%98%E9%9A%8A/" "Mozilla/5.0 (Linux; Android 10; K) AppleWebKit/537.36 (KHTML, like Gecko) Chrome/151.0.0.0 Mobile Safari/537.36"
101.10.105.46 - - [23/Aug/2026:10:34:00 +0800] "GET /wp-content/plugins/elementor/assets/lib/eicons/css/elementor-icons.min.css?ver=5.11.0 HTTP/1.1" 200 17727 "https://rajlaw.com.tw/%E5%B0%88%E6%A5%AD%E5%9C%98%E9%9A%8A/" "Mozilla/5.0 (Linux; Android 10; K) AppleWebKit/537.36 (KHTML, like Gecko) Chrome/151.0.0.0 Mobile Safari/537.36"
101.10.105.46 - - [23/Aug/2026:10:34:00 +0800] "GET /wp-content/themes/zakra/inc/customizer/customind/assets/fontawesome/v6/css/all.min.css?ver=6.2.4 HTTP/1.1" 200 103651 "https://rajlaw.com.tw/%E5%B0%88%E6%A5%AD%E5%9C%98%E9%9A%8A/" "Mozilla/5.0 (Linux; Android 10; K) AppleWebKit/537.36 (KHTML, like Gecko) Chrome/151.0.0.0 Mobile Safari/537.36"
101.10.105.46 - - [23/Aug/2026:10:34:00 +0800] "GET /wp-content/plugins/everest-forms/assets/css/intlTelInput.css?ver=3.0.9.3 HTTP/1.1" 200 45997 "https://rajlaw.com.tw/%E5%B0%88%E6%A5%AD%E5%9C%98%E9%9A%8A/" "Mozilla/5.0 (Linux; Android 10; K) AppleWebKit/537.36 (KHTML, like Gecko) Chrome/151.0.0.0 Mobile Safari/537.36"
101.10.105.46 - - [23/Aug/2026:10:34:00 +0800] "GET /wp-content/themes/zakra/style.css?ver=4.0.6 HTTP/1.1" 200 106957 "https://rajlaw.com.tw/%E5%B0%88%E6%A5%AD%E5%9C%98%E9%9A%8A/" "Mozilla/5.0 (Linux; Android 10; K) AppleWebKit/537.36 (KHTML, like Gecko) Chrome/151.0.0.0 Mobile Safari/537.36"
101.10.105.46 - - [23/Aug/2026:10:34:00 +0800] "GET /wp-content/plugins/elementor/assets/lib/animations/animations.min.css?ver=3.2.3 HTTP/1.1" 200 18825 "https://rajlaw.com.tw/%E5%B0%88%E6%A5%AD%E5%9C%98%E9%9A%8A/" "Mozilla/5.0 (Linux; Android 10; K) AppleWebKit/537.36 (KHTML, like Gecko) Chrome/151.0.0.0 Mobile Safari/537.36"
101.10.105.46 - - [23/Aug/2026:10:34:00 +0800] "GET /wp-content/plugins/elementor/assets/css/frontend.min.css?ver=3.2.3 HTTP/1.1" 200 118361 "https://rajlaw.com.tw/%E5%B0%88%E6%A5%AD%E5%9C%98%E9%9A%8A/" "Mozilla/5.0 (Linux; Android 10; K) AppleWebKit/537.36 (KHTML, like Gecko) Chrome/151.0.0.0 Mobile Safari/537.36"
101.10.105.46 - - [23/Aug/2026:10:34:00 +0800] "GET /wp-content/uploads/elementor/css/post-504.css?ver=1741807482 HTTP/1.1" 200 1490 "https://rajlaw.com.tw/%E5%B0%88%E6%A5%AD%E5%9C%98%E9%9A%8A/" "Mozilla/5.0 (Linux; Android 10; K) AppleWebKit/537.36 (KHTML, like Gecko) Chrome/151.0.0.0 Mobile Safari/537.36"
101.10.105.46 - - [23/Aug/2026:10:34:00 +0800] "GET /wp-content/plugins/elementor/assets/lib/font-awesome/css/v4-shims.min.css?ver=3.2.3 HTTP/1.1" 200 27059 "https://rajlaw.com.tw/%E5%B0%88%E6%A5%AD%E5%9C%98%E9%9A%8A/" "Mozilla/5.0 (Linux; Android 10; K) AppleWebKit/537.36 (KHTML, like Gecko) Chrome/151.0.0.0 Mobile Safari/537.36"
101.10.105.46 - - [23/Aug/2026:10:34:00 +0800] "GET /wp-content/plugins/elementor/assets/lib/font-awesome/css/all.min.css?ver=3.2.3 HTTP/1.1" 200 59759 "https://rajlaw.com.tw/%E5%B0%88%E6%A5%AD%E5%9C%98%E9%9A%8A/" "Mozilla/5.0 (Linux; Android 10; K) AppleWebKit/537.36 (KHTML, like Gecko) Chrome/151.0.0.0 Mobile Safari/537.36"
101.10.105.46 - - [23/Aug/2026:10:34:00 +0800] "GET /wp-content/uploads/elementor/css/post-1174.css?ver=1762511866 HTTP/1.1" 200 41060 "https://rajlaw.com.tw/%E5%B0%88%E6%A5%AD%E5%9C%98%E9%9A%8A/" "Mozilla/5.0 (Linux; Android 10; K) AppleWebKit/537.36 (KHTML, like Gecko) Chrome/151.0.0.0 Mobile Safari/537.36"
101.10.105.46 - - [23/Aug/2026:10:34:00 +0800] "GET /wp-content/plugins/elementor/assets/lib/font-awesome/js/v4-shims.min.js?ver=3.2.3 HTTP/1.1" 200 15397 "https://rajlaw.com.tw/%E5%B0%88%E6%A5%AD%E5%9C%98%E9%9A%8A/" "Mozilla/5.0 (Linux; Android 10; K) AppleWebKit/537.36 (KHTML, like Gecko) Chrome/151.0.0.0 Mobile Safari/537.36"
