27.53.105.115 - - [23/Aug/2026:11:49:24 +0800] "GET /wp-content/themes/zakra/style.css?ver=4.0.6 HTTP/1.1" 200 106957 "https://rajlaw.com.tw/%E5%AF%A6%E5%83%B9%E7%99%BB%E9%8C%84%E6%98%AF%E7%94%9A%E9%BA%BC%EF%BC%9F%E8%A2%AB%E8%93%8B%E7%89%8C%EF%BC%9F/" "Mozilla/5.0 (Linux; Android 10; K) AppleWebKit/537.36 (KHTML, like Gecko) Chrome/149.0.0.0 Mobile Safari/537.36"
27.53.105.115 - - [23/Aug/2026:11:49:24 +0800] "GET /wp-content/uploads/2025/03/logo-removebg-preview-e1741353740950.png HTTP/1.1" 200 71099 "https://rajlaw.com.tw/%E5%AF%A6%E5%83%B9%E7%99%BB%E9%8C%84%E6%98%AF%E7%94%9A%E9%BA%BC%EF%BC%9F%E8%A2%AB%E8%93%8B%E7%89%8C%EF%BC%9F/" "Mozilla/5.0 (Linux; Android 10; K) AppleWebKit/537.36 (KHTML, like Gecko) Chrome/149.0.0.0 Mobile Safari/537.36"
27.53.105.115 - - [23/Aug/2026:11:49:24 +0800] "GET /wp-content/uploads/2025/02/%E8%A9%95%E4%BC%B0.png HTTP/1.1" 200 10724 "https://rajlaw.com.tw/%E5%AF%A6%E5%83%B9%E7%99%BB%E9%8C%84%E6%98%AF%E7%94%9A%E9%BA%BC%EF%BC%9F%E8%A2%AB%E8%93%8B%E7%89%8C%EF%BC%9F/" "Mozilla/5.0 (Linux; Android 10; K) AppleWebKit/537.36 (KHTML, like Gecko) Chrome/149.0.0.0 Mobile Safari/537.36"
27.53.105.115 - - [23/Aug/2026:11:49:24 +0800] "GET /wp-content/themes/zakra/123.jpg HTTP/1.1" 200 455955 "https://rajlaw.com.tw/wp-content/themes/zakra/style.css?ver=4.0.6" "Mozilla/5.0 (Linux; Android 10; K) AppleWebKit/537.36 (KHTML, like Gecko) Chrome/149.0.0.0 Mobile Safari/537.36"
27.53.105.115 - - [23/Aug/2026:11:49:19 +0800] "GET /%E5%AF%A6%E5%83%B9%E7%99%BB%E9%8C%84%E6%98%AF%E7%94%9A%E9%BA%BC%EF%BC%9F%E8%A2%AB%E8%93%8B%E7%89%8C%EF%BC%9F/ HTTP/1.1" 200 97245 "https://www.google.com/" "Mozilla/5.0 (Linux; Android 10; K) AppleWebKit/537.36 (KHTML, like Gecko) Chrome/149.0.0.0 Mobile Safari/537.36"
27.53.105.115 - - [23/Aug/2026:11:49:25 +0800] "GET /wp-content/themes/zakra/assets/fonts/themegrill-icons.woff2?5d42b271f668d2d6461ba91fc5a5a839 HTTP/1.1" 200 1622 "https://rajlaw.com.tw/wp-content/themes/zakra/style.css?ver=4.0.6" "Mozilla/5.0 (Linux; Android 10; K) AppleWebKit/537.36 (KHTML, like Gecko) Chrome/149.0.0.0 Mobile Safari/537.36"
27.53.105.115 - - [23/Aug/2026:11:49:25 +0800] "GET /wp-content/themes/zakra/assets/js/navigation.min.js?ver=4.0.6 HTTP/1.1" 200 4809 "https://rajlaw.com.tw/%E5%AF%A6%E5%83%B9%E7%99%BB%E9%8C%84%E6%98%AF%E7%94%9A%E9%BA%BC%EF%BC%9F%E8%A2%AB%E8%93%8B%E7%89%8C%EF%BC%9F/" "Mozilla/5.0 (Linux; Android 10; K) AppleWebKit/537.36 (KHTML, like Gecko) Chrome/149.0.0.0 Mobile Safari/537.36"
27.53.105.115 - - [23/Aug/2026:11:49:25 +0800] "GET /wp-content/themes/zakra/assets/js/skip-link-focus-fix.min.js?ver=4.0.6 HTTP/1.1" 200 666 "https://rajlaw.com.tw/%E5%AF%A6%E5%83%B9%E7%99%BB%E9%8C%84%E6%98%AF%E7%94%9A%E9%BA%BC%EF%BC%9F%E8%A2%AB%E8%93%8B%E7%89%8C%EF%BC%9F/" "Mozilla/5.0 (Linux; Android 10; K) AppleWebKit/537.36 (KHTML, like Gecko) Chrome/149.0.0.0 Mobile Safari/537.36"
27.53.105.115 - - [23/Aug/2026:11:49:25 +0800] "GET /wp-content/themes/zakra/assets/js/zakra-custom.min.js?ver=4.0.6 HTTP/1.1" 200 5825 "https://rajlaw.com.tw/%E5%AF%A6%E5%83%B9%E7%99%BB%E9%8C%84%E6%98%AF%E7%94%9A%E9%BA%BC%EF%BC%9F%E8%A2%AB%E8%93%8B%E7%89%8C%EF%BC%9F/" "Mozilla/5.0 (Linux; Android 10; K) AppleWebKit/537.36 (KHTML, like Gecko) Chrome/149.0.0.0 Mobile Safari/537.36"
27.53.105.115 - - [23/Aug/2026:11:49:25 +0800] "GET /favicon.ico HTTP/1.1" 302 1395 "https://rajlaw.com.tw/%E5%AF%A6%E5%83%B9%E7%99%BB%E9%8C%84%E6%98%AF%E7%94%9A%E9%BA%BC%EF%BC%9F%E8%A2%AB%E8%93%8B%E7%89%8C%EF%BC%9F/" "Mozilla/5.0 (Linux; Android 10; K) AppleWebKit/537.36 (KHTML, like Gecko) Chrome/149.0.0.0 Mobile Safari/537.36"
52.167.144.176 - - [23/Aug/2026:11:49:25 +0800] "GET /?author=0 HTTP/1.1" 200 124747 "-" "Mozilla/5.0 AppleWebKit/537.36 (KHTML, like Gecko; compatible; bingbot/2.0; +http://www.bing.com/bingbot.htm) Chrome/116.0.1938.76 Safari/537.36"
52.167.144.197 - - [23/Aug/2026:11:49:29 +0800] "GET /page/4/?author=0 HTTP/1.1" 200 125025 "-" "Mozilla/5.0 AppleWebKit/537.36 (KHTML, like Gecko; compatible; bingbot/2.0; +http://www.bing.com/bingbot.htm) Chrome/116.0.1938.76 Safari/537.36"
52.167.144.176 - - [23/Aug/2026:11:49:31 +0800] "GET /accede-al-poder-de-cinco-leones/ HTTP/1.1" 200 93780 "-" "Mozilla/5.0 AppleWebKit/537.36 (KHTML, like Gecko; compatible; bingbot/2.0; +http://www.bing.com/bingbot.htm) Chrome/116.0.1938.76 Safari/537.36"
27.53.105.115 - - [23/Aug/2026:11:49:34 +0800] "GET /%E5%AF%A6%E5%83%B9%E7%99%BB%E9%8C%84%E6%98%AF%E7%94%9A%E9%BA%BC%EF%BC%9F%E8%A2%AB%E8%93%8B%E7%89%8C%EF%BC%9F/ HTTP/1.1" 500 43913 "https://www.google.com/" "Mozilla/5.0 (Linux; Android 10; K) AppleWebKit/537.36 (KHTML, like Gecko) Chrome/149.0.0.0 Mobile Safari/537.36"
52.167.144.197 - - [23/Aug/2026:11:49:36 +0800] "GET /page/2/?author=0 HTTP/1.1" 200 120598 "-" "Mozilla/5.0 AppleWebKit/537.36 (KHTML, like Gecko; compatible; bingbot/2.0; +http://www.bing.com/bingbot.htm) Chrome/116.0.1938.76 Safari/537.36"
57.141.16.34 - - [23/Aug/2026:11:49:36 +0800] "GET / HTTP/1.1" 200 139932 "-" "facebookexternalhit/1.1 (+http://www.facebook.com/externalhit_uatext.php)"
27.53.105.115 - - [23/Aug/2026:11:49:38 +0800] "GET /%E5%AF%A6%E5%83%B9%E7%99%BB%E9%8C%84%E6%98%AF%E7%94%9A%E9%BA%BC%EF%BC%9F%E8%A2%AB%E8%93%8B%E7%89%8C%EF%BC%9F/ HTTP/1.1" 200 92606 "https://www.google.com/" "Mozilla/5.0 (Linux; Android 10; K) AppleWebKit/537.36 (KHTML, like Gecko) Chrome/149.0.0.0 Mobile Safari/537.36"
27.53.105.115 - - [23/Aug/2026:11:49:37 +0800] "GET /%E5%AF%A6%E5%83%B9%E7%99%BB%E9%8C%84%E6%98%AF%E7%94%9A%E9%BA%BC%EF%BC%9F%E8%A2%AB%E8%93%8B%E7%89%8C%EF%BC%9F/ HTTP/1.1" 500 43913 "https://www.google.com/" "Mozilla/5.0 (Linux; Android 10; K) AppleWebKit/537.36 (KHTML, like Gecko) Chrome/149.0.0.0 Mobile Safari/537.36"
27.53.105.115 - - [23/Aug/2026:11:49:44 +0800] "GET /favicon.ico HTTP/1.1" 302 1395 "https://rajlaw.com.tw/%E5%AF%A6%E5%83%B9%E7%99%BB%E9%8C%84%E6%98%AF%E7%94%9A%E9%BA%BC%EF%BC%9F%E8%A2%AB%E8%93%8B%E7%89%8C%EF%BC%9F/" "Mozilla/5.0 (Linux; Android 10; K) AppleWebKit/537.36 (KHTML, like Gecko) Chrome/149.0.0.0 Mobile Safari/537.36"
52.167.144.176 - - [23/Aug/2026:11:49:45 +0800] "GET /hell-spin-darmowe-spiny-fangst-nu/ HTTP/1.1" 200 96199 "-" "Mozilla/5.0 AppleWebKit/537.36 (KHTML, like Gecko; compatible; bingbot/2.0; +http://www.bing.com/bingbot.htm) Chrome/116.0.1938.76 Safari/537.36"
114.119.154.237 - - [23/Aug/2026:11:49:50 +0800] "GET /%e6%b6%89%e5%81%87%e5%80%9f%e6%8e%a1%e8%b3%bcbnt%e7%96%ab%e8%8b%97%e8%a9%90%e9%a8%99%e6%85%88%e6%bf%9f%e9%80%be10%e5%84%84%e5%85%83%e3%80%80%e8%aa%bf%e6%9f%a5%e5%b1%80%e6%9f%a5%e6%89%a3158%e5%85%ac/ HTTP/1.1" 200 95752 "https://rajlaw.com.tw/category/%e7%a4%be%e6%9c%83/" "Mozilla/5.0 (Linux; Android 7.0;) AppleWebKit/537.36 (HTML, like Gecko) Mobile Safari/537.36 (compatible; PetalBot;+https://webmaster.petalsearch.com/site/petalbot)"
140.213.6.38 - - [23/Aug/2026:11:49:56 +0800] "GET /wp-login.php HTTP/1.1" 200 13944 "https://rajlaw.com.tw/wp-login.php" "Mozilla/5.0 (iPhone; CPU iPhone OS 16_6 like Mac OS X) AppleWebKit/605.1.15 (KHTML, like Gecko) Version/16.6 Mobile/15E148 Safari/604.1"
124.150.132.81 - - [23/Aug/2026:11:49:24 +0800] "POST /wp-cron.php?doing_wp_cron=1787456964.2483799457550048828125 HTTP/1.1" 500 8614 "-" "WordPress/7.1; https://rajlaw.com.tw"
140.213.6.38 - - [23/Aug/2026:11:50:00 +0800] "POST /wp-login.php HTTP/1.1" 302 2330 "https://rajlaw.com.tw/wp-login.php" "Mozilla/5.0 (iPhone; CPU iPhone OS 16_6 like Mac OS X) AppleWebKit/605.1.15 (KHTML, like Gecko) Version/16.6 Mobile/15E148 Safari/604.1"
140.213.6.38 - - [23/Aug/2026:11:50:06 +0800] "GET /wp-admin/ HTTP/1.1" 200 181526 "https://rajlaw.com.tw/wp-login.php" "Mozilla/5.0 (iPhone; CPU iPhone OS 16_6 like Mac OS X) AppleWebKit/605.1.15 (KHTML, like Gecko) Version/16.6 Mobile/15E148 Safari/604.1"
9.129.46.12 - - [23/Aug/2026:11:51:02 +0800] "GET /%E9%9B%BB%E5%95%86%E7%A7%91%E6%8A%80%E6%96%B0%E5%95%86%E6%A5%AD%E6%A8%A1%E5%BC%8Fai%E8%AE%8A%E7%8F%BEveloflow-ai%E7%9E%84%E6%BA%96%E7%94%9F%E6%88%90%E5%BC%8Fai%E6%87%89%E7%94%A8%E7%97%9B%E9%BB%9E/ HTTP/1.1" 200 95925 "-" "Mozilla/5.0 AppleWebKit/537.36 (KHTML, like Gecko); compatible; ChatGPT-User/1.0; +https://openai.com/bot"
9.129.46.3 - - [23/Aug/2026:11:51:05 +0800] "GET / HTTP/1.1" 500 55307 "-" "Mozilla/5.0 AppleWebKit/537.36 (KHTML, like Gecko); compatible; ChatGPT-User/1.0; +https://openai.com/bot"
124.150.132.81 - - [23/Aug/2026:11:51:05 +0800] "POST /wp-cron.php?doing_wp_cron=1787457065.6365070343017578125000 HTTP/1.1" 200 5843 "-" "WordPress/7.1; https://rajlaw.com.tw"
114.119.155.142 - - [23/Aug/2026:11:51:49 +0800] "GET /%e6%95%8f%e6%84%9f%e8%82%8c%e5%a6%82%e4%bd%95%e9%81%b8%e6%b8%85%e6%bd%94%e7%94%a2%e5%93%81%ef%bc%9f%e8%82%a5%e7%9a%82%e3%80%81%e6%b4%97%e9%9d%a2%e4%b9%b3%e3%80%81%e6%b2%90%e6%b5%b4%e4%b9%b3%e5%b7%ae/ HTTP/1.1" 200 95585 "https://rajlaw.com.tw/category/%e6%b0%91%e7%94%9f/page/2/" "Mozilla/5.0 (Linux; Android 7.0;) AppleWebKit/537.36 (HTML, like Gecko) Mobile Safari/537.36 (compatible; PetalBot;+https://webmaster.petalsearch.com/site/petalbot)"
124.150.132.81 - - [23/Aug/2026:11:51:53 +0800] "POST /wp-cron.php?doing_wp_cron=1787457113.2638819217681884765625 HTTP/1.1" 200 5843 "-" "WordPress/7.1; https://rajlaw.com.tw"
52.167.144.197 - - [23/Aug/2026:11:52:36 +0800] "GET /excelentes-casinos-en-internet-revision-de-tragamonedas-en-linea-super-hot-con-manga-larga-dinero-positivo-referente-a-espana-asesor-2026/ HTTP/1.1" 200 99399 "-" "Mozilla/5.0 AppleWebKit/537.36 (KHTML, like Gecko; compatible; bingbot/2.0; +http://www.bing.com/bingbot.htm) Chrome/116.0.1938.76 Safari/537.36"
52.167.144.194 - - [23/Aug/2026:11:52:43 +0800] "GET /like-your-preferred-deposit-opportinity-for-the-first-purchase-and-allege-the-new-welcome-bonus/ HTTP/1.1" 200 96729 "-" "Mozilla/5.0 AppleWebKit/537.36 (KHTML, like Gecko; compatible; bingbot/2.0; +http://www.bing.com/bingbot.htm) Chrome/116.0.1938.76 Safari/537.36"
52.167.144.197 - - [23/Aug/2026:11:52:46 +0800] "GET /on-the-reverse-side-eleven-says-has-desired-simply-tribal-gaming-with-or-as-opposed-to-age-restrictions/ HTTP/1.1" 200 97535 "-" "Mozilla/5.0 AppleWebKit/537.36 (KHTML, like Gecko; compatible; bingbot/2.0; +http://www.bing.com/bingbot.htm) Chrome/116.0.1938.76 Safari/537.36"
52.167.144.194 - - [23/Aug/2026:11:52:47 +0800] "GET /standard-table-video-game-basically-dont-help-you-obvious-betting-unless-you-are-with-the-desk-specific-promo/ HTTP/1.1" 200 91995 "-" "Mozilla/5.0 AppleWebKit/537.36 (KHTML, like Gecko; compatible; bingbot/2.0; +http://www.bing.com/bingbot.htm) Chrome/116.0.1938.76 Safari/537.36"
52.167.144.176 - - [23/Aug/2026:11:52:47 +0800] "GET /no-regulating-actions-is-actually-registered-for-this-user-in-our-databases/ HTTP/1.1" 200 96187 "-" "Mozilla/5.0 AppleWebKit/537.36 (KHTML, like Gecko; compatible; bingbot/2.0; +http://www.bing.com/bingbot.htm) Chrome/116.0.1938.76 Safari/537.36"
52.167.144.176 - - [23/Aug/2026:11:52:52 +0800] "GET /from-protection-so-youre-able-to-the-means-to-access-we-now-have-compiled-the-information-you-want-to-have-a-publicity-totally-free-arrival/ HTTP/1.1" 200 93639 "-" "Mozilla/5.0 AppleWebKit/537.36 (KHTML, like Gecko; compatible; bingbot/2.0; +http://www.bing.com/bingbot.htm) Chrome/116.0.1938.76 Safari/537.36"
52.167.144.194 - - [23/Aug/2026:11:52:52 +0800] "GET /players-cash-out-having-half-dozen-cryptocurrencies-during-the-ignition-plus-usdt-and-you-can-bitcoin-dollars/ HTTP/1.1" 200 91547 "-" "Mozilla/5.0 AppleWebKit/537.36 (KHTML, like Gecko; compatible; bingbot/2.0; +http://www.bing.com/bingbot.htm) Chrome/116.0.1938.76 Safari/537.36"
52.167.144.197 - - [23/Aug/2026:11:52:56 +0800] "GET /with-regards-to-playing-instantaneous-detachment-crypto-casinos-significantly-outperform-old-fashioned-online-casinos/ HTTP/1.1" 200 92728 "-" "Mozilla/5.0 AppleWebKit/537.36 (KHTML, like Gecko; compatible; bingbot/2.0; +http://www.bing.com/bingbot.htm) Chrome/116.0.1938.76 Safari/537.36"
52.167.144.197 - - [23/Aug/2026:11:53:00 +0800] "GET /cryptocurrency-redemptions-usually-procedure-within-24-hours-thats-impressively-quick/ HTTP/1.1" 200 92895 "-" "Mozilla/5.0 AppleWebKit/537.36 (KHTML, like Gecko; compatible; bingbot/2.0; +http://www.bing.com/bingbot.htm) Chrome/116.0.1938.76 Safari/537.36"
52.167.144.197 - - [23/Aug/2026:11:53:17 +0800] "GET /to-the-drawback-enhanced-impulsivity-could-possibly-get-imply-you-should-remain-tight-limits-to-end-irresponsible-betting/ HTTP/1.1" 200 96639 "-" "Mozilla/5.0 AppleWebKit/537.36 (KHTML, like Gecko; compatible; bingbot/2.0; +http://www.bing.com/bingbot.htm) Chrome/116.0.1938.76 Safari/537.36"
117.93.64.206 - - [23/Aug/2026:11:53:19 +0800] "GET /blog1/hookahpage/statis/kebijakan-privasi HTTP/1.1" 404 86955 "-" "Mozilla/5.0 (Windows NT 10.0; Win64; x64) AppleWebKit/537.36 (KHTML, like Gecko) Chrome/144.0.0.0 Safari/537.36"
117.93.64.206 - - [23/Aug/2026:11:53:23 +0800] "GET /wp-includes/css/dashicons.min.css?ver=7.1 HTTP/1.1" 200 59419 "https://rajlaw.com.tw/blog1/hookahpage/statis/kebijakan-privasi" "Mozilla/5.0 (Windows NT 10.0; Win64; x64) AppleWebKit/537.36 (KHTML, like Gecko) Chrome/144.0.0.0 Safari/537.36"
117.93.64.206 - - [23/Aug/2026:11:53:23 +0800] "GET /wp-content/plugins/everest-forms/assets/css/everest-forms.css?ver=3.0.9.3 HTTP/1.1" 200 100836 "https://rajlaw.com.tw/blog1/hookahpage/statis/kebijakan-privasi" "Mozilla/5.0 (Windows NT 10.0; Win64; x64) AppleWebKit/537.36 (KHTML, like Gecko) Chrome/144.0.0.0 Safari/537.36"
117.93.64.206 - - [23/Aug/2026:11:53:24 +0800] "GET /wp-content/plugins/everest-forms/assets/css/intlTelInput.css?ver=3.0.9.3 HTTP/1.1" 200 45859 "https://rajlaw.com.tw/blog1/hookahpage/statis/kebijakan-privasi" "Mozilla/5.0 (Windows NT 10.0; Win64; x64) AppleWebKit/537.36 (KHTML, like Gecko) Chrome/144.0.0.0 Safari/537.36"
117.93.64.206 - - [23/Aug/2026:11:53:24 +0800] "GET /wp-content/themes/zakra/assets/js/skip-link-focus-fix.min.js?ver=4.0.6 HTTP/1.1" 200 666 "https://rajlaw.com.tw/blog1/hookahpage/statis/kebijakan-privasi" "Mozilla/5.0 (Windows NT 10.0; Win64; x64) AppleWebKit/537.36 (KHTML, like Gecko) Chrome/144.0.0.0 Safari/537.36"
117.93.64.206 - - [23/Aug/2026:11:53:24 +0800] "GET /wp-content/themes/zakra/assets/js/navigation.min.js?ver=4.0.6 HTTP/1.1" 200 4947 "https://rajlaw.com.tw/blog1/hookahpage/statis/kebijakan-privasi" "Mozilla/5.0 (Windows NT 10.0; Win64; x64) AppleWebKit/537.36 (KHTML, like Gecko) Chrome/144.0.0.0 Safari/537.36"
117.93.64.206 - - [23/Aug/2026:11:53:24 +0800] "GET /wp-content/themes/zakra/assets/js/zakra-custom.min.js?ver=4.0.6 HTTP/1.1" 200 5963 "https://rajlaw.com.tw/blog1/hookahpage/statis/kebijakan-privasi" "Mozilla/5.0 (Windows NT 10.0; Win64; x64) AppleWebKit/537.36 (KHTML, like Gecko) Chrome/144.0.0.0 Safari/537.36"
117.93.64.206 - - [23/Aug/2026:11:53:24 +0800] "GET /wp-content/themes/zakra/inc/customizer/customind/assets/fontawesome/v6/css/all.min.css?ver=6.2.4 HTTP/1.1" 200 103651 "https://rajlaw.com.tw/blog1/hookahpage/statis/kebijakan-privasi" "Mozilla/5.0 (Windows NT 10.0; Win64; x64) AppleWebKit/537.36 (KHTML, like Gecko) Chrome/144.0.0.0 Safari/537.36"
117.93.64.206 - - [23/Aug/2026:11:53:24 +0800] "GET /wp-content/themes/zakra/style.css?ver=4.0.6 HTTP/1.1" 200 106957 "https://rajlaw.com.tw/blog1/hookahpage/statis/kebijakan-privasi" "Mozilla/5.0 (Windows NT 10.0; Win64; x64) AppleWebKit/537.36 (KHTML, like Gecko) Chrome/144.0.0.0 Safari/537.36"
117.93.64.206 - - [23/Aug/2026:11:53:24 +0800] "GET /wp-includes/js/wp-emoji-release.min.js?ver=7.1 HTTP/1.1" 200 23123 "https://rajlaw.com.tw/blog1/hookahpage/statis/kebijakan-privasi" "Mozilla/5.0 (Windows NT 10.0; Win64; x64) AppleWebKit/537.36 (KHTML, like Gecko) Chrome/144.0.0.0 Safari/537.36"
117.93.64.206 - - [23/Aug/2026:11:53:24 +0800] "GET /wp-content/themes/zakra/inc/customizer/customind/assets/fontawesome/v6/webfonts/fa-solid-900.woff2 HTTP/1.1" 200 156967 "https://rajlaw.com.tw/wp-content/themes/zakra/inc/customizer/customind/assets/fontawesome/v6/css/all.min.css?ver=6.2.4" "Mozilla/5.0 (Windows NT 10.0; Win64; x64) AppleWebKit/537.36 (KHTML, like Gecko) Chrome/144.0.0.0 Safari/537.36"
117.93.64.206 - - [23/Aug/2026:11:53:25 +0800] "GET /favicon.ico HTTP/1.1" 302 1395 "https://rajlaw.com.tw/blog1/hookahpage/statis/kebijakan-privasi" "Mozilla/5.0 (Windows NT 10.0; Win64; x64) AppleWebKit/537.36 (KHTML, like Gecko) Chrome/144.0.0.0 Safari/537.36"
9.129.46.5 - - [23/Aug/2026:11:53:44 +0800] "GET /2026%E5%B9%B47%E6%9C%88%E8%87%BA%E7%81%A3%E6%B1%BD%E8%BB%8A%E5%B8%82%E5%A0%B4%E4%BA%A4%E8%BB%8A%E6%95%B8%E9%87%8F%E5%87%BA%E7%88%90%E7%B8%BD%E6%8E%9B%E7%89%8C%E9%87%8F%E9%81%94-3-86-%E8%90%AC/ HTTP/1.1" 200 102853 "-" "Mozilla/5.0 AppleWebKit/537.36 (KHTML, like Gecko); compatible; ChatGPT-User/1.0; +https://openai.com/bot"
52.167.144.197 - - [23/Aug/2026:11:53:56 +0800] "GET /book-of-ra-fixed-verbunden-religious-spielen-sie-steam-tower-auffuhren-kostenlos-echtgeld/ HTTP/1.1" 200 96968 "-" "Mozilla/5.0 AppleWebKit/537.36 (KHTML, like Gecko; compatible; bingbot/2.0; +http://www.bing.com/bingbot.htm) Chrome/116.0.1938.76 Safari/537.36"
66.249.69.67 - - [23/Aug/2026:11:55:49 +0800] "GET /you-get-a-flaccid-continuous-high-quality-gaming-platform-regarding-any-mobile-phone-resource/ HTTP/1.1" 200 95128 "-" "Mozilla/5.0 (Linux; Android 6.0.1; Nexus 5X Build/MMB29P) AppleWebKit/537.36 (KHTML, like Gecko) Chrome/151.0.7922.137 Mobile Safari/537.36 (compatible; GoogleOther)"
57.141.12.37 - - [23/Aug/2026:11:55:55 +0800] "GET / HTTP/1.1" 200 139932 "-" "facebookexternalhit/1.1 (+http://www.facebook.com/externalhit_uatext.php)"
85.208.96.206 - - [23/Aug/2026:11:56:11 +0800] "GET /?p=3395 HTTP/1.1" 301 6123 "-" "Mozilla/5.0 (compatible; SemrushBot/7~bl; +http://www.semrush.com/bot.html)"
52.167.144.194 - - [23/Aug/2026:11:56:23 +0800] "GET /online-en-multislot-gokautomaat-onlin-spelletjes/ HTTP/1.1" 200 97285 "-" "Mozilla/5.0 AppleWebKit/537.36 (KHTML, like Gecko; compatible; bingbot/2.0; +http://www.bing.com/bingbot.htm) Chrome/116.0.1938.76 Safari/537.36"
57.141.2.35 - - [23/Aug/2026:11:56:55 +0800] "GET / HTTP/1.1" 200 139932 "-" "facebookexternalhit/1.1 (+http://www.facebook.com/externalhit_uatext.php)"
66.249.71.226 - - [23/Aug/2026:11:56:59 +0800] "GET /un-diverso-rimedio-incarcerato-e-con-virtu-appela-pubblicita-televisiva-come-questi-possono-eleggere/ HTTP/1.1" 200 95166 "-" "Mozilla/5.0 (Linux; Android 6.0.1; Nexus 5X Build/MMB29P) AppleWebKit/537.36 (KHTML, like Gecko) Chrome/151.0.7922.137 Mobile Safari/537.36 (compatible; Googlebot/2.1; +http://www.google.com/bot.html)"
9.129.52.142 - - [23/Aug/2026:11:57:38 +0800] "GET /%E5%8F%B0%E7%81%A3ai%E6%96%B0%E5%89%B5%E6%8A%95%E8%B3%87%E7%86%B1%E6%BD%AE%E5%8D%87%E6%BA%AB%EF%BC%81veloflow-ai%E6%8E%A2%E7%B4%A2%E7%94%9F%E6%88%90%E5%BC%8Fai%E5%95%86%E6%A5%AD%E6%A8%A1%E5%BC%8F/ HTTP/1.1" 500 49682 "-" "Mozilla/5.0 AppleWebKit/537.36 (KHTML, like Gecko); compatible; ChatGPT-User/1.0; +https://openai.com/bot"
114.119.155.142 - - [23/Aug/2026:11:57:43 +0800] "GET /%e6%89%80%e9%95%b7%e7%b0%a1%e4%bb%8b/hookahpage/statis/tentang-komunitas HTTP/1.1" 404 86723 "https://rajlaw.com.tw/%e6%89%80%e9%95%b7%e7%b0%a1%e4%bb%8b/" "Mozilla/5.0 (Linux; Android 7.0;) AppleWebKit/537.36 (HTML, like Gecko) Mobile Safari/537.36 (compatible; PetalBot;+https://webmaster.petalsearch.com/site/petalbot)"
40.77.167.154 - - [23/Aug/2026:11:58:47 +0800] "GET /ausschlielich-unter-einsatz-von-selbige-app-erhaltlich-war-noch-ebendiese-beliebte-sparschwein-funktion/ HTTP/1.1" 200 98336 "-" "Mozilla/5.0 AppleWebKit/537.36 (KHTML, like Gecko; compatible; bingbot/2.0; +http://www.bing.com/bingbot.htm) Chrome/116.0.1938.76 Safari/537.36"
57.141.6.49 - - [23/Aug/2026:11:58:46 +0800] "GET / HTTP/1.1" 200 139932 "-" "facebookexternalhit/1.1 (+http://www.facebook.com/externalhit_uatext.php)"
114.119.145.233 - - [23/Aug/2026:11:59:40 +0800] "GET /%e6%89%80%e9%95%b7%e7%b0%a1%e4%bb%8b/hookahpage/statis/syarat-dan-ketentuan HTTP/1.1" 404 86723 "https://rajlaw.com.tw/%e6%89%80%e9%95%b7%e7%b0%a1%e4%bb%8b/" "Mozilla/5.0 (Linux; Android 7.0;) AppleWebKit/537.36 (HTML, like Gecko) Mobile Safari/537.36 (compatible; PetalBot;+https://webmaster.petalsearch.com/site/petalbot)"
198.244.168.191 - - [23/Aug/2026:11:59:47 +0800] "GET /unter-einsatz-von-den-erfolgreichen-zahlungsmethoden-wie-eltern-diese-bei-keramiken-bekannt-gemacht-bekommen-war-der-geld-immer-sicher/ HTTP/1.1" 200 99938 "-" "Mozilla/5.0 (compatible; AhrefsBot/7.0; +http://ahrefs.com/robot/)"
124.150.132.81 - - [23/Aug/2026:11:59:44 +0800] "POST /wp-cron.php?doing_wp_cron=1787457584.4809780120849609375000 HTTP/1.1" 500 8614 "-" "WordPress/7.1; https://rajlaw.com.tw"
40.77.167.247 - - [23/Aug/2026:12:00:46 +0800] "GET /see-whether-or-otherwise-not-the-video-game-comes-with-extra-series-and-other-great-features/ HTTP/1.1" 200 94679 "-" "Mozilla/5.0 AppleWebKit/537.36 (KHTML, like Gecko; compatible; bingbot/2.0; +http://www.bing.com/bingbot.htm) Chrome/116.0.1938.76 Safari/537.36"
66.249.69.68 - - [23/Aug/2026:12:01:07 +0800] "GET /grab-spinrollz-no-deposit-free-spins-instantly/ HTTP/1.1" 200 98712 "-" "Mozilla/5.0 (Linux; Android 6.0.1; Nexus 5X Build/MMB29P) AppleWebKit/537.36 (KHTML, like Gecko) Chrome/151.0.7922.137 Mobile Safari/537.36 (compatible; Googlebot/2.1; +http://www.google.com/bot.html)"
66.249.71.228 - - [23/Aug/2026:12:01:08 +0800] "GET /you-get-a-flaccid-continuous-high-quality-gaming-platform-regarding-any-mobile-phone-resource/ HTTP/1.1" 200 95128 "-" "Mozilla/5.0 (Linux; Android 6.0.1; Nexus 5X Build/MMB29P) AppleWebKit/537.36 (KHTML, like Gecko) Chrome/151.0.7922.137 Mobile Safari/537.36 (compatible; GoogleOther)"
36.213.137.216 - - [23/Aug/2026:12:01:21 +0800] "GET /?cat=105 HTTP/1.1" 301 6036 "https://rajlaw.com.tw" "Mozilla/5.0 (Windows NT 10.0; Win64; x64) AppleWebKit/537.36 (KHTML, like Gecko) Chrome/144.0.0.0 Safari/537.36 Edg/144.0.0.0"
114.119.152.143 - - [23/Aug/2026:12:01:33 +0800] "GET /%e6%89%80%e9%95%b7%e7%b0%a1%e4%bb%8b/hookahpage/statis/kenapa-aplikasi-disini-harganya-terjangkau HTTP/1.1" 404 86723 "https://rajlaw.com.tw/%e6%89%80%e9%95%b7%e7%b0%a1%e4%bb%8b/" "Mozilla/5.0 (Linux; Android 7.0;) AppleWebKit/537.36 (HTML, like Gecko) Mobile Safari/537.36 (compatible; PetalBot;+https://webmaster.petalsearch.com/site/petalbot)"
124.150.132.81 - - [23/Aug/2026:12:00:50 +0800] "POST /wp-cron.php?doing_wp_cron=1787457650.5157649517059326171875 HTTP/1.1" 200 5843 "-" "WordPress/7.1; https://rajlaw.com.tw"
27.184.128.221 - - [23/Aug/2026:12:01:41 +0800] "GET /?cat=105 HTTP/1.1" 301 6036 "https://rajlaw.com.tw" "Mozilla/5.0 (Windows NT 10.0; Win64; x64) AppleWebKit/537.36 (KHTML, like Gecko) Chrome/144.0.0.0 Safari/537.36 Edg/144.0.0.0"
36.133.253.145 - - [23/Aug/2026:12:01:51 +0800] "GET /?cat=105 HTTP/1.1" 301 6036 "https://rajlaw.com.tw" "Mozilla/5.0 (Windows NT 10.0; Win64; x64) AppleWebKit/537.36 (KHTML, like Gecko) Chrome/144.0.0.0 Safari/537.36 Edg/144.0.0.0"
57.141.24.99 - - [23/Aug/2026:12:01:51 +0800] "GET / HTTP/1.1" 200 139932 "-" "facebookexternalhit/1.1 (+http://www.facebook.com/externalhit_uatext.php)"
66.249.69.68 - - [23/Aug/2026:12:02:32 +0800] "GET /alcune-di-queste-offerte-prevedono-lerogazione-di-insecable-gratifica-privato-di-intricato-diretto-ancora-privo-di-inoltro-attestazione/ HTTP/1.1" 200 96837 "-" "Mozilla/5.0 (Linux; Android 6.0.1; Nexus 5X Build/MMB29P) AppleWebKit/537.36 (KHTML, like Gecko) Chrome/151.0.7922.137 Mobile Safari/537.36 (compatible; GoogleOther)"
112.215.45.76 - - [23/Aug/2026:12:03:11 +0800] "GET /wp-login.php HTTP/1.1" 200 13944 "https://rajlaw.com.tw/wp-login.php" "Mozilla/5.0 (Linux; Android 12; SM-G991B) AppleWebKit/537.36 (KHTML, like Gecko) Chrome/139.0.0.0 Mobile Safari/537.36"
112.215.45.76 - - [23/Aug/2026:12:03:15 +0800] "POST /wp-login.php HTTP/1.1" 302 2330 "https://rajlaw.com.tw/wp-login.php" "Mozilla/5.0 (Linux; Android 12; SM-G991B) AppleWebKit/537.36 (KHTML, like Gecko) Chrome/139.0.0.0 Mobile Safari/537.36"
112.215.45.76 - - [23/Aug/2026:12:03:19 +0800] "GET /wp-admin/ HTTP/1.1" 200 181569 "https://rajlaw.com.tw/wp-login.php" "Mozilla/5.0 (Linux; Android 12; SM-G991B) AppleWebKit/537.36 (KHTML, like Gecko) Chrome/139.0.0.0 Mobile Safari/537.36"
40.77.167.247 - - [23/Aug/2026:12:04:37 +0800] "GET /click-here-and-find-out-our-very-own-upcoming-activities-calendar/ HTTP/1.1" 200 95067 "-" "Mozilla/5.0 AppleWebKit/537.36 (KHTML, like Gecko; compatible; bingbot/2.0; +http://www.bing.com/bingbot.htm) Chrome/116.0.1938.76 Safari/537.36"
57.141.18.35 - - [23/Aug/2026:12:04:54 +0800] "GET / HTTP/1.1" 200 139932 "-" "facebookexternalhit/1.1 (+http://www.facebook.com/externalhit_uatext.php)"
52.167.144.197 - - [23/Aug/2026:12:04:55 +0800] "GET /category/%E7%94%A2%E7%B6%93%E6%96%B0%E8%81%9E/page/3/ HTTP/1.1" 200 127172 "-" "Mozilla/5.0 AppleWebKit/537.36 (KHTML, like Gecko; compatible; bingbot/2.0; +http://www.bing.com/bingbot.htm) Chrome/116.0.1938.76 Safari/537.36"
40.77.167.154 - - [23/Aug/2026:12:05:08 +0800] "GET /piecdziesiat-darmowych-spojrz-na-te-strone-internetowa-spinow-wyjawszy-depozytu-przeglad-bonusow-2026/ HTTP/1.1" 200 100791 "-" "Mozilla/5.0 AppleWebKit/537.36 (KHTML, like Gecko; compatible; bingbot/2.0; +http://www.bing.com/bingbot.htm) Chrome/116.0.1938.76 Safari/537.36"
198.244.168.205 - - [23/Aug/2026:12:05:12 +0800] "GET /%E6%BE%8E%E6%B9%96%E5%BC%B7%E5%8C%96%E5%85%A8%E6%B0%91%E9%98%B2%E8%A1%9B%E9%9F%8C%E6%80%A7%E3%80%80%E6%9B%BF%E4%BB%A3%E5%BD%B9%E5%82%99%E5%BD%B9%E5%BD%B9%E7%94%B7%E9%98%B2%E7%81%BD%E6%BC%94%E8%A8%93/ HTTP/1.1" 200 94966 "-" "Mozilla/5.0 (compatible; AhrefsBot/7.0; +http://ahrefs.com/robot/)"
40.77.167.154 - - [23/Aug/2026:12:06:08 +0800] "GET /starbets-gambling-enterprise-no-deposit-bonus-codes-100percent-slot-buffalo-spirit-free-spins-2026/ HTTP/1.1" 200 99680 "-" "Mozilla/5.0 AppleWebKit/537.36 (KHTML, like Gecko; compatible; bingbot/2.0; +http://www.bing.com/bingbot.htm) Chrome/116.0.1938.76 Safari/537.36"
52.167.144.197 - - [23/Aug/2026:12:06:45 +0800] "GET /such-as-you-will-be-billed-40x-their-choice-to-access-the-latest-free-revolves-round/ HTTP/1.1" 200 94955 "-" "Mozilla/5.0 AppleWebKit/537.36 (KHTML, like Gecko; compatible; bingbot/2.0; +http://www.bing.com/bingbot.htm) Chrome/116.0.1938.76 Safari/537.36"
40.77.167.154 - - [23/Aug/2026:12:06:49 +0800] "GET /anmelden-boni-bedurfen-spinsamurai-willkommensbonus-jetzt-spielen/ HTTP/1.1" 200 101367 "-" "Mozilla/5.0 AppleWebKit/537.36 (KHTML, like Gecko; compatible; bingbot/2.0; +http://www.bing.com/bingbot.htm) Chrome/116.0.1938.76 Safari/537.36"
198.244.226.150 - - [23/Aug/2026:12:06:53 +0800] "GET /uploaded/blog/content/blog_content_image17859025401985871028.jpg HTTP/1.1" 404 82557 "-" "Mozilla/5.0 (compatible; AhrefsBot/7.0; +http://ahrefs.com/robot/)"
51.89.129.169 - - [23/Aug/2026:12:06:59 +0800] "GET /uploaded/blog/content/blog_content_image17859023441143871598.JPG HTTP/1.1" 404 82557 "-" "Mozilla/5.0 (compatible; AhrefsBot/7.0; +http://ahrefs.com/robot/)"
51.89.129.253 - - [23/Aug/2026:12:07:05 +0800] "GET /wp-content/uploads/2026/08/wtk5jW5KWqmiGj0dej3qxnylRILew0O10NeJpRQA-42-scaled.jpg HTTP/1.1" 200 685288 "-" "Mozilla/5.0 (compatible; AhrefsBot/7.0; +http://ahrefs.com/robot/)"
198.244.240.218 - - [23/Aug/2026:12:07:10 +0800] "GET /uploaded/blog/content/blog_content_image1785902500652246144.jpg HTTP/1.1" 404 82557 "-" "Mozilla/5.0 (compatible; AhrefsBot/7.0; +http://ahrefs.com/robot/)"
40.77.167.154 - - [23/Aug/2026:12:07:28 +0800] "GET /extreme-gains-have-also-been-claimed-like-one-affiliate-successful-9/ HTTP/1.1" 200 95715 "-" "Mozilla/5.0 AppleWebKit/537.36 (KHTML, like Gecko; compatible; bingbot/2.0; +http://www.bing.com/bingbot.htm) Chrome/116.0.1938.76 Safari/537.36"
114.119.152.143 - - [23/Aug/2026:12:07:55 +0800] "GET /%e5%af%8c%e5%bc%b7%e9%91%ab%e8%b7%a8ai%e9%9b%bb%e5%ae%b9%e8%bd%89%e7%9b%88-%e6%8d%b7%e6%b5%81%e7%8d%b2%e5%88%a9%e5%a2%9e%e4%ba%94%e6%88%90-%e9%bd%8a%e8%bf%8eh2%e5%8b%95%e8%83%bd/ HTTP/1.1" 200 94308 "https://rajlaw.com.tw/%e5%af%8c%e5%bc%b7%e9%91%ab%e8%b7%a8ai%e9%9b%bb%e5%ae%b9%e8%bd%89%e7%9b%88-%e6%8d%b7%e6%b5%81%e7%8d%b2%e5%88%a9%e5%a2%9e%e4%ba%94%e6%88%90-%e9%bd%8a%e8%bf%8eh2%e5%8b%95%e8%83%bd/" "Mozilla/5.0 (Linux; Android 7.0;) AppleWebKit/537.36 (HTML, like Gecko) Mobile Safari/537.36 (compatible; PetalBot;+https://webmaster.petalsearch.com/site/petalbot)"
112.54.143.80 - - [23/Aug/2026:12:09:17 +0800] "GET /?cat=63 HTTP/1.1" 301 6078 "-" "Mozilla/5.0 (Windows NT 10.0; Win64; x64) AppleWebKit/537.36 (KHTML, like Gecko) Chrome/144.0.0.0 Safari/537.36"
112.54.143.80 - - [23/Aug/2026:12:09:22 +0800] "GET /category/blog1/blog2/ HTTP/1.1" 200 108242 "-" "Mozilla/5.0 (Windows NT 10.0; Win64; x64) AppleWebKit/537.36 (KHTML, like Gecko) Chrome/144.0.0.0 Safari/537.36"
52.167.144.197 - - [23/Aug/2026:12:09:46 +0800] "GET /blog1/ HTTP/1.1" 200 122442 "-" "Mozilla/5.0 AppleWebKit/537.36 (KHTML, like Gecko; compatible; bingbot/2.0; +http://www.bing.com/bingbot.htm) Chrome/116.0.1938.76 Safari/537.36"
124.150.132.81 - - [23/Aug/2026:12:09:20 +0800] "POST /wp-cron.php?doing_wp_cron=1787458160.2473421096801757812500 HTTP/1.1" 500 6009 "-" "WordPress/7.1; https://rajlaw.com.tw"
112.18.12.64 - - [23/Aug/2026:12:10:11 +0800] "GET /wp-json/wp/v2/pages/2948 HTTP/1.1" 200 46942 "-" "Mozilla/5.0 (Windows NT 10.0; Win64; x64) AppleWebKit/537.36 (KHTML, like Gecko) Chrome/144.0.0.0 Safari/537.36"
52.167.144.20 - - [23/Aug/2026:12:10:18 +0800] "GET /gaming-machines-a-sous-en-ligne-argent-reel-fraise-de-salle-de-jeu/ HTTP/1.1" 200 100691 "-" "Mozilla/5.0 AppleWebKit/537.36 (KHTML, like Gecko; compatible; bingbot/2.0; +http://www.bing.com/bingbot.htm) Chrome/116.0.1938.76 Safari/537.36"
47.91.104.88 - - [23/Aug/2026:12:10:45 +0800] "GET /wp-login.php HTTP/1.1" 200 14083 "-" "Mozilla/5.0 (Windows NT 10.0; Win64; x64; rv:133.0) Gecko/20100101 Firefox/133.0"
47.91.104.88 - - [23/Aug/2026:12:10:51 +0800] "POST /xmlrpc.php HTTP/1.1" 200 2417 "-" "Mozilla/5.0 (Windows NT 10.0; Win64; x64) AppleWebKit/537.36 (KHTML, like Gecko) Chrome/124.0.0.0 Safari/537.36"
47.91.104.88 - - [23/Aug/2026:12:10:57 +0800] "GET /wp-login.php HTTP/1.1" 200 9444 "-" "Mozilla/5.0 (Windows NT 10.0; Win64; x64) AppleWebKit/537.36 (KHTML, like Gecko) Chrome/124.0.0.0 Safari/537.36"
47.91.104.88 - - [23/Aug/2026:12:11:01 +0800] "POST /wp-login.php HTTP/1.1" 302 2275 "https://rajlaw.com.tw/wp-login.php" "Mozilla/5.0 (Windows NT 10.0; Win64; x64) AppleWebKit/537.36 (KHTML, like Gecko) Chrome/124.0.0.0 Safari/537.36"
124.150.132.81 - - [23/Aug/2026:12:10:25 +0800] "POST /wp-cron.php?doing_wp_cron=1787458222.7259180545806884765625 HTTP/1.1" 200 5843 "-" "WordPress/7.1; https://rajlaw.com.tw"
124.150.132.81 - - [23/Aug/2026:12:10:28 +0800] "POST /wp-cron.php?doing_wp_cron=1787458228.5963590145111083984375 HTTP/1.1" 200 5843 "-" "WordPress/7.1; https://rajlaw.com.tw"
114.119.154.237 - - [23/Aug/2026:12:11:10 +0800] "GET /gana-mas-con-codigo-bonus-capospin/ HTTP/1.1" 200 97949 "https://rajlaw.com.tw/discover-limitless-thrills-with-ice-casino-app-download-for-ultimate-gaming/" "Mozilla/5.0 (Linux; Android 7.0;) AppleWebKit/537.36 (HTML, like Gecko) Mobile Safari/537.36 (compatible; PetalBot;+https://webmaster.petalsearch.com/site/petalbot)"
47.91.104.88 - - [23/Aug/2026:12:11:12 +0800] "GET /wp-admin/ HTTP/1.1" 200 185952 "https://rajlaw.com.tw/wp-login.php" "Mozilla/5.0 (Windows NT 10.0; Win64; x64) AppleWebKit/537.36 (KHTML, like Gecko) Chrome/124.0.0.0 Safari/537.36"
47.91.104.88 - - [23/Aug/2026:12:11:33 +0800] "GET /wp-admin/ HTTP/1.1" 200 180629 "-" "Mozilla/5.0 (Windows NT 10.0; Win64; x64) AppleWebKit/537.36 (KHTML, like Gecko) Chrome/124.0.0.0 Safari/537.36"
52.167.144.197 - - [23/Aug/2026:12:11:35 +0800] "GET /blog1/hookahpage/statis/cara--panduan-belanja HTTP/1.1" 404 86899 "-" "Mozilla/5.0 AppleWebKit/537.36 (KHTML, like Gecko; compatible; bingbot/2.0; +http://www.bing.com/bingbot.htm) Chrome/116.0.1938.76 Safari/537.36"
52.167.144.177 - - [23/Aug/2026:12:11:39 +0800] "GET /blog1//10 HTTP/1.1" 301 6119 "-" "Mozilla/5.0 AppleWebKit/537.36 (KHTML, like Gecko; compatible; bingbot/2.0; +http://www.bing.com/bingbot.htm) Chrome/116.0.1938.76 Safari/537.36"
52.167.144.197 - - [23/Aug/2026:12:11:40 +0800] "GET /blog1/hookahpage/statis/keuntungan-kontribusi HTTP/1.1" 404 82123 "-" "Mozilla/5.0 AppleWebKit/537.36 (KHTML, like Gecko; compatible; bingbot/2.0; +http://www.bing.com/bingbot.htm) Chrome/116.0.1938.76 Safari/537.36"
52.167.144.177 - - [23/Aug/2026:12:11:43 +0800] "GET /blog1/hookahpage/statis/tentang-komunitas HTTP/1.1" 404 82123 "-" "Mozilla/5.0 AppleWebKit/537.36 (KHTML, like Gecko; compatible; bingbot/2.0; +http://www.bing.com/bingbot.htm) Chrome/116.0.1938.76 Safari/537.36"
52.167.144.177 - - [23/Aug/2026:12:11:44 +0800] "GET /blog1/hookahpage/statis/syarat-dan-ketentuan HTTP/1.1" 404 86899 "-" "Mozilla/5.0 AppleWebKit/537.36 (KHTML, like Gecko; compatible; bingbot/2.0; +http://www.bing.com/bingbot.htm) Chrome/116.0.1938.76 Safari/537.36"
52.167.144.177 - - [23/Aug/2026:12:11:47 +0800] "GET /?p=5189 HTTP/1.1" 301 1424 "-" "Mozilla/5.0 AppleWebKit/537.36 (KHTML, like Gecko; compatible; bingbot/2.0; +http://www.bing.com/bingbot.htm) Chrome/116.0.1938.76 Safari/537.36"
66.249.69.66 - - [23/Aug/2026:12:11:52 +0800] "GET /wp-content/themes/zakra/assets/js/skip-link-focus-fix.min.js?ver=4.0.6 HTTP/1.1" 200 5443 "https://rajlaw.com.tw/alcune-di-queste-offerte-prevedono-lerogazione-di-insecable-gratifica-privato-di-intricato-diretto-ancora-privo-di-inoltro-attestazione/" "Mozilla/5.0 (Linux; Android 6.0.1; Nexus 5X Build/MMB29P) AppleWebKit/537.36 (KHTML, like Gecko) Chrome/151.0.7922.137 Mobile Safari/537.36 (compatible; GoogleOther)"
52.167.144.20 - - [23/Aug/2026:12:11:50 +0800] "GET /blog1/hookahpage/statis/informasi-lisensi-aplikasi HTTP/1.1" 404 86899 "-" "Mozilla/5.0 AppleWebKit/537.36 (KHTML, like Gecko; compatible; bingbot/2.0; +http://www.bing.com/bingbot.htm) Chrome/116.0.1938.76 Safari/537.36"
52.167.144.20 - - [23/Aug/2026:12:11:55 +0800] "GET /blog1/hookahu/120201796 HTTP/1.1" 404 82123 "-" "Mozilla/5.0 AppleWebKit/537.36 (KHTML, like Gecko; compatible; bingbot/2.0; +http://www.bing.com/bingbot.htm) Chrome/116.0.1938.76 Safari/537.36"
52.167.144.197 - - [23/Aug/2026:12:11:57 +0800] "GET /blog1/hookahpage/statis/aturan-main HTTP/1.1" 404 86899 "-" "Mozilla/5.0 AppleWebKit/537.36 (KHTML, like Gecko; compatible; bingbot/2.0; +http://www.bing.com/bingbot.htm) Chrome/116.0.1938.76 Safari/537.36"
52.167.144.20 - - [23/Aug/2026:12:11:59 +0800] "GET /blog1/hookahpage/statis/program-referral HTTP/1.1" 404 82123 "-" "Mozilla/5.0 AppleWebKit/537.36 (KHTML, like Gecko; compatible; bingbot/2.0; +http://www.bing.com/bingbot.htm) Chrome/116.0.1938.76 Safari/537.36"
52.167.144.197 - - [23/Aug/2026:12:12:01 +0800] "GET /blog1/hookahpage/statis/kebijakan-privasi HTTP/1.1" 404 82123 "-" "Mozilla/5.0 AppleWebKit/537.36 (KHTML, like Gecko; compatible; bingbot/2.0; +http://www.bing.com/bingbot.htm) Chrome/116.0.1938.76 Safari/537.36"
52.167.144.20 - - [23/Aug/2026:12:12:07 +0800] "GET /blog1/hookahpage/statis/pengenalan-kelebihan-dan-cara-kerja HTTP/1.1" 404 82123 "-" "Mozilla/5.0 AppleWebKit/537.36 (KHTML, like Gecko; compatible; bingbot/2.0; +http://www.bing.com/bingbot.htm) Chrome/116.0.1938.76 Safari/537.36"
9.129.55.228 - - [23/Aug/2026:12:12:08 +0800] "GET /%E5%8F%B0%E5%8D%97%E6%B2%BB%E6%B0%B4%E6%B7%B9%E6%B0%B4%E9%9D%A2%E7%A9%8D%E6%B8%9B98%E3%80%80%E9%BB%83%E5%81%89%E5%93%B2%E5%86%8D%E7%88%AD%E5%8F%9620%E5%84%84%E5%85%83%E6%94%B9%E5%96%84%E4%B8%89/ HTTP/1.1" 200 99110 "-" "Mozilla/5.0 AppleWebKit/537.36 (KHTML, like Gecko); compatible; ChatGPT-User/1.0; +https://openai.com/bot"
52.167.144.20 - - [23/Aug/2026:12:12:12 +0800] "GET /blog1/hookahpage/statis/program-affiliasi HTTP/1.1" 404 82123 "-" "Mozilla/5.0 AppleWebKit/537.36 (KHTML, like Gecko; compatible; bingbot/2.0; +http://www.bing.com/bingbot.htm) Chrome/116.0.1938.76 Safari/537.36"
47.91.104.88 - - [23/Aug/2026:12:12:16 +0800] "GET /wp-admin/admin-ajax.php?action=rest-nonce HTTP/1.1" 200 6233 "-" "Mozilla/5.0 (Windows NT 10.0; Win64; x64) AppleWebKit/537.36 (KHTML, like Gecko) Chrome/124.0.0.0 Safari/537.36"
52.167.144.197 - - [23/Aug/2026:12:12:15 +0800] "GET /blog1/hookahpage/statis/cara--panduan-belanja HTTP/1.1" 404 86899 "-" "Mozilla/5.0 AppleWebKit/537.36 (KHTML, like Gecko; compatible; bingbot/2.0; +http://www.bing.com/bingbot.htm) Chrome/116.0.1938.76 Safari/537.36"
52.167.144.20 - - [23/Aug/2026:12:12:16 +0800] "GET /blog1/hookahpage/statis/kenapa-aplikasi-disini-harganya-terjangkau HTTP/1.1" 404 82123 "-" "Mozilla/5.0 AppleWebKit/537.36 (KHTML, like Gecko; compatible; bingbot/2.0; +http://www.bing.com/bingbot.htm) Chrome/116.0.1938.76 Safari/537.36"
52.167.144.177 - - [23/Aug/2026:12:12:17 +0800] "GET /blog1/hookahpage/statis/tentang-komunitas HTTP/1.1" 404 86870 "-" "Mozilla/5.0 AppleWebKit/537.36 (KHTML, like Gecko; compatible; bingbot/2.0; +http://www.bing.com/bingbot.htm) Chrome/116.0.1938.76 Safari/537.36"
52.167.144.197 - - [23/Aug/2026:12:12:19 +0800] "GET /blog1/hookahpage/statis/keuntungan-kontribusi HTTP/1.1" 404 82123 "-" "Mozilla/5.0 AppleWebKit/537.36 (KHTML, like Gecko; compatible; bingbot/2.0; +http://www.bing.com/bingbot.htm) Chrome/116.0.1938.76 Safari/537.36"
82.156.158.250 - - [23/Aug/2026:12:12:17 +0800] "GET /blog6/ HTTP/1.1" 200 105210 "-" "Mozilla/5.0 (Windows NT 10.0; Win64; x64) AppleWebKit/537.36 (KHTML, like Gecko) Chrome/148.0.0.0 Safari/537.36"
52.167.144.20 - - [23/Aug/2026:12:12:18 +0800] "GET /blog1/hookahpage/statis/ketentuan-kontribusi-project HTTP/1.1" 404 86899 "-" "Mozilla/5.0 AppleWebKit/537.36 (KHTML, like Gecko; compatible; bingbot/2.0; +http://www.bing.com/bingbot.htm) Chrome/116.0.1938.76 Safari/537.36"
82.156.158.250 - - [23/Aug/2026:12:12:24 +0800] "GET /wp-content/plugins/everest-forms/assets/css/intlTelInput.css?ver=3.0.9.3 HTTP/1.1" 200 45859 "https://rajlaw.com.tw/blog6/" "Mozilla/5.0 (Windows NT 10.0; Win64; x64) AppleWebKit/537.36 (KHTML, like Gecko) Chrome/148.0.0.0 Safari/537.36"
82.156.158.250 - - [23/Aug/2026:12:12:24 +0800] "GET /wp-content/plugins/elementor/assets/lib/font-awesome/js/v4-shims.min.js?ver=3.2.3 HTTP/1.1" 200 15397 "https://rajlaw.com.tw/blog6/" "Mozilla/5.0 (Windows NT 10.0; Win64; x64) AppleWebKit/537.36 (KHTML, like Gecko) Chrome/148.0.0.0 Safari/537.36"
82.156.158.250 - - [23/Aug/2026:12:12:24 +0800] "GET /wp-content/uploads/elementor/css/post-3131.css?ver=1741846809 HTTP/1.1" 200 5185 "https://rajlaw.com.tw/blog6/" "Mozilla/5.0 (Windows NT 10.0; Win64; x64) AppleWebKit/537.36 (KHTML, like Gecko) Chrome/148.0.0.0 Safari/537.36"
82.156.158.250 - - [23/Aug/2026:12:12:24 +0800] "GET /wp-content/themes/zakra/assets/js/skip-link-focus-fix.min.js?ver=4.0.6 HTTP/1.1" 200 804 "https://rajlaw.com.tw/blog6/" "Mozilla/5.0 (Windows NT 10.0; Win64; x64) AppleWebKit/537.36 (KHTML, like Gecko) Chrome/148.0.0.0 Safari/537.36"
82.156.158.250 - - [23/Aug/2026:12:12:24 +0800] "GET /wp-includes/css/dashicons.min.css?ver=7.1 HTTP/1.1" 200 59557 "https://rajlaw.com.tw/blog6/" "Mozilla/5.0 (Windows NT 10.0; Win64; x64) AppleWebKit/537.36 (KHTML, like Gecko) Chrome/148.0.0.0 Safari/537.36"
82.156.158.250 - - [23/Aug/2026:12:12:24 +0800] "GET /wp-content/plugins/elementor-pro/assets/js/webpack-pro.runtime.min.js?ver=3.2.2 HTTP/1.1" 200 6015 "https://rajlaw.com.tw/blog6/" "Mozilla/5.0 (Windows NT 10.0; Win64; x64) AppleWebKit/537.36 (KHTML, like Gecko) Chrome/148.0.0.0 Safari/537.36"
82.156.158.250 - - [23/Aug/2026:12:12:24 +0800] "GET /wp-content/plugins/elementor/assets/lib/font-awesome/css/fontawesome.min.css?ver=5.15.1 HTTP/1.1" 200 58465 "https://rajlaw.com.tw/blog6/" "Mozilla/5.0 (Windows NT 10.0; Win64; x64) AppleWebKit/537.36 (KHTML, like Gecko) Chrome/148.0.0.0 Safari/537.36"
82.156.158.250 - - [23/Aug/2026:12:12:24 +0800] "GET /wp-content/plugins/elementor/assets/lib/share-link/share-link.min.js?ver=3.2.3 HTTP/1.1" 200 2918 "https://rajlaw.com.tw/blog6/" "Mozilla/5.0 (Windows NT 10.0; Win64; x64) AppleWebKit/537.36 (KHTML, like Gecko) Chrome/148.0.0.0 Safari/537.36"
82.156.158.250 - - [23/Aug/2026:12:12:24 +0800] "GET /wp-content/plugins/elementor/assets/js/frontend-modules.min.js?ver=3.2.3 HTTP/1.1" 200 65343 "https://rajlaw.com.tw/blog6/" "Mozilla/5.0 (Windows NT 10.0; Win64; x64) AppleWebKit/537.36 (KHTML, like Gecko) Chrome/148.0.0.0 Safari/537.36"
82.156.158.250 - - [23/Aug/2026:12:12:24 +0800] "GET /wp-content/plugins/elementor-pro/assets/js/frontend.min.js?ver=3.2.2 HTTP/1.1" 200 57554 "https://rajlaw.com.tw/blog6/" "Mozilla/5.0 (Windows NT 10.0; Win64; x64) AppleWebKit/537.36 (KHTML, like Gecko) Chrome/148.0.0.0 Safari/537.36"
82.156.158.250 - - [23/Aug/2026:12:12:24 +0800] "GET /wp-content/plugins/elementor/assets/js/preloaded-modules.min.js?ver=3.2.3 HTTP/1.1" 200 58463 "https://rajlaw.com.tw/blog6/" "Mozilla/5.0 (Windows NT 10.0; Win64; x64) AppleWebKit/537.36 (KHTML, like Gecko) Chrome/148.0.0.0 Safari/537.36"
82.156.158.250 - - [23/Aug/2026:12:12:24 +0800] "GET /wp-content/plugins/blockart-blocks/assets/lib/swiper/swiper-bundle.min.js?ver=11.0.7 HTTP/1.1" 200 149752 "https://rajlaw.com.tw/blog6/" "Mozilla/5.0 (Windows NT 10.0; Win64; x64) AppleWebKit/537.36 (KHTML, like Gecko) Chrome/148.0.0.0 Safari/537.36"
82.156.158.250 - - [23/Aug/2026:12:12:24 +0800] "GET /wp-content/plugins/elementor-pro/assets/js/preloaded-elements-handlers.min.js?ver=3.2.2 HTTP/1.1" 200 157438 "https://rajlaw.com.tw/blog6/" "Mozilla/5.0 (Windows NT 10.0; Win64; x64) AppleWebKit/537.36 (KHTML, like Gecko) Chrome/148.0.0.0 Safari/537.36"
52.167.144.197 - - [23/Aug/2026:12:12:19 +0800] "GET /blog1/hookahpage/statis/aturan-main HTTP/1.1" 404 86899 "-" "Mozilla/5.0 AppleWebKit/537.36 (KHTML, like Gecko; compatible; bingbot/2.0; +http://www.bing.com/bingbot.htm) Chrome/116.0.1938.76 Safari/537.36"
52.167.144.177 - - [23/Aug/2026:12:12:26 +0800] "GET /blog1/hookahpage/statis/syarat-dan-ketentuan HTTP/1.1" 404 82123 "-" "Mozilla/5.0 AppleWebKit/537.36 (KHTML, like Gecko; compatible; bingbot/2.0; +http://www.bing.com/bingbot.htm) Chrome/116.0.1938.76 Safari/537.36"
47.91.104.88 - - [23/Aug/2026:12:12:20 +0800] "GET /wp-admin/plugin-install.php HTTP/1.1" 200 163524 "-" "Mozilla/5.0 (Windows NT 10.0; Win64; x64) AppleWebKit/537.36 (KHTML, like Gecko) Chrome/124.0.0.0 Safari/537.36"
52.167.144.20 - - [23/Aug/2026:12:12:31 +0800] "GET /blog1/hookahpage/statis/informasi-lisensi-aplikasi HTTP/1.1" 404 86899 "-" "Mozilla/5.0 AppleWebKit/537.36 (KHTML, like Gecko; compatible; bingbot/2.0; +http://www.bing.com/bingbot.htm) Chrome/116.0.1938.76 Safari/537.36"
52.167.144.20 - - [23/Aug/2026:12:12:36 +0800] "GET /blog1/hookahu/120201796 HTTP/1.1" 404 82123 "-" "Mozilla/5.0 AppleWebKit/537.36 (KHTML, like Gecko; compatible; bingbot/2.0; +http://www.bing.com/bingbot.htm) Chrome/116.0.1938.76 Safari/537.36"
52.167.144.197 - - [23/Aug/2026:12:12:37 +0800] "GET /blog1/hookahpage/statis/kebijakan-privasi HTTP/1.1" 404 86899 "-" "Mozilla/5.0 AppleWebKit/537.36 (KHTML, like Gecko; compatible; bingbot/2.0; +http://www.bing.com/bingbot.htm) Chrome/116.0.1938.76 Safari/537.36"
52.167.144.20 - - [23/Aug/2026:12:12:40 +0800] "GET /blog1/hookahpage/statis/program-referral HTTP/1.1" 404 82123 "-" "Mozilla/5.0 AppleWebKit/537.36 (KHTML, like Gecko; compatible; bingbot/2.0; +http://www.bing.com/bingbot.htm) Chrome/116.0.1938.76 Safari/537.36"
52.167.144.197 - - [23/Aug/2026:12:12:41 +0800] "GET /golf-ball-tend-to-tumble-down-the-latest-panel-as-well-as-the-position-they-lands-inside-the-should-determine-your-own-payout/ HTTP/1.1" 200 93453 "-" "Mozilla/5.0 AppleWebKit/537.36 (KHTML, like Gecko; compatible; bingbot/2.0; +http://www.bing.com/bingbot.htm) Chrome/116.0.1938.76 Safari/537.36"
52.167.144.20 - - [23/Aug/2026:12:12:41 +0800] "GET /blog1/hookahpage/statis/pengenalan-kelebihan-dan-cara-kerja HTTP/1.1" 404 86899 "-" "Mozilla/5.0 AppleWebKit/537.36 (KHTML, like Gecko; compatible; bingbot/2.0; +http://www.bing.com/bingbot.htm) Chrome/116.0.1938.76 Safari/537.36"
52.167.144.20 - - [23/Aug/2026:12:12:48 +0800] "GET /blog1/hookahpage/statis/program-affiliasi HTTP/1.1" 404 82123 "-" "Mozilla/5.0 AppleWebKit/537.36 (KHTML, like Gecko; compatible; bingbot/2.0; +http://www.bing.com/bingbot.htm) Chrome/116.0.1938.76 Safari/537.36"
52.167.144.20 - - [23/Aug/2026:12:12:52 +0800] "GET /blog1/hookahpage/statis/kenapa-aplikasi-disini-harganya-terjangkau HTTP/1.1" 404 82123 "-" "Mozilla/5.0 AppleWebKit/537.36 (KHTML, like Gecko; compatible; bingbot/2.0; +http://www.bing.com/bingbot.htm) Chrome/116.0.1938.76 Safari/537.36"
52.167.144.20 - - [23/Aug/2026:12:12:57 +0800] "GET /blog1/hookahpage/statis/ketentuan-kontribusi-project HTTP/1.1" 404 82123 "-" "Mozilla/5.0 AppleWebKit/537.36 (KHTML, like Gecko; compatible; bingbot/2.0; +http://www.bing.com/bingbot.htm) Chrome/116.0.1938.76 Safari/537.36"
47.91.104.88 - - [23/Aug/2026:12:13:16 +0800] "GET /wp-admin/plugin-install.php HTTP/1.1" 200 168300 "-" "Mozilla/5.0 (Windows NT 10.0; Win64; x64) AppleWebKit/537.36 (KHTML, like Gecko) Chrome/124.0.0.0 Safari/537.36"
103.191.165.77 - - [23/Aug/2026:12:13:35 +0800] "POST / HTTP/1.1" 200 140048 "-" "Mozilla/5.0 (Macintosh; Intel Mac OS X 10_15_7) AppleWebKit/537.36 (KHTML, like Gecko) Chrome/136.0.0.0 Safari/537.36"
47.91.104.88 - - [23/Aug/2026:12:13:44 +0800] "GET /wp-admin/plugin-install.php HTTP/1.1" 200 168300 "-" "Mozilla/5.0 (Windows NT 10.0; Win64; x64) AppleWebKit/537.36 (KHTML, like Gecko) Chrome/124.0.0.0 Safari/537.36"
47.91.104.88 - - [23/Aug/2026:12:14:21 +0800] "GET /wp-admin/plugin-install.php HTTP/1.1" 500 111928 "-" "Mozilla/5.0 (Windows NT 10.0; Win64; x64) AppleWebKit/537.36 (KHTML, like Gecko) Chrome/124.0.0.0 Safari/537.36"
47.91.104.88 - - [23/Aug/2026:12:14:35 +0800] "GET /wp-admin/plugin-install.php HTTP/1.1" 200 163661 "-" "Mozilla/5.0 (Windows NT 10.0; Win64; x64) AppleWebKit/537.36 (KHTML, like Gecko) Chrome/124.0.0.0 Safari/537.36"
52.167.144.20 - - [23/Aug/2026:12:14:59 +0800] "GET /no-deposit-incentives-provide-present-people-multiple-experts-that-go-beyond-easy-gameplay/ HTTP/1.1" 200 99019 "-" "Mozilla/5.0 AppleWebKit/537.36 (KHTML, like Gecko; compatible; bingbot/2.0; +http://www.bing.com/bingbot.htm) Chrome/116.0.1938.76 Safari/537.36"
47.91.104.88 - - [23/Aug/2026:12:15:01 +0800] "GET /wp-admin/plugin-install.php HTTP/1.1" 200 168300 "-" "Mozilla/5.0 (Windows NT 10.0; Win64; x64) AppleWebKit/537.36 (KHTML, like Gecko) Chrome/124.0.0.0 Safari/537.36"
52.167.144.20 - - [23/Aug/2026:12:15:08 +0800] "GET /unter-einsatz-von-den-erfolgreichen-zahlungsmethoden-wie-eltern-diese-bei-keramiken-bekannt-gemacht-bekommen-war-der-geld-immer-sicher/ HTTP/1.1" 200 95357 "-" "Mozilla/5.0 AppleWebKit/537.36 (KHTML, like Gecko; compatible; bingbot/2.0; +http://www.bing.com/bingbot.htm) Chrome/116.0.1938.76 Safari/537.36"
52.167.144.173 - - [23/Aug/2026:12:15:26 +0800] "GET /?s= HTTP/1.1" 200 124946 "-" "Mozilla/5.0 AppleWebKit/537.36 (KHTML, like Gecko; compatible; bingbot/2.0; +http://www.bing.com/bingbot.htm) Chrome/116.0.1938.76 Safari/537.36"
52.167.144.173 - - [23/Aug/2026:12:15:46 +0800] "GET /instead-you%EF%BF%BDre-change-feel-agreements-with-each-listed-anywhere-between-0/ HTTP/1.1" 200 95582 "-" "Mozilla/5.0 AppleWebKit/537.36 (KHTML, like Gecko; compatible; bingbot/2.0; +http://www.bing.com/bingbot.htm) Chrome/116.0.1938.76 Safari/537.36"
36.134.178.115 - - [23/Aug/2026:12:16:47 +0800] "GET /%E5%A4%96%E4%BA%A4%E9%83%A8-%E9%82%A6%E4%BA%A4%E5%9C%8B%E9%9D%92%E5%B9%B4%E4%BE%86%E5%8F%B0%E5%9C%93%E5%A4%A2%E8%A8%88%E7%95%AB%E7%B5%90%E8%A8%93%E3%80%80%E6%8E%A8%E6%99%BA%E6%85%A7%E8%BE%B2%E6%A5%AD/ HTTP/1.1" 200 98164 "https://rajlaw.com.tw" "Mozilla/5.0 (Macintosh; Intel Mac OS X 10_15_7) AppleWebKit/537.36 (KHTML, like Gecko) Chrome/145.0.0.0 Safari/537.36"
124.150.132.81 - - [23/Aug/2026:12:16:50 +0800] "POST /wp-cron.php?doing_wp_cron=1787458610.9152510166168212890625 HTTP/1.1" 200 5843 "-" "WordPress/7.1; https://rajlaw.com.tw"
114.119.145.233 - - [23/Aug/2026:12:16:53 +0800] "GET /spinfest-online-%ce%b1%cf%80%cf%81%cf%8c%cf%83%ce%bc%ce%b5%ce%bd%ce%b7-%cf%88%cf%85%cf%87%ce%b1%ce%b3%cf%89%ce%b3%ce%af%ce%b1-%cf%83%ce%b5-%ce%ba%ce%ac%ce%b8%ce%b5-%ce%b3%cf%89%ce%bd%ce%b9/ HTTP/1.1" 200 102493 "https://rajlaw.com.tw/comparativo-dos-novo-casino-online-portugal-para/" "Mozilla/5.0 (Linux; Android 7.0;) AppleWebKit/537.36 (HTML, like Gecko) Mobile Safari/537.36 (compatible; PetalBot;+https://webmaster.petalsearch.com/site/petalbot)"
66.249.69.67 - - [23/Aug/2026:12:17:27 +0800] "GET /you-get-a-flaccid-continuous-high-quality-gaming-platform-regarding-any-mobile-phone-resource/ HTTP/1.1" 200 95128 "-" "Mozilla/5.0 (Linux; Android 6.0.1; Nexus 5X Build/MMB29P) AppleWebKit/537.36 (KHTML, like Gecko) Chrome/151.0.7922.137 Mobile Safari/537.36 (compatible; Googlebot/2.1; +http://www.google.com/bot.html)"
124.150.132.81 - - [23/Aug/2026:12:17:31 +0800] "POST /wp-cron.php?doing_wp_cron=1787458651.2629089355468750000000 HTTP/1.1" 200 5843 "-" "WordPress/7.1; https://rajlaw.com.tw"
52.167.144.173 - - [23/Aug/2026:12:18:06 +0800] "GET /prissy-princess-tragaperras-tragamonedas-beetle-frenzy-casino-gratuito-falto-liberar/ HTTP/1.1" 200 98758 "-" "Mozilla/5.0 AppleWebKit/537.36 (KHTML, like Gecko; compatible; bingbot/2.0; +http://www.bing.com/bingbot.htm) Chrome/116.0.1938.76 Safari/537.36"
52.167.144.20 - - [23/Aug/2026:12:18:59 +0800] "GET /inside-the-live-roulette-answers-are-shown-instantly-while-the-a-bona-fide-specialist-revolves-the-fresh-new-controls/ HTTP/1.1" 200 95059 "-" "Mozilla/5.0 AppleWebKit/537.36 (KHTML, like Gecko; compatible; bingbot/2.0; +http://www.bing.com/bingbot.htm) Chrome/116.0.1938.76 Safari/537.36"
181.176.45.135 - - [23/Aug/2026:12:19:21 +0800] "GET / HTTP/1.1" 500 48181 "https://semalt.com/" "Mozilla/5.0 (Windows NT 6.1; Win64; x64) AppleWebKit/537.36 (KHTML, like Gecko) Chrome/97.0.4692.71 Safari/537.36"
124.150.132.81 - - [23/Aug/2026:12:19:26 +0800] "POST /wp-cron.php?doing_wp_cron=1787458766.3688728809356689453125 HTTP/1.1" 500 6009 "-" "WordPress/7.1; https://rajlaw.com.tw"
