36.137.171.53 - - [23/Aug/2026:15:30:16 +0800] "GET /%E9%BB%83%E5%81%89%E5%93%B2%E6%8E%A8%E5%8B%95%E5%A9%9A%E5%A7%BB%E5%B9%B3%E6%AC%8A%E3%80%80%E8%87%BA%E5%8D%97%E5%BB%BA%E8%AD%B0%E6%94%BE%E5%AF%AC%E5%90%8C%E5%A9%9A%E5%AE%B6%E5%BA%AD%E7%A7%9F%E7%A8%85/ HTTP/1.1" 200 93469 "https://rajlaw.com.tw/%E8%87%BA%E5%8D%97%E7%94%9C%E9%BB%9E%E6%96%B0%E5%9C%B0%E6%A8%99%EF%BC%81%E7%AD%91%E9%A6%A8%E5%B1%85%E8%B1%86%E8%8A%B1%E9%80%B2%E9%A7%90%E4%BF%A1%E7%BE%A9%E8%A1%97%E3%80%80%E6%89%8B%E5%B7%A5%E5%8F%A4/" "Mozilla/5.0 (Windows NT 10.0; Win64; x64) AppleWebKit/537.36 (KHTML, like Gecko) Chrome/144.0.0.0 Safari/537.36"
36.138.181.176 - - [23/Aug/2026:15:30:25 +0800] "GET /%E9%BB%83%E5%81%89%E5%93%B2%E6%8E%A8%E5%8B%95%E5%A9%9A%E5%A7%BB%E5%B9%B3%E6%AC%8A%E3%80%80%E8%87%BA%E5%8D%97%E5%BB%BA%E8%AD%B0%E6%94%BE%E5%AF%AC%E5%90%8C%E5%A9%9A%E5%AE%B6%E5%BA%AD%E7%A7%9F%E7%A8%85/ HTTP/1.1" 200 93469 "https://rajlaw.com.tw/%E8%87%BA%E5%8D%97%E7%94%9C%E9%BB%9E%E6%96%B0%E5%9C%B0%E6%A8%99%EF%BC%81%E7%AD%91%E9%A6%A8%E5%B1%85%E8%B1%86%E8%8A%B1%E9%80%B2%E9%A7%90%E4%BF%A1%E7%BE%A9%E8%A1%97%E3%80%80%E6%89%8B%E5%B7%A5%E5%8F%A4/" "Mozilla/5.0 (Windows NT 10.0; Win64; x64) AppleWebKit/537.36 (KHTML, like Gecko) Chrome/144.0.0.0 Safari/537.36"
57.141.8.53 - - [23/Aug/2026:15:31:15 +0800] "GET / HTTP/1.1" 200 139932 "-" "facebookexternalhit/1.1 (+http://www.facebook.com/externalhit_uatext.php)"
9.129.46.9 - - [23/Aug/2026:15:31:27 +0800] "GET /2026%E5%B9%B47%E6%9C%88%E8%87%BA%E7%81%A3%E6%B1%BD%E8%BB%8A%E5%B8%82%E5%A0%B4%E4%BA%A4%E8%BB%8A%E6%95%B8%E9%87%8F%E5%87%BA%E7%88%90%E7%B8%BD%E6%8E%9B%E7%89%8C%E9%87%8F%E9%81%94-3-86-%E8%90%AC/ HTTP/1.1" 500 55306 "-" "Mozilla/5.0 AppleWebKit/537.36 (KHTML, like Gecko); compatible; ChatGPT-User/1.0; +https://openai.com/bot"
9.129.46.7 - - [23/Aug/2026:15:31:30 +0800] "GET / HTTP/1.1" 500 55307 "-" "Mozilla/5.0 AppleWebKit/537.36 (KHTML, like Gecko); compatible; ChatGPT-User/1.0; +https://openai.com/bot"
162.120.184.43 - - [23/Aug/2026:15:31:38 +0800] "GET /%E6%88%BF%E5%9C%B0%E5%90%88%E4%B8%80%E7%A8%85%E5%8F%AF%E6%89%A3%E9%99%A4%E8%A3%9D%E6%BD%A2%E8%B2%BB%E7%94%A8%E6%9C%89%E5%93%AA%E4%BA%9B%EF%BC%9F/ HTTP/1.1" 200 93521 "https://www.google.com/" "Mozilla/5.0 (Windows NT 10.0; Win64; x64) AppleWebKit/537.36 (KHTML, like Gecko) Chrome/151.0.0.0 Safari/537.36"
124.150.132.81 - - [23/Aug/2026:15:31:20 +0800] "POST /wp-cron.php?doing_wp_cron=1787470280.6057341098785400390625 HTTP/1.1" 200 5843 "-" "WordPress/7.1; https://rajlaw.com.tw"
120.235.151.200 - - [23/Aug/2026:15:32:23 +0800] "GET /wp-includes/css/dashicons.min.css?ver=7.1 HTTP/1.1" 200 59557 "https://rajlaw.com.tw/%e4%bb%80%e9%ba%bc%e6%98%af%e5%8d%b0%e9%91%91%e8%ad%89%e6%98%8e%ef%bc%9f/" "Mozilla/5.0 (Windows NT 10.0; Win64; x64) AppleWebKit/537.36 (KHTML, like Gecko) Chrome/144.0.0.0 Safari/537.36"
120.235.151.200 - - [23/Aug/2026:15:32:23 +0800] "GET /wp-content/plugins/everest-forms/assets/css/intlTelInput.css?ver=3.0.9.3 HTTP/1.1" 200 45997 "https://rajlaw.com.tw/%e4%bb%80%e9%ba%bc%e6%98%af%e5%8d%b0%e9%91%91%e8%ad%89%e6%98%8e%ef%bc%9f/" "Mozilla/5.0 (Windows NT 10.0; Win64; x64) AppleWebKit/537.36 (KHTML, like Gecko) Chrome/144.0.0.0 Safari/537.36"
120.235.151.200 - - [23/Aug/2026:15:32:14 +0800] "GET /%e4%bb%80%e9%ba%bc%e6%98%af%e5%8d%b0%e9%91%91%e8%ad%89%e6%98%8e%ef%bc%9f/ HTTP/1.1" 200 92593 "-" "Mozilla/5.0 (Windows NT 10.0; Win64; x64) AppleWebKit/537.36 (KHTML, like Gecko) Chrome/144.0.0.0 Safari/537.36"
120.235.151.200 - - [23/Aug/2026:15:32:23 +0800] "GET /wp-content/plugins/everest-forms/assets/css/everest-forms.css?ver=3.0.9.3 HTTP/1.1" 200 100974 "https://rajlaw.com.tw/%e4%bb%80%e9%ba%bc%e6%98%af%e5%8d%b0%e9%91%91%e8%ad%89%e6%98%8e%ef%bc%9f/" "Mozilla/5.0 (Windows NT 10.0; Win64; x64) AppleWebKit/537.36 (KHTML, like Gecko) Chrome/144.0.0.0 Safari/537.36"
120.235.151.200 - - [23/Aug/2026:15:32:25 +0800] "GET /wp-content/themes/zakra/style.css?ver=4.0.6 HTTP/1.1" 200 106819 "https://rajlaw.com.tw/%e4%bb%80%e9%ba%bc%e6%98%af%e5%8d%b0%e9%91%91%e8%ad%89%e6%98%8e%ef%bc%9f/" "Mozilla/5.0 (Windows NT 10.0; Win64; x64) AppleWebKit/537.36 (KHTML, like Gecko) Chrome/144.0.0.0 Safari/537.36"
120.235.151.200 - - [23/Aug/2026:15:32:28 +0800] "GET /wp-content/themes/zakra/assets/js/skip-link-focus-fix.min.js?ver=4.0.6 HTTP/1.1" 200 666 "https://rajlaw.com.tw/%e4%bb%80%e9%ba%bc%e6%98%af%e5%8d%b0%e9%91%91%e8%ad%89%e6%98%8e%ef%bc%9f/" "Mozilla/5.0 (Windows NT 10.0; Win64; x64) AppleWebKit/537.36 (KHTML, like Gecko) Chrome/144.0.0.0 Safari/537.36"
120.235.151.200 - - [23/Aug/2026:15:32:28 +0800] "GET /wp-content/themes/zakra/assets/js/navigation.min.js?ver=4.0.6 HTTP/1.1" 200 4809 "https://rajlaw.com.tw/%e4%bb%80%e9%ba%bc%e6%98%af%e5%8d%b0%e9%91%91%e8%ad%89%e6%98%8e%ef%bc%9f/" "Mozilla/5.0 (Windows NT 10.0; Win64; x64) AppleWebKit/537.36 (KHTML, like Gecko) Chrome/144.0.0.0 Safari/537.36"
120.235.151.200 - - [23/Aug/2026:15:32:28 +0800] "GET /wp-content/themes/zakra/assets/js/zakra-custom.min.js?ver=4.0.6 HTTP/1.1" 200 5963 "https://rajlaw.com.tw/%e4%bb%80%e9%ba%bc%e6%98%af%e5%8d%b0%e9%91%91%e8%ad%89%e6%98%8e%ef%bc%9f/" "Mozilla/5.0 (Windows NT 10.0; Win64; x64) AppleWebKit/537.36 (KHTML, like Gecko) Chrome/144.0.0.0 Safari/537.36"
120.235.151.200 - - [23/Aug/2026:15:32:23 +0800] "GET /wp-content/themes/zakra/inc/customizer/customind/assets/fontawesome/v6/css/all.min.css?ver=6.2.4 HTTP/1.1" 200 103651 "https://rajlaw.com.tw/%e4%bb%80%e9%ba%bc%e6%98%af%e5%8d%b0%e9%91%91%e8%ad%89%e6%98%8e%ef%bc%9f/" "Mozilla/5.0 (Windows NT 10.0; Win64; x64) AppleWebKit/537.36 (KHTML, like Gecko) Chrome/144.0.0.0 Safari/537.36"
52.167.144.16 - - [23/Aug/2026:15:32:26 +0800] "GET /sure-modo-also-provides-real-time-specialist-video-game-by-way-of-vivo-playing-near-to-real-time-video-game-reveals/ HTTP/1.1" 200 98583 "-" "Mozilla/5.0 AppleWebKit/537.36 (KHTML, like Gecko; compatible; bingbot/2.0; +http://www.bing.com/bingbot.htm) Chrome/116.0.1938.76 Safari/537.36"
216.73.217.151 - - [23/Aug/2026:15:33:31 +0800] "GET /robots.txt HTTP/1.1" 200 6107 "-" "Mozilla/5.0 AppleWebKit/537.36 (KHTML, like Gecko; compatible; ClaudeBot/1.0; +claudebot@anthropic.com)"
216.73.217.151 - - [23/Aug/2026:15:33:35 +0800] "GET /wp-sitemap.xml HTTP/1.1" 200 1868 "-" "Mozilla/5.0 AppleWebKit/537.36 (KHTML, like Gecko; compatible; ClaudeBot/1.0; +claudebot@anthropic.com)"
66.249.71.227 - - [23/Aug/2026:15:33:38 +0800] "GET /the-top-ten-online-casinos-number-has-to-be-an-informed-of-the-best/ HTTP/1.1" 200 97729 "-" "Mozilla/5.0 (Linux; Android 6.0.1; Nexus 5X Build/MMB29P) AppleWebKit/537.36 (KHTML, like Gecko) Chrome/151.0.7922.137 Mobile Safari/537.36 (compatible; GoogleOther)"
66.249.71.227 - - [23/Aug/2026:15:33:52 +0800] "GET /verso-aspirare-esteriormente-il-soddisfacentemente-da-excretion-premio-privo-di-fitto-da-1000%EF%BF%BD-oppure-piuttosto-serve-abilita/ HTTP/1.1" 200 95314 "-" "Mozilla/5.0 (Linux; Android 6.0.1; Nexus 5X Build/MMB29P) AppleWebKit/537.36 (KHTML, like Gecko) Chrome/151.0.7922.137 Mobile Safari/537.36 (compatible; GoogleOther)"
57.141.0.10 - - [23/Aug/2026:15:33:53 +0800] "GET / HTTP/1.1" 200 139932 "-" "facebookexternalhit/1.1 (+http://www.facebook.com/externalhit_uatext.php)"
198.244.240.45 - - [23/Aug/2026:15:34:02 +0800] "GET /%E5%8F%B0%E5%8D%97%E6%95%99%E8%82%B2%E5%B1%80%E9%99%BD%E5%85%89%E6%B3%95%E6%A1%88%E5%AE%A3%E5%B0%8E%E3%80%80%E8%B2%A1%E7%94%A2%E7%94%B3%E5%A0%B1%E3%80%81%E5%88%A9%E7%9B%8A%E8%A1%9D%E7%AA%81%E8%BF%B4/ HTTP/1.1" 200 95779 "-" "Mozilla/5.0 (compatible; AhrefsBot/7.0; +http://ahrefs.com/robot/)"
40.77.167.144 - - [23/Aug/2026:15:34:25 +0800] "GET /%E5%8F%B0%E4%B8%AD%E6%9D%B1%E5%8D%80%E7%82%B8%E9%9B%9E%E5%8F%A3%E7%A2%91%E7%88%86%E6%A3%9A-%E5%8D%81%E7%94%B2%E6%9D%B1%E8%B7%AF%E5%A4%96%E5%B8%B6%E7%BE%8E%E9%A3%9F%E5%BC%B7%E5%8B%A2%E6%94%BB%E4%BD%94/ HTTP/1.1" 200 98008 "-" "Mozilla/5.0 AppleWebKit/537.36 (KHTML, like Gecko; compatible; bingbot/2.0; +http://www.bing.com/bingbot.htm) Chrome/116.0.1938.76 Safari/537.36"
66.249.72.201 - - [23/Aug/2026:15:35:44 +0800] "GET /which-amazing-victory-happens-to-be-the-biggest-jackpot-from-the-background-of-legalized-online-casinos-regarding-you/ HTTP/1.1" 200 95645 "-" "Mozilla/5.0 (Linux; Android 6.0.1; Nexus 5X Build/MMB29P) AppleWebKit/537.36 (KHTML, like Gecko) Chrome/151.0.7922.137 Mobile Safari/537.36 (compatible; GoogleOther)"
57.141.14.113 - - [23/Aug/2026:15:35:55 +0800] "GET / HTTP/1.1" 200 139932 "-" "facebookexternalhit/1.1 (+http://www.facebook.com/externalhit_uatext.php)"
17.246.19.78 - - [23/Aug/2026:15:37:03 +0800] "GET /blog11/ HTTP/1.1" 200 104553 "-" "Mozilla/5.0 (Macintosh; Intel Mac OS X 10_15_7) AppleWebKit/605.1.15 (KHTML, like Gecko) Version/17.4 Safari/605.1.15 (Applebot/0.1; +http://www.apple.com/go/applebot)"
36.230.43.149 - - [23/Aug/2026:15:37:09 +0800] "GET /%E5%B1%A5%E7%B4%84%E4%BF%9D%E8%AD%89%E7%9A%84%E9%87%8D%E8%A6%81%E6%80%A7/ HTTP/1.1" 200 95770 "https://www.google.com/url?q=https://rajlaw.com.tw/%25E5%25B1%25A5%25E7%25B4%2584%25E4%25BF%259D%25E8%25AD%2589%25E7%259A%2584%25E9%2587%258D%25E8%25A6%2581%25E6%2580%25A7/&sa=U&sqi=2&ved=2ahUKEwij77HrnbaWAxUemuEIHfRXAaMQFnoECF4QAQ&usg=AOvVaw3n39zsTHBqJyz7r1I7BfyI" "Mozilla/5.0 (iPhone; CPU iPhone OS 26_6_0 like Mac OS X) AppleWebKit/605.1.15 (KHTML, like Gecko) GSA/434.2.961627397 Mobile/15E148 Safari/604.1"
36.230.43.149 - - [23/Aug/2026:15:37:13 +0800] "GET /wp-includes/css/dashicons.min.css?ver=7.1 HTTP/1.1" 200 59419 "https://rajlaw.com.tw/%E5%B1%A5%E7%B4%84%E4%BF%9D%E8%AD%89%E7%9A%84%E9%87%8D%E8%A6%81%E6%80%A7/" "Mozilla/5.0 (iPhone; CPU iPhone OS 26_6_0 like Mac OS X) AppleWebKit/605.1.15 (KHTML, like Gecko) GSA/434.2.961627397 Mobile/15E148 Safari/604.1"
36.230.43.149 - - [23/Aug/2026:15:37:14 +0800] "GET /wp-content/themes/zakra/assets/js/navigation.min.js?ver=4.0.6 HTTP/1.1" 200 4809 "https://rajlaw.com.tw/%E5%B1%A5%E7%B4%84%E4%BF%9D%E8%AD%89%E7%9A%84%E9%87%8D%E8%A6%81%E6%80%A7/" "Mozilla/5.0 (iPhone; CPU iPhone OS 26_6_0 like Mac OS X) AppleWebKit/605.1.15 (KHTML, like Gecko) GSA/434.2.961627397 Mobile/15E148 Safari/604.1"
36.230.43.149 - - [23/Aug/2026:15:37:14 +0800] "GET /wp-content/themes/zakra/assets/js/skip-link-focus-fix.min.js?ver=4.0.6 HTTP/1.1" 200 666 "https://rajlaw.com.tw/%E5%B1%A5%E7%B4%84%E4%BF%9D%E8%AD%89%E7%9A%84%E9%87%8D%E8%A6%81%E6%80%A7/" "Mozilla/5.0 (iPhone; CPU iPhone OS 26_6_0 like Mac OS X) AppleWebKit/605.1.15 (KHTML, like Gecko) GSA/434.2.961627397 Mobile/15E148 Safari/604.1"
36.230.43.149 - - [23/Aug/2026:15:37:14 +0800] "GET /wp-content/themes/zakra/assets/js/zakra-custom.min.js?ver=4.0.6 HTTP/1.1" 200 5825 "https://rajlaw.com.tw/%E5%B1%A5%E7%B4%84%E4%BF%9D%E8%AD%89%E7%9A%84%E9%87%8D%E8%A6%81%E6%80%A7/" "Mozilla/5.0 (iPhone; CPU iPhone OS 26_6_0 like Mac OS X) AppleWebKit/605.1.15 (KHTML, like Gecko) GSA/434.2.961627397 Mobile/15E148 Safari/604.1"
36.230.43.149 - - [23/Aug/2026:15:37:14 +0800] "GET /wp-content/plugins/everest-forms/assets/css/intlTelInput.css?ver=3.0.9.3 HTTP/1.1" 200 50441 "https://rajlaw.com.tw/%E5%B1%A5%E7%B4%84%E4%BF%9D%E8%AD%89%E7%9A%84%E9%87%8D%E8%A6%81%E6%80%A7/" "Mozilla/5.0 (iPhone; CPU iPhone OS 26_6_0 like Mac OS X) AppleWebKit/605.1.15 (KHTML, like Gecko) GSA/434.2.961627397 Mobile/15E148 Safari/604.1"
36.230.43.149 - - [23/Aug/2026:15:37:14 +0800] "GET /wp-content/uploads/2025/03/logo-removebg-preview-e1741353740950.png HTTP/1.1" 200 75681 "https://rajlaw.com.tw/%E5%B1%A5%E7%B4%84%E4%BF%9D%E8%AD%89%E7%9A%84%E9%87%8D%E8%A6%81%E6%80%A7/" "Mozilla/5.0 (iPhone; CPU iPhone OS 26_6_0 like Mac OS X) AppleWebKit/605.1.15 (KHTML, like Gecko) GSA/434.2.961627397 Mobile/15E148 Safari/604.1"
36.230.43.149 - - [23/Aug/2026:15:37:14 +0800] "GET /wp-content/themes/zakra/inc/customizer/customind/assets/fontawesome/v6/css/all.min.css?ver=6.2.4 HTTP/1.1" 200 108095 "https://rajlaw.com.tw/%E5%B1%A5%E7%B4%84%E4%BF%9D%E8%AD%89%E7%9A%84%E9%87%8D%E8%A6%81%E6%80%A7/" "Mozilla/5.0 (iPhone; CPU iPhone OS 26_6_0 like Mac OS X) AppleWebKit/605.1.15 (KHTML, like Gecko) GSA/434.2.961627397 Mobile/15E148 Safari/604.1"
36.230.43.149 - - [23/Aug/2026:15:37:14 +0800] "GET /wp-content/themes/zakra/style.css?ver=4.0.6 HTTP/1.1" 200 111401 "https://rajlaw.com.tw/%E5%B1%A5%E7%B4%84%E4%BF%9D%E8%AD%89%E7%9A%84%E9%87%8D%E8%A6%81%E6%80%A7/" "Mozilla/5.0 (iPhone; CPU iPhone OS 26_6_0 like Mac OS X) AppleWebKit/605.1.15 (KHTML, like Gecko) GSA/434.2.961627397 Mobile/15E148 Safari/604.1"
36.230.43.149 - - [23/Aug/2026:15:37:14 +0800] "GET /wp-content/plugins/everest-forms/assets/css/everest-forms.css?ver=3.0.9.3 HTTP/1.1" 200 105418 "https://rajlaw.com.tw/%E5%B1%A5%E7%B4%84%E4%BF%9D%E8%AD%89%E7%9A%84%E9%87%8D%E8%A6%81%E6%80%A7/" "Mozilla/5.0 (iPhone; CPU iPhone OS 26_6_0 like Mac OS X) AppleWebKit/605.1.15 (KHTML, like Gecko) GSA/434.2.961627397 Mobile/15E148 Safari/604.1"
36.230.43.149 - - [23/Aug/2026:15:37:14 +0800] "GET /wp-content/uploads/2025/02/%E9%95%B7%E5%AE%89icon-25_0.jpg HTTP/1.1" 200 39294 "https://rajlaw.com.tw/%E5%B1%A5%E7%B4%84%E4%BF%9D%E8%AD%89%E7%9A%84%E9%87%8D%E8%A6%81%E6%80%A7/" "Mozilla/5.0 (iPhone; CPU iPhone OS 26_6_0 like Mac OS X) AppleWebKit/605.1.15 (KHTML, like Gecko) GSA/434.2.961627397 Mobile/15E148 Safari/604.1"
36.230.43.149 - - [23/Aug/2026:15:37:14 +0800] "GET /wp-content/themes/zakra/assets/fonts/themegrill-icons.woff2?5d42b271f668d2d6461ba91fc5a5a839 HTTP/1.1" 200 1622 "https://rajlaw.com.tw/%E5%B1%A5%E7%B4%84%E4%BF%9D%E8%AD%89%E7%9A%84%E9%87%8D%E8%A6%81%E6%80%A7/" "Mozilla/5.0 (iPhone; CPU iPhone OS 26_6_0 like Mac OS X) AppleWebKit/605.1.15 (KHTML, like Gecko) GSA/434.2.961627397 Mobile/15E148 Safari/604.1"
36.230.43.149 - - [23/Aug/2026:15:37:14 +0800] "GET /wp-content/themes/zakra/inc/customizer/customind/assets/fontawesome/v6/webfonts/fa-brands-400.woff2 HTTP/1.1" 200 118361 "https://rajlaw.com.tw/%E5%B1%A5%E7%B4%84%E4%BF%9D%E8%AD%89%E7%9A%84%E9%87%8D%E8%A6%81%E6%80%A7/" "Mozilla/5.0 (iPhone; CPU iPhone OS 26_6_0 like Mac OS X) AppleWebKit/605.1.15 (KHTML, like Gecko) GSA/434.2.961627397 Mobile/15E148 Safari/604.1"
36.230.43.149 - - [23/Aug/2026:15:37:14 +0800] "GET /wp-content/themes/zakra/inc/customizer/customind/assets/fontawesome/v6/webfonts/fa-solid-900.woff2 HTTP/1.1" 200 156967 "https://rajlaw.com.tw/%E5%B1%A5%E7%B4%84%E4%BF%9D%E8%AD%89%E7%9A%84%E9%87%8D%E8%A6%81%E6%80%A7/" "Mozilla/5.0 (iPhone; CPU iPhone OS 26_6_0 like Mac OS X) AppleWebKit/605.1.15 (KHTML, like Gecko) GSA/434.2.961627397 Mobile/15E148 Safari/604.1"
36.230.43.149 - - [23/Aug/2026:15:37:14 +0800] "GET /wp-content/themes/zakra/123.jpg HTTP/1.1" 200 455955 "https://rajlaw.com.tw/%E5%B1%A5%E7%B4%84%E4%BF%9D%E8%AD%89%E7%9A%84%E9%87%8D%E8%A6%81%E6%80%A7/" "Mozilla/5.0 (iPhone; CPU iPhone OS 26_6_0 like Mac OS X) AppleWebKit/605.1.15 (KHTML, like Gecko) GSA/434.2.961627397 Mobile/15E148 Safari/604.1"
36.230.43.149 - - [23/Aug/2026:15:37:14 +0800] "GET /wp-includes/js/wp-emoji-release.min.js?ver=7.1 HTTP/1.1" 200 23123 "https://rajlaw.com.tw/%E5%B1%A5%E7%B4%84%E4%BF%9D%E8%AD%89%E7%9A%84%E9%87%8D%E8%A6%81%E6%80%A7/" "Mozilla/5.0 (iPhone; CPU iPhone OS 26_6_0 like Mac OS X) AppleWebKit/605.1.15 (KHTML, like Gecko) GSA/434.2.961627397 Mobile/15E148 Safari/604.1"
36.230.43.149 - - [23/Aug/2026:15:37:14 +0800] "GET /wp-content/themes/zakra/inc/customizer/customind/assets/fontawesome/v6/webfonts/fa-v4compatibility.woff2 HTTP/1.1" 200 5095 "https://rajlaw.com.tw/%E5%B1%A5%E7%B4%84%E4%BF%9D%E8%AD%89%E7%9A%84%E9%87%8D%E8%A6%81%E6%80%A7/" "Mozilla/5.0 (iPhone; CPU iPhone OS 26_6_0 like Mac OS X) AppleWebKit/605.1.15 (KHTML, like Gecko) GSA/434.2.961627397 Mobile/15E148 Safari/604.1"
36.230.43.149 - - [23/Aug/2026:15:37:39 +0800] "GET /%E5%B1%A5%E7%B4%84%E4%BF%9D%E8%AD%89%E7%9A%84%E9%87%8D%E8%A6%81%E6%80%A7/ HTTP/1.1" 200 91326 "https://www.google.com/url?q=https://rajlaw.com.tw/%25E5%25B1%25A5%25E7%25B4%2584%25E4%25BF%259D%25E8%25AD%2589%25E7%259A%2584%25E9%2587%258D%25E8%25A6%2581%25E6%2580%25A7/&sa=U&sqi=2&ved=2ahUKEwij77HrnbaWAxUemuEIHfRXAaMQFnoECF4QAQ&usg=AOvVaw3n39zsTHBqJyz7r1I7BfyI" "Mozilla/5.0 (iPhone; CPU iPhone OS 26_6_0 like Mac OS X) AppleWebKit/605.1.15 (KHTML, like Gecko) GSA/434.2.961627397 Mobile/15E148 Safari/604.1"
40.77.167.144 - - [23/Aug/2026:15:37:46 +0800] "GET /spielsaal-exklusive-registrierung-2026-sofort-slotcity-spielen-traktandum-5/ HTTP/1.1" 200 97159 "-" "Mozilla/5.0 AppleWebKit/537.36 (KHTML, like Gecko; compatible; bingbot/2.0; +http://www.bing.com/bingbot.htm) Chrome/116.0.1938.76 Safari/537.36"
57.141.20.12 - - [23/Aug/2026:15:38:08 +0800] "GET / HTTP/1.1" 200 139932 "-" "facebookexternalhit/1.1 (+http://www.facebook.com/externalhit_uatext.php)"
198.244.242.140 - - [23/Aug/2026:15:38:39 +0800] "GET /wp-content/uploads/2026/08/ZWsCKAy7qdDMZxSC5Fv6yL0AVVs1M7GFhad3H3mF.jpg HTTP/1.1" 200 271012 "-" "Mozilla/5.0 (compatible; AhrefsBot/7.0; +http://ahrefs.com/robot/)"
198.244.226.68 - - [23/Aug/2026:15:38:43 +0800] "GET /uploaded/blog/content/blog_content_image17870371891711935409.jpg HTTP/1.1" 404 82557 "-" "Mozilla/5.0 (compatible; AhrefsBot/7.0; +http://ahrefs.com/robot/)"
198.244.226.150 - - [23/Aug/2026:15:38:48 +0800] "GET /uploaded/blog/content/blog_content_image17870371741514025363.jpg HTTP/1.1" 404 82557 "-" "Mozilla/5.0 (compatible; AhrefsBot/7.0; +http://ahrefs.com/robot/)"
36.137.246.17 - - [23/Aug/2026:15:38:54 +0800] "GET /%E9%99%B3%E5%B9%B8%E5%A6%A4%E3%80%81%E8%B6%99%E5%BB%BA%E9%8A%98%E5%A9%9A%E8%AE%8A%E9%A2%A8%E6%B3%A2%E5%BB%B6%E7%87%92%E8%87%BA%E5%8D%97%E3%80%80%E8%A1%9B%E7%94%9F%E5%B1%80%E6%9F%A5%E5%87%BA2%E9%A0%85/ HTTP/1.1" 200 98739 "https://rajlaw.com.tw" "Mozilla/5.0 (Macintosh; Intel Mac OS X 10_15_7) AppleWebKit/537.36 (KHTML, like Gecko) Chrome/144.0.0.0 Safari/537.36"
66.249.71.228 - - [23/Aug/2026:15:39:33 +0800] "GET /erster-online-keine-einzahlung-yoyospins-fur-casino-casino-pramie-pro-deutsche-spieler/ HTTP/1.1" 200 100317 "-" "Mozilla/5.0 (Linux; Android 6.0.1; Nexus 5X Build/MMB29P) AppleWebKit/537.36 (KHTML, like Gecko) Chrome/151.0.7922.137 Mobile Safari/537.36 (compatible; Googlebot/2.1; +http://www.google.com/bot.html)"
40.77.167.255 - - [23/Aug/2026:15:39:56 +0800] "GET /the-latest-sound-try-a-bit-humdrum-the-truth-is-nonetheless-forgotten-all-real-high-end/ HTTP/1.1" 200 94865 "-" "Mozilla/5.0 AppleWebKit/537.36 (KHTML, like Gecko; compatible; bingbot/2.0; +http://www.bing.com/bingbot.htm) Chrome/116.0.1938.76 Safari/537.36"
124.150.132.81 - - [23/Aug/2026:15:39:37 +0800] "POST /wp-cron.php?doing_wp_cron=1787470777.7998170852661132812500 HTTP/1.1" 500 8614 "-" "WordPress/7.1; https://rajlaw.com.tw"
57.141.10.3 - - [23/Aug/2026:15:40:16 +0800] "GET / HTTP/1.1" 200 139932 "-" "facebookexternalhit/1.1 (+http://www.facebook.com/externalhit_uatext.php)"
66.249.71.227 - - [23/Aug/2026:15:40:22 +0800] "GET /%E5%B1%A5%E7%B4%84%E4%BF%9D%E8%AD%89%E7%9A%84%E9%87%8D%E8%A6%81%E6%80%A7/ HTTP/1.1" 200 95965 "-" "Mozilla/5.0 (Linux; Android 6.0.1; Nexus 5X Build/MMB29P) AppleWebKit/537.36 (KHTML, like Gecko) Chrome/99.0.4844.84 Mobile Safari/537.36 (compatible; Googlebot/2.1; +http://www.google.com/bot.html)"
66.249.71.226 - - [23/Aug/2026:15:40:25 +0800] "GET /%E5%B1%A5%E7%B4%84%E4%BF%9D%E8%AD%89%E7%9A%84%E9%87%8D%E8%A6%81%E6%80%A7/ HTTP/1.1" 200 95965 "-" "Mozilla/5.0 (compatible; Googlebot/2.1; +http://www.google.com/bot.html)"
212.44.120.29 - - [23/Aug/2026:15:41:12 +0800] "POST /xmlrpc.php HTTP/1.1" 200 6124 "-" "Mozilla/5.0 (Macintosh; Intel Mac OS X 10_15_7) AppleWebKit/537.36 (KHTML, like Gecko) Chrome/122.0.0.0 Safari/537.36"
212.44.120.29 - - [23/Aug/2026:15:41:24 +0800] "POST /xmlrpc.php HTTP/1.1" 200 15268 "-" "Mozilla/5.0 (X11; Linux x86_64) AppleWebKit/537.36 (KHTML, like Gecko) Chrome/133.0.0.0 Safari/537.36"
40.77.167.144 - - [23/Aug/2026:15:41:26 +0800] "GET /bitcoin-gambling-enterprise-incentives-within-the-mad-mad-monkey-slot-online-2026-their-bonus-book-bgg/ HTTP/1.1" 200 95034 "-" "Mozilla/5.0 AppleWebKit/537.36 (KHTML, like Gecko; compatible; bingbot/2.0; +http://www.bing.com/bingbot.htm) Chrome/116.0.1938.76 Safari/537.36"
212.44.120.29 - - [23/Aug/2026:15:41:32 +0800] "GET /que-usan-separado-desbloquear-el-ipad-se-podri-acceder-a-tragamonedas-ruleta-blackjack-metodos-sobre-pago-desplazandolo-hacia-el-pelo-asiento/ HTTP/1.1" 200 95854 "-" "Mozilla/5.0 (Windows NT 10.0; Win64; x64) AppleWebKit/537.36 (KHTML, like Gecko) Chrome/109.0.0.0 Safari/537.36"
127.0.0.1 - - [23/Aug/2026:15:42:08 +0800] "GET /%E5%8F%B0%E7%81%A3ai%E6%96%B0%E5%89%B5%E6%8A%95%E8%B3%87%E7%86%B1%E6%BD%AE%E5%8D%87%E6%BA%AB%EF%BC%81veloflow-ai%E6%8E%A2%E7%B4%A2%E7%94%9F%E6%88%90%E5%BC%8Fai%E5%95%86%E6%A5%AD%E6%A8%A1%E5%BC%8F/ HTTP/1.1" 200 95861 "-" "Mozilla/5.0 (X11; Linux x86_64) AppleWebKit/537.36 (KHTML, like Gecko) Chrome/83.0.4103.7 Safari/537.36"
124.150.132.81 - - [23/Aug/2026:15:41:19 +0800] "POST /wp-cron.php?doing_wp_cron=1787470878.9928500652313232421875 HTTP/1.1" 200 5843 "-" "WordPress/7.1; https://rajlaw.com.tw"
36.133.196.43 - - [23/Aug/2026:15:42:53 +0800] "GET /%E6%96%B0%E5%B8%82%E3%80%81%E6%AD%B8%E4%BB%81%E5%85%A8%E6%B0%91%E9%81%8B%E5%8B%95%E4%B8%AD%E5%BF%83%E7%88%B6%E8%A6%AA%E7%AF%80%E5%84%AA%E6%83%A0%E7%99%BB%E5%A0%B4-%E9%82%80%E7%88%B8%E7%88%B8%E5%8B%95/ HTTP/1.1" 200 94366 "https://rajlaw.com.tw/%E8%87%BA%E5%8D%97%E5%8B%87%E5%A5%AA2026%E5%9C%8B%E5%AE%B6%E5%8D%93%E8%B6%8A%E5%BB%BA%E8%A8%AD%E7%8D%8E27%E9%A0%85%E6%AE%8A%E6%A6%AE%E3%80%80%E9%BB%83%E5%81%89%E5%93%B2%E8%82%AF%E5%AE%9A%E5%9C%98/" "Mozilla/5.0 (Windows NT 10.0; Win64; x64) AppleWebKit/537.36 (KHTML, like Gecko) Chrome/143.0.0.0 Safari/537.36"
120.34.7.211 - - [23/Aug/2026:15:43:15 +0800] "GET /%E6%96%B0%E5%B8%82%E3%80%81%E6%AD%B8%E4%BB%81%E5%85%A8%E6%B0%91%E9%81%8B%E5%8B%95%E4%B8%AD%E5%BF%83%E7%88%B6%E8%A6%AA%E7%AF%80%E5%84%AA%E6%83%A0%E7%99%BB%E5%A0%B4-%E9%82%80%E7%88%B8%E7%88%B8%E5%8B%95/ HTTP/1.1" 500 56760 "https://rajlaw.com.tw/%E8%87%BA%E5%8D%97%E5%8B%87%E5%A5%AA2026%E5%9C%8B%E5%AE%B6%E5%8D%93%E8%B6%8A%E5%BB%BA%E8%A8%AD%E7%8D%8E27%E9%A0%85%E6%AE%8A%E6%A6%AE%E3%80%80%E9%BB%83%E5%81%89%E5%93%B2%E8%82%AF%E5%AE%9A%E5%9C%98/" "Mozilla/5.0 (Windows NT 10.0; Win64; x64) AppleWebKit/537.36 (KHTML, like Gecko) Chrome/143.0.0.0 Safari/537.36"
57.141.22.100 - - [23/Aug/2026:15:43:12 +0800] "GET / HTTP/1.1" 200 139932 "-" "facebookexternalhit/1.1 (+http://www.facebook.com/externalhit_uatext.php)"
36.212.244.75 - - [23/Aug/2026:15:43:21 +0800] "GET /%E6%96%B0%E5%B8%82%E3%80%81%E6%AD%B8%E4%BB%81%E5%85%A8%E6%B0%91%E9%81%8B%E5%8B%95%E4%B8%AD%E5%BF%83%E7%88%B6%E8%A6%AA%E7%AF%80%E5%84%AA%E6%83%A0%E7%99%BB%E5%A0%B4-%E9%82%80%E7%88%B8%E7%88%B8%E5%8B%95/ HTTP/1.1" 200 94366 "https://rajlaw.com.tw/%E8%87%BA%E5%8D%97%E5%8B%87%E5%A5%AA2026%E5%9C%8B%E5%AE%B6%E5%8D%93%E8%B6%8A%E5%BB%BA%E8%A8%AD%E7%8D%8E27%E9%A0%85%E6%AE%8A%E6%A6%AE%E3%80%80%E9%BB%83%E5%81%89%E5%93%B2%E8%82%AF%E5%AE%9A%E5%9C%98/" "Mozilla/5.0 (Windows NT 10.0; Win64; x64) AppleWebKit/537.36 (KHTML, like Gecko) Chrome/143.0.0.0 Safari/537.36"
40.77.167.255 - - [23/Aug/2026:15:43:27 +0800] "GET /dato-che-trovi-cambi-di-orari-oppure-codificazione-scrivimi-ancora-aggiorno-la-vicenda/ HTTP/1.1" 200 94647 "-" "Mozilla/5.0 AppleWebKit/537.36 (KHTML, like Gecko; compatible; bingbot/2.0; +http://www.bing.com/bingbot.htm) Chrome/116.0.1938.76 Safari/537.36"
36.213.131.228 - - [23/Aug/2026:15:43:29 +0800] "GET /%E8%87%BA%E5%8D%97%E5%9F%B9%E8%82%B2200%E5%90%8D%E6%A0%A1%E5%9C%92%E9%98%B2%E7%81%BD%E5%A3%AB%E3%80%80%E5%BC%B7%E5%8C%96%E6%A0%A1%E5%9C%92%E9%98%B2%E7%81%BD%E9%9F%8C%E6%80%A7%E6%89%93%E9%80%A0/ HTTP/1.1" 500 47184 "https://rajlaw.com.tw/maximize-your-playtime-online-pokies-nz-casino-bonuses-explained/" "Mozilla/5.0 (Windows NT 10.0; Win64; x64) AppleWebKit/537.36 (KHTML, like Gecko) Chrome/142.0.0.0 Safari/537.36"
185.135.84.44 - - [23/Aug/2026:15:43:30 +0800] "POST /xmlrpc.php HTTP/1.1" 200 6124 "-" "Mozilla/5.0 (X11; Linux x86_64) AppleWebKit/537.36 (KHTML, like Gecko) Chrome/124.0.0.0 Safari/537.36"
124.150.132.81 - - [23/Aug/2026:15:43:35 +0800] "POST /wp-cron.php?doing_wp_cron=1787471015.0167579650878906250000 HTTP/1.1" 200 5843 "-" "WordPress/7.1; https://rajlaw.com.tw"
36.138.32.109 - - [23/Aug/2026:15:43:37 +0800] "GET /%E8%87%BA%E5%8D%97%E5%9F%B9%E8%82%B2200%E5%90%8D%E6%A0%A1%E5%9C%92%E9%98%B2%E7%81%BD%E5%A3%AB%E3%80%80%E5%BC%B7%E5%8C%96%E6%A0%A1%E5%9C%92%E9%98%B2%E7%81%BD%E9%9F%8C%E6%80%A7%E6%89%93%E9%80%A0/ HTTP/1.1" 200 94777 "https://rajlaw.com.tw/maximize-your-playtime-online-pokies-nz-casino-bonuses-explained/" "Mozilla/5.0 (Windows NT 10.0; Win64; x64) AppleWebKit/537.36 (KHTML, like Gecko) Chrome/142.0.0.0 Safari/537.36"
185.135.84.44 - - [23/Aug/2026:15:43:38 +0800] "POST /xmlrpc.php HTTP/1.1" 200 16332 "-" "Mozilla/5.0 (Windows NT 10.0; Win64; x64) AppleWebKit/537.36 (KHTML, like Gecko) obsidian/1.8.3 Chrome/130.0.6723.191 Electron/33.3.2 Safari/537.36"
185.135.84.44 - - [23/Aug/2026:15:43:44 +0800] "GET /los-jugadores-ya-podrian-demandar-publicaciones-sobre-recepcion-referente-a-casinos-joviales-permiso-dgoj/ HTTP/1.1" 200 96817 "-" "Mozilla/5.0 (Windows NT 10.0; Win64; x64) AppleWebKit/537.36 (KHTML, like Gecko) Chrome/133.0.0.0 Safari/537.36"
81.70.204.168 - - [23/Aug/2026:15:44:25 +0800] "GET /upload-super-monopoly-money-free-80-spins-links/ HTTP/1.1" 200 100936 "-" "Mozilla/5.0 (Windows NT 10.0; Win64; x64) AppleWebKit/537.36 (KHTML, like Gecko) Chrome/148.0.0.0 Safari/537.36"
81.70.204.168 - - [23/Aug/2026:15:44:29 +0800] "GET /wp-includes/css/dashicons.min.css?ver=7.1 HTTP/1.1" 200 59419 "https://rajlaw.com.tw/upload-super-monopoly-money-free-80-spins-links/" "Mozilla/5.0 (Windows NT 10.0; Win64; x64) AppleWebKit/537.36 (KHTML, like Gecko) Chrome/148.0.0.0 Safari/537.36"
81.70.204.168 - - [23/Aug/2026:15:44:29 +0800] "GET /wp-content/themes/zakra/assets/js/skip-link-focus-fix.min.js?ver=4.0.6 HTTP/1.1" 200 804 "https://rajlaw.com.tw/upload-super-monopoly-money-free-80-spins-links/" "Mozilla/5.0 (Windows NT 10.0; Win64; x64) AppleWebKit/537.36 (KHTML, like Gecko) Chrome/148.0.0.0 Safari/537.36"
81.70.204.168 - - [23/Aug/2026:15:44:29 +0800] "GET /wp-includes/js/wp-emoji-release.min.js?ver=7.1 HTTP/1.1" 200 23123 "https://rajlaw.com.tw/upload-super-monopoly-money-free-80-spins-links/" "Mozilla/5.0 (Windows NT 10.0; Win64; x64) AppleWebKit/537.36 (KHTML, like Gecko) Chrome/148.0.0.0 Safari/537.36"
36.250.107.150 - - [23/Aug/2026:15:46:04 +0800] "GET /mclaren%e6%89%8b%e6%8e%92%e8%b6%85%e8%b7%91p50%e5%82%b38%e6%9c%88%e7%99%bc%e8%a1%a8%e3%80%80%e9%99%90%e9%87%8f100%e8%bc%9b%e6%9c%89%e6%9c%9b%e6%88%90%e5%93%81%e7%89%8c30%e5%b9%b4%e4%be%86%e6%9c%80 HTTP/1.1" 301 6254 "-" "Mozilla/5.0 (Windows NT 10.0; Win64; x64) AppleWebKit/537.36 (KHTML, like Gecko) Chrome/144.0.0.0 Safari/537.36"
36.250.107.150 - - [23/Aug/2026:15:46:08 +0800] "GET /mclaren%e6%89%8b%e6%8e%92%e8%b6%85%e8%b7%91p50%e5%82%b38%e6%9c%88%e7%99%bc%e8%a1%a8%e3%80%80%e9%99%90%e9%87%8f100%e8%bc%9b%e6%9c%89%e6%9c%9b%e6%88%90%e5%93%81%e7%89%8c30%e5%b9%b4%e4%be%86%e6%9c%80/ HTTP/1.1" 200 91467 "-" "Mozilla/5.0 (Windows NT 10.0; Win64; x64) AppleWebKit/537.36 (KHTML, like Gecko) Chrome/144.0.0.0 Safari/537.36"
36.250.107.150 - - [23/Aug/2026:15:46:13 +0800] "GET /wp-includes/css/dashicons.min.css?ver=7.1 HTTP/1.1" 200 59419 "https://rajlaw.com.tw/mclaren%e6%89%8b%e6%8e%92%e8%b6%85%e8%b7%91p50%e5%82%b38%e6%9c%88%e7%99%bc%e8%a1%a8%e3%80%80%e9%99%90%e9%87%8f100%e8%bc%9b%e6%9c%89%e6%9c%9b%e6%88%90%e5%93%81%e7%89%8c30%e5%b9%b4%e4%be%86%e6%9c%80/" "Mozilla/5.0 (Windows NT 10.0; Win64; x64) AppleWebKit/537.36 (KHTML, like Gecko) Chrome/144.0.0.0 Safari/537.36"
36.250.107.150 - - [23/Aug/2026:15:46:13 +0800] "GET /wp-content/themes/zakra/inc/customizer/customind/assets/fontawesome/v6/css/all.min.css?ver=6.2.4 HTTP/1.1" 200 103651 "https://rajlaw.com.tw/mclaren%e6%89%8b%e6%8e%92%e8%b6%85%e8%b7%91p50%e5%82%b38%e6%9c%88%e7%99%bc%e8%a1%a8%e3%80%80%e9%99%90%e9%87%8f100%e8%bc%9b%e6%9c%89%e6%9c%9b%e6%88%90%e5%93%81%e7%89%8c30%e5%b9%b4%e4%be%86%e6%9c%80/" "Mozilla/5.0 (Windows NT 10.0; Win64; x64) AppleWebKit/537.36 (KHTML, like Gecko) Chrome/144.0.0.0 Safari/537.36"
36.250.107.150 - - [23/Aug/2026:15:46:13 +0800] "GET /wp-content/plugins/everest-forms/assets/css/everest-forms.css?ver=3.0.9.3 HTTP/1.1" 200 100974 "https://rajlaw.com.tw/mclaren%e6%89%8b%e6%8e%92%e8%b6%85%e8%b7%91p50%e5%82%b38%e6%9c%88%e7%99%bc%e8%a1%a8%e3%80%80%e9%99%90%e9%87%8f100%e8%bc%9b%e6%9c%89%e6%9c%9b%e6%88%90%e5%93%81%e7%89%8c30%e5%b9%b4%e4%be%86%e6%9c%80/" "Mozilla/5.0 (Windows NT 10.0; Win64; x64) AppleWebKit/537.36 (KHTML, like Gecko) Chrome/144.0.0.0 Safari/537.36"
36.250.107.150 - - [23/Aug/2026:15:46:13 +0800] "GET /wp-content/plugins/everest-forms/assets/css/intlTelInput.css?ver=3.0.9.3 HTTP/1.1" 200 45997 "https://rajlaw.com.tw/mclaren%e6%89%8b%e6%8e%92%e8%b6%85%e8%b7%91p50%e5%82%b38%e6%9c%88%e7%99%bc%e8%a1%a8%e3%80%80%e9%99%90%e9%87%8f100%e8%bc%9b%e6%9c%89%e6%9c%9b%e6%88%90%e5%93%81%e7%89%8c30%e5%b9%b4%e4%be%86%e6%9c%80/" "Mozilla/5.0 (Windows NT 10.0; Win64; x64) AppleWebKit/537.36 (KHTML, like Gecko) Chrome/144.0.0.0 Safari/537.36"
36.250.107.150 - - [23/Aug/2026:15:46:13 +0800] "GET /wp-content/themes/zakra/style.css?ver=4.0.6 HTTP/1.1" 200 106957 "https://rajlaw.com.tw/mclaren%e6%89%8b%e6%8e%92%e8%b6%85%e8%b7%91p50%e5%82%b38%e6%9c%88%e7%99%bc%e8%a1%a8%e3%80%80%e9%99%90%e9%87%8f100%e8%bc%9b%e6%9c%89%e6%9c%9b%e6%88%90%e5%93%81%e7%89%8c30%e5%b9%b4%e4%be%86%e6%9c%80/" "Mozilla/5.0 (Windows NT 10.0; Win64; x64) AppleWebKit/537.36 (KHTML, like Gecko) Chrome/144.0.0.0 Safari/537.36"
36.250.107.150 - - [23/Aug/2026:15:46:13 +0800] "GET /wp-content/themes/zakra/assets/js/navigation.min.js?ver=4.0.6 HTTP/1.1" 200 4947 "https://rajlaw.com.tw/mclaren%e6%89%8b%e6%8e%92%e8%b6%85%e8%b7%91p50%e5%82%b38%e6%9c%88%e7%99%bc%e8%a1%a8%e3%80%80%e9%99%90%e9%87%8f100%e8%bc%9b%e6%9c%89%e6%9c%9b%e6%88%90%e5%93%81%e7%89%8c30%e5%b9%b4%e4%be%86%e6%9c%80/" "Mozilla/5.0 (Windows NT 10.0; Win64; x64) AppleWebKit/537.36 (KHTML, like Gecko) Chrome/144.0.0.0 Safari/537.36"
36.250.107.150 - - [23/Aug/2026:15:46:13 +0800] "GET /wp-content/themes/zakra/assets/js/skip-link-focus-fix.min.js?ver=4.0.6 HTTP/1.1" 200 666 "https://rajlaw.com.tw/mclaren%e6%89%8b%e6%8e%92%e8%b6%85%e8%b7%91p50%e5%82%b38%e6%9c%88%e7%99%bc%e8%a1%a8%e3%80%80%e9%99%90%e9%87%8f100%e8%bc%9b%e6%9c%89%e6%9c%9b%e6%88%90%e5%93%81%e7%89%8c30%e5%b9%b4%e4%be%86%e6%9c%80/" "Mozilla/5.0 (Windows NT 10.0; Win64; x64) AppleWebKit/537.36 (KHTML, like Gecko) Chrome/144.0.0.0 Safari/537.36"
36.250.107.150 - - [23/Aug/2026:15:46:13 +0800] "GET /wp-content/themes/zakra/assets/js/zakra-custom.min.js?ver=4.0.6 HTTP/1.1" 200 5825 "https://rajlaw.com.tw/mclaren%e6%89%8b%e6%8e%92%e8%b6%85%e8%b7%91p50%e5%82%b38%e6%9c%88%e7%99%bc%e8%a1%a8%e3%80%80%e9%99%90%e9%87%8f100%e8%bc%9b%e6%9c%89%e6%9c%9b%e6%88%90%e5%93%81%e7%89%8c30%e5%b9%b4%e4%be%86%e6%9c%80/" "Mozilla/5.0 (Windows NT 10.0; Win64; x64) AppleWebKit/537.36 (KHTML, like Gecko) Chrome/144.0.0.0 Safari/537.36"
36.250.107.150 - - [23/Aug/2026:15:46:14 +0800] "GET /wp-content/themes/zakra/assets/fonts/themegrill-icons.woff2?5d42b271f668d2d6461ba91fc5a5a839 HTTP/1.1" 200 1622 "https://rajlaw.com.tw/wp-content/themes/zakra/style.css?ver=4.0.6" "Mozilla/5.0 (Windows NT 10.0; Win64; x64) AppleWebKit/537.36 (KHTML, like Gecko) Chrome/144.0.0.0 Safari/537.36"
36.250.107.150 - - [23/Aug/2026:15:46:14 +0800] "GET /wp-content/themes/zakra/inc/customizer/customind/assets/fontawesome/v6/webfonts/fa-solid-900.woff2 HTTP/1.1" 200 156967 "https://rajlaw.com.tw/wp-content/themes/zakra/inc/customizer/customind/assets/fontawesome/v6/css/all.min.css?ver=6.2.4" "Mozilla/5.0 (Windows NT 10.0; Win64; x64) AppleWebKit/537.36 (KHTML, like Gecko) Chrome/144.0.0.0 Safari/537.36"
36.250.107.150 - - [23/Aug/2026:15:46:14 +0800] "GET /wp-includes/js/wp-emoji-release.min.js?ver=7.1 HTTP/1.1" 200 23123 "https://rajlaw.com.tw/mclaren%e6%89%8b%e6%8e%92%e8%b6%85%e8%b7%91p50%e5%82%b38%e6%9c%88%e7%99%bc%e8%a1%a8%e3%80%80%e9%99%90%e9%87%8f100%e8%bc%9b%e6%9c%89%e6%9c%9b%e6%88%90%e5%93%81%e7%89%8c30%e5%b9%b4%e4%be%86%e6%9c%80/" "Mozilla/5.0 (Windows NT 10.0; Win64; x64) AppleWebKit/537.36 (KHTML, like Gecko) Chrome/144.0.0.0 Safari/537.36"
57.141.4.34 - - [23/Aug/2026:15:46:10 +0800] "GET / HTTP/1.1" 200 139932 "-" "facebookexternalhit/1.1 (+http://www.facebook.com/externalhit_uatext.php)"
36.250.107.150 - - [23/Aug/2026:15:46:14 +0800] "GET /favicon.ico HTTP/1.1" 302 1395 "https://rajlaw.com.tw/mclaren%e6%89%8b%e6%8e%92%e8%b6%85%e8%b7%91p50%e5%82%b38%e6%9c%88%e7%99%bc%e8%a1%a8%e3%80%80%e9%99%90%e9%87%8f100%e8%bc%9b%e6%9c%89%e6%9c%9b%e6%88%90%e5%93%81%e7%89%8c30%e5%b9%b4%e4%be%86%e6%9c%80/" "Mozilla/5.0 (Windows NT 10.0; Win64; x64) AppleWebKit/537.36 (KHTML, like Gecko) Chrome/144.0.0.0 Safari/537.36"
52.167.144.229 - - [23/Aug/2026:15:46:29 +0800] "GET /strona-internetowa-kasyna-internetowe-jest-responsywna-na-przyklad-jednego-do-dostosowuje-sie-na-ekranu-telefonu/ HTTP/1.1" 200 99337 "-" "Mozilla/5.0 AppleWebKit/537.36 (KHTML, like Gecko; compatible; bingbot/2.0; +http://www.bing.com/bingbot.htm) Chrome/116.0.1938.76 Safari/537.36"
212.44.120.29 - - [23/Aug/2026:15:46:22 +0800] "POST /xmlrpc.php HTTP/1.1" 200 6124 "-" "Mozilla/5.0 (Windows NT 10.0; Win64; x64) AppleWebKit/537.36 (KHTML, like Gecko) obsidian/1.6.5 Chrome/124.0.6367.243 Electron/30.1.2 Safari/537.36"
52.167.144.191 - - [23/Aug/2026:15:46:24 +0800] "GET /%E9%BB%83%E5%81%89%E5%93%B2%E6%8B%9C%E6%9C%83%E6%9D%B1%E4%BA%AC%E9%83%BD%E7%94%BA%E7%94%B0%E5%B8%82%E3%80%80%E7%9B%BC%E4%BB%A5%E8%B6%B3%E7%90%83%E3%80%81%E8%A7%80%E5%85%89%E9%96%8B%E5%95%9F%E8%87%BA/ HTTP/1.1" 200 95464 "-" "Mozilla/5.0 AppleWebKit/537.36 (KHTML, like Gecko; compatible; bingbot/2.0; +http://www.bing.com/bingbot.htm) Chrome/116.0.1938.76 Safari/537.36"
124.150.132.81 - - [23/Aug/2026:15:46:33 +0800] "POST /wp-cron.php?doing_wp_cron=1787471193.2099599838256835937500 HTTP/1.1" 200 5843 "-" "WordPress/7.1; https://rajlaw.com.tw"
212.44.120.29 - - [23/Aug/2026:15:46:39 +0800] "POST /xmlrpc.php HTTP/1.1" 200 14750 "-" "Mozilla/5.0 (Windows NT 10.0; Win64; x64; rv:128.0) Gecko/20100101 Firefox/128.0"
64.31.27.87 - - [23/Aug/2026:15:46:43 +0800] "POST /xmlrpc.php HTTP/1.1" 200 6116 "-" "Mozilla/5.0 (Windows NT 10.0; Win64; x64) AppleWebKit/537.36 (KHTML, like Gecko) Chrome/124.0 Safari/537.36"
212.44.120.29 - - [23/Aug/2026:15:46:46 +0800] "GET /alrededor-registrarse-recibiran-cualquier-bono-sobre-registro-para-producir-desplazandolo-hacia-el-pelo-repasar-su-cuenta/ HTTP/1.1" 200 95512 "-" "Mozilla/5.0 (X11; Ubuntu; Linux x86_64; rv:137.0) Gecko/20100101 Firefox/137.0"
124.150.132.81 - - [23/Aug/2026:15:46:47 +0800] "POST /wp-cron.php?doing_wp_cron=1787471207.8331079483032226562500 HTTP/1.1" 200 5843 "-" "WordPress/7.1; https://rajlaw.com.tw"
64.31.27.87 - - [23/Aug/2026:15:46:54 +0800] "POST /xmlrpc.php HTTP/1.1" 200 17833 "-" "Mozilla/5.0 (Windows NT 10.0; Win64; x64) AppleWebKit/537.36 (KHTML, like Gecko) Chrome/119.0.0.0 Safari/537.36"
64.31.27.87 - - [23/Aug/2026:15:47:01 +0800] "GET /inzwischen-besucht-person-netz-casinos-uber-tablet-oder-cellphone-sogar-wie-am-schnurchen-von-auf-dem-weg-zu-leer/ HTTP/1.1" 200 98274 "-" "Mozilla/5.0 (Macintosh; Intel Mac OS X 10_15_7) AppleWebKit/537.36 (KHTML, like Gecko) Chrome/129.0.0.0 Safari/537.36"
185.135.84.44 - - [23/Aug/2026:15:47:55 +0800] "POST /xmlrpc.php HTTP/1.1" 200 6124 "-" "Mozilla/5.0 (Windows NT 10.0; Win64; x64) AppleWebKit/537.36 (KHTML, like Gecko) Chrome/133.0.0.0 Safari/537.36"
124.150.132.81 - - [23/Aug/2026:15:47:59 +0800] "POST /wp-cron.php?doing_wp_cron=1787471279.2516250610351562500000 HTTP/1.1" 200 5843 "-" "WordPress/7.1; https://rajlaw.com.tw"
185.135.84.44 - - [23/Aug/2026:15:48:05 +0800] "POST /xmlrpc.php HTTP/1.1" 200 14449 "-" "Mozilla/5.0 (Windows NT 10.0; Win64; x64) AppleWebKit/537.36 (KHTML, like Gecko) Chrome/131.0.0.0 Safari/537.36"
185.135.84.44 - - [23/Aug/2026:15:48:12 +0800] "GET /unas-las-superiores-slots-para-gozar-de-los-bonos-sobre-casino-desprovisto-tanque/ HTTP/1.1" 200 94777 "-" "Mozilla/5.0 (Windows NT 10.0; Win64; x64) AppleWebKit/537.36 (KHTML, like Gecko) Chrome/134.0.0.0 YaBrowser/25.4.0.0 Safari/537.36"
212.44.120.29 - - [23/Aug/2026:15:48:16 +0800] "POST /xmlrpc.php HTTP/1.1" 200 6124 "-" "Mozilla/5.0 (Macintosh; Intel Mac OS X 10_15_7) AppleWebKit/537.36 (KHTML, like Gecko) Chrome/145.0.0.0 Safari/537.36 OPR/129.0.0.0"
124.150.132.81 - - [23/Aug/2026:15:48:20 +0800] "POST /wp-cron.php?doing_wp_cron=1787471300.6559729576110839843750 HTTP/1.1" 200 5843 "-" "WordPress/7.1; https://rajlaw.com.tw"
212.44.120.29 - - [23/Aug/2026:15:48:26 +0800] "POST /xmlrpc.php HTTP/1.1" 200 15480 "-" "Mozilla/5.0 (Windows NT 10.0; Win64; x64) AppleWebKit/537.36 (KHTML, like Gecko) Chrome/132.0.0.0 Safari/537.36 OPR/117.0.0.0"
212.44.120.29 - - [23/Aug/2026:15:48:31 +0800] "GET /lo-que-de-mayor-destaco-sobre-platincasino-podri%EF%BF%BDa-ser-brinda-bonos-sobre-giros-gratis-para-duplicado/ HTTP/1.1" 200 95870 "-" "Mozilla/5.0 (Windows NT 10.0; Win64; x64) AppleWebKit/537.36 (KHTML, like Gecko) Chrome/117.0.5938.132 Safari/537.36"
52.167.144.229 - - [23/Aug/2026:15:48:37 +0800] "GET /from-the-betinia-the-desk-games-point-accumulates-classic-gambling-establishment-actions-inside-the-a-clean-easy-to-search-lobby/ HTTP/1.1" 200 97427 "-" "Mozilla/5.0 AppleWebKit/537.36 (KHTML, like Gecko; compatible; bingbot/2.0; +http://www.bing.com/bingbot.htm) Chrome/116.0.1938.76 Safari/537.36"
57.141.16.115 - - [23/Aug/2026:15:49:15 +0800] "GET / HTTP/1.1" 200 139932 "-" "facebookexternalhit/1.1 (+http://www.facebook.com/externalhit_uatext.php)"
66.249.72.199 - - [23/Aug/2026:15:49:36 +0800] "GET /%E5%AF%A6%E5%83%B9%E7%99%BB%E9%8C%84%E6%98%AF%E7%94%9A%E9%BA%BC%EF%BC%9F%E8%A2%AB%E8%93%8B%E7%89%8C%EF%BC%9F/ HTTP/1.1" 200 97245 "-" "Mozilla/5.0 (Linux; Android 6.0.1; Nexus 5X Build/MMB29P) AppleWebKit/537.36 (KHTML, like Gecko) Chrome/151.0.7922.137 Mobile Safari/537.36 (compatible; Googlebot/2.1; +http://www.google.com/bot.html)"
40.77.167.46 - - [23/Aug/2026:15:49:38 +0800] "GET /joining-during-the-candyland-gambling-establishment-takes-just-a-few-minutes-register-with-a-valid-current-email-address-put-a-strong-code-and-youre-from-inside-the/ HTTP/1.1" 200 98014 "-" "Mozilla/5.0 AppleWebKit/537.36 (KHTML, like Gecko; compatible; bingbot/2.0; +http://www.bing.com/bingbot.htm) Chrome/116.0.1938.76 Safari/537.36"
185.135.84.44 - - [23/Aug/2026:15:49:39 +0800] "POST /xmlrpc.php HTTP/1.1" 200 6124 "-" "Mozilla/5.0 (Macintosh; Intel Mac OS X 10_15_7) AppleWebKit/537.36 (KHTML, like Gecko) Chrome/116.0.0.0 Safari/537.36"
185.135.84.44 - - [23/Aug/2026:15:49:51 +0800] "POST /xmlrpc.php HTTP/1.1" 200 15023 "-" "Mozilla/5.0 (X11; Ubuntu; Linux x86_64; rv:136.0) Gecko/20100101 Firefox/136.0"
64.31.27.87 - - [23/Aug/2026:15:49:53 +0800] "POST /xmlrpc.php HTTP/1.1" 200 6116 "-" "Mozilla/5.0 (X11; Linux x86_64) AppleWebKit/537.36 (KHTML, like Gecko) Chrome/132.0.0.0 Safari/537.36"
124.150.132.81 - - [23/Aug/2026:15:49:21 +0800] "POST /wp-cron.php?doing_wp_cron=1787471361.0099439620971679687500 HTTP/1.1" 500 8614 "-" "WordPress/7.1; https://rajlaw.com.tw"
185.135.84.44 - - [23/Aug/2026:15:49:59 +0800] "GET /ademis-se-podri%EF%BF%BDan-mover-poseen-versiones-con-normas-especificas-multiplicadores-y-no-ha-transpirado-mesas-sobre-presto-con-el-pasar-del-tiempo-crupieres-reales/ HTTP/1.1" 200 96030 "-" "Mozilla/5.0 (Windows NT 10.0; Win64; x64; rv:135.0) Gecko/20100101 Firefox/135.0"
212.44.120.29 - - [23/Aug/2026:15:50:05 +0800] "POST /xmlrpc.php HTTP/1.1" 200 6124 "-" "Mozilla/5.0 (Windows NT 10.0; Win64; x64) AppleWebKit/537.36 (KHTML, like Gecko) Chrome/124.0.0.0 Safari/537.36"
212.44.120.29 - - [23/Aug/2026:15:50:14 +0800] "POST /xmlrpc.php HTTP/1.1" 200 17030 "-" "Mozilla/5.0 (X11; Linux x86_64) AppleWebKit/537.36 (KHTML, like Gecko) Chrome/131.0.0.0 Safari/537.36"
52.167.144.191 - - [23/Aug/2026:15:50:34 +0800] "GET /in-order-to-claim-the-fresh-totally-free-dollars-render-at-the-slotsandcasino-members-must-check-in-an-account-and-you-may-meet-particular-betting-conditions/ HTTP/1.1" 200 95509 "-" "Mozilla/5.0 AppleWebKit/537.36 (KHTML, like Gecko; compatible; bingbot/2.0; +http://www.bing.com/bingbot.htm) Chrome/116.0.1938.76 Safari/537.36"
40.77.167.46 - - [23/Aug/2026:15:50:48 +0800] "GET /keno-technologia-informacyjna-klasyczna-gry-liczbowej-na-ktorej-sportowcy-chca-wypelnic-notatki-wedlug-wylosowanych-numerow/ HTTP/1.1" 200 97978 "-" "Mozilla/5.0 AppleWebKit/537.36 (KHTML, like Gecko; compatible; bingbot/2.0; +http://www.bing.com/bingbot.htm) Chrome/116.0.1938.76 Safari/537.36"
185.135.84.43 - - [23/Aug/2026:15:51:10 +0800] "POST /xmlrpc.php HTTP/1.1" 200 6124 "-" "Mozilla/5.0 (Windows NT 10.0; Win64; x64) AppleWebKit/537.36 (KHTML, like Gecko) Chrome/131.0.0.0 Safari/537.36"
64.31.27.87 - - [23/Aug/2026:15:51:15 +0800] "POST /xmlrpc.php HTTP/1.1" 200 19967 "-" "Mozilla/5.0 (Windows NT 10.0; Win64; x64) AppleWebKit/537.36 (KHTML, like Gecko) obsidian/1.8.4 Chrome/130.0.6723.191 Electron/33.3.2 Safari/537.36"
124.150.132.81 - - [23/Aug/2026:15:50:38 +0800] "POST /wp-cron.php?doing_wp_cron=1787471438.5400800704956054687500 HTTP/1.1" 200 5843 "-" "WordPress/7.1; https://rajlaw.com.tw"
64.31.27.87 - - [23/Aug/2026:15:51:42 +0800] "POST /xmlrpc.php HTTP/1.1" 200 6116 "-" "Mozilla/5.0 (Macintosh; Intel Mac OS X 10_15_7) AppleWebKit/537.36 (KHTML, like Gecko) obsidian/1.8.10 Chrome/132.0.6834.196 Electron/34.2.0 Safari/537.36"
124.150.132.81 - - [23/Aug/2026:15:51:46 +0800] "POST /wp-cron.php?doing_wp_cron=1787471506.5159289836883544921875 HTTP/1.1" 200 5843 "-" "WordPress/7.1; https://rajlaw.com.tw"
185.135.84.43 - - [23/Aug/2026:15:51:57 +0800] "POST /xmlrpc.php HTTP/1.1" 200 18196 "-" "Mozilla/5.0 (Windows NT 10.0; Win64; x64) AppleWebKit/537.36 (KHTML, like Gecko) Chrome/147.0.0.0 Safari/537.36 OPR/131.0.0.0"
64.31.27.87 - - [23/Aug/2026:15:52:02 +0800] "GET /nebensachlich-touristen-jungere-zielgruppen-und-gelegenheitsbesucher-sie-sind-kumulativ-angesprochen-%EF%BF%BD-qua-erfolg/ HTTP/1.1" 200 100830 "-" "Mozilla/5.0 (Macintosh; Intel Mac OS X 10_15_7) AppleWebKit/537.36 (KHTML, like Gecko) Chrome/147.0.0.0 Safari/537.36"
124.150.132.81 - - [23/Aug/2026:15:52:03 +0800] "POST /wp-cron.php?doing_wp_cron=1787471523.4975240230560302734375 HTTP/1.1" 200 5843 "-" "WordPress/7.1; https://rajlaw.com.tw"
36.212.247.4 - - [23/Aug/2026:15:52:24 +0800] "GET /%E6%96%B0%E5%86%A0%E7%96%AB%E6%83%85%E5%8D%87%E6%BA%AB%EF%BC%81%E6%9C%AC%E5%9C%9F%E9%87%8D%E7%97%879%E6%88%90%E6%9C%AA%E6%89%93%E6%9C%AC%E5%AD%A3%E7%96%AB%E8%8B%97%E3%80%80%E6%94%BF%E9%99%A2%E7%9B%A4/ HTTP/1.1" 200 97105 "https://rajlaw.com.tw/category/%E7%A4%BE%E6%9C%83/" "Mozilla/5.0 (Macintosh; Intel Mac OS X 10_15_7) AppleWebKit/537.36 (KHTML, like Gecko) Chrome/145.0.0.0 Safari/537.36"
185.135.84.43 - - [23/Aug/2026:15:52:37 +0800] "GET /la-dgoj-se-encuentre-compuesta-para-una-vestimenta-de-profesionales-referente-a-derecho-tecnologia-y-no-ha-transpirado-decision-informatica/ HTTP/1.1" 200 99083 "-" "Mozilla/5.0 (Macintosh; Intel Mac OS X 10_15_7) AppleWebKit/537.36 (KHTML, like Gecko) Chrome/148.0.0.0 Safari/537.36"
64.31.27.87 - - [23/Aug/2026:15:52:45 +0800] "POST /xmlrpc.php HTTP/1.1" 200 19825 "-" "Mozilla/5.0 (X11; Linux x86_64) AppleWebKit/537.36 (KHTML, like Gecko) Chrome/131.0.0.0 Safari/537.36"
185.135.84.43 - - [23/Aug/2026:15:53:13 +0800] "POST /xmlrpc.php HTTP/1.1" 200 6124 "-" "Mozilla/5.0 (Windows NT 10.0; Win64; x64) AppleWebKit/537.36 (KHTML, like Gecko) Chrome/134.0.0.0 YaBrowser/25.4.0.0 Safari/537.36"
124.150.132.81 - - [23/Aug/2026:15:53:17 +0800] "POST /wp-cron.php?doing_wp_cron=1787471597.2543148994445800781250 HTTP/1.1" 200 5843 "-" "WordPress/7.1; https://rajlaw.com.tw"
64.31.27.87 - - [23/Aug/2026:15:53:20 +0800] "POST /xmlrpc.php HTTP/1.1" 200 6116 "-" "Mozilla/5.0 (Macintosh; Intel Mac OS X 10_15_7) AppleWebKit/605.1.15 (KHTML, like Gecko) Version/18.3.1 Safari/605.1.15"
185.135.84.43 - - [23/Aug/2026:15:53:23 +0800] "POST /xmlrpc.php HTTP/1.1" 200 18630 "-" "Mozilla/5.0 (Macintosh; Intel Mac OS X 10.15; rv:150.0) Gecko/20100101 Firefox/150.0"
85.208.96.199 - - [23/Aug/2026:15:53:28 +0800] "GET /%E4%BB%80%E9%BA%BC%E6%98%AF%E5%87%B6%E5%AE%85%EF%BC%9F/ HTTP/1.1" 200 96838 "-" "Mozilla/5.0 (compatible; SemrushBot/7~bl; +http://www.semrush.com/bot.html)"
185.135.84.43 - - [23/Aug/2026:15:53:31 +0800] "GET /el-peso-de-estas-recompensas-se-podri%EF%BF%BDan-mover-define-segun-nuestro-total-sobre-depositos-realizados-nuestro-fecha-pasado/ HTTP/1.1" 200 99462 "-" "Mozilla/5.0 (Windows NT 10.0; Win64; x64) AppleWebKit/537.36 (KHTML, like Gecko) Chrome/134.0.0.0 YaBrowser/25.4.0.0 Safari/537.36"
124.150.132.81 - - [23/Aug/2026:15:53:32 +0800] "POST /wp-cron.php?doing_wp_cron=1787471612.3490269184112548828125 HTTP/1.1" 200 5843 "-" "WordPress/7.1; https://rajlaw.com.tw"
52.167.144.191 - - [23/Aug/2026:15:53:35 +0800] "GET /%E5%8F%B0%E7%81%A3%E6%B2%B9%E6%94%B9%E6%B0%A3%E7%82%BA%E4%BD%95%E4%B8%8D%E5%86%8D%E6%99%AE%E5%8F%8A%EF%BC%9F%E5%90%88%E6%B3%95%E6%94%B9%E8%A3%9D%E3%80%81%E6%AA%A2%E9%A9%97%E8%88%87%E5%8A%A0%E6%B0%A3-2/ HTTP/1.1" 200 97261 "-" "Mozilla/5.0 AppleWebKit/537.36 (KHTML, like Gecko; compatible; bingbot/2.0; +http://www.bing.com/bingbot.htm) Chrome/116.0.1938.76 Safari/537.36"
64.31.27.87 - - [23/Aug/2026:15:53:38 +0800] "POST /xmlrpc.php HTTP/1.1" 200 18962 "-" "Mozilla/5.0 (Macintosh; Intel Mac OS X 10_15_7) AppleWebKit/537.36 (KHTML, like Gecko) Chrome/116.0.0.0 Safari/537.36"
66.249.71.227 - - [23/Aug/2026:15:53:45 +0800] "GET /internet-casino-eight-hundred-deposit-extra-codes-gambling-enterprise-eight-hundred-greeting-bonuses-play-stinkin-rich-real-money-to-own-uk-people/ HTTP/1.1" 200 101296 "-" "Mozilla/5.0 (Linux; Android 6.0.1; Nexus 5X Build/MMB29P) AppleWebKit/537.36 (KHTML, like Gecko) Chrome/151.0.7922.137 Mobile Safari/537.36 (compatible; GoogleOther)"
64.31.27.87 - - [23/Aug/2026:15:52:56 +0800] "GET /zu-handen-fahrzeugfuhrer-angebot-die-autobahnen-a10-weiters-a100-bequeme-zufahrtswege-parkmoglichkeiten-sind-in-der-nahe-existent/ HTTP/1.1" 200 83428 "-" "Mozilla/5.0 (Windows NT 10.0; Win64; x64) AppleWebKit/537.36 (KHTML, like Gecko) obsidian/1.8.4 Chrome/130.0.6723.191 Electron/33.3.2 Safari/537.36"
185.135.84.43 - - [23/Aug/2026:15:54:16 +0800] "POST /xmlrpc.php HTTP/1.1" 200 6124 "-" "Mozilla/5.0 (Windows NT 10.0; Win64; x64) AppleWebKit/537.36 (KHTML, like Gecko) Chrome/148.0.0.0 Safari/537.36"
124.150.132.81 - - [23/Aug/2026:15:54:19 +0800] "POST /wp-cron.php?doing_wp_cron=1787471659.9199779033660888671875 HTTP/1.1" 200 5843 "-" "WordPress/7.1; https://rajlaw.com.tw"
185.135.84.43 - - [23/Aug/2026:15:54:25 +0800] "POST /xmlrpc.php HTTP/1.1" 200 15405 "-" "Mozilla/5.0 (X11; Linux x86_64) AppleWebKit/537.36 (KHTML, like Gecko) Chrome/131.0.0.0 Safari/537.36"
185.135.84.43 - - [23/Aug/2026:15:54:32 +0800] "GET /la-tarima-promociones-desplazandolo-hacia-el-pelo-palabras-se-encuentran-que-hay-disponibles-acerca-de-espanol/ HTTP/1.1" 200 95863 "-" "Mozilla/5.0 (Windows NT 10.0; Win64; x64; rv:150.0) Gecko/20100101 Firefox/150.0"
64.31.27.87 - - [23/Aug/2026:15:54:34 +0800] "POST /xmlrpc.php HTTP/1.1" 200 6114 "-" "Mozilla/5.0 (Windows NT 10.0; Win64; x64; rv:137.0) Gecko/20100101 Firefox/137.0"
64.31.27.87 - - [23/Aug/2026:15:54:36 +0800] "POST /xmlrpc.php HTTP/1.1" 200 18962 "-" "Mozilla/5.0 (Macintosh; Intel Mac OS X 10.15; rv:137.0) Gecko/20100101 Firefox/137.0"
185.135.84.43 - - [23/Aug/2026:15:55:22 +0800] "POST /xmlrpc.php HTTP/1.1" 200 6124 "-" "Mozilla/5.0 (Windows NT 10.0; Win64; x64) AppleWebKit/537.36 (KHTML, like Gecko) Chrome/130.0.0.0 Safari/537.36"
57.141.12.23 - - [23/Aug/2026:15:55:26 +0800] "GET / HTTP/1.1" 200 139932 "-" "facebookexternalhit/1.1 (+http://www.facebook.com/externalhit_uatext.php)"
124.150.132.81 - - [23/Aug/2026:15:55:27 +0800] "POST /wp-cron.php?doing_wp_cron=1787471727.5037939548492431640625 HTTP/1.1" 200 5843 "-" "WordPress/7.1; https://rajlaw.com.tw"
36.137.161.106 - - [23/Aug/2026:15:55:32 +0800] "GET /casino-med-ledsen-insattning-upprakning-villig-dolphin-cash-online-minsta-2026/ HTTP/1.1" 200 97988 "https://rajlaw.com.tw/kryptocasinon-utan-svensk-licens-bonusar-betalningar-och-riktiga-pengar-online-kasino-ingen-insattning-yoyospins-skatt/" "Mozilla/5.0 (Windows NT 10.0; Win64; x64) AppleWebKit/537.36 (KHTML, like Gecko) Chrome/143.0.0.0 Safari/537.36"
185.135.84.43 - - [23/Aug/2026:15:55:36 +0800] "POST /xmlrpc.php HTTP/1.1" 200 14672 "-" "Mozilla/5.0 (Windows NT 10.0; Win64; x64) AppleWebKit/537.36 (KHTML, like Gecko) Chrome/120.0.0.0 Safari/537.36"
64.31.27.87 - - [23/Aug/2026:15:55:37 +0800] "GET /?p=14359 HTTP/1.1" 301 6110 "-" "Mozilla/5.0 (Windows NT 10.0; Win64; x64) AppleWebKit/537.36 (KHTML, like Gecko) Chrome/58.0.3029.110 Safari/537.3"
185.135.84.43 - - [23/Aug/2026:15:55:43 +0800] "GET /los-invitaciones-pase-y-no-ha-transpirado-mastercard-siguen-siendo-aceptadas-en-el-500-de-los-casinos-legales-espanoles/ HTTP/1.1" 200 95160 "-" "Mozilla/5.0 (Windows NT 10.0; Win64; x64) AppleWebKit/537.36 (KHTML, like Gecko) Chrome/129.0.0.0 Safari/537.36"
64.31.27.87 - - [23/Aug/2026:15:55:42 +0800] "GET /dine-gamble-pakete-sie-sind-auch-zuganglich-sodass-sie-den-unterhaltsamen-abend-via-freunden-baden-in-im-stande-sein/ HTTP/1.1" 200 94968 "-" "Mozilla/5.0 (Windows NT 10.0; Win64; x64) AppleWebKit/537.36 (KHTML, like Gecko) Chrome/58.0.3029.110 Safari/537.3"
185.135.84.43 - - [23/Aug/2026:15:56:23 +0800] "POST /xmlrpc.php HTTP/1.1" 200 6124 "-" "Mozilla/5.0 (Macintosh; Intel Mac OS X 10_15_7) AppleWebKit/537.36 (KHTML, like Gecko) Chrome/132.0.0.0 Safari/537.36"
57.141.2.73 - - [23/Aug/2026:15:56:27 +0800] "GET / HTTP/1.1" 200 139932 "-" "facebookexternalhit/1.1 (+http://www.facebook.com/externalhit_uatext.php)"
124.150.132.81 - - [23/Aug/2026:15:56:32 +0800] "POST /wp-cron.php?doing_wp_cron=1787471792.8846170902252197265625 HTTP/1.1" 200 5843 "-" "WordPress/7.1; https://rajlaw.com.tw"
185.135.84.43 - - [23/Aug/2026:15:56:37 +0800] "POST /xmlrpc.php HTTP/1.1" 200 17477 "-" "Mozilla/5.0 (Macintosh; Intel Mac OS X 10_15_7) AppleWebKit/537.36 (KHTML, like Gecko) Chrome/129.0.0.0 Safari/537.36"
