40.77.167.131 - - [24/Aug/2026:03:04:33 +0800] "GET /%E8%BC%9D%E9%81%94spectrum-x%E7%9F%BD%E5%85%89%E5%AD%90%E4%BA%A4%E6%8F%9B%E6%A9%9F%E9%87%8F%E7%94%A2%E3%80%80%E5%8F%B0%E7%A9%8D%E9%9B%BB%E3%80%81%E7%9F%BD%E5%93%81%E3%80%81%E9%B4%BB%E6%B5%B7%E4%BE%9B/?fileloc=/home/httpd/vhosts/rajlaw.com.tw/httpdocs/license.txt&path=/home/httpd/vhosts/rajlaw.com.tw/httpdocs HTTP/1.1" 200 32647 "-" "Mozilla/5.0 AppleWebKit/537.36 (KHTML, like Gecko; compatible; bingbot/2.0; +http://www.bing.com/bingbot.htm) Chrome/116.0.1938.76 Safari/537.36"
40.77.167.131 - - [24/Aug/2026:03:04:34 +0800] "GET /%E8%BC%9D%E9%81%94spectrum-x%E7%9F%BD%E5%85%89%E5%AD%90%E4%BA%A4%E6%8F%9B%E6%A9%9F%E9%87%8F%E7%94%A2%E3%80%80%E5%8F%B0%E7%A9%8D%E9%9B%BB%E3%80%81%E7%9F%BD%E5%93%81%E3%80%81%E9%B4%BB%E6%B5%B7%E4%BE%9B/?fileloc=/home/httpd/vhosts/rajlaw.com.tw/httpdocs/.htaccess&path=/home/httpd/vhosts/rajlaw.com.tw/httpdocs HTTP/1.1" 200 13077 "-" "Mozilla/5.0 AppleWebKit/537.36 (KHTML, like Gecko; compatible; bingbot/2.0; +http://www.bing.com/bingbot.htm) Chrome/116.0.1938.76 Safari/537.36"
40.77.167.131 - - [24/Aug/2026:03:04:35 +0800] "GET /%E8%BC%9D%E9%81%94spectrum-x%E7%9F%BD%E5%85%89%E5%AD%90%E4%BA%A4%E6%8F%9B%E6%A9%9F%E9%87%8F%E7%94%A2%E3%80%80%E5%8F%B0%E7%A9%8D%E9%9B%BB%E3%80%81%E7%9F%BD%E5%93%81%E3%80%81%E9%B4%BB%E6%B5%B7%E4%BE%9B/?fileloc=/home/httpd/vhosts/rajlaw.com.tw/httpdocs/wp-load.php&path=/home/httpd/vhosts/rajlaw.com.tw/httpdocs HTTP/1.1" 200 16634 "-" "Mozilla/5.0 AppleWebKit/537.36 (KHTML, like Gecko; compatible; bingbot/2.0; +http://www.bing.com/bingbot.htm) Chrome/116.0.1938.76 Safari/537.36"
66.249.72.200 - - [24/Aug/2026:03:04:35 +0800] "GET /vsechny-bonusove-kody-bez-vkladu-v-oblasti-jackpotu-pro-nove-i-stavajici-hrace-cervenec-2026/?path=/ HTTP/1.1" 200 17462 "-" "Mozilla/5.0 (Linux; Android 6.0.1; Nexus 5X Build/MMB29P) AppleWebKit/537.36 (KHTML, like Gecko) Chrome/151.0.7922.137 Mobile Safari/537.36 (compatible; GoogleOther)"
40.77.167.131 - - [24/Aug/2026:03:04:36 +0800] "GET /%E8%BC%9D%E9%81%94spectrum-x%E7%9F%BD%E5%85%89%E5%AD%90%E4%BA%A4%E6%8F%9B%E6%A9%9F%E9%87%8F%E7%94%A2%E3%80%80%E5%8F%B0%E7%A9%8D%E9%9B%BB%E3%80%81%E7%9F%BD%E5%93%81%E3%80%81%E9%B4%BB%E6%B5%B7%E4%BE%9B/?path=/home/httpd/vhosts/rajlaw.com.tw/httpdocs/.tmb HTTP/1.1" 200 12955 "-" "Mozilla/5.0 AppleWebKit/537.36 (KHTML, like Gecko; compatible; bingbot/2.0; +http://www.bing.com/bingbot.htm) Chrome/116.0.1938.76 Safari/537.36"
40.77.167.131 - - [24/Aug/2026:03:04:37 +0800] "GET /%E8%BC%9D%E9%81%94spectrum-x%E7%9F%BD%E5%85%89%E5%AD%90%E4%BA%A4%E6%8F%9B%E6%A9%9F%E9%87%8F%E7%94%A2%E3%80%80%E5%8F%B0%E7%A9%8D%E9%9B%BB%E3%80%81%E7%9F%BD%E5%93%81%E3%80%81%E9%B4%BB%E6%B5%B7%E4%BE%9B/?fileloc=/home/httpd/vhosts/rajlaw.com.tw/httpdocs/wp-links-opml.php&path=/home/httpd/vhosts/rajlaw.com.tw/httpdocs HTTP/1.1" 200 15324 "-" "Mozilla/5.0 AppleWebKit/537.36 (KHTML, like Gecko; compatible; bingbot/2.0; +http://www.bing.com/bingbot.htm) Chrome/116.0.1938.76 Safari/537.36"
40.77.167.131 - - [24/Aug/2026:03:04:38 +0800] "GET /%E8%BC%9D%E9%81%94spectrum-x%E7%9F%BD%E5%85%89%E5%AD%90%E4%BA%A4%E6%8F%9B%E6%A9%9F%E9%87%8F%E7%94%A2%E3%80%80%E5%8F%B0%E7%A9%8D%E9%9B%BB%E3%80%81%E7%9F%BD%E5%93%81%E3%80%81%E9%B4%BB%E6%B5%B7%E4%BE%9B/?fileloc=/home/httpd/vhosts/rajlaw.com.tw/httpdocs/wp-settings.php&path=/home/httpd/vhosts/rajlaw.com.tw/httpdocs HTTP/1.1" 200 45928 "-" "Mozilla/5.0 AppleWebKit/537.36 (KHTML, like Gecko; compatible; bingbot/2.0; +http://www.bing.com/bingbot.htm) Chrome/116.0.1938.76 Safari/537.36"
40.77.167.71 - - [24/Aug/2026:03:04:38 +0800] "GET /%E8%BC%9D%E9%81%94spectrum-x%E7%9F%BD%E5%85%89%E5%AD%90%E4%BA%A4%E6%8F%9B%E6%A9%9F%E9%87%8F%E7%94%A2%E3%80%80%E5%8F%B0%E7%A9%8D%E9%9B%BB%E3%80%81%E7%9F%BD%E5%93%81%E3%80%81%E9%B4%BB%E6%B5%B7%E4%BE%9B/?fileloc=/home/httpd/vhosts/rajlaw.com.tw/httpdocs/wp-config.php&path=/home/httpd/vhosts/rajlaw.com.tw/httpdocs HTTP/1.1" 200 20538 "-" "Mozilla/5.0 AppleWebKit/537.36 (KHTML, like Gecko; compatible; bingbot/2.0; +http://www.bing.com/bingbot.htm) Chrome/116.0.1938.76 Safari/537.36"
40.77.167.71 - - [24/Aug/2026:03:04:39 +0800] "GET /%E8%BC%9D%E9%81%94spectrum-x%E7%9F%BD%E5%85%89%E5%AD%90%E4%BA%A4%E6%8F%9B%E6%A9%9F%E9%87%8F%E7%94%A2%E3%80%80%E5%8F%B0%E7%A9%8D%E9%9B%BB%E3%80%81%E7%9F%BD%E5%93%81%E3%80%81%E9%B4%BB%E6%B5%B7%E4%BE%9B/?fileloc=/home/httpd/vhosts/rajlaw.com.tw/httpdocs/wp-trackback.php&path=/home/httpd/vhosts/rajlaw.com.tw/httpdocs HTTP/1.1" 200 18245 "-" "Mozilla/5.0 AppleWebKit/537.36 (KHTML, like Gecko; compatible; bingbot/2.0; +http://www.bing.com/bingbot.htm) Chrome/116.0.1938.76 Safari/537.36"
40.77.167.71 - - [24/Aug/2026:03:04:40 +0800] "GET /%E8%BC%9D%E9%81%94spectrum-x%E7%9F%BD%E5%85%89%E5%AD%90%E4%BA%A4%E6%8F%9B%E6%A9%9F%E9%87%8F%E7%94%A2%E3%80%80%E5%8F%B0%E7%A9%8D%E9%9B%BB%E3%80%81%E7%9F%BD%E5%93%81%E3%80%81%E9%B4%BB%E6%B5%B7%E4%BE%9B/?fileloc=/home/httpd/vhosts/rajlaw.com.tw/httpdocs/wp-config-sample.php&path=/home/httpd/vhosts/rajlaw.com.tw/httpdocs HTTP/1.1" 200 15895 "-" "Mozilla/5.0 AppleWebKit/537.36 (KHTML, like Gecko; compatible; bingbot/2.0; +http://www.bing.com/bingbot.htm) Chrome/116.0.1938.76 Safari/537.36"
40.77.167.71 - - [24/Aug/2026:03:04:41 +0800] "GET /%E8%BC%9D%E9%81%94spectrum-x%E7%9F%BD%E5%85%89%E5%AD%90%E4%BA%A4%E6%8F%9B%E6%A9%9F%E9%87%8F%E7%94%A2%E3%80%80%E5%8F%B0%E7%A9%8D%E9%9B%BB%E3%80%81%E7%9F%BD%E5%93%81%E3%80%81%E9%B4%BB%E6%B5%B7%E4%BE%9B/?fileloc=/home/httpd/vhosts/rajlaw.com.tw/httpdocs/wp-signup.php&path=/home/httpd/vhosts/rajlaw.com.tw/httpdocs HTTP/1.1" 200 51374 "-" "Mozilla/5.0 AppleWebKit/537.36 (KHTML, like Gecko; compatible; bingbot/2.0; +http://www.bing.com/bingbot.htm) Chrome/116.0.1938.76 Safari/537.36"
40.77.167.71 - - [24/Aug/2026:03:04:42 +0800] "GET /%E8%BC%9D%E9%81%94spectrum-x%E7%9F%BD%E5%85%89%E5%AD%90%E4%BA%A4%E6%8F%9B%E6%A9%9F%E9%87%8F%E7%94%A2%E3%80%80%E5%8F%B0%E7%A9%8D%E9%9B%BB%E3%80%81%E7%9F%BD%E5%93%81%E3%80%81%E9%B4%BB%E6%B5%B7%E4%BE%9B/?fileloc=/home/httpd/vhosts/rajlaw.com.tw/httpdocs/wp-comments-post.php&path=/home/httpd/vhosts/rajlaw.com.tw/httpdocs HTTP/1.1" 200 14927 "-" "Mozilla/5.0 AppleWebKit/537.36 (KHTML, like Gecko; compatible; bingbot/2.0; +http://www.bing.com/bingbot.htm) Chrome/116.0.1938.76 Safari/537.36"
40.77.167.71 - - [24/Aug/2026:03:04:43 +0800] "GET /%E8%BC%9D%E9%81%94spectrum-x%E7%9F%BD%E5%85%89%E5%AD%90%E4%BA%A4%E6%8F%9B%E6%A9%9F%E9%87%8F%E7%94%A2%E3%80%80%E5%8F%B0%E7%A9%8D%E9%9B%BB%E3%80%81%E7%9F%BD%E5%93%81%E3%80%81%E9%B4%BB%E6%B5%B7%E4%BE%9B/?path=/home/httpd/vhosts/rajlaw.com.tw HTTP/1.1" 200 24023 "-" "Mozilla/5.0 AppleWebKit/537.36 (KHTML, like Gecko; compatible; bingbot/2.0; +http://www.bing.com/bingbot.htm) Chrome/116.0.1938.76 Safari/537.36"
20.15.133.184 - - [24/Aug/2026:03:04:44 +0800] "GET /die-hohe-anzahl-in-betrieb-freispielen-darf-gleichfalls-deren-gewinnmoglichkeiten-steigern-gewalt-unser-spielerlebnis-geiler/?path=/home/httpd/vhosts/rajlaw.com.tw HTTP/1.1" 200 28799 "-" "Mozilla/5.0 AppleWebKit/537.36 (KHTML, like Gecko; compatible; bingbot/2.0; +http://www.bing.com/bingbot.htm) Chrome/116.0.1938.76 Safari/537.36"
40.77.167.71 - - [24/Aug/2026:03:04:44 +0800] "GET /%E8%BC%9D%E9%81%94spectrum-x%E7%9F%BD%E5%85%89%E5%AD%90%E4%BA%A4%E6%8F%9B%E6%A9%9F%E9%87%8F%E7%94%A2%E3%80%80%E5%8F%B0%E7%A9%8D%E9%9B%BB%E3%80%81%E7%9F%BD%E5%93%81%E3%80%81%E9%B4%BB%E6%B5%B7%E4%BE%9B/?fileloc=/home/httpd/vhosts/rajlaw.com.tw/httpdocs/wp-blog-header.php&path=/home/httpd/vhosts/rajlaw.com.tw/httpdocs HTTP/1.1" 200 12885 "-" "Mozilla/5.0 AppleWebKit/537.36 (KHTML, like Gecko; compatible; bingbot/2.0; +http://www.bing.com/bingbot.htm) Chrome/116.0.1938.76 Safari/537.36"
40.77.167.71 - - [24/Aug/2026:03:04:45 +0800] "GET /%E8%BC%9D%E9%81%94spectrum-x%E7%9F%BD%E5%85%89%E5%AD%90%E4%BA%A4%E6%8F%9B%E6%A9%9F%E9%87%8F%E7%94%A2%E3%80%80%E5%8F%B0%E7%A9%8D%E9%9B%BB%E3%80%81%E7%9F%BD%E5%93%81%E3%80%81%E9%B4%BB%E6%B5%B7%E4%BE%9B/?path=/home/httpd HTTP/1.1" 200 12699 "-" "Mozilla/5.0 AppleWebKit/537.36 (KHTML, like Gecko; compatible; bingbot/2.0; +http://www.bing.com/bingbot.htm) Chrome/116.0.1938.76 Safari/537.36"
52.167.144.180 - - [24/Aug/2026:03:04:46 +0800] "GET /%E8%BC%9D%E9%81%94spectrum-x%E7%9F%BD%E5%85%89%E5%AD%90%E4%BA%A4%E6%8F%9B%E6%A9%9F%E9%87%8F%E7%94%A2%E3%80%80%E5%8F%B0%E7%A9%8D%E9%9B%BB%E3%80%81%E7%9F%BD%E5%93%81%E3%80%81%E9%B4%BB%E6%B5%B7%E4%BE%9B/?fileloc=/home/httpd/vhosts/rajlaw.com.tw/httpdocs/wp-login.php&path=/home/httpd/vhosts/rajlaw.com.tw/httpdocs HTTP/1.1" 200 75685 "-" "Mozilla/5.0 AppleWebKit/537.36 (KHTML, like Gecko; compatible; bingbot/2.0; +http://www.bing.com/bingbot.htm) Chrome/116.0.1938.76 Safari/537.36"
52.167.144.180 - - [24/Aug/2026:03:04:48 +0800] "GET /%E8%BC%9D%E9%81%94spectrum-x%E7%9F%BD%E5%85%89%E5%AD%90%E4%BA%A4%E6%8F%9B%E6%A9%9F%E9%87%8F%E7%94%A2%E3%80%80%E5%8F%B0%E7%A9%8D%E9%9B%BB%E3%80%81%E7%9F%BD%E5%93%81%E3%80%81%E9%B4%BB%E6%B5%B7%E4%BE%9B/?fileloc=/home/httpd/vhosts/rajlaw.com.tw/httpdocs/wp-admin/upload.php&path=/home/httpd/vhosts/rajlaw.com.tw/httpdocs/wp-admin HTTP/1.1" 200 29247 "-" "Mozilla/5.0 AppleWebKit/537.36 (KHTML, like Gecko; compatible; bingbot/2.0; +http://www.bing.com/bingbot.htm) Chrome/116.0.1938.76 Safari/537.36"
51.81.163.53 - - [24/Aug/2026:03:04:52 +0800] "GET /nvidia-inception-ai%E6%96%B0%E5%89%B5%E8%A8%88%E7%95%AB%E8%A7%A3%E6%9E%90%EF%BD%9C%E8%BC%9D%E9%81%94%EF%BC%88nvidia%EF%BC%89%E5%B8%83%E5%B1%80%E5%8F%B0%E7%81%A3ai%E6%96%B0%E5%89%B5%E7%94%9F%E6%85%8B/ HTTP/1.1" 200 53578 "-" "Mozilla/5.0 (compatible; AhrefsBot/7.0; +http://ahrefs.com/robot/)"
120.233.200.125 - - [24/Aug/2026:03:04:52 +0800] "GET /?page_id=3099 HTTP/1.1" 200 53829 "-" "Mozilla/5.0 (Windows NT 10.0; Win64; x64) AppleWebKit/537.36 (KHTML, like Gecko) Chrome/144.0.0.0 Safari/537.36"
40.77.167.131 - - [24/Aug/2026:03:04:54 +0800] "GET /rso-free-spins-hanno-un-sforzo-uguale-verso-0/ HTTP/1.1" 200 53773 "-" "Mozilla/5.0 AppleWebKit/537.36 (KHTML, like Gecko; compatible; bingbot/2.0; +http://www.bing.com/bingbot.htm) Chrome/116.0.1938.76 Safari/537.36"
40.77.167.131 - - [24/Aug/2026:03:04:57 +0800] "GET /die-hohe-anzahl-in-betrieb-freispielen-darf-gleichfalls-deren-gewinnmoglichkeiten-steigern-gewalt-unser-spielerlebnis-geiler/?path=/home/httpd/vhosts/rajlaw.com.tw/httpdocs/.well-known HTTP/1.1" 200 14419 "-" "Mozilla/5.0 AppleWebKit/537.36 (KHTML, like Gecko; compatible; bingbot/2.0; +http://www.bing.com/bingbot.htm) Chrome/116.0.1938.76 Safari/537.36"
40.77.167.71 - - [24/Aug/2026:03:05:01 +0800] "GET /%E8%BC%9D%E9%81%94spectrum-x%E7%9F%BD%E5%85%89%E5%AD%90%E4%BA%A4%E6%8F%9B%E6%A9%9F%E9%87%8F%E7%94%A2%E3%80%80%E5%8F%B0%E7%A9%8D%E9%9B%BB%E3%80%81%E7%9F%BD%E5%93%81%E3%80%81%E9%B4%BB%E6%B5%B7%E4%BE%9B/?path=/home/httpd/vhosts/rajlaw.com.tw/httpdocs/wp-content/themes HTTP/1.1" 200 56082 "-" "Mozilla/5.0 AppleWebKit/537.36 (KHTML, like Gecko; compatible; bingbot/2.0; +http://www.bing.com/bingbot.htm) Chrome/116.0.1938.76 Safari/537.36"
40.77.167.71 - - [24/Aug/2026:03:05:03 +0800] "GET /%E3%80%8C%E5%85%AC%E5%8B%99%E5%93%A1%E9%83%BD%E8%83%BD%E5%81%B7%E6%9F%A5%EF%BC%8C%E6%88%91%E5%80%91%E8%B3%87%E6%96%99%E9%82%84%E5%AE%89%E5%85%A8%E5%97%8E%EF%BC%9F%E3%80%8D2812%E8%90%AC%E7%AD%86/?fileloc=/home/httpd/vhosts/rajlaw.com.tw/httpdocs/wp-config-sample.php&path=/home/httpd/vhosts/rajlaw.com.tw/httpdocs HTTP/1.1" 200 15895 "-" "Mozilla/5.0 AppleWebKit/537.36 (KHTML, like Gecko; compatible; bingbot/2.0; +http://www.bing.com/bingbot.htm) Chrome/116.0.1938.76 Safari/537.36"
40.77.167.71 - - [24/Aug/2026:03:05:04 +0800] "GET /%E3%80%8C%E5%85%AC%E5%8B%99%E5%93%A1%E9%83%BD%E8%83%BD%E5%81%B7%E6%9F%A5%EF%BC%8C%E6%88%91%E5%80%91%E8%B3%87%E6%96%99%E9%82%84%E5%AE%89%E5%85%A8%E5%97%8E%EF%BC%9F%E3%80%8D2812%E8%90%AC%E7%AD%86/?fileloc=/home/httpd/vhosts/rajlaw.com.tw/httpdocs/xmlrpc.php&path=/home/httpd/vhosts/rajlaw.com.tw/httpdocs HTTP/1.1" 200 16081 "-" "Mozilla/5.0 AppleWebKit/537.36 (KHTML, like Gecko; compatible; bingbot/2.0; +http://www.bing.com/bingbot.htm) Chrome/116.0.1938.76 Safari/537.36"
120.233.200.125 - - [24/Aug/2026:03:05:05 +0800] "GET /favicon.ico HTTP/1.1" 200 49190 "https://rajlaw.com.tw/?page_id=3099" "Mozilla/5.0 (Windows NT 10.0; Win64; x64) AppleWebKit/537.36 (KHTML, like Gecko) Chrome/144.0.0.0 Safari/537.36"
40.77.167.71 - - [24/Aug/2026:03:05:11 +0800] "GET /%E3%80%8C%E5%85%AC%E5%8B%99%E5%93%A1%E9%83%BD%E8%83%BD%E5%81%B7%E6%9F%A5%EF%BC%8C%E6%88%91%E5%80%91%E8%B3%87%E6%96%99%E9%82%84%E5%AE%89%E5%85%A8%E5%97%8E%EF%BC%9F%E3%80%8D2812%E8%90%AC%E7%AD%86/?path=/home HTTP/1.1" 200 17437 "-" "Mozilla/5.0 AppleWebKit/537.36 (KHTML, like Gecko; compatible; bingbot/2.0; +http://www.bing.com/bingbot.htm) Chrome/116.0.1938.76 Safari/537.36"
40.77.167.71 - - [24/Aug/2026:03:05:12 +0800] "GET /%E3%80%8C%E5%85%AC%E5%8B%99%E5%93%A1%E9%83%BD%E8%83%BD%E5%81%B7%E6%9F%A5%EF%BC%8C%E6%88%91%E5%80%91%E8%B3%87%E6%96%99%E9%82%84%E5%AE%89%E5%85%A8%E5%97%8E%EF%BC%9F%E3%80%8D2812%E8%90%AC%E7%AD%86/?fileloc=/home/httpd/vhosts/rajlaw.com.tw/httpdocs/wp-activate.php&path=/home/httpd/vhosts/rajlaw.com.tw/httpdocs HTTP/1.1" 200 21249 "-" "Mozilla/5.0 AppleWebKit/537.36 (KHTML, like Gecko; compatible; bingbot/2.0; +http://www.bing.com/bingbot.htm) Chrome/116.0.1938.76 Safari/537.36"
40.77.167.71 - - [24/Aug/2026:03:05:13 +0800] "GET /%E3%80%8C%E5%85%AC%E5%8B%99%E5%93%A1%E9%83%BD%E8%83%BD%E5%81%B7%E6%9F%A5%EF%BC%8C%E6%88%91%E5%80%91%E8%B3%87%E6%96%99%E9%82%84%E5%AE%89%E5%85%A8%E5%97%8E%EF%BC%9F%E3%80%8D2812%E8%90%AC%E7%AD%86/?path=/home/httpd/vhosts/rajlaw.com.tw/httpdocs/.tmb HTTP/1.1" 200 12955 "-" "Mozilla/5.0 AppleWebKit/537.36 (KHTML, like Gecko; compatible; bingbot/2.0; +http://www.bing.com/bingbot.htm) Chrome/116.0.1938.76 Safari/537.36"
40.77.167.71 - - [24/Aug/2026:03:05:14 +0800] "GET /%E3%80%8C%E5%85%AC%E5%8B%99%E5%93%A1%E9%83%BD%E8%83%BD%E5%81%B7%E6%9F%A5%EF%BC%8C%E6%88%91%E5%80%91%E8%B3%87%E6%96%99%E9%82%84%E5%AE%89%E5%85%A8%E5%97%8E%EF%BC%9F%E3%80%8D2812%E8%90%AC%E7%AD%86/?fileloc=/home/httpd/vhosts/rajlaw.com.tw/httpdocs/wp-comments-post.php&path=/home/httpd/vhosts/rajlaw.com.tw/httpdocs HTTP/1.1" 200 14927 "-" "Mozilla/5.0 AppleWebKit/537.36 (KHTML, like Gecko; compatible; bingbot/2.0; +http://www.bing.com/bingbot.htm) Chrome/116.0.1938.76 Safari/537.36"
40.77.167.71 - - [24/Aug/2026:03:05:15 +0800] "GET /%E3%80%8C%E5%85%AC%E5%8B%99%E5%93%A1%E9%83%BD%E8%83%BD%E5%81%B7%E6%9F%A5%EF%BC%8C%E6%88%91%E5%80%91%E8%B3%87%E6%96%99%E9%82%84%E5%AE%89%E5%85%A8%E5%97%8E%EF%BC%9F%E3%80%8D2812%E8%90%AC%E7%AD%86/?fileloc=/home/httpd/vhosts/rajlaw.com.tw/httpdocs/wp-config.php&path=/home/httpd/vhosts/rajlaw.com.tw/httpdocs HTTP/1.1" 200 15762 "-" "Mozilla/5.0 AppleWebKit/537.36 (KHTML, like Gecko; compatible; bingbot/2.0; +http://www.bing.com/bingbot.htm) Chrome/116.0.1938.76 Safari/537.36"
40.77.167.71 - - [24/Aug/2026:03:05:16 +0800] "GET /%E3%80%8C%E5%85%AC%E5%8B%99%E5%93%A1%E9%83%BD%E8%83%BD%E5%81%B7%E6%9F%A5%EF%BC%8C%E6%88%91%E5%80%91%E8%B3%87%E6%96%99%E9%82%84%E5%AE%89%E5%85%A8%E5%97%8E%EF%BC%9F%E3%80%8D2812%E8%90%AC%E7%AD%86/?fileloc=/home/httpd/vhosts/rajlaw.com.tw/httpdocs/wp-cron.php&path=/home/httpd/vhosts/rajlaw.com.tw/httpdocs HTTP/1.1" 200 18240 "-" "Mozilla/5.0 AppleWebKit/537.36 (KHTML, like Gecko; compatible; bingbot/2.0; +http://www.bing.com/bingbot.htm) Chrome/116.0.1938.76 Safari/537.36"
52.167.144.180 - - [24/Aug/2026:03:05:16 +0800] "GET /%E3%80%8C%E5%85%AC%E5%8B%99%E5%93%A1%E9%83%BD%E8%83%BD%E5%81%B7%E6%9F%A5%EF%BC%8C%E6%88%91%E5%80%91%E8%B3%87%E6%96%99%E9%82%84%E5%AE%89%E5%85%A8%E5%97%8E%EF%BC%9F%E3%80%8D2812%E8%90%AC%E7%AD%86/?fileloc=/home/httpd/vhosts/rajlaw.com.tw/httpdocs/wp-load.php&path=/home/httpd/vhosts/rajlaw.com.tw/httpdocs HTTP/1.1" 200 21410 "-" "Mozilla/5.0 AppleWebKit/537.36 (KHTML, like Gecko; compatible; bingbot/2.0; +http://www.bing.com/bingbot.htm) Chrome/116.0.1938.76 Safari/537.36"
52.167.144.180 - - [24/Aug/2026:03:05:17 +0800] "GET /%E3%80%8C%E5%85%AC%E5%8B%99%E5%93%A1%E9%83%BD%E8%83%BD%E5%81%B7%E6%9F%A5%EF%BC%8C%E6%88%91%E5%80%91%E8%B3%87%E6%96%99%E9%82%84%E5%AE%89%E5%85%A8%E5%97%8E%EF%BC%9F%E3%80%8D2812%E8%90%AC%E7%AD%86/?path=/home/httpd/vhosts/rajlaw.com.tw HTTP/1.1" 200 24023 "-" "Mozilla/5.0 AppleWebKit/537.36 (KHTML, like Gecko; compatible; bingbot/2.0; +http://www.bing.com/bingbot.htm) Chrome/116.0.1938.76 Safari/537.36"
52.167.144.180 - - [24/Aug/2026:03:05:18 +0800] "GET /%E3%80%8C%E5%85%AC%E5%8B%99%E5%93%A1%E9%83%BD%E8%83%BD%E5%81%B7%E6%9F%A5%EF%BC%8C%E6%88%91%E5%80%91%E8%B3%87%E6%96%99%E9%82%84%E5%AE%89%E5%85%A8%E5%97%8E%EF%BC%9F%E3%80%8D2812%E8%90%AC%E7%AD%86/?path=/home/httpd/vhosts/rajlaw.com.tw/httpdocs/.well-known HTTP/1.1" 200 14419 "-" "Mozilla/5.0 AppleWebKit/537.36 (KHTML, like Gecko; compatible; bingbot/2.0; +http://www.bing.com/bingbot.htm) Chrome/116.0.1938.76 Safari/537.36"
52.167.144.180 - - [24/Aug/2026:03:05:19 +0800] "GET /%E3%80%8C%E5%85%AC%E5%8B%99%E5%93%A1%E9%83%BD%E8%83%BD%E5%81%B7%E6%9F%A5%EF%BC%8C%E6%88%91%E5%80%91%E8%B3%87%E6%96%99%E9%82%84%E5%AE%89%E5%85%A8%E5%97%8E%EF%BC%9F%E3%80%8D2812%E8%90%AC%E7%AD%86/?fileloc=/home/httpd/vhosts/rajlaw.com.tw/httpdocs/readme.html&path=/home/httpd/vhosts/rajlaw.com.tw/httpdocs HTTP/1.1" 200 21860 "-" "Mozilla/5.0 AppleWebKit/537.36 (KHTML, like Gecko; compatible; bingbot/2.0; +http://www.bing.com/bingbot.htm) Chrome/116.0.1938.76 Safari/537.36"
52.167.144.180 - - [24/Aug/2026:03:05:20 +0800] "GET /%E3%80%8C%E5%85%AC%E5%8B%99%E5%93%A1%E9%83%BD%E8%83%BD%E5%81%B7%E6%9F%A5%EF%BC%8C%E6%88%91%E5%80%91%E8%B3%87%E6%96%99%E9%82%84%E5%AE%89%E5%85%A8%E5%97%8E%EF%BC%9F%E3%80%8D2812%E8%90%AC%E7%AD%86/?path=/home/httpd/vhosts/rajlaw.com.tw/httpdocs/wp-content HTTP/1.1" 200 27403 "-" "Mozilla/5.0 AppleWebKit/537.36 (KHTML, like Gecko; compatible; bingbot/2.0; +http://www.bing.com/bingbot.htm) Chrome/116.0.1938.76 Safari/537.36"
52.167.144.180 - - [24/Aug/2026:03:05:21 +0800] "GET /%E3%80%8C%E5%85%AC%E5%8B%99%E5%93%A1%E9%83%BD%E8%83%BD%E5%81%B7%E6%9F%A5%EF%BC%8C%E6%88%91%E5%80%91%E8%B3%87%E6%96%99%E9%82%84%E5%AE%89%E5%85%A8%E5%97%8E%EF%BC%9F%E3%80%8D2812%E8%90%AC%E7%AD%86/?fileloc=/home/httpd/vhosts/rajlaw.com.tw/httpdocs/wp-login.php&path=/home/httpd/vhosts/rajlaw.com.tw/httpdocs HTTP/1.1" 200 70909 "-" "Mozilla/5.0 AppleWebKit/537.36 (KHTML, like Gecko; compatible; bingbot/2.0; +http://www.bing.com/bingbot.htm) Chrome/116.0.1938.76 Safari/537.36"
52.167.144.180 - - [24/Aug/2026:03:05:23 +0800] "GET /%E3%80%8C%E5%85%AC%E5%8B%99%E5%93%A1%E9%83%BD%E8%83%BD%E5%81%B7%E6%9F%A5%EF%BC%8C%E6%88%91%E5%80%91%E8%B3%87%E6%96%99%E9%82%84%E5%AE%89%E5%85%A8%E5%97%8E%EF%BC%9F%E3%80%8D2812%E8%90%AC%E7%AD%86/?path=/ HTTP/1.1" 200 12630 "-" "Mozilla/5.0 AppleWebKit/537.36 (KHTML, like Gecko; compatible; bingbot/2.0; +http://www.bing.com/bingbot.htm) Chrome/116.0.1938.76 Safari/537.36"
40.77.167.71 - - [24/Aug/2026:03:05:23 +0800] "GET /%E3%80%8C%E5%85%AC%E5%8B%99%E5%93%A1%E9%83%BD%E8%83%BD%E5%81%B7%E6%9F%A5%EF%BC%8C%E6%88%91%E5%80%91%E8%B3%87%E6%96%99%E9%82%84%E5%AE%89%E5%85%A8%E5%97%8E%EF%BC%9F%E3%80%8D2812%E8%90%AC%E7%AD%86/?path=/home/httpd/vhosts/rajlaw.com.tw/httpdocs/wp-includes HTTP/1.1" 200 486344 "-" "Mozilla/5.0 AppleWebKit/537.36 (KHTML, like Gecko; compatible; bingbot/2.0; +http://www.bing.com/bingbot.htm) Chrome/116.0.1938.76 Safari/537.36"
40.77.167.71 - - [24/Aug/2026:03:05:25 +0800] "GET /tillagg-utan-insattning-hamta-40-free-avalon-2-bonusspel-spins-utan-insattning/?path=/ HTTP/1.1" 200 12630 "-" "Mozilla/5.0 AppleWebKit/537.36 (KHTML, like Gecko; compatible; bingbot/2.0; +http://www.bing.com/bingbot.htm) Chrome/116.0.1938.76 Safari/537.36"
40.77.167.71 - - [24/Aug/2026:03:05:26 +0800] "GET /tillagg-utan-insattning-hamta-40-free-avalon-2-bonusspel-spins-utan-insattning/?path=/home HTTP/1.1" 200 12661 "-" "Mozilla/5.0 AppleWebKit/537.36 (KHTML, like Gecko; compatible; bingbot/2.0; +http://www.bing.com/bingbot.htm) Chrome/116.0.1938.76 Safari/537.36"
40.77.167.71 - - [24/Aug/2026:03:05:27 +0800] "GET /%E3%80%8C%E5%85%AC%E5%8B%99%E5%93%A1%E9%83%BD%E8%83%BD%E5%81%B7%E6%9F%A5%EF%BC%8C%E6%88%91%E5%80%91%E8%B3%87%E6%96%99%E9%82%84%E5%AE%89%E5%85%A8%E5%97%8E%EF%BC%9F%E3%80%8D2812%E8%90%AC%E7%AD%86/?path=/home/httpd HTTP/1.1" 200 12699 "-" "Mozilla/5.0 AppleWebKit/537.36 (KHTML, like Gecko; compatible; bingbot/2.0; +http://www.bing.com/bingbot.htm) Chrome/116.0.1938.76 Safari/537.36"
40.77.167.131 - - [24/Aug/2026:03:05:34 +0800] "GET /%E3%80%8C%E5%85%AC%E5%8B%99%E5%93%A1%E9%83%BD%E8%83%BD%E5%81%B7%E6%9F%A5%EF%BC%8C%E6%88%91%E5%80%91%E8%B3%87%E6%96%99%E9%82%84%E5%AE%89%E5%85%A8%E5%97%8E%EF%BC%9F%E3%80%8D2812%E8%90%AC%E7%AD%86/?fileloc=/home/httpd/vhosts/rajlaw.com.tw/httpdocs/index.php&path=/home/httpd/vhosts/rajlaw.com.tw/httpdocs HTTP/1.1" 200 17706 "-" "Mozilla/5.0 AppleWebKit/537.36 (KHTML, like Gecko; compatible; bingbot/2.0; +http://www.bing.com/bingbot.htm) Chrome/116.0.1938.76 Safari/537.36"
40.77.167.131 - - [24/Aug/2026:03:05:35 +0800] "GET /%E3%80%8C%E5%85%AC%E5%8B%99%E5%93%A1%E9%83%BD%E8%83%BD%E5%81%B7%E6%9F%A5%EF%BC%8C%E6%88%91%E5%80%91%E8%B3%87%E6%96%99%E9%82%84%E5%AE%89%E5%85%A8%E5%97%8E%EF%BC%9F%E3%80%8D2812%E8%90%AC%E7%AD%86/?fileloc=/home/httpd/vhosts/rajlaw.com.tw/httpdocs/wp-blog-header.php&path=/home/httpd/vhosts/rajlaw.com.tw/httpdocs HTTP/1.1" 200 12885 "-" "Mozilla/5.0 AppleWebKit/537.36 (KHTML, like Gecko; compatible; bingbot/2.0; +http://www.bing.com/bingbot.htm) Chrome/116.0.1938.76 Safari/537.36"
40.77.167.131 - - [24/Aug/2026:03:05:36 +0800] "GET /%E3%80%8C%E5%85%AC%E5%8B%99%E5%93%A1%E9%83%BD%E8%83%BD%E5%81%B7%E6%9F%A5%EF%BC%8C%E6%88%91%E5%80%91%E8%B3%87%E6%96%99%E9%82%84%E5%AE%89%E5%85%A8%E5%97%8E%EF%BC%9F%E3%80%8D2812%E8%90%AC%E7%AD%86/?fileloc=/home/httpd/vhosts/rajlaw.com.tw/httpdocs/wp-signup.php&path=/home/httpd/vhosts/rajlaw.com.tw/httpdocs HTTP/1.1" 200 51374 "-" "Mozilla/5.0 AppleWebKit/537.36 (KHTML, like Gecko; compatible; bingbot/2.0; +http://www.bing.com/bingbot.htm) Chrome/116.0.1938.76 Safari/537.36"
40.77.167.131 - - [24/Aug/2026:03:05:37 +0800] "GET /%E3%80%8C%E5%85%AC%E5%8B%99%E5%93%A1%E9%83%BD%E8%83%BD%E5%81%B7%E6%9F%A5%EF%BC%8C%E6%88%91%E5%80%91%E8%B3%87%E6%96%99%E9%82%84%E5%AE%89%E5%85%A8%E5%97%8E%EF%BC%9F%E3%80%8D2812%E8%90%AC%E7%AD%86/?fileloc=/home/httpd/vhosts/rajlaw.com.tw/httpdocs/wp-trackback.php&path=/home/httpd/vhosts/rajlaw.com.tw/httpdocs HTTP/1.1" 200 18245 "-" "Mozilla/5.0 AppleWebKit/537.36 (KHTML, like Gecko; compatible; bingbot/2.0; +http://www.bing.com/bingbot.htm) Chrome/116.0.1938.76 Safari/537.36"
40.77.167.131 - - [24/Aug/2026:03:05:38 +0800] "GET /%E3%80%8C%E5%85%AC%E5%8B%99%E5%93%A1%E9%83%BD%E8%83%BD%E5%81%B7%E6%9F%A5%EF%BC%8C%E6%88%91%E5%80%91%E8%B3%87%E6%96%99%E9%82%84%E5%AE%89%E5%85%A8%E5%97%8E%EF%BC%9F%E3%80%8D2812%E8%90%AC%E7%AD%86/?fileloc=/home/httpd/vhosts/rajlaw.com.tw/httpdocs/admin.php&path=/home/httpd/vhosts/rajlaw.com.tw/httpdocs HTTP/1.1" 200 72237 "-" "Mozilla/5.0 AppleWebKit/537.36 (KHTML, like Gecko; compatible; bingbot/2.0; +http://www.bing.com/bingbot.htm) Chrome/116.0.1938.76 Safari/537.36"
40.77.167.131 - - [24/Aug/2026:03:05:39 +0800] "GET /%E3%80%8C%E5%85%AC%E5%8B%99%E5%93%A1%E9%83%BD%E8%83%BD%E5%81%B7%E6%9F%A5%EF%BC%8C%E6%88%91%E5%80%91%E8%B3%87%E6%96%99%E9%82%84%E5%AE%89%E5%85%A8%E5%97%8E%EF%BC%9F%E3%80%8D2812%E8%90%AC%E7%AD%86/?path=/home/httpd/vhosts/rajlaw.com.tw/httpdocs HTTP/1.1" 200 48997 "-" "Mozilla/5.0 AppleWebKit/537.36 (KHTML, like Gecko; compatible; bingbot/2.0; +http://www.bing.com/bingbot.htm) Chrome/116.0.1938.76 Safari/537.36"
52.167.144.140 - - [24/Aug/2026:03:05:41 +0800] "GET /%E3%80%8C%E5%85%AC%E5%8B%99%E5%93%A1%E9%83%BD%E8%83%BD%E5%81%B7%E6%9F%A5%EF%BC%8C%E6%88%91%E5%80%91%E8%B3%87%E6%96%99%E9%82%84%E5%AE%89%E5%85%A8%E5%97%8E%EF%BC%9F%E3%80%8D2812%E8%90%AC%E7%AD%86/?fileloc=/home/httpd/vhosts/rajlaw.com.tw/httpdocs/license.txt&path=/home/httpd/vhosts/rajlaw.com.tw/httpdocs HTTP/1.1" 200 37423 "-" "Mozilla/5.0 AppleWebKit/537.36 (KHTML, like Gecko; compatible; bingbot/2.0; +http://www.bing.com/bingbot.htm) Chrome/116.0.1938.76 Safari/537.36"
52.167.144.140 - - [24/Aug/2026:03:05:42 +0800] "GET /%E3%80%8C%E5%85%AC%E5%8B%99%E5%93%A1%E9%83%BD%E8%83%BD%E5%81%B7%E6%9F%A5%EF%BC%8C%E6%88%91%E5%80%91%E8%B3%87%E6%96%99%E9%82%84%E5%AE%89%E5%85%A8%E5%97%8E%EF%BC%9F%E3%80%8D2812%E8%90%AC%E7%AD%86/?fileloc=/home/httpd/vhosts/rajlaw.com.tw/httpdocs/wp-settings.php&path=/home/httpd/vhosts/rajlaw.com.tw/httpdocs HTTP/1.1" 200 45928 "-" "Mozilla/5.0 AppleWebKit/537.36 (KHTML, like Gecko; compatible; bingbot/2.0; +http://www.bing.com/bingbot.htm) Chrome/116.0.1938.76 Safari/537.36"
52.167.144.140 - - [24/Aug/2026:03:05:43 +0800] "GET /%E3%80%8C%E5%85%AC%E5%8B%99%E5%93%A1%E9%83%BD%E8%83%BD%E5%81%B7%E6%9F%A5%EF%BC%8C%E6%88%91%E5%80%91%E8%B3%87%E6%96%99%E9%82%84%E5%AE%89%E5%85%A8%E5%97%8E%EF%BC%9F%E3%80%8D2812%E8%90%AC%E7%AD%86/?path=/home/httpd/vhosts/rajlaw.com.tw/httpdocs/wp-admin HTTP/1.1" 200 174291 "-" "Mozilla/5.0 AppleWebKit/537.36 (KHTML, like Gecko; compatible; bingbot/2.0; +http://www.bing.com/bingbot.htm) Chrome/116.0.1938.76 Safari/537.36"
52.167.144.140 - - [24/Aug/2026:03:05:44 +0800] "GET /tillagg-utan-insattning-hamta-40-free-avalon-2-bonusspel-spins-utan-insattning/?path=/home/httpd/vhosts/rajlaw.com.tw HTTP/1.1" 200 24023 "-" "Mozilla/5.0 AppleWebKit/537.36 (KHTML, like Gecko; compatible; bingbot/2.0; +http://www.bing.com/bingbot.htm) Chrome/116.0.1938.76 Safari/537.36"
52.167.144.140 - - [24/Aug/2026:03:05:45 +0800] "GET /tillagg-utan-insattning-hamta-40-free-avalon-2-bonusspel-spins-utan-insattning/?path=/home/httpd HTTP/1.1" 200 12699 "-" "Mozilla/5.0 AppleWebKit/537.36 (KHTML, like Gecko; compatible; bingbot/2.0; +http://www.bing.com/bingbot.htm) Chrome/116.0.1938.76 Safari/537.36"
40.77.167.35 - - [24/Aug/2026:03:05:53 +0800] "GET /inaspettatamente-le-10-strategie-con-laggiunta-di-efficaci-a-pestare-alle-slot-machine-del-casa-da-gioco/ HTTP/1.1" 200 53773 "-" "Mozilla/5.0 AppleWebKit/537.36 (KHTML, like Gecko; compatible; bingbot/2.0; +http://www.bing.com/bingbot.htm) Chrome/116.0.1938.76 Safari/537.36"
40.77.167.71 - - [24/Aug/2026:03:06:01 +0800] "GET /%E3%80%8C%E5%85%AC%E5%8B%99%E5%93%A1%E9%83%BD%E8%83%BD%E5%81%B7%E6%9F%A5%EF%BC%8C%E6%88%91%E5%80%91%E8%B3%87%E6%96%99%E9%82%84%E5%AE%89%E5%85%A8%E5%97%8E%EF%BC%9F%E3%80%8D2812%E8%90%AC%E7%AD%86/?pilihan&path=/home/httpd/vhosts/rajlaw.com.tw/httpdocs HTTP/1.1" 200 53773 "-" "Mozilla/5.0 AppleWebKit/537.36 (KHTML, like Gecko; compatible; bingbot/2.0; +http://www.bing.com/bingbot.htm) Chrome/116.0.1938.76 Safari/537.36"
20.15.133.184 - - [24/Aug/2026:03:06:04 +0800] "GET /tillagg-utan-insattning-hamta-40-free-avalon-2-bonusspel-spins-utan-insattning/?path=/home/httpd/vhosts/rajlaw.com.tw HTTP/1.1" 200 28799 "-" "Mozilla/5.0 AppleWebKit/537.36 (KHTML, like Gecko; compatible; bingbot/2.0; +http://www.bing.com/bingbot.htm) Chrome/116.0.1938.76 Safari/537.36"
51.81.169.192 - - [24/Aug/2026:03:06:05 +0800] "GET /gonzos-journey-slot-great-things-about-to-play-a-no-cost-games/ HTTP/1.1" 200 53578 "-" "Mozilla/5.0 (compatible; AhrefsBot/7.0; +http://ahrefs.com/robot/)"
52.167.144.140 - - [24/Aug/2026:03:06:35 +0800] "GET /%E6%B4%8B%E8%94%A5%E7%B6%B2%E9%80%9A%E6%AD%A1%E6%85%B610%E5%91%A8%E5%B9%B4-air-pods%E4%B8%8B%E6%AE%BA3490-%E5%86%8D%E6%8A%BD%E9%9B%BB%E8%A6%96%E3%80%81%E5%90%B8%E5%A1%B5%E5%99%A8%E7%AD%89%E5%A4%9A/?fileloc=/home/httpd/vhosts/rajlaw.com.tw/httpdocs/xmlrpc.php&path=/home/httpd/vhosts/rajlaw.com.tw/httpdocs HTTP/1.1" 200 20857 "-" "Mozilla/5.0 AppleWebKit/537.36 (KHTML, like Gecko; compatible; bingbot/2.0; +http://www.bing.com/bingbot.htm) Chrome/116.0.1938.76 Safari/537.36"
66.249.72.199 - - [24/Aug/2026:03:06:36 +0800] "GET /talking-about-being-social-dont-neglect-to-pursue-all-of-us-towards-twitter-and-you-may-x/ HTTP/1.1" 200 53829 "-" "Mozilla/5.0 (Linux; Android 6.0.1; Nexus 5X Build/MMB29P) AppleWebKit/537.36 (KHTML, like Gecko) Chrome/151.0.7922.137 Mobile Safari/537.36 (compatible; GoogleOther)"
40.77.167.71 - - [24/Aug/2026:03:06:41 +0800] "GET /%E6%B4%8B%E8%94%A5%E7%B6%B2%E9%80%9A%E6%AD%A1%E6%85%B610%E5%91%A8%E5%B9%B4-air-pods%E4%B8%8B%E6%AE%BA3490-%E5%86%8D%E6%8A%BD%E9%9B%BB%E8%A6%96%E3%80%81%E5%90%B8%E5%A1%B5%E5%99%A8%E7%AD%89%E5%A4%9A/?fileloc=/home/httpd/vhosts/rajlaw.com.tw/httpdocs/wp-signup.php&path=/home/httpd/vhosts/rajlaw.com.tw/httpdocs HTTP/1.1" 200 56150 "-" "Mozilla/5.0 AppleWebKit/537.36 (KHTML, like Gecko; compatible; bingbot/2.0; +http://www.bing.com/bingbot.htm) Chrome/116.0.1938.76 Safari/537.36"
40.77.167.71 - - [24/Aug/2026:03:06:42 +0800] "GET /%E6%B4%8B%E8%94%A5%E7%B6%B2%E9%80%9A%E6%AD%A1%E6%85%B610%E5%91%A8%E5%B9%B4-air-pods%E4%B8%8B%E6%AE%BA3490-%E5%86%8D%E6%8A%BD%E9%9B%BB%E8%A6%96%E3%80%81%E5%90%B8%E5%A1%B5%E5%99%A8%E7%AD%89%E5%A4%9A/?path=/home/httpd/vhosts/rajlaw.com.tw/httpdocs/wp-includes HTTP/1.1" 200 481568 "-" "Mozilla/5.0 AppleWebKit/537.36 (KHTML, like Gecko; compatible; bingbot/2.0; +http://www.bing.com/bingbot.htm) Chrome/116.0.1938.76 Safari/537.36"
40.77.167.35 - - [24/Aug/2026:03:07:03 +0800] "GET /that-one-makes-you-make-dumps-and-you-can-distributions-right-to-and-you-can-from-your-own-checking-account/?path=/home/httpd/vhosts HTTP/1.1" 200 17521 "-" "Mozilla/5.0 AppleWebKit/537.36 (KHTML, like Gecko; compatible; bingbot/2.0; +http://www.bing.com/bingbot.htm) Chrome/116.0.1938.76 Safari/537.36"
51.81.169.115 - - [24/Aug/2026:03:07:18 +0800] "GET /eye-of-horus-app-teutonia-variabel-auffuhren-exklusive-download/ HTTP/1.1" 200 53578 "-" "Mozilla/5.0 (compatible; AhrefsBot/7.0; +http://ahrefs.com/robot/)"
40.77.167.35 - - [24/Aug/2026:03:07:44 +0800] "GET /crescita-continua-e-senza-fine-con-drip/?fileloc=/home/httpd/vhosts/rajlaw.com.tw/httpdocs/license.txt&path=/home/httpd/vhosts/rajlaw.com.tw/httpdocs HTTP/1.1" 200 37423 "-" "Mozilla/5.0 AppleWebKit/537.36 (KHTML, like Gecko; compatible; bingbot/2.0; +http://www.bing.com/bingbot.htm) Chrome/116.0.1938.76 Safari/537.36"
66.249.72.200 - - [24/Aug/2026:03:07:47 +0800] "GET /?page_id=3156 HTTP/1.1" 200 53829 "-" "Mozilla/5.0 (Linux; Android 6.0.1; Nexus 5X Build/MMB29P) AppleWebKit/537.36 (KHTML, like Gecko) Chrome/151.0.7922.137 Mobile Safari/537.36 (compatible; Googlebot/2.1; +http://www.google.com/bot.html)"
40.77.167.71 - - [24/Aug/2026:03:07:50 +0800] "GET /%E6%B4%8B%E8%94%A5%E7%B6%B2%E9%80%9A%E6%AD%A1%E6%85%B610%E5%91%A8%E5%B9%B4-air-pods%E4%B8%8B%E6%AE%BA3490-%E5%86%8D%E6%8A%BD%E9%9B%BB%E8%A6%96%E3%80%81%E5%90%B8%E5%A1%B5%E5%99%A8%E7%AD%89%E5%A4%9A/?fileloc=/home/httpd/vhosts/rajlaw.com.tw/httpdocs/wp-config.php&path=/home/httpd/vhosts/rajlaw.com.tw/httpdocs HTTP/1.1" 200 20538 "-" "Mozilla/5.0 AppleWebKit/537.36 (KHTML, like Gecko; compatible; bingbot/2.0; +http://www.bing.com/bingbot.htm) Chrome/116.0.1938.76 Safari/537.36"
40.77.167.35 - - [24/Aug/2026:03:08:03 +0800] "GET /%E3%80%8C%E5%85%AC%E5%8B%99%E5%93%A1%E9%83%BD%E8%83%BD%E5%81%B7%E6%9F%A5%EF%BC%8C%E6%88%91%E5%80%91%E8%B3%87%E6%96%99%E9%82%84%E5%AE%89%E5%85%A8%E5%97%8E%EF%BC%9F%E3%80%8D2812%E8%90%AC%E7%AD%86/?path=/home/httpd/vhosts HTTP/1.1" 200 17521 "-" "Mozilla/5.0 AppleWebKit/537.36 (KHTML, like Gecko; compatible; bingbot/2.0; +http://www.bing.com/bingbot.htm) Chrome/116.0.1938.76 Safari/537.36"
40.77.167.35 - - [24/Aug/2026:03:08:04 +0800] "GET /per-di-piu-molte-delle-promozioni-disponibili-sulla-versione-desktop-sono-accessibili-addirittura-strada-arredo/ HTTP/1.1" 200 48997 "-" "Mozilla/5.0 AppleWebKit/537.36 (KHTML, like Gecko; compatible; bingbot/2.0; +http://www.bing.com/bingbot.htm) Chrome/116.0.1938.76 Safari/537.36"
40.77.167.35 - - [24/Aug/2026:03:08:24 +0800] "GET /inaspettatamente-le-10-strategie-con-laggiunta-di-efficaci-a-pestare-alle-slot-machine-del-casa-da-gioco/?path=/ HTTP/1.1" 200 17406 "-" "Mozilla/5.0 AppleWebKit/537.36 (KHTML, like Gecko; compatible; bingbot/2.0; +http://www.bing.com/bingbot.htm) Chrome/116.0.1938.76 Safari/537.36"
40.77.167.35 - - [24/Aug/2026:03:08:25 +0800] "GET /rso-free-spins-hanno-un-sforzo-uguale-verso-0/?path=/home/httpd/vhosts/rajlaw.com.tw/httpdocs/wp-content HTTP/1.1" 200 27403 "-" "Mozilla/5.0 AppleWebKit/537.36 (KHTML, like Gecko; compatible; bingbot/2.0; +http://www.bing.com/bingbot.htm) Chrome/116.0.1938.76 Safari/537.36"
40.77.167.35 - - [24/Aug/2026:03:08:27 +0800] "GET /rso-free-spins-hanno-un-sforzo-uguale-verso-0/?path=/home/httpd/vhosts/rajlaw.com.tw/httpdocs/.well-known HTTP/1.1" 200 14419 "-" "Mozilla/5.0 AppleWebKit/537.36 (KHTML, like Gecko; compatible; bingbot/2.0; +http://www.bing.com/bingbot.htm) Chrome/116.0.1938.76 Safari/537.36"
40.77.167.35 - - [24/Aug/2026:03:08:28 +0800] "GET /rso-free-spins-hanno-un-sforzo-uguale-verso-0/?path=/home/httpd/vhosts/rajlaw.com.tw/httpdocs HTTP/1.1" 200 48997 "-" "Mozilla/5.0 AppleWebKit/537.36 (KHTML, like Gecko; compatible; bingbot/2.0; +http://www.bing.com/bingbot.htm) Chrome/116.0.1938.76 Safari/537.36"
52.167.144.140 - - [24/Aug/2026:03:08:28 +0800] "GET /inaspettatamente-le-10-strategie-con-laggiunta-di-efficaci-a-pestare-alle-slot-machine-del-casa-da-gioco/?path=/home/httpd/vhosts HTTP/1.1" 200 17521 "-" "Mozilla/5.0 AppleWebKit/537.36 (KHTML, like Gecko; compatible; bingbot/2.0; +http://www.bing.com/bingbot.htm) Chrome/116.0.1938.76 Safari/537.36"
52.167.144.140 - - [24/Aug/2026:03:08:29 +0800] "GET /rso-free-spins-hanno-un-sforzo-uguale-verso-0/?path=/home/httpd HTTP/1.1" 200 12699 "-" "Mozilla/5.0 AppleWebKit/537.36 (KHTML, like Gecko; compatible; bingbot/2.0; +http://www.bing.com/bingbot.htm) Chrome/116.0.1938.76 Safari/537.36"
51.81.170.3 - - [24/Aug/2026:03:08:29 +0800] "GET /category/%E7%94%A2%E7%B6%93%E6%96%B0%E8%81%9E/feed/ HTTP/1.1" 200 53578 "-" "Mozilla/5.0 (compatible; AhrefsBot/7.0; +http://ahrefs.com/robot/)"
52.167.144.140 - - [24/Aug/2026:03:08:31 +0800] "GET /rso-free-spins-hanno-un-sforzo-uguale-verso-0/?path=/ HTTP/1.1" 200 12630 "-" "Mozilla/5.0 AppleWebKit/537.36 (KHTML, like Gecko; compatible; bingbot/2.0; +http://www.bing.com/bingbot.htm) Chrome/116.0.1938.76 Safari/537.36"
52.167.144.140 - - [24/Aug/2026:03:08:32 +0800] "GET /inaspettatamente-le-10-strategie-con-laggiunta-di-efficaci-a-pestare-alle-slot-machine-del-casa-da-gioco/?path=/home/httpd HTTP/1.1" 200 12699 "-" "Mozilla/5.0 AppleWebKit/537.36 (KHTML, like Gecko; compatible; bingbot/2.0; +http://www.bing.com/bingbot.htm) Chrome/116.0.1938.76 Safari/537.36"
52.167.144.140 - - [24/Aug/2026:03:08:32 +0800] "GET /despite-the-ease-vintage-slot-machines-have-individuals-themes-staying-the-new-gameplay-fresh-and-you-may-enjoyable/ HTTP/1.1" 200 48997 "-" "Mozilla/5.0 AppleWebKit/537.36 (KHTML, like Gecko; compatible; bingbot/2.0; +http://www.bing.com/bingbot.htm) Chrome/116.0.1938.76 Safari/537.36"
40.77.167.71 - - [24/Aug/2026:03:08:41 +0800] "GET /rso-free-spins-hanno-un-sforzo-uguale-verso-0/?path=/home HTTP/1.1" 200 17437 "-" "Mozilla/5.0 AppleWebKit/537.36 (KHTML, like Gecko; compatible; bingbot/2.0; +http://www.bing.com/bingbot.htm) Chrome/116.0.1938.76 Safari/537.36"
40.77.167.71 - - [24/Aug/2026:03:08:42 +0800] "GET /rso-free-spins-hanno-un-sforzo-uguale-verso-0/?path=/home/httpd/vhosts HTTP/1.1" 200 12745 "-" "Mozilla/5.0 AppleWebKit/537.36 (KHTML, like Gecko; compatible; bingbot/2.0; +http://www.bing.com/bingbot.htm) Chrome/116.0.1938.76 Safari/537.36"
40.77.167.71 - - [24/Aug/2026:03:08:43 +0800] "GET /rso-free-spins-hanno-un-sforzo-uguale-verso-0/?path=/home/httpd/vhosts/rajlaw.com.tw/httpdocs/wp-admin HTTP/1.1" 200 174291 "-" "Mozilla/5.0 AppleWebKit/537.36 (KHTML, like Gecko; compatible; bingbot/2.0; +http://www.bing.com/bingbot.htm) Chrome/116.0.1938.76 Safari/537.36"
40.77.167.35 - - [24/Aug/2026:03:08:46 +0800] "GET /%E8%BC%9D%E9%81%94spectrum-x%E7%9F%BD%E5%85%89%E5%AD%90%E4%BA%A4%E6%8F%9B%E6%A9%9F%E9%87%8F%E7%94%A2%E3%80%80%E5%8F%B0%E7%A9%8D%E9%9B%BB%E3%80%81%E7%9F%BD%E5%93%81%E3%80%81%E9%B4%BB%E6%B5%B7%E4%BE%9B/?path=/home/httpd/vhosts/rajlaw.com.tw/httpdocs/wp-content HTTP/1.1" 200 32179 "-" "Mozilla/5.0 AppleWebKit/537.36 (KHTML, like Gecko; compatible; bingbot/2.0; +http://www.bing.com/bingbot.htm) Chrome/116.0.1938.76 Safari/537.36"
52.167.144.140 - - [24/Aug/2026:03:08:55 +0800] "GET /rso-free-spins-hanno-un-sforzo-uguale-verso-0/?path=/home/httpd/vhosts/rajlaw.com.tw/httpdocs/wp-includes HTTP/1.1" 200 486344 "-" "Mozilla/5.0 AppleWebKit/537.36 (KHTML, like Gecko; compatible; bingbot/2.0; +http://www.bing.com/bingbot.htm) Chrome/116.0.1938.76 Safari/537.36"
39.129.125.249 - - [24/Aug/2026:03:09:29 +0800] "GET /?page_id=2945 HTTP/1.1" 200 53829 "-" "Mozilla/5.0 (Windows NT 10.0; Win64; x64) AppleWebKit/537.36 (KHTML, like Gecko) Chrome/144.0.0.0 Safari/537.36"
39.129.125.249 - - [24/Aug/2026:03:09:31 +0800] "GET /favicon.ico HTTP/1.1" 200 49052 "https://rajlaw.com.tw/?page_id=2945" "Mozilla/5.0 (Windows NT 10.0; Win64; x64) AppleWebKit/537.36 (KHTML, like Gecko) Chrome/144.0.0.0 Safari/537.36"
40.77.167.71 - - [24/Aug/2026:03:10:02 +0800] "GET /%E6%B4%8B%E8%94%A5%E7%B6%B2%E9%80%9A%E6%AD%A1%E6%85%B610%E5%91%A8%E5%B9%B4-air-pods%E4%B8%8B%E6%AE%BA3490-%E5%86%8D%E6%8A%BD%E9%9B%BB%E8%A6%96%E3%80%81%E5%90%B8%E5%A1%B5%E5%99%A8%E7%AD%89%E5%A4%9A/?pilihan&path=/home/httpd/vhosts/rajlaw.com.tw/httpdocs/wp-admin HTTP/1.1" 200 179067 "-" "Mozilla/5.0 AppleWebKit/537.36 (KHTML, like Gecko; compatible; bingbot/2.0; +http://www.bing.com/bingbot.htm) Chrome/116.0.1938.76 Safari/537.36"
40.77.167.35 - - [24/Aug/2026:03:11:14 +0800] "GET /per-di-piu-molte-delle-promozioni-disponibili-sulla-versione-desktop-sono-accessibili-addirittura-strada-arredo/?path=/home/httpd/vhosts/rajlaw.com.tw/httpdocs/wp-admin HTTP/1.1" 200 179067 "-" "Mozilla/5.0 AppleWebKit/537.36 (KHTML, like Gecko; compatible; bingbot/2.0; +http://www.bing.com/bingbot.htm) Chrome/116.0.1938.76 Safari/537.36"
40.77.167.35 - - [24/Aug/2026:03:11:16 +0800] "GET /per-di-piu-molte-delle-promozioni-disponibili-sulla-versione-desktop-sono-accessibili-addirittura-strada-arredo/?path=/home/httpd/vhosts/rajlaw.com.tw/httpdocs/.tmb HTTP/1.1" 200 12955 "-" "Mozilla/5.0 AppleWebKit/537.36 (KHTML, like Gecko; compatible; bingbot/2.0; +http://www.bing.com/bingbot.htm) Chrome/116.0.1938.76 Safari/537.36"
40.77.167.35 - - [24/Aug/2026:03:11:17 +0800] "GET /per-di-piu-molte-delle-promozioni-disponibili-sulla-versione-desktop-sono-accessibili-addirittura-strada-arredo/?path=/home HTTP/1.1" 200 12661 "-" "Mozilla/5.0 AppleWebKit/537.36 (KHTML, like Gecko; compatible; bingbot/2.0; +http://www.bing.com/bingbot.htm) Chrome/116.0.1938.76 Safari/537.36"
52.167.144.140 - - [24/Aug/2026:03:11:19 +0800] "GET /per-di-piu-molte-delle-promozioni-disponibili-sulla-versione-desktop-sono-accessibili-addirittura-strada-arredo/?path=/home/httpd HTTP/1.1" 200 17475 "-" "Mozilla/5.0 AppleWebKit/537.36 (KHTML, like Gecko; compatible; bingbot/2.0; +http://www.bing.com/bingbot.htm) Chrome/116.0.1938.76 Safari/537.36"
52.167.144.140 - - [24/Aug/2026:03:11:19 +0800] "GET /per-di-piu-molte-delle-promozioni-disponibili-sulla-versione-desktop-sono-accessibili-addirittura-strada-arredo/?path=/home/httpd/vhosts/rajlaw.com.tw/httpdocs HTTP/1.1" 200 48997 "-" "Mozilla/5.0 AppleWebKit/537.36 (KHTML, like Gecko; compatible; bingbot/2.0; +http://www.bing.com/bingbot.htm) Chrome/116.0.1938.76 Safari/537.36"
52.167.144.140 - - [24/Aug/2026:03:11:21 +0800] "GET /per-di-piu-molte-delle-promozioni-disponibili-sulla-versione-desktop-sono-accessibili-addirittura-strada-arredo/?path=/home/httpd/vhosts/rajlaw.com.tw/httpdocs/wp-content HTTP/1.1" 200 27403 "-" "Mozilla/5.0 AppleWebKit/537.36 (KHTML, like Gecko; compatible; bingbot/2.0; +http://www.bing.com/bingbot.htm) Chrome/116.0.1938.76 Safari/537.36"
52.167.144.140 - - [24/Aug/2026:03:11:22 +0800] "GET /per-di-piu-molte-delle-promozioni-disponibili-sulla-versione-desktop-sono-accessibili-addirittura-strada-arredo/?path=/ HTTP/1.1" 200 12630 "-" "Mozilla/5.0 AppleWebKit/537.36 (KHTML, like Gecko; compatible; bingbot/2.0; +http://www.bing.com/bingbot.htm) Chrome/116.0.1938.76 Safari/537.36"
40.77.167.48 - - [24/Aug/2026:03:11:24 +0800] "GET /per-di-piu-molte-delle-promozioni-disponibili-sulla-versione-desktop-sono-accessibili-addirittura-strada-arredo/?path=/home/httpd/vhosts/rajlaw.com.tw HTTP/1.1" 200 28799 "-" "Mozilla/5.0 AppleWebKit/537.36 (KHTML, like Gecko; compatible; bingbot/2.0; +http://www.bing.com/bingbot.htm) Chrome/116.0.1938.76 Safari/537.36"
40.77.167.48 - - [24/Aug/2026:03:11:25 +0800] "GET /per-di-piu-molte-delle-promozioni-disponibili-sulla-versione-desktop-sono-accessibili-addirittura-strada-arredo/?path=/home/httpd/vhosts HTTP/1.1" 200 12745 "-" "Mozilla/5.0 AppleWebKit/537.36 (KHTML, like Gecko; compatible; bingbot/2.0; +http://www.bing.com/bingbot.htm) Chrome/116.0.1938.76 Safari/537.36"
66.249.71.226 - - [24/Aug/2026:03:11:28 +0800] "GET /responsible-gaming-concerns-setting-your-own-finances-prior-to-to-play/ HTTP/1.1" 200 53829 "-" "Mozilla/5.0 (Linux; Android 6.0.1; Nexus 5X Build/MMB29P) AppleWebKit/537.36 (KHTML, like Gecko) Chrome/151.0.7922.137 Mobile Safari/537.36 (compatible; Googlebot/2.1; +http://www.google.com/bot.html)"
66.249.72.199 - - [24/Aug/2026:03:11:32 +0800] "GET /?p=3401 HTTP/1.1" 200 53829 "-" "Mozilla/5.0 (Linux; Android 6.0.1; Nexus 5X Build/MMB29P) AppleWebKit/537.36 (KHTML, like Gecko) Chrome/151.0.7922.137 Mobile Safari/537.36 (compatible; Googlebot/2.1; +http://www.google.com/bot.html)"
52.167.144.140 - - [24/Aug/2026:03:11:34 +0800] "GET /despite-the-ease-vintage-slot-machines-have-individuals-themes-staying-the-new-gameplay-fresh-and-you-may-enjoyable/?path=/ HTTP/1.1" 200 17406 "-" "Mozilla/5.0 AppleWebKit/537.36 (KHTML, like Gecko; compatible; bingbot/2.0; +http://www.bing.com/bingbot.htm) Chrome/116.0.1938.76 Safari/537.36"
52.167.144.140 - - [24/Aug/2026:03:11:35 +0800] "GET /%E8%BC%9D%E9%81%94spectrum-x%E7%9F%BD%E5%85%89%E5%AD%90%E4%BA%A4%E6%8F%9B%E6%A9%9F%E9%87%8F%E7%94%A2%E3%80%80%E5%8F%B0%E7%A9%8D%E9%9B%BB%E3%80%81%E7%9F%BD%E5%93%81%E3%80%81%E9%B4%BB%E6%B5%B7%E4%BE%9B/?fileloc=/home/httpd/vhosts/rajlaw.com.tw/httpdocs/wp-admin/network.php&path=/home/httpd/vhosts/rajlaw.com.tw/httpdocs/wp-admin HTTP/1.1" 200 18639 "-" "Mozilla/5.0 AppleWebKit/537.36 (KHTML, like Gecko; compatible; bingbot/2.0; +http://www.bing.com/bingbot.htm) Chrome/116.0.1938.76 Safari/537.36"
20.15.133.184 - - [24/Aug/2026:03:11:45 +0800] "GET /inaspettatamente-le-10-strategie-con-laggiunta-di-efficaci-a-pestare-alle-slot-machine-del-casa-da-gioco/?fileloc=/home/httpd/vhosts/rajlaw.com.tw/httpdocs/wp-signup.php&path=/home/httpd/vhosts/rajlaw.com.tw/httpdocs HTTP/1.1" 200 56150 "-" "Mozilla/5.0 AppleWebKit/537.36 (KHTML, like Gecko; compatible; bingbot/2.0; +http://www.bing.com/bingbot.htm) Chrome/116.0.1938.76 Safari/537.36"
40.77.167.48 - - [24/Aug/2026:03:11:51 +0800] "GET /despite-the-ease-vintage-slot-machines-have-individuals-themes-staying-the-new-gameplay-fresh-and-you-may-enjoyable/?path=/home HTTP/1.1" 200 17437 "-" "Mozilla/5.0 AppleWebKit/537.36 (KHTML, like Gecko; compatible; bingbot/2.0; +http://www.bing.com/bingbot.htm) Chrome/116.0.1938.76 Safari/537.36"
40.77.167.48 - - [24/Aug/2026:03:12:32 +0800] "GET /the-online-game-solutions-sits-at-600-headings-hence-is-not-necessarily-the-biggest-from-inside-the-pennsylvania-however-it-is-well-put-together/ HTTP/1.1" 200 53773 "-" "Mozilla/5.0 AppleWebKit/537.36 (KHTML, like Gecko; compatible; bingbot/2.0; +http://www.bing.com/bingbot.htm) Chrome/116.0.1938.76 Safari/537.36"
114.119.152.143 - - [24/Aug/2026:03:13:16 +0800] "GET / HTTP/1.1" 200 53597 "https://www.rajlaw.com.tw/" "Mozilla/5.0 (Linux; Android 7.0;) AppleWebKit/537.36 (HTML, like Gecko) Mobile Safari/537.36 (compatible; PetalBot;+https://webmaster.petalsearch.com/site/petalbot)"
40.77.167.48 - - [24/Aug/2026:03:13:22 +0800] "GET /die-hohe-anzahl-in-betrieb-freispielen-darf-gleichfalls-deren-gewinnmoglichkeiten-steigern-gewalt-unser-spielerlebnis-geiler/?path=/home/httpd/vhosts/rajlaw.com.tw/httpdocs HTTP/1.1" 200 53773 "-" "Mozilla/5.0 AppleWebKit/537.36 (KHTML, like Gecko; compatible; bingbot/2.0; +http://www.bing.com/bingbot.htm) Chrome/116.0.1938.76 Safari/537.36"
40.77.167.48 - - [24/Aug/2026:03:13:32 +0800] "GET /%E3%80%8C%E5%85%AC%E5%8B%99%E5%93%A1%E9%83%BD%E8%83%BD%E5%81%B7%E6%9F%A5%EF%BC%8C%E6%88%91%E5%80%91%E8%B3%87%E6%96%99%E9%82%84%E5%AE%89%E5%85%A8%E5%97%8E%EF%BC%9F%E3%80%8D2812%E8%90%AC%E7%AD%86/?fileloc=/home/httpd/vhosts/rajlaw.com.tw/httpdocs/wp-mail.php&path=/home/httpd/vhosts/rajlaw.com.tw/httpdocs HTTP/1.1" 200 26341 "-" "Mozilla/5.0 AppleWebKit/537.36 (KHTML, like Gecko; compatible; bingbot/2.0; +http://www.bing.com/bingbot.htm) Chrome/116.0.1938.76 Safari/537.36"
52.167.144.140 - - [24/Aug/2026:03:13:36 +0800] "GET /liefste-bank-buiten-shamrock-isle-gokkast-aanmelding-2026-bedrijfstop-10-recht-optreden/?path=/home/httpd/vhosts/rajlaw.com.tw/httpdocs HTTP/1.1" 200 53773 "-" "Mozilla/5.0 AppleWebKit/537.36 (KHTML, like Gecko; compatible; bingbot/2.0; +http://www.bing.com/bingbot.htm) Chrome/116.0.1938.76 Safari/537.36"
52.167.144.140 - - [24/Aug/2026:03:14:15 +0800] "GET /%E8%BC%9D%E9%81%94spectrum-x%E7%9F%BD%E5%85%89%E5%AD%90%E4%BA%A4%E6%8F%9B%E6%A9%9F%E9%87%8F%E7%94%A2%E3%80%80%E5%8F%B0%E7%A9%8D%E9%9B%BB%E3%80%81%E7%9F%BD%E5%93%81%E3%80%81%E9%B4%BB%E6%B5%B7%E4%BE%9B/?fileloc=/home/httpd/vhosts/rajlaw.com.tw/httpdocs/xmlrpc.php&path=/home/httpd/vhosts/rajlaw.com.tw/httpdocs HTTP/1.1" 200 20857 "-" "Mozilla/5.0 AppleWebKit/537.36 (KHTML, like Gecko; compatible; bingbot/2.0; +http://www.bing.com/bingbot.htm) Chrome/116.0.1938.76 Safari/537.36"
40.77.167.48 - - [24/Aug/2026:03:14:52 +0800] "GET /%E8%BC%9D%E9%81%94spectrum-x%E7%9F%BD%E5%85%89%E5%AD%90%E4%BA%A4%E6%8F%9B%E6%A9%9F%E9%87%8F%E7%94%A2%E3%80%80%E5%8F%B0%E7%A9%8D%E9%9B%BB%E3%80%81%E7%9F%BD%E5%93%81%E3%80%81%E9%B4%BB%E6%B5%B7%E4%BE%9B/?path=/ HTTP/1.1" 200 17406 "-" "Mozilla/5.0 AppleWebKit/537.36 (KHTML, like Gecko; compatible; bingbot/2.0; +http://www.bing.com/bingbot.htm) Chrome/116.0.1938.76 Safari/537.36"
40.77.167.48 - - [24/Aug/2026:03:14:53 +0800] "GET /%E8%BC%9D%E9%81%94spectrum-x%E7%9F%BD%E5%85%89%E5%AD%90%E4%BA%A4%E6%8F%9B%E6%A9%9F%E9%87%8F%E7%94%A2%E3%80%80%E5%8F%B0%E7%A9%8D%E9%9B%BB%E3%80%81%E7%9F%BD%E5%93%81%E3%80%81%E9%B4%BB%E6%B5%B7%E4%BE%9B/?fileloc=/home/httpd/vhosts/rajlaw.com.tw/httpdocs/wp-cron.php&path=/home/httpd/vhosts/rajlaw.com.tw/httpdocs HTTP/1.1" 200 18240 "-" "Mozilla/5.0 AppleWebKit/537.36 (KHTML, like Gecko; compatible; bingbot/2.0; +http://www.bing.com/bingbot.htm) Chrome/116.0.1938.76 Safari/537.36"
114.119.152.143 - - [24/Aug/2026:03:14:53 +0800] "GET /uploaded/blog/content/blog_content_image1786931257583212035.jpg HTTP/1.1" 200 53597 "https://rajlaw.com.tw/%e5%be%8c%e5%a3%81%e4%be%af%e4%bc%af%e3%80%81%e5%8c%97%e9%96%80%e8%98%86%e7%ab%b9%e6%ba%9d%e9%80%9a%e9%81%8e%e8%be%b2%e6%9d%91%e5%86%8d%e7%94%9f%e3%80%80%e8%87%ba%e5%8d%97%e7%b4%af%e8%a8%88110/" "Mozilla/5.0 (Linux; Android 7.0;) AppleWebKit/537.36 (HTML, like Gecko) Mobile Safari/537.36 (compatible; PetalBot;+https://webmaster.petalsearch.com/site/petalbot)"
40.77.167.35 - - [24/Aug/2026:03:15:05 +0800] "GET /%E8%BC%9D%E9%81%94spectrum-x%E7%9F%BD%E5%85%89%E5%AD%90%E4%BA%A4%E6%8F%9B%E6%A9%9F%E9%87%8F%E7%94%A2%E3%80%80%E5%8F%B0%E7%A9%8D%E9%9B%BB%E3%80%81%E7%9F%BD%E5%93%81%E3%80%81%E9%B4%BB%E6%B5%B7%E4%BE%9B/?path=/home/httpd/vhosts HTTP/1.1" 200 17521 "-" "Mozilla/5.0 AppleWebKit/537.36 (KHTML, like Gecko; compatible; bingbot/2.0; +http://www.bing.com/bingbot.htm) Chrome/116.0.1938.76 Safari/537.36"
52.167.144.140 - - [24/Aug/2026:03:15:10 +0800] "GET /die-hohe-anzahl-in-betrieb-freispielen-darf-gleichfalls-deren-gewinnmoglichkeiten-steigern-gewalt-unser-spielerlebnis-geiler/?path=/home/httpd HTTP/1.1" 200 17475 "-" "Mozilla/5.0 AppleWebKit/537.36 (KHTML, like Gecko; compatible; bingbot/2.0; +http://www.bing.com/bingbot.htm) Chrome/116.0.1938.76 Safari/537.36"
52.167.144.140 - - [24/Aug/2026:03:15:10 +0800] "GET /die-hohe-anzahl-in-betrieb-freispielen-darf-gleichfalls-deren-gewinnmoglichkeiten-steigern-gewalt-unser-spielerlebnis-geiler/?path=/ HTTP/1.1" 200 12630 "-" "Mozilla/5.0 AppleWebKit/537.36 (KHTML, like Gecko; compatible; bingbot/2.0; +http://www.bing.com/bingbot.htm) Chrome/116.0.1938.76 Safari/537.36"
52.167.144.140 - - [24/Aug/2026:03:15:25 +0800] "GET /%E3%80%8C%E5%85%AC%E5%8B%99%E5%93%A1%E9%83%BD%E8%83%BD%E5%81%B7%E6%9F%A5%EF%BC%8C%E6%88%91%E5%80%91%E8%B3%87%E6%96%99%E9%82%84%E5%AE%89%E5%85%A8%E5%97%8E%EF%BC%9F%E3%80%8D2812%E8%90%AC%E7%AD%86/?fileloc=/home/httpd/vhosts/rajlaw.com.tw/httpdocs/wp-links-opml.php&path=/home/httpd/vhosts/rajlaw.com.tw/httpdocs HTTP/1.1" 200 20100 "-" "Mozilla/5.0 AppleWebKit/537.36 (KHTML, like Gecko; compatible; bingbot/2.0; +http://www.bing.com/bingbot.htm) Chrome/116.0.1938.76 Safari/537.36"
52.167.144.140 - - [24/Aug/2026:03:15:26 +0800] "GET /%E3%80%8C%E5%85%AC%E5%8B%99%E5%93%A1%E9%83%BD%E8%83%BD%E5%81%B7%E6%9F%A5%EF%BC%8C%E6%88%91%E5%80%91%E8%B3%87%E6%96%99%E9%82%84%E5%AE%89%E5%85%A8%E5%97%8E%EF%BC%9F%E3%80%8D2812%E8%90%AC%E7%AD%86/?fileloc=/home/httpd/vhosts/rajlaw.com.tw/httpdocs/.htaccess&path=/home/httpd/vhosts/rajlaw.com.tw/httpdocs HTTP/1.1" 200 13077 "-" "Mozilla/5.0 AppleWebKit/537.36 (KHTML, like Gecko; compatible; bingbot/2.0; +http://www.bing.com/bingbot.htm) Chrome/116.0.1938.76 Safari/537.36"
40.77.167.48 - - [24/Aug/2026:03:16:52 +0800] "GET /conjugation-spielautomaten-online-fantasini-master-mystery-german-finden-weltraum-forms-of-tatigkeitswort-examples-rules-netzverb-dictionary/ HTTP/1.1" 200 53773 "-" "Mozilla/5.0 AppleWebKit/537.36 (KHTML, like Gecko; compatible; bingbot/2.0; +http://www.bing.com/bingbot.htm) Chrome/116.0.1938.76 Safari/537.36"
111.33.67.62 - - [24/Aug/2026:03:17:12 +0800] "GET /wp-json/wp/v2/posts/5129 HTTP/1.1" 200 53829 "-" "Mozilla/5.0 (Windows NT 10.0; Win64; x64) AppleWebKit/537.36 (KHTML, like Gecko) Chrome/144.0.0.0 Safari/537.36"
111.33.67.62 - - [24/Aug/2026:03:17:14 +0800] "GET /favicon.ico HTTP/1.1" 200 49052 "https://rajlaw.com.tw/wp-json/wp/v2/posts/5129" "Mozilla/5.0 (Windows NT 10.0; Win64; x64) AppleWebKit/537.36 (KHTML, like Gecko) Chrome/144.0.0.0 Safari/537.36"
161.118.215.253 - - [24/Aug/2026:03:19:09 +0800] "GET /?p=3399 HTTP/1.1" 200 53773 "-" "GeneralCrawlBot/0.1"
