36.134.129.42 - - [23/Aug/2026:16:13:20 +0800] "GET /10-casinos4u-app-2026-finest-craps-online-casinos-the-real-deal-money-in-2026/ HTTP/1.1" 200 96550 "https://rajlaw.com.tw/7-greatest-a-real-income-on-line-craps-cobber-casino-bonus-code-websites-2026/" "Mozilla/5.0 (Windows NT 10.0; Win64; x64) AppleWebKit/537.36 (KHTML, like Gecko) Chrome/142.0.0.0 Safari/537.36"
52.167.144.136 - - [23/Aug/2026:16:14:29 +0800] "GET /%CF%84%CE%B1-%CE%BA%CE%B1%CE%BB%CF%8D%CF%84%CE%B5%CF%81%CE%B1-%CE%BA%CE%B1%CE%B6%CE%AF%CE%BD%CE%BF-%CF%83%CF%84%CE%BF-%CE%B4%CE%B9%CE%B1%CE%B4%CE%AF%CE%BA%CF%84%CF%85%CE%BF-%CF%80%CE%BF%CF%85-%CE%B8/ HTTP/1.1" 200 109636 "-" "Mozilla/5.0 AppleWebKit/537.36 (KHTML, like Gecko; compatible; bingbot/2.0; +http://www.bing.com/bingbot.htm) Chrome/116.0.1938.76 Safari/537.36"
66.249.72.200 - - [23/Aug/2026:16:14:46 +0800] "GET /?page_id=3151 HTTP/1.1" 301 6064 "-" "Mozilla/5.0 (Linux; Android 6.0.1; Nexus 5X Build/MMB29P) AppleWebKit/537.36 (KHTML, like Gecko) Chrome/151.0.7922.137 Mobile Safari/537.36 (compatible; Googlebot/2.1; +http://www.google.com/bot.html)"
36.139.121.243 - - [23/Aug/2026:16:14:48 +0800] "GET /gana-mas-con-codigo-bonus-capospin/ HTTP/1.1" 200 98144 "https://rajlaw.com.tw/discover-limitless-thrills-with-ice-casino-app-download-for-ultimate-gaming/" "Mozilla/5.0 (Windows NT 10.0; Win64; x64) AppleWebKit/537.36 (KHTML, like Gecko) Chrome/144.0.0.0 Safari/537.36"
66.249.72.200 - - [23/Aug/2026:16:14:50 +0800] "GET /blog10/ HTTP/1.1" 200 99776 "-" "Mozilla/5.0 (Linux; Android 6.0.1; Nexus 5X Build/MMB29P) AppleWebKit/537.36 (KHTML, like Gecko) Chrome/151.0.7922.137 Mobile Safari/537.36 (compatible; Googlebot/2.1; +http://www.google.com/bot.html)"
66.249.72.199 - - [23/Aug/2026:16:14:52 +0800] "GET /%E8%BF%9140%E5%B9%B4%E8%8A%B1%E8%97%9D%E7%B6%93%E9%A9%97%E8%B7%A8%E6%B5%B7-%E4%BA%8C%E4%BB%A3%E5%89%B5%E5%87%9C%E8%8A%B1%E5%8C%A0%E9%A6%96%E5%B1%95%E6%97%A5%E6%9C%AC%E5%AF%8C%E5%B1%B1/ HTTP/1.1" 200 96509 "-" "Mozilla/5.0 (Linux; Android 6.0.1; Nexus 5X Build/MMB29P) AppleWebKit/537.36 (KHTML, like Gecko) Chrome/151.0.7922.137 Mobile Safari/537.36 (compatible; GoogleOther)"
66.249.71.226 - - [23/Aug/2026:16:14:57 +0800] "GET /wp-content/uploads/elementor/css/post-3151.css?ver=1741877188 HTTP/1.1" 200 9824 "https://rajlaw.com.tw/blog10/" "Mozilla/5.0 (Linux; Android 6.0.1; Nexus 5X Build/MMB29P) AppleWebKit/537.36 (KHTML, like Gecko) Chrome/151.0.7922.137 Mobile Safari/537.36 (compatible; Googlebot/2.1; +http://www.google.com/bot.html)"
36.134.209.248 - - [23/Aug/2026:16:15:03 +0800] "GET /%E6%97%A5%E6%9C%AC%E7%86%8A%E6%9C%AC7-1%E5%BC%B7%E9%9C%87%E6%9C%80%E6%96%B0%E6%B6%88%E6%81%AF%EF%BD%9C%E5%8F%B0%E5%8D%97%E6%B6%88%E9%98%B2%E5%B1%80%E7%89%B9%E6%90%9C%E9%9A%8A%E5%AE%8C%E6%88%90/ HTTP/1.1" 200 97185 "https://rajlaw.com.tw/%E4%BB%99%E5%8F%B0%E5%B8%82%E8%AD%B0%E6%9C%83%E8%AD%B0%E9%95%B7%E9%87%8E%E7%94%B0%E8%AE%93%E6%8B%9C%E6%9C%83%E5%8F%B0%E5%8D%97%E5%B8%82%E6%94%BF%E5%BA%9C%E3%80%80%E5%8F%B0%E5%8D%97%E4%BB%99%E5%8F%B0/" "Mozilla/5.0 (Windows NT 10.0; Win64; x64) AppleWebKit/537.36 (KHTML, like Gecko) Chrome/144.0.0.0 Safari/537.36"
36.138.34.203 - - [23/Aug/2026:16:15:27 +0800] "GET /%E6%97%A5%E6%9C%AC%E7%86%8A%E6%9C%AC7-1%E5%BC%B7%E9%9C%87%E6%9C%80%E6%96%B0%E6%B6%88%E6%81%AF%EF%BD%9C%E5%8F%B0%E5%8D%97%E6%B6%88%E9%98%B2%E5%B1%80%E7%89%B9%E6%90%9C%E9%9A%8A%E5%AE%8C%E6%88%90/ HTTP/1.1" 200 97185 "https://rajlaw.com.tw/%E4%BB%99%E5%8F%B0%E5%B8%82%E8%AD%B0%E6%9C%83%E8%AD%B0%E9%95%B7%E9%87%8E%E7%94%B0%E8%AE%93%E6%8B%9C%E6%9C%83%E5%8F%B0%E5%8D%97%E5%B8%82%E6%94%BF%E5%BA%9C%E3%80%80%E5%8F%B0%E5%8D%97%E4%BB%99%E5%8F%B0/" "Mozilla/5.0 (Windows NT 10.0; Win64; x64) AppleWebKit/537.36 (KHTML, like Gecko) Chrome/144.0.0.0 Safari/537.36"
40.77.167.151 - - [23/Aug/2026:16:15:27 +0800] "GET /angeschlossen-glucksspiel-double-wammy-slotspiel-inside-brd/ HTTP/1.1" 200 98468 "-" "Mozilla/5.0 AppleWebKit/537.36 (KHTML, like Gecko; compatible; bingbot/2.0; +http://www.bing.com/bingbot.htm) Chrome/116.0.1938.76 Safari/537.36"
120.241.127.233 - - [23/Aug/2026:16:17:16 +0800] "GET /?p=4980/ HTTP/1.1" 301 5999 "-" "Mozilla/5.0 (Windows NT 10.0; Win64; x64) AppleWebKit/537.36 (KHTML, like Gecko) Chrome/120.0.0.0 Safari/537.36"
124.150.132.81 - - [23/Aug/2026:16:17:19 +0800] "POST /wp-cron.php?doing_wp_cron=1787473039.1615529060363769531250 HTTP/1.1" 200 5843 "-" "WordPress/7.1; https://rajlaw.com.tw"
120.233.111.226 - - [23/Aug/2026:16:17:24 +0800] "GET /%e5%91%a8%e6%b9%af%e8%b1%aa%e6%94%9c%e6%af%94%e8%8e%89%e5%a7%90%e5%90%88%e6%8b%8d%e6%96%b0%e6%ad%8cmv-%e6%af%8d%e5%ad%90%e6%b0%a3%e5%a0%b4%e5%85%a8%e9%96%8b%e5%85%a8%e6%96%b0%e4%bb%a3%e8%a8%80/ HTTP/1.1" 500 72357 "-" "Mozilla/5.0 (Windows NT 10.0; Win64; x64) AppleWebKit/537.36 (KHTML, like Gecko) Chrome/120.0.0.0 Safari/537.36"
183.47.107.60 - - [23/Aug/2026:16:17:30 +0800] "GET /?p=4980/ HTTP/1.1" 301 6018 "-" "Mozilla/5.0 (Windows NT 10.0; Win64; x64) AppleWebKit/537.36 (KHTML, like Gecko) Chrome/107.0.0.0 Safari/537.36"
183.47.107.60 - - [23/Aug/2026:16:17:33 +0800] "GET /%e5%91%a8%e6%b9%af%e8%b1%aa%e6%94%9c%e6%af%94%e8%8e%89%e5%a7%90%e5%90%88%e6%8b%8d%e6%96%b0%e6%ad%8cmv-%e6%af%8d%e5%ad%90%e6%b0%a3%e5%a0%b4%e5%85%a8%e9%96%8b%e5%85%a8%e6%96%b0%e4%bb%a3%e8%a8%80/ HTTP/1.1" 200 95807 "https://rajlaw.com.tw?p=4980/" "Mozilla/5.0 (Windows NT 10.0; Win64; x64) AppleWebKit/537.36 (KHTML, like Gecko) Chrome/107.0.0.0 Safari/537.36"
17.22.245.62 - - [23/Aug/2026:16:17:38 +0800] "GET /blog9/ HTTP/1.1" 200 103292 "-" "Mozilla/5.0 (Macintosh; Intel Mac OS X 10_15_7) AppleWebKit/605.1.15 (KHTML, like Gecko) Version/17.4 Safari/605.1.15 (Applebot/0.1; +http://www.apple.com/go/applebot)"
66.249.71.228 - - [23/Aug/2026:16:18:03 +0800] "GET /erster-online-keine-einzahlung-yoyospins-fur-casino-casino-pramie-pro-deutsche-spieler/ HTTP/1.1" 200 100317 "-" "Mozilla/5.0 (Linux; Android 6.0.1; Nexus 5X Build/MMB29P) AppleWebKit/537.36 (KHTML, like Gecko) Chrome/151.0.7922.137 Mobile Safari/537.36 (compatible; GoogleOther)"
40.77.167.20 - - [23/Aug/2026:16:18:50 +0800] "GET /salah-onderneemt-rechtstreeks-actie-achterop-blader-rond-op-deze-site-uitstoot-afloop-gedurende-liverpool/ HTTP/1.1" 200 97908 "-" "Mozilla/5.0 AppleWebKit/537.36 (KHTML, like Gecko; compatible; bingbot/2.0; +http://www.bing.com/bingbot.htm) Chrome/116.0.1938.76 Safari/537.36"
17.22.253.182 - - [23/Aug/2026:16:19:41 +0800] "GET /%E9%80%80%E4%BC%91%E8%A6%8F%E5%8A%83%E6%80%8E%E9%BA%BC%E5%81%9A%EF%BC%9F%E4%B8%96%E7%95%8C%E7%B0%A1%E5%A7%93%E5%AE%97%E8%A6%AA%E7%B8%BD%E6%9C%83%E3%80%8C70%E6%AD%B2%E8%87%AA%E7%94%B1%E4%BA%BA%E7%94%9F/ HTTP/1.1" 200 102990 "-" "Mozilla/5.0 (Macintosh; Intel Mac OS X 10_15_7) AppleWebKit/605.1.15 (KHTML, like Gecko) Version/17.4 Safari/605.1.15 (Applebot/0.1; +http://www.apple.com/go/applebot)"
124.150.132.81 - - [23/Aug/2026:16:19:44 +0800] "POST /wp-cron.php?doing_wp_cron=1787473184.8136949539184570312500 HTTP/1.1" 500 8614 "-" "WordPress/7.1; https://rajlaw.com.tw"
40.77.167.20 - - [23/Aug/2026:16:20:50 +0800] "GET /%E6%96%B0%E7%87%9Fo%E5%B9%B9%E7%B7%9A%E9%9B%A8%E6%B0%B4%E4%B8%8B%E6%B0%B4%E9%81%93%E4%B8%80%E6%9C%9F%E5%AE%8C%E5%B7%A5%E3%80%80%E6%8A%95%E5%85%A55168%E8%90%AC%E5%85%83%E6%8F%90%E5%8D%87%E9%98%B2/ HTTP/1.1" 200 94651 "-" "Mozilla/5.0 AppleWebKit/537.36 (KHTML, like Gecko; compatible; bingbot/2.0; +http://www.bing.com/bingbot.htm) Chrome/116.0.1938.76 Safari/537.36"
66.249.71.227 - - [23/Aug/2026:16:21:15 +0800] "GET /for-those-who-considered-that-bitbetwin-was-an-ining-program-then-you-definitely-really-need-to-listed-below-are-some-mcluck/ HTTP/1.1" 200 98761 "-" "Mozilla/5.0 (Linux; Android 6.0.1; Nexus 5X Build/MMB29P) AppleWebKit/537.36 (KHTML, like Gecko) Chrome/151.0.7922.137 Mobile Safari/537.36 (compatible; GoogleOther)"
124.150.132.81 - - [23/Aug/2026:16:20:54 +0800] "POST /wp-cron.php?doing_wp_cron=1787473254.5843930244445800781250 HTTP/1.1" 200 5843 "-" "WordPress/7.1; https://rajlaw.com.tw"
123.203.202.227 - - [23/Aug/2026:16:22:45 +0800] "GET /%E5%90%89%E5%88%A9%E5%9B%BA%E6%85%8B%E9%9B%BB%E6%B1%A02027%E5%B9%B4%E8%A9%A6%E9%BB%9E%E4%B8%8A%E8%BB%8A%EF%BC%81%E6%9C%80%E9%AB%98500-wh-kg%E3%80%81%E7%9B%AE%E6%A8%99%E7%BA%8C%E8%88%AA%E7%AA%81/ HTTP/1.1" 200 99209 "https://www.google.com/" "Mozilla/5.0 (Linux; Android 10; K) AppleWebKit/537.36 (KHTML, like Gecko) Chrome/151.0.0.0 Mobile Safari/537.36"
123.203.202.227 - - [23/Aug/2026:16:22:50 +0800] "GET /wp-includes/css/dashicons.min.css?ver=7.1 HTTP/1.1" 200 64196 "https://rajlaw.com.tw/%E5%90%89%E5%88%A9%E5%9B%BA%E6%85%8B%E9%9B%BB%E6%B1%A02027%E5%B9%B4%E8%A9%A6%E9%BB%9E%E4%B8%8A%E8%BB%8A%EF%BC%81%E6%9C%80%E9%AB%98500-wh-kg%E3%80%81%E7%9B%AE%E6%A8%99%E7%BA%8C%E8%88%AA%E7%AA%81/" "Mozilla/5.0 (Linux; Android 10; K) AppleWebKit/537.36 (KHTML, like Gecko) Chrome/151.0.0.0 Mobile Safari/537.36"
123.203.202.227 - - [23/Aug/2026:16:22:50 +0800] "GET /wp-content/plugins/everest-forms/assets/css/everest-forms.css?ver=3.0.9.3 HTTP/1.1" 200 100836 "https://rajlaw.com.tw/%E5%90%89%E5%88%A9%E5%9B%BA%E6%85%8B%E9%9B%BB%E6%B1%A02027%E5%B9%B4%E8%A9%A6%E9%BB%9E%E4%B8%8A%E8%BB%8A%EF%BC%81%E6%9C%80%E9%AB%98500-wh-kg%E3%80%81%E7%9B%AE%E6%A8%99%E7%BA%8C%E8%88%AA%E7%AA%81/" "Mozilla/5.0 (Linux; Android 10; K) AppleWebKit/537.36 (KHTML, like Gecko) Chrome/151.0.0.0 Mobile Safari/537.36"
123.203.202.227 - - [23/Aug/2026:16:22:50 +0800] "GET /wp-content/plugins/everest-forms/assets/css/intlTelInput.css?ver=3.0.9.3 HTTP/1.1" 200 45997 "https://rajlaw.com.tw/%E5%90%89%E5%88%A9%E5%9B%BA%E6%85%8B%E9%9B%BB%E6%B1%A02027%E5%B9%B4%E8%A9%A6%E9%BB%9E%E4%B8%8A%E8%BB%8A%EF%BC%81%E6%9C%80%E9%AB%98500-wh-kg%E3%80%81%E7%9B%AE%E6%A8%99%E7%BA%8C%E8%88%AA%E7%AA%81/" "Mozilla/5.0 (Linux; Android 10; K) AppleWebKit/537.36 (KHTML, like Gecko) Chrome/151.0.0.0 Mobile Safari/537.36"
123.203.202.227 - - [23/Aug/2026:16:22:50 +0800] "GET /wp-content/themes/zakra/inc/customizer/customind/assets/fontawesome/v6/css/all.min.css?ver=6.2.4 HTTP/1.1" 200 103513 "https://rajlaw.com.tw/%E5%90%89%E5%88%A9%E5%9B%BA%E6%85%8B%E9%9B%BB%E6%B1%A02027%E5%B9%B4%E8%A9%A6%E9%BB%9E%E4%B8%8A%E8%BB%8A%EF%BC%81%E6%9C%80%E9%AB%98500-wh-kg%E3%80%81%E7%9B%AE%E6%A8%99%E7%BA%8C%E8%88%AA%E7%AA%81/" "Mozilla/5.0 (Linux; Android 10; K) AppleWebKit/537.36 (KHTML, like Gecko) Chrome/151.0.0.0 Mobile Safari/537.36"
123.203.202.227 - - [23/Aug/2026:16:22:50 +0800] "GET /wp-content/uploads/2025/03/logo-removebg-preview-e1741353740950.png HTTP/1.1" 200 71237 "https://rajlaw.com.tw/%E5%90%89%E5%88%A9%E5%9B%BA%E6%85%8B%E9%9B%BB%E6%B1%A02027%E5%B9%B4%E8%A9%A6%E9%BB%9E%E4%B8%8A%E8%BB%8A%EF%BC%81%E6%9C%80%E9%AB%98500-wh-kg%E3%80%81%E7%9B%AE%E6%A8%99%E7%BA%8C%E8%88%AA%E7%AA%81/" "Mozilla/5.0 (Linux; Android 10; K) AppleWebKit/537.36 (KHTML, like Gecko) Chrome/151.0.0.0 Mobile Safari/537.36"
123.203.202.227 - - [23/Aug/2026:16:22:50 +0800] "GET /wp-content/themes/zakra/style.css?ver=4.0.6 HTTP/1.1" 200 106957 "https://rajlaw.com.tw/%E5%90%89%E5%88%A9%E5%9B%BA%E6%85%8B%E9%9B%BB%E6%B1%A02027%E5%B9%B4%E8%A9%A6%E9%BB%9E%E4%B8%8A%E8%BB%8A%EF%BC%81%E6%9C%80%E9%AB%98500-wh-kg%E3%80%81%E7%9B%AE%E6%A8%99%E7%BA%8C%E8%88%AA%E7%AA%81/" "Mozilla/5.0 (Linux; Android 10; K) AppleWebKit/537.36 (KHTML, like Gecko) Chrome/151.0.0.0 Mobile Safari/537.36"
123.203.202.227 - - [23/Aug/2026:16:22:50 +0800] "GET /wp-content/themes/zakra/assets/js/navigation.min.js?ver=4.0.6 HTTP/1.1" 200 4809 "https://rajlaw.com.tw/%E5%90%89%E5%88%A9%E5%9B%BA%E6%85%8B%E9%9B%BB%E6%B1%A02027%E5%B9%B4%E8%A9%A6%E9%BB%9E%E4%B8%8A%E8%BB%8A%EF%BC%81%E6%9C%80%E9%AB%98500-wh-kg%E3%80%81%E7%9B%AE%E6%A8%99%E7%BA%8C%E8%88%AA%E7%AA%81/" "Mozilla/5.0 (Linux; Android 10; K) AppleWebKit/537.36 (KHTML, like Gecko) Chrome/151.0.0.0 Mobile Safari/537.36"
123.203.202.227 - - [23/Aug/2026:16:22:50 +0800] "GET /wp-content/themes/zakra/assets/js/skip-link-focus-fix.min.js?ver=4.0.6 HTTP/1.1" 200 666 "https://rajlaw.com.tw/%E5%90%89%E5%88%A9%E5%9B%BA%E6%85%8B%E9%9B%BB%E6%B1%A02027%E5%B9%B4%E8%A9%A6%E9%BB%9E%E4%B8%8A%E8%BB%8A%EF%BC%81%E6%9C%80%E9%AB%98500-wh-kg%E3%80%81%E7%9B%AE%E6%A8%99%E7%BA%8C%E8%88%AA%E7%AA%81/" "Mozilla/5.0 (Linux; Android 10; K) AppleWebKit/537.36 (KHTML, like Gecko) Chrome/151.0.0.0 Mobile Safari/537.36"
123.203.202.227 - - [23/Aug/2026:16:22:50 +0800] "GET /wp-content/themes/zakra/assets/js/zakra-custom.min.js?ver=4.0.6 HTTP/1.1" 200 5825 "https://rajlaw.com.tw/%E5%90%89%E5%88%A9%E5%9B%BA%E6%85%8B%E9%9B%BB%E6%B1%A02027%E5%B9%B4%E8%A9%A6%E9%BB%9E%E4%B8%8A%E8%BB%8A%EF%BC%81%E6%9C%80%E9%AB%98500-wh-kg%E3%80%81%E7%9B%AE%E6%A8%99%E7%BA%8C%E8%88%AA%E7%AA%81/" "Mozilla/5.0 (Linux; Android 10; K) AppleWebKit/537.36 (KHTML, like Gecko) Chrome/151.0.0.0 Mobile Safari/537.36"
123.203.202.227 - - [23/Aug/2026:16:22:50 +0800] "GET /wp-content/themes/zakra/assets/fonts/themegrill-icons.woff2?5d42b271f668d2d6461ba91fc5a5a839 HTTP/1.1" 200 1622 "https://rajlaw.com.tw/wp-content/themes/zakra/style.css?ver=4.0.6" "Mozilla/5.0 (Linux; Android 10; K) AppleWebKit/537.36 (KHTML, like Gecko) Chrome/151.0.0.0 Mobile Safari/537.36"
123.203.202.227 - - [23/Aug/2026:16:22:50 +0800] "GET /wp-content/uploads/2026/08/9xA8pUTmBod6yFYpAnHhISbSo6k6ql0rYmSWZvU1-1536x864.png HTTP/1.1" 200 1517990 "https://rajlaw.com.tw/%E5%90%89%E5%88%A9%E5%9B%BA%E6%85%8B%E9%9B%BB%E6%B1%A02027%E5%B9%B4%E8%A9%A6%E9%BB%9E%E4%B8%8A%E8%BB%8A%EF%BC%81%E6%9C%80%E9%AB%98500-wh-kg%E3%80%81%E7%9B%AE%E6%A8%99%E7%BA%8C%E8%88%AA%E7%AA%81/" "Mozilla/5.0 (Linux; Android 10; K) AppleWebKit/537.36 (KHTML, like Gecko) Chrome/151.0.0.0 Mobile Safari/537.36"
123.203.202.227 - - [23/Aug/2026:16:22:50 +0800] "GET /wp-includes/js/wp-emoji-release.min.js?ver=7.1 HTTP/1.1" 200 23123 "https://rajlaw.com.tw/%E5%90%89%E5%88%A9%E5%9B%BA%E6%85%8B%E9%9B%BB%E6%B1%A02027%E5%B9%B4%E8%A9%A6%E9%BB%9E%E4%B8%8A%E8%BB%8A%EF%BC%81%E6%9C%80%E9%AB%98500-wh-kg%E3%80%81%E7%9B%AE%E6%A8%99%E7%BA%8C%E8%88%AA%E7%AA%81/" "Mozilla/5.0 (Linux; Android 10; K) AppleWebKit/537.36 (KHTML, like Gecko) Chrome/151.0.0.0 Mobile Safari/537.36"
123.203.202.227 - - [23/Aug/2026:16:22:50 +0800] "GET /wp-content/themes/zakra/123.jpg HTTP/1.1" 200 455955 "https://rajlaw.com.tw/wp-content/themes/zakra/style.css?ver=4.0.6" "Mozilla/5.0 (Linux; Android 10; K) AppleWebKit/537.36 (KHTML, like Gecko) Chrome/151.0.0.0 Mobile Safari/537.36"
123.203.202.227 - - [23/Aug/2026:16:22:50 +0800] "GET /uploaded/blog/content/blog_content_image1787194126953348731.jpg HTTP/1.1" 404 82178 "https://rajlaw.com.tw/%E5%90%89%E5%88%A9%E5%9B%BA%E6%85%8B%E9%9B%BB%E6%B1%A02027%E5%B9%B4%E8%A9%A6%E9%BB%9E%E4%B8%8A%E8%BB%8A%EF%BC%81%E6%9C%80%E9%AB%98500-wh-kg%E3%80%81%E7%9B%AE%E6%A8%99%E7%BA%8C%E8%88%AA%E7%AA%81/" "Mozilla/5.0 (Linux; Android 10; K) AppleWebKit/537.36 (KHTML, like Gecko) Chrome/151.0.0.0 Mobile Safari/537.36"
123.203.202.227 - - [23/Aug/2026:16:22:50 +0800] "GET /uploaded/blog/content/blog_content_image17871941671320707258.jpg HTTP/1.1" 404 82178 "https://rajlaw.com.tw/%E5%90%89%E5%88%A9%E5%9B%BA%E6%85%8B%E9%9B%BB%E6%B1%A02027%E5%B9%B4%E8%A9%A6%E9%BB%9E%E4%B8%8A%E8%BB%8A%EF%BC%81%E6%9C%80%E9%AB%98500-wh-kg%E3%80%81%E7%9B%AE%E6%A8%99%E7%BA%8C%E8%88%AA%E7%AA%81/" "Mozilla/5.0 (Linux; Android 10; K) AppleWebKit/537.36 (KHTML, like Gecko) Chrome/151.0.0.0 Mobile Safari/537.36"
123.203.202.227 - - [23/Aug/2026:16:22:54 +0800] "GET /favicon.ico HTTP/1.1" 302 1395 "https://rajlaw.com.tw/%E5%90%89%E5%88%A9%E5%9B%BA%E6%85%8B%E9%9B%BB%E6%B1%A02027%E5%B9%B4%E8%A9%A6%E9%BB%9E%E4%B8%8A%E8%BB%8A%EF%BC%81%E6%9C%80%E9%AB%98500-wh-kg%E3%80%81%E7%9B%AE%E6%A8%99%E7%BA%8C%E8%88%AA%E7%AA%81/" "Mozilla/5.0 (Linux; Android 10; K) AppleWebKit/537.36 (KHTML, like Gecko) Chrome/151.0.0.0 Mobile Safari/537.36"
123.203.202.227 - - [23/Aug/2026:16:22:57 +0800] "GET /wp-content/uploads/2025/03/%E9%95%B7%E5%AE%89logo-150x150.png HTTP/1.1" 200 12612 "https://rajlaw.com.tw/%E5%90%89%E5%88%A9%E5%9B%BA%E6%85%8B%E9%9B%BB%E6%B1%A02027%E5%B9%B4%E8%A9%A6%E9%BB%9E%E4%B8%8A%E8%BB%8A%EF%BC%81%E6%9C%80%E9%AB%98500-wh-kg%E3%80%81%E7%9B%AE%E6%A8%99%E7%BA%8C%E8%88%AA%E7%AA%81/" "Mozilla/5.0 (Linux; Android 10; K) AppleWebKit/537.36 (KHTML, like Gecko) Chrome/151.0.0.0 Mobile Safari/537.36"
162.120.184.61 - - [23/Aug/2026:16:23:44 +0800] "GET /2026%E6%95%91%E8%BB%8A%E8%A1%8C%E5%8B%95%E9%9B%BB%E6%BA%90%E6%8E%A8%E8%96%A6%EF%BD%9C%E6%B1%BD%E8%BB%8A%E9%9B%BB%E7%93%B6%E6%B2%92%E9%9B%BB%E4%B8%8D%E5%86%8D%E7%AD%89%E6%95%91%E6%8F%B4%EF%BC%8C/ HTTP/1.1" 200 83176 "https://www.google.com/" "Mozilla/5.0 (Linux; Android 10; K) AppleWebKit/537.36 (KHTML, like Gecko) Chrome/148.0.0.0 Mobile Safari/537.36"
66.249.72.201 - - [23/Aug/2026:16:24:11 +0800] "GET /%E7%89%B9%E6%96%AF%E6%8B%89roadster%E6%9C%80%E5%BF%AB8%E6%9C%88%E4%BA%AE%E7%9B%B8%EF%BC%81%E9%A6%AC%E6%96%AF%E5%85%8B%E3%80%8C%E9%A3%9B%E8%A1%8C%E8%B7%91%E8%BB%8A%E3%80%8D%E8%A8%88%E7%95%AB%E6%9B%9D/ HTTP/1.1" 200 99458 "-" "Mozilla/5.0 (Linux; Android 6.0.1; Nexus 5X Build/MMB29P) AppleWebKit/537.36 (KHTML, like Gecko) Chrome/151.0.7922.137 Mobile Safari/537.36 (compatible; GoogleOther)"
66.249.71.227 - - [23/Aug/2026:16:24:26 +0800] "GET /qualora-sinon-vince-durante-certain-immagine-wild-la-somma-viene-triplicata/ HTTP/1.1" 200 95554 "-" "Mozilla/5.0 (Linux; Android 6.0.1; Nexus 5X Build/MMB29P) AppleWebKit/537.36 (KHTML, like Gecko) Chrome/151.0.7922.137 Mobile Safari/537.36 (compatible; GoogleOther)"
66.249.71.226 - - [23/Aug/2026:16:24:32 +0800] "GET /wp-content/themes/zakra/assets/js/zakra-custom.min.js?ver=4.0.6 HTTP/1.1" 200 10602 "https://rajlaw.com.tw/qualora-sinon-vince-durante-certain-immagine-wild-la-somma-viene-triplicata/" "Mozilla/5.0 (Linux; Android 6.0.1; Nexus 5X Build/MMB29P) AppleWebKit/537.36 (KHTML, like Gecko) Chrome/151.0.7922.137 Mobile Safari/537.36 (compatible; GoogleOther)"
51.89.129.253 - - [23/Aug/2026:16:27:58 +0800] "GET /category/%E7%A7%91%E6%8A%80/ HTTP/1.1" 200 120224 "-" "Mozilla/5.0 (compatible; AhrefsBot/7.0; +http://ahrefs.com/robot/)"
198.244.168.73 - - [23/Aug/2026:16:29:05 +0800] "GET /wp-content/uploads/2026/08/uXR0RAkil7tGJU3AzoJp7yfrpsUXRCKn04ewOh1T.jpg HTTP/1.1" 200 218874 "-" "Mozilla/5.0 (compatible; AhrefsBot/7.0; +http://ahrefs.com/robot/)"
54.38.147.66 - - [23/Aug/2026:16:29:09 +0800] "GET /wp-content/uploads/2026/08/482LKLO84yHYgFXhDTqWNWqVh8OQ2JhCUNvvAMEM.jpg HTTP/1.1" 200 374374 "-" "Mozilla/5.0 (compatible; AhrefsBot/7.0; +http://ahrefs.com/robot/)"
198.244.240.59 - - [23/Aug/2026:16:29:13 +0800] "GET /wp-content/uploads/2026/07/28l3CkKj6vLHJ5yTA9r8zCAP320aWw6dHcDP65te.jpg HTTP/1.1" 200 46417 "-" "Mozilla/5.0 (compatible; AhrefsBot/7.0; +http://ahrefs.com/robot/)"
198.244.168.241 - - [23/Aug/2026:16:29:16 +0800] "GET /wp-content/uploads/2026/08/8h6mPjfr2fZibZOGIbWhnaSLcc21X0bhCTsNehVF.jpg HTTP/1.1" 200 38054 "-" "Mozilla/5.0 (compatible; AhrefsBot/7.0; +http://ahrefs.com/robot/)"
40.77.167.255 - - [23/Aug/2026:16:29:59 +0800] "GET /scarica-spinight-e-rivoluziona-la-tua-routine-di-gioco/ HTTP/1.1" 200 94980 "-" "Mozilla/5.0 AppleWebKit/537.36 (KHTML, like Gecko; compatible; bingbot/2.0; +http://www.bing.com/bingbot.htm) Chrome/116.0.1938.76 Safari/537.36"
123.207.65.62 - - [23/Aug/2026:16:30:20 +0800] "GET / HTTP/1.1" 200 139700 "http://rajlaw.com.tw" "Mozilla/5.0 (iPhone; CPU iPhone OS 13_2_3 like Mac OS X) AppleWebKit/605.1.15 (KHTML, like Gecko) Version/13.0.3 Mobile/15E148 Safari/604.1"
17.22.245.210 - - [23/Aug/2026:16:30:32 +0800] "GET /wp-content/plugins/elementor/assets/lib/eicons/css/elementor-icons.min.css?ver=5.11.0 HTTP/1.1" 200 22366 "https://rajlaw.com.tw/blog9/" "Mozilla/5.0 (Macintosh; Intel Mac OS X 10_15_7) AppleWebKit/605.1.15 (KHTML, like Gecko) Version/17.4 Safari/605.1.15 (Applebot/0.1; +http://www.apple.com/go/applebot)"
17.22.245.210 - - [23/Aug/2026:16:30:33 +0800] "GET /wp-content/plugins/elementor/assets/lib/animations/animations.min.css?ver=3.2.3 HTTP/1.1" 200 18825 "https://rajlaw.com.tw/blog9/" "Mozilla/5.0 (Macintosh; Intel Mac OS X 10_15_7) AppleWebKit/605.1.15 (KHTML, like Gecko) Version/17.4 Safari/605.1.15 (Applebot/0.1; +http://www.apple.com/go/applebot)"
17.22.245.210 - - [23/Aug/2026:16:30:35 +0800] "GET /wp-content/uploads/elementor/css/post-504.css?ver=1741807482 HTTP/1.1" 200 1490 "https://rajlaw.com.tw/blog9/" "Mozilla/5.0 (Macintosh; Intel Mac OS X 10_15_7) AppleWebKit/605.1.15 (KHTML, like Gecko) Version/17.4 Safari/605.1.15 (Applebot/0.1; +http://www.apple.com/go/applebot)"
17.22.245.210 - - [23/Aug/2026:16:30:36 +0800] "GET /wp-content/plugins/elementor-pro/assets/css/frontend.min.css?ver=3.2.2 HTTP/1.1" 200 211560 "https://rajlaw.com.tw/blog9/" "Mozilla/5.0 (Macintosh; Intel Mac OS X 10_15_7) AppleWebKit/605.1.15 (KHTML, like Gecko) Version/17.4 Safari/605.1.15 (Applebot/0.1; +http://www.apple.com/go/applebot)"
17.22.245.210 - - [23/Aug/2026:16:30:37 +0800] "GET /wp-content/plugins/elementor/assets/lib/font-awesome/css/all.min.css?ver=3.2.3 HTTP/1.1" 200 59759 "https://rajlaw.com.tw/blog9/" "Mozilla/5.0 (Macintosh; Intel Mac OS X 10_15_7) AppleWebKit/605.1.15 (KHTML, like Gecko) Version/17.4 Safari/605.1.15 (Applebot/0.1; +http://www.apple.com/go/applebot)"
17.22.245.210 - - [23/Aug/2026:16:30:39 +0800] "GET /wp-content/plugins/elementor/assets/css/frontend.min.css?ver=3.2.3 HTTP/1.1" 200 118361 "https://rajlaw.com.tw/blog9/" "Mozilla/5.0 (Macintosh; Intel Mac OS X 10_15_7) AppleWebKit/605.1.15 (KHTML, like Gecko) Version/17.4 Safari/605.1.15 (Applebot/0.1; +http://www.apple.com/go/applebot)"
17.22.245.210 - - [23/Aug/2026:16:30:40 +0800] "GET /wp-content/plugins/elementor/assets/lib/font-awesome/css/v4-shims.min.css?ver=3.2.3 HTTP/1.1" 200 27059 "https://rajlaw.com.tw/blog9/" "Mozilla/5.0 (Macintosh; Intel Mac OS X 10_15_7) AppleWebKit/605.1.15 (KHTML, like Gecko) Version/17.4 Safari/605.1.15 (Applebot/0.1; +http://www.apple.com/go/applebot)"
17.22.245.210 - - [23/Aug/2026:16:30:42 +0800] "GET /wp-content/uploads/elementor/css/post-3146.css?ver=1741866408 HTTP/1.1" 200 5047 "https://rajlaw.com.tw/blog9/" "Mozilla/5.0 (Macintosh; Intel Mac OS X 10_15_7) AppleWebKit/605.1.15 (KHTML, like Gecko) Version/17.4 Safari/605.1.15 (Applebot/0.1; +http://www.apple.com/go/applebot)"
17.22.245.210 - - [23/Aug/2026:16:30:43 +0800] "GET /wp-content/plugins/elementor/assets/lib/font-awesome/js/v4-shims.min.js?ver=3.2.3 HTTP/1.1" 200 15397 "https://rajlaw.com.tw/blog9/" "Mozilla/5.0 (Macintosh; Intel Mac OS X 10_15_7) AppleWebKit/605.1.15 (KHTML, like Gecko) Version/17.4 Safari/605.1.15 (Applebot/0.1; +http://www.apple.com/go/applebot)"
17.22.245.210 - - [23/Aug/2026:16:30:45 +0800] "GET /wp-content/plugins/elementor/assets/lib/font-awesome/css/fontawesome.min.css?ver=5.15.1 HTTP/1.1" 200 58327 "https://rajlaw.com.tw/blog9/" "Mozilla/5.0 (Macintosh; Intel Mac OS X 10_15_7) AppleWebKit/605.1.15 (KHTML, like Gecko) Version/17.4 Safari/605.1.15 (Applebot/0.1; +http://www.apple.com/go/applebot)"
17.22.245.210 - - [23/Aug/2026:16:30:46 +0800] "GET /wp-content/plugins/elementor/assets/lib/font-awesome/css/solid.min.css?ver=5.15.1 HTTP/1.1" 200 994 "https://rajlaw.com.tw/blog9/" "Mozilla/5.0 (Macintosh; Intel Mac OS X 10_15_7) AppleWebKit/605.1.15 (KHTML, like Gecko) Version/17.4 Safari/605.1.15 (Applebot/0.1; +http://www.apple.com/go/applebot)"
52.167.144.140 - - [23/Aug/2026:16:30:41 +0800] "GET /durante-la-regolazione-classica-ed-la-verifica-documentale-in-cambio-di-i-giri-a-scrocco-scendono-verso-50/ HTTP/1.1" 200 97212 "-" "Mozilla/5.0 AppleWebKit/537.36 (KHTML, like Gecko; compatible; bingbot/2.0; +http://www.bing.com/bingbot.htm) Chrome/116.0.1938.76 Safari/537.36"
17.22.245.210 - - [23/Aug/2026:16:30:48 +0800] "GET /wp-includes/js/imagesloaded.min.js?ver=5.0.0 HTTP/1.1" 200 5861 "https://rajlaw.com.tw/blog9/" "Mozilla/5.0 (Macintosh; Intel Mac OS X 10_15_7) AppleWebKit/605.1.15 (KHTML, like Gecko) Version/17.4 Safari/605.1.15 (Applebot/0.1; +http://www.apple.com/go/applebot)"
17.22.245.210 - - [23/Aug/2026:16:30:49 +0800] "GET /wp-content/plugins/elementor-pro/assets/js/webpack-pro.runtime.min.js?ver=3.2.2 HTTP/1.1" 200 5877 "https://rajlaw.com.tw/blog9/" "Mozilla/5.0 (Macintosh; Intel Mac OS X 10_15_7) AppleWebKit/605.1.15 (KHTML, like Gecko) Version/17.4 Safari/605.1.15 (Applebot/0.1; +http://www.apple.com/go/applebot)"
124.150.132.81 - - [23/Aug/2026:16:30:08 +0800] "POST /wp-cron.php?doing_wp_cron=1787473808.1753480434417724609375 HTTP/1.1" 500 8614 "-" "WordPress/7.1; https://rajlaw.com.tw"
17.22.245.210 - - [23/Aug/2026:16:30:51 +0800] "GET /wp-content/plugins/elementor/assets/js/webpack.runtime.min.js?ver=3.2.3 HTTP/1.1" 200 5110 "https://rajlaw.com.tw/blog9/" "Mozilla/5.0 (Macintosh; Intel Mac OS X 10_15_7) AppleWebKit/605.1.15 (KHTML, like Gecko) Version/17.4 Safari/605.1.15 (Applebot/0.1; +http://www.apple.com/go/applebot)"
17.22.245.210 - - [23/Aug/2026:16:30:52 +0800] "GET /wp-includes/js/jquery/jquery.min.js?ver=3.7.1 HTTP/1.1" 200 88041 "https://rajlaw.com.tw/blog9/" "Mozilla/5.0 (Macintosh; Intel Mac OS X 10_15_7) AppleWebKit/605.1.15 (KHTML, like Gecko) Version/17.4 Safari/605.1.15 (Applebot/0.1; +http://www.apple.com/go/applebot)"
17.22.245.210 - - [23/Aug/2026:16:30:53 +0800] "GET /wp-includes/js/jquery/jquery-migrate.min.js?ver=3.4.1 HTTP/1.1" 200 13919 "https://rajlaw.com.tw/blog9/" "Mozilla/5.0 (Macintosh; Intel Mac OS X 10_15_7) AppleWebKit/605.1.15 (KHTML, like Gecko) Version/17.4 Safari/605.1.15 (Applebot/0.1; +http://www.apple.com/go/applebot)"
66.249.72.201 - - [23/Aug/2026:16:30:50 +0800] "GET /siamo-consapevoli-che-tipo-di-sul-mercato-globale-siano-presenti-i-bisca-stranieri-privo-di-licenza-adm/ HTTP/1.1" 200 96986 "-" "Mozilla/5.0 (Linux; Android 6.0.1; Nexus 5X Build/MMB29P) AppleWebKit/537.36 (KHTML, like Gecko) Chrome/151.0.7922.137 Mobile Safari/537.36 (compatible; GoogleOther)"
17.22.245.210 - - [23/Aug/2026:16:30:55 +0800] "GET /wp-content/plugins/elementor/assets/js/frontend-modules.min.js?ver=3.2.3 HTTP/1.1" 200 65343 "https://rajlaw.com.tw/blog9/" "Mozilla/5.0 (Macintosh; Intel Mac OS X 10_15_7) AppleWebKit/605.1.15 (KHTML, like Gecko) Version/17.4 Safari/605.1.15 (Applebot/0.1; +http://www.apple.com/go/applebot)"
17.22.245.210 - - [23/Aug/2026:16:30:56 +0800] "GET /wp-content/plugins/elementor-pro/assets/lib/sticky/jquery.sticky.min.js?ver=3.2.2 HTTP/1.1" 200 6936 "https://rajlaw.com.tw/blog9/" "Mozilla/5.0 (Macintosh; Intel Mac OS X 10_15_7) AppleWebKit/605.1.15 (KHTML, like Gecko) Version/17.4 Safari/605.1.15 (Applebot/0.1; +http://www.apple.com/go/applebot)"
17.22.245.210 - - [23/Aug/2026:16:30:58 +0800] "GET /wp-content/plugins/elementor-pro/assets/js/frontend.min.js?ver=3.2.2 HTTP/1.1" 200 57554 "https://rajlaw.com.tw/blog9/" "Mozilla/5.0 (Macintosh; Intel Mac OS X 10_15_7) AppleWebKit/605.1.15 (KHTML, like Gecko) Version/17.4 Safari/605.1.15 (Applebot/0.1; +http://www.apple.com/go/applebot)"
66.249.71.226 - - [23/Aug/2026:16:30:59 +0800] "GET /wp-content/themes/zakra/assets/js/skip-link-focus-fix.min.js?ver=4.0.6 HTTP/1.1" 200 5443 "https://rajlaw.com.tw/siamo-consapevoli-che-tipo-di-sul-mercato-globale-siano-presenti-i-bisca-stranieri-privo-di-licenza-adm/" "Mozilla/5.0 (Linux; Android 6.0.1; Nexus 5X Build/MMB29P) AppleWebKit/537.36 (KHTML, like Gecko) Chrome/151.0.7922.137 Mobile Safari/537.36 (compatible; GoogleOther)"
17.22.245.210 - - [23/Aug/2026:16:30:59 +0800] "GET /wp-content/plugins/elementor/assets/lib/waypoints/waypoints.min.js?ver=4.0.2 HTTP/1.1" 200 12540 "https://rajlaw.com.tw/blog9/" "Mozilla/5.0 (Macintosh; Intel Mac OS X 10_15_7) AppleWebKit/605.1.15 (KHTML, like Gecko) Version/17.4 Safari/605.1.15 (Applebot/0.1; +http://www.apple.com/go/applebot)"
17.22.245.210 - - [23/Aug/2026:16:31:01 +0800] "GET /wp-includes/js/jquery/ui/core.min.js?ver=1.14.2 HTTP/1.1" 200 19045 "https://rajlaw.com.tw/blog9/" "Mozilla/5.0 (Macintosh; Intel Mac OS X 10_15_7) AppleWebKit/605.1.15 (KHTML, like Gecko) Version/17.4 Safari/605.1.15 (Applebot/0.1; +http://www.apple.com/go/applebot)"
17.22.245.210 - - [23/Aug/2026:16:31:02 +0800] "GET /wp-content/plugins/blockart-blocks/assets/lib/swiper/swiper-bundle.min.js?ver=11.0.7 HTTP/1.1" 200 149752 "https://rajlaw.com.tw/blog9/" "Mozilla/5.0 (Macintosh; Intel Mac OS X 10_15_7) AppleWebKit/605.1.15 (KHTML, like Gecko) Version/17.4 Safari/605.1.15 (Applebot/0.1; +http://www.apple.com/go/applebot)"
17.22.245.210 - - [23/Aug/2026:16:31:04 +0800] "GET /wp-content/plugins/elementor/assets/lib/share-link/share-link.min.js?ver=3.2.3 HTTP/1.1" 200 2918 "https://rajlaw.com.tw/blog9/" "Mozilla/5.0 (Macintosh; Intel Mac OS X 10_15_7) AppleWebKit/605.1.15 (KHTML, like Gecko) Version/17.4 Safari/605.1.15 (Applebot/0.1; +http://www.apple.com/go/applebot)"
17.22.245.210 - - [23/Aug/2026:16:31:05 +0800] "GET /wp-content/plugins/elementor/assets/lib/dialog/dialog.min.js?ver=4.8.1 HTTP/1.1" 200 11205 "https://rajlaw.com.tw/blog9/" "Mozilla/5.0 (Macintosh; Intel Mac OS X 10_15_7) AppleWebKit/605.1.15 (KHTML, like Gecko) Version/17.4 Safari/605.1.15 (Applebot/0.1; +http://www.apple.com/go/applebot)"
17.22.245.210 - - [23/Aug/2026:16:31:06 +0800] "GET /wp-content/plugins/elementor/assets/js/frontend.min.js?ver=3.2.3 HTTP/1.1" 200 68149 "https://rajlaw.com.tw/blog9/" "Mozilla/5.0 (Macintosh; Intel Mac OS X 10_15_7) AppleWebKit/605.1.15 (KHTML, like Gecko) Version/17.4 Safari/605.1.15 (Applebot/0.1; +http://www.apple.com/go/applebot)"
17.22.245.210 - - [23/Aug/2026:16:31:08 +0800] "GET /wp-content/plugins/elementor-pro/assets/js/preloaded-elements-handlers.min.js?ver=3.2.2 HTTP/1.1" 200 157438 "https://rajlaw.com.tw/blog9/" "Mozilla/5.0 (Macintosh; Intel Mac OS X 10_15_7) AppleWebKit/605.1.15 (KHTML, like Gecko) Version/17.4 Safari/605.1.15 (Applebot/0.1; +http://www.apple.com/go/applebot)"
17.22.245.210 - - [23/Aug/2026:16:31:09 +0800] "GET /wp-content/plugins/elementor/assets/js/preloaded-modules.min.js?ver=3.2.3 HTTP/1.1" 200 58463 "https://rajlaw.com.tw/blog9/" "Mozilla/5.0 (Macintosh; Intel Mac OS X 10_15_7) AppleWebKit/605.1.15 (KHTML, like Gecko) Version/17.4 Safari/605.1.15 (Applebot/0.1; +http://www.apple.com/go/applebot)"
57.141.8.20 - - [23/Aug/2026:16:31:12 +0800] "GET / HTTP/1.1" 200 139932 "-" "facebookexternalhit/1.1 (+http://www.facebook.com/externalhit_uatext.php)"
36.137.1.234 - - [23/Aug/2026:16:31:17 +0800] "GET /top-casinos-casino-com-bewertung-uber-schneller-auszahlung-2026-as-part-of-land-der-dichter-und-denker/ HTTP/1.1" 200 98322 "https://rajlaw.com.tw/debit-credit-casinos-on-the-internet-2026-put-enjoy-at-the-greatest-lapalingo-casino-money-transfer-web-sites/" "Mozilla/5.0 (Windows NT 10.0; Win64; x64) AppleWebKit/537.36 (KHTML, like Gecko) Chrome/142.0.0.0 Safari/537.36"
124.150.132.81 - - [23/Aug/2026:16:31:22 +0800] "POST /wp-cron.php?doing_wp_cron=1787473882.8851161003112792968750 HTTP/1.1" 200 5843 "-" "WordPress/7.1; https://rajlaw.com.tw"
81.70.144.68 - - [23/Aug/2026:16:31:56 +0800] "GET /category/blog1/blog12/ HTTP/1.1" 200 103233 "-" "Mozilla/5.0 (Macintosh; Intel Mac OS X 10_15_7) AppleWebKit/537.36 (KHTML, like Gecko) Chrome/149.0.0.0 Safari/537.36"
81.70.144.68 - - [23/Aug/2026:16:32:01 +0800] "GET /wp-includes/css/dashicons.min.css?ver=7.1 HTTP/1.1" 200 59419 "https://rajlaw.com.tw/category/blog1/blog12/" "Mozilla/5.0 (Macintosh; Intel Mac OS X 10_15_7) AppleWebKit/537.36 (KHTML, like Gecko) Chrome/149.0.0.0 Safari/537.36"
81.70.144.68 - - [23/Aug/2026:16:32:01 +0800] "GET /wp-content/themes/zakra/assets/js/skip-link-focus-fix.min.js?ver=4.0.6 HTTP/1.1" 200 804 "https://rajlaw.com.tw/category/blog1/blog12/" "Mozilla/5.0 (Macintosh; Intel Mac OS X 10_15_7) AppleWebKit/537.36 (KHTML, like Gecko) Chrome/149.0.0.0 Safari/537.36"
81.70.144.68 - - [23/Aug/2026:16:32:01 +0800] "GET /wp-includes/js/wp-emoji-release.min.js?ver=7.1 HTTP/1.1" 200 23123 "https://rajlaw.com.tw/category/blog1/blog12/" "Mozilla/5.0 (Macintosh; Intel Mac OS X 10_15_7) AppleWebKit/537.36 (KHTML, like Gecko) Chrome/149.0.0.0 Safari/537.36"
124.150.132.81 - - [23/Aug/2026:16:31:19 +0800] "POST /wp-cron.php?doing_wp_cron=1787473879.1561689376831054687500 HTTP/1.1" 200 5843 "-" "WordPress/7.1; https://rajlaw.com.tw"
66.249.72.201 - - [23/Aug/2026:16:32:37 +0800] "GET /gamee-boldspiller-skuespil-sejre-middel-apps-inden-montezuma-1-depositum-for-lede-play/ HTTP/1.1" 200 98208 "-" "Mozilla/5.0 (Linux; Android 6.0.1; Nexus 5X Build/MMB29P) AppleWebKit/537.36 (KHTML, like Gecko) Chrome/151.0.7922.137 Mobile Safari/537.36 (compatible; GoogleOther)"
66.249.72.200 - - [23/Aug/2026:16:32:53 +0800] "GET /per-di-piu-sei-piuttosto-che-convenevole-a-compitare-del-equipe-e-della-nostra-spettacolo/ HTTP/1.1" 200 95887 "-" "Mozilla/5.0 (Linux; Android 6.0.1; Nexus 5X Build/MMB29P) AppleWebKit/537.36 (KHTML, like Gecko) Chrome/151.0.7922.137 Mobile Safari/537.36 (compatible; GoogleOther)"
17.246.23.137 - - [23/Aug/2026:16:33:41 +0800] "GET /?page_id=3156 HTTP/1.1" 301 6008 "-" "Mozilla/5.0 (Macintosh; Intel Mac OS X 10_15_7) AppleWebKit/605.1.15 (KHTML, like Gecko) Version/17.4 Safari/605.1.15 (Applebot/0.1; +http://www.apple.com/go/applebot)"
57.141.0.7 - - [23/Aug/2026:16:33:41 +0800] "GET / HTTP/1.1" 200 139932 "-" "facebookexternalhit/1.1 (+http://www.facebook.com/externalhit_uatext.php)"
144.24.50.140 - - [23/Aug/2026:16:34:48 +0800] "GET /?p=3418 HTTP/1.1" 301 5888 "-" "Mozilla/5.0 (X11; Linux aarch64) AppleWebKit/537.36 (KHTML, like Gecko) Chrome/139.0.0.0 Safari/537.36"
36.140.133.63 - - [23/Aug/2026:16:34:49 +0800] "GET /category/%E5%9C%B0%E6%96%B9%E6%96%B0%E8%81%9E/page/3/ HTTP/1.1" 200 136036 "https://rajlaw.com.tw/category/%E5%9C%B0%E6%96%B9%E6%96%B0%E8%81%9E/page/2/" "Mozilla/5.0 (Windows NT 10.0; Win64; x64) AppleWebKit/537.36 (KHTML, like Gecko) Chrome/144.0.0.0 Safari/537.36"
144.24.50.140 - - [23/Aug/2026:16:34:52 +0800] "GET /?p=3418 HTTP/1.1" 301 5888 "-" "Mozilla/5.0 (X11; Linux aarch64) AppleWebKit/537.36 (KHTML, like Gecko) Chrome/139.0.0.0 Safari/537.36"
36.138.32.206 - - [23/Aug/2026:16:35:08 +0800] "GET /category/%E7%A4%BE%E6%9C%83%E6%94%BF%E6%B2%BB/ HTTP/1.1" 200 110412 "https://rajlaw.com.tw/%E8%8D%B7%E8%8E%AB%E8%8C%B2%E6%B5%B7%E5%B3%BD%E6%B2%B9%E8%BC%AA%E9%81%87%E8%A5%B2%E6%8E%A8%E5%8D%87%E6%B2%B9%E5%83%B9%E3%80%80%E5%8F%B0%E7%81%A3%E4%B8%AD%E6%B2%B9%E5%AE%A3%E5%B8%838%E6%9C%8817/" "Mozilla/5.0 (Windows NT 10.0; Win64; x64) AppleWebKit/537.36 (KHTML, like Gecko) Chrome/142.0.0.0 Safari/537.36"
36.137.131.77 - - [23/Aug/2026:16:35:25 +0800] "GET /category/%E7%A4%BE%E6%9C%83%E6%94%BF%E6%B2%BB/ HTTP/1.1" 500 52656 "https://rajlaw.com.tw/%E8%8D%B7%E8%8E%AB%E8%8C%B2%E6%B5%B7%E5%B3%BD%E6%B2%B9%E8%BC%AA%E9%81%87%E8%A5%B2%E6%8E%A8%E5%8D%87%E6%B2%B9%E5%83%B9%E3%80%80%E5%8F%B0%E7%81%A3%E4%B8%AD%E6%B2%B9%E5%AE%A3%E5%B8%838%E6%9C%8817/" "Mozilla/5.0 (Windows NT 10.0; Win64; x64) AppleWebKit/537.36 (KHTML, like Gecko) Chrome/142.0.0.0 Safari/537.36"
57.141.14.39 - - [23/Aug/2026:16:35:30 +0800] "GET / HTTP/1.1" 200 139932 "-" "facebookexternalhit/1.1 (+http://www.facebook.com/externalhit_uatext.php)"
52.167.144.150 - - [23/Aug/2026:16:35:31 +0800] "GET /ett-mesterlig-danselat-hvilket-du-ivanhoe-slot-online-i-dette-oyeblikk-kan-anstille-pa-nett/ HTTP/1.1" 200 97123 "-" "Mozilla/5.0 AppleWebKit/537.36 (KHTML, like Gecko; compatible; bingbot/2.0; +http://www.bing.com/bingbot.htm) Chrome/116.0.1938.76 Safari/537.36"
36.213.153.253 - - [23/Aug/2026:16:35:37 +0800] "GET /category/%E7%A4%BE%E6%9C%83%E6%94%BF%E6%B2%BB/ HTTP/1.1" 200 97800 "https://rajlaw.com.tw/%E8%8D%B7%E8%8E%AB%E8%8C%B2%E6%B5%B7%E5%B3%BD%E6%B2%B9%E8%BC%AA%E9%81%87%E8%A5%B2%E6%8E%A8%E5%8D%87%E6%B2%B9%E5%83%B9%E3%80%80%E5%8F%B0%E7%81%A3%E4%B8%AD%E6%B2%B9%E5%AE%A3%E5%B8%838%E6%9C%8817/" "Mozilla/5.0 (Windows NT 10.0; Win64; x64) AppleWebKit/537.36 (KHTML, like Gecko) Chrome/142.0.0.0 Safari/537.36"
40.77.167.241 - - [23/Aug/2026:16:37:18 +0800] "GET /columbus-deluxe-kostenlos-spielen-abzuglich-wild-hunter-slot-fur-echtes-geld-anmeldung/ HTTP/1.1" 200 97632 "-" "Mozilla/5.0 AppleWebKit/537.36 (KHTML, like Gecko; compatible; bingbot/2.0; +http://www.bing.com/bingbot.htm) Chrome/116.0.1938.76 Safari/537.36"
57.141.20.25 - - [23/Aug/2026:16:38:21 +0800] "GET / HTTP/1.1" 200 139932 "-" "facebookexternalhit/1.1 (+http://www.facebook.com/externalhit_uatext.php)"
17.246.23.149 - - [23/Aug/2026:16:39:28 +0800] "GET /blog11/ HTTP/1.1" 200 104553 "-" "Mozilla/5.0 (Macintosh; Intel Mac OS X 10_15_7) AppleWebKit/605.1.15 (KHTML, like Gecko) Version/17.4 Safari/605.1.15 (Applebot/0.1; +http://www.apple.com/go/applebot)"
17.246.23.149 - - [23/Aug/2026:16:39:34 +0800] "GET /wp-content/plugins/everest-forms/assets/css/everest-forms.css?ver=3.0.9.3 HTTP/1.1" 200 100836 "https://rajlaw.com.tw/blog11/" "Mozilla/5.0 (Macintosh; Intel Mac OS X 10_15_7) AppleWebKit/605.1.15 (KHTML, like Gecko) Version/17.4 Safari/605.1.15 (Applebot/0.1; +http://www.apple.com/go/applebot)"
17.246.23.149 - - [23/Aug/2026:16:39:36 +0800] "GET /wp-content/themes/zakra/inc/customizer/customind/assets/fontawesome/v6/css/all.min.css?ver=6.2.4 HTTP/1.1" 200 103513 "https://rajlaw.com.tw/blog11/" "Mozilla/5.0 (Macintosh; Intel Mac OS X 10_15_7) AppleWebKit/605.1.15 (KHTML, like Gecko) Version/17.4 Safari/605.1.15 (Applebot/0.1; +http://www.apple.com/go/applebot)"
17.246.23.149 - - [23/Aug/2026:16:39:37 +0800] "GET /wp-content/plugins/everest-forms/assets/css/intlTelInput.css?ver=3.0.9.3 HTTP/1.1" 200 45859 "https://rajlaw.com.tw/blog11/" "Mozilla/5.0 (Macintosh; Intel Mac OS X 10_15_7) AppleWebKit/605.1.15 (KHTML, like Gecko) Version/17.4 Safari/605.1.15 (Applebot/0.1; +http://www.apple.com/go/applebot)"
17.246.23.149 - - [23/Aug/2026:16:39:39 +0800] "GET /wp-content/themes/zakra/style.css?ver=4.0.6 HTTP/1.1" 200 106819 "https://rajlaw.com.tw/blog11/" "Mozilla/5.0 (Macintosh; Intel Mac OS X 10_15_7) AppleWebKit/605.1.15 (KHTML, like Gecko) Version/17.4 Safari/605.1.15 (Applebot/0.1; +http://www.apple.com/go/applebot)"
17.246.23.149 - - [23/Aug/2026:16:39:40 +0800] "GET /wp-includes/css/dashicons.min.css?ver=7.1 HTTP/1.1" 200 59419 "https://rajlaw.com.tw/blog11/" "Mozilla/5.0 (Macintosh; Intel Mac OS X 10_15_7) AppleWebKit/605.1.15 (KHTML, like Gecko) Version/17.4 Safari/605.1.15 (Applebot/0.1; +http://www.apple.com/go/applebot)"
17.246.23.149 - - [23/Aug/2026:16:39:42 +0800] "GET /wp-content/plugins/elementor/assets/lib/eicons/css/elementor-icons.min.css?ver=5.11.0 HTTP/1.1" 200 17589 "https://rajlaw.com.tw/blog11/" "Mozilla/5.0 (Macintosh; Intel Mac OS X 10_15_7) AppleWebKit/605.1.15 (KHTML, like Gecko) Version/17.4 Safari/605.1.15 (Applebot/0.1; +http://www.apple.com/go/applebot)"
17.246.23.149 - - [23/Aug/2026:16:39:43 +0800] "GET /wp-content/plugins/elementor/assets/lib/animations/animations.min.css?ver=3.2.3 HTTP/1.1" 200 18825 "https://rajlaw.com.tw/blog11/" "Mozilla/5.0 (Macintosh; Intel Mac OS X 10_15_7) AppleWebKit/605.1.15 (KHTML, like Gecko) Version/17.4 Safari/605.1.15 (Applebot/0.1; +http://www.apple.com/go/applebot)"
17.246.23.149 - - [23/Aug/2026:16:39:44 +0800] "GET /wp-content/plugins/elementor/assets/css/frontend.min.css?ver=3.2.3 HTTP/1.1" 200 118361 "https://rajlaw.com.tw/blog11/" "Mozilla/5.0 (Macintosh; Intel Mac OS X 10_15_7) AppleWebKit/605.1.15 (KHTML, like Gecko) Version/17.4 Safari/605.1.15 (Applebot/0.1; +http://www.apple.com/go/applebot)"
17.246.23.149 - - [23/Aug/2026:16:39:46 +0800] "GET /wp-content/uploads/elementor/css/post-504.css?ver=1741807482 HTTP/1.1" 200 1490 "https://rajlaw.com.tw/blog11/" "Mozilla/5.0 (Macintosh; Intel Mac OS X 10_15_7) AppleWebKit/605.1.15 (KHTML, like Gecko) Version/17.4 Safari/605.1.15 (Applebot/0.1; +http://www.apple.com/go/applebot)"
17.246.23.149 - - [23/Aug/2026:16:39:47 +0800] "GET /wp-content/plugins/elementor-pro/assets/css/frontend.min.css?ver=3.2.2 HTTP/1.1" 200 211560 "https://rajlaw.com.tw/blog11/" "Mozilla/5.0 (Macintosh; Intel Mac OS X 10_15_7) AppleWebKit/605.1.15 (KHTML, like Gecko) Version/17.4 Safari/605.1.15 (Applebot/0.1; +http://www.apple.com/go/applebot)"
17.246.23.149 - - [23/Aug/2026:16:39:49 +0800] "GET /wp-content/plugins/elementor/assets/lib/font-awesome/css/all.min.css?ver=3.2.3 HTTP/1.1" 200 59759 "https://rajlaw.com.tw/blog11/" "Mozilla/5.0 (Macintosh; Intel Mac OS X 10_15_7) AppleWebKit/605.1.15 (KHTML, like Gecko) Version/17.4 Safari/605.1.15 (Applebot/0.1; +http://www.apple.com/go/applebot)"
17.246.23.149 - - [23/Aug/2026:16:39:50 +0800] "GET /wp-content/plugins/elementor/assets/lib/font-awesome/css/v4-shims.min.css?ver=3.2.3 HTTP/1.1" 200 27059 "https://rajlaw.com.tw/blog11/" "Mozilla/5.0 (Macintosh; Intel Mac OS X 10_15_7) AppleWebKit/605.1.15 (KHTML, like Gecko) Version/17.4 Safari/605.1.15 (Applebot/0.1; +http://www.apple.com/go/applebot)"
17.246.23.149 - - [23/Aug/2026:16:39:52 +0800] "GET /wp-content/uploads/elementor/css/post-3156.css?ver=1741853101 HTTP/1.1" 200 5047 "https://rajlaw.com.tw/blog11/" "Mozilla/5.0 (Macintosh; Intel Mac OS X 10_15_7) AppleWebKit/605.1.15 (KHTML, like Gecko) Version/17.4 Safari/605.1.15 (Applebot/0.1; +http://www.apple.com/go/applebot)"
17.246.23.149 - - [23/Aug/2026:16:39:53 +0800] "GET /wp-content/plugins/elementor/assets/lib/font-awesome/js/v4-shims.min.js?ver=3.2.3 HTTP/1.1" 200 15397 "https://rajlaw.com.tw/blog11/" "Mozilla/5.0 (Macintosh; Intel Mac OS X 10_15_7) AppleWebKit/605.1.15 (KHTML, like Gecko) Version/17.4 Safari/605.1.15 (Applebot/0.1; +http://www.apple.com/go/applebot)"
17.246.23.149 - - [23/Aug/2026:16:39:55 +0800] "GET /wp-content/plugins/elementor/assets/lib/font-awesome/css/fontawesome.min.css?ver=5.15.1 HTTP/1.1" 200 58327 "https://rajlaw.com.tw/blog11/" "Mozilla/5.0 (Macintosh; Intel Mac OS X 10_15_7) AppleWebKit/605.1.15 (KHTML, like Gecko) Version/17.4 Safari/605.1.15 (Applebot/0.1; +http://www.apple.com/go/applebot)"
17.246.23.149 - - [23/Aug/2026:16:39:56 +0800] "GET /wp-content/plugins/elementor/assets/lib/font-awesome/css/solid.min.css?ver=5.15.1 HTTP/1.1" 200 994 "https://rajlaw.com.tw/blog11/" "Mozilla/5.0 (Macintosh; Intel Mac OS X 10_15_7) AppleWebKit/605.1.15 (KHTML, like Gecko) Version/17.4 Safari/605.1.15 (Applebot/0.1; +http://www.apple.com/go/applebot)"
17.246.23.149 - - [23/Aug/2026:16:39:57 +0800] "GET /wp-content/themes/zakra/assets/js/navigation.min.js?ver=4.0.6 HTTP/1.1" 200 4809 "https://rajlaw.com.tw/blog11/" "Mozilla/5.0 (Macintosh; Intel Mac OS X 10_15_7) AppleWebKit/605.1.15 (KHTML, like Gecko) Version/17.4 Safari/605.1.15 (Applebot/0.1; +http://www.apple.com/go/applebot)"
17.246.23.149 - - [23/Aug/2026:16:39:59 +0800] "GET /wp-content/themes/zakra/assets/js/skip-link-focus-fix.min.js?ver=4.0.6 HTTP/1.1" 200 666 "https://rajlaw.com.tw/blog11/" "Mozilla/5.0 (Macintosh; Intel Mac OS X 10_15_7) AppleWebKit/605.1.15 (KHTML, like Gecko) Version/17.4 Safari/605.1.15 (Applebot/0.1; +http://www.apple.com/go/applebot)"
57.141.10.36 - - [23/Aug/2026:16:39:52 +0800] "GET / HTTP/1.1" 200 139932 "-" "facebookexternalhit/1.1 (+http://www.facebook.com/externalhit_uatext.php)"
17.246.23.149 - - [23/Aug/2026:16:40:00 +0800] "GET /wp-content/themes/zakra/assets/js/zakra-custom.min.js?ver=4.0.6 HTTP/1.1" 200 5825 "https://rajlaw.com.tw/blog11/" "Mozilla/5.0 (Macintosh; Intel Mac OS X 10_15_7) AppleWebKit/605.1.15 (KHTML, like Gecko) Version/17.4 Safari/605.1.15 (Applebot/0.1; +http://www.apple.com/go/applebot)"
17.246.23.149 - - [23/Aug/2026:16:40:02 +0800] "GET /wp-includes/js/imagesloaded.min.js?ver=5.0.0 HTTP/1.1" 200 5861 "https://rajlaw.com.tw/blog11/" "Mozilla/5.0 (Macintosh; Intel Mac OS X 10_15_7) AppleWebKit/605.1.15 (KHTML, like Gecko) Version/17.4 Safari/605.1.15 (Applebot/0.1; +http://www.apple.com/go/applebot)"
17.246.23.149 - - [23/Aug/2026:16:40:03 +0800] "GET /wp-content/plugins/elementor-pro/assets/js/webpack-pro.runtime.min.js?ver=3.2.2 HTTP/1.1" 200 5877 "https://rajlaw.com.tw/blog11/" "Mozilla/5.0 (Macintosh; Intel Mac OS X 10_15_7) AppleWebKit/605.1.15 (KHTML, like Gecko) Version/17.4 Safari/605.1.15 (Applebot/0.1; +http://www.apple.com/go/applebot)"
17.246.23.149 - - [23/Aug/2026:16:40:05 +0800] "GET /wp-content/plugins/elementor/assets/js/webpack.runtime.min.js?ver=3.2.3 HTTP/1.1" 200 5110 "https://rajlaw.com.tw/blog11/" "Mozilla/5.0 (Macintosh; Intel Mac OS X 10_15_7) AppleWebKit/605.1.15 (KHTML, like Gecko) Version/17.4 Safari/605.1.15 (Applebot/0.1; +http://www.apple.com/go/applebot)"
17.246.23.149 - - [23/Aug/2026:16:40:06 +0800] "GET /wp-includes/js/jquery/jquery.min.js?ver=3.7.1 HTTP/1.1" 200 88041 "https://rajlaw.com.tw/blog11/" "Mozilla/5.0 (Macintosh; Intel Mac OS X 10_15_7) AppleWebKit/605.1.15 (KHTML, like Gecko) Version/17.4 Safari/605.1.15 (Applebot/0.1; +http://www.apple.com/go/applebot)"
17.246.23.149 - - [23/Aug/2026:16:40:08 +0800] "GET /wp-includes/js/jquery/jquery-migrate.min.js?ver=3.4.1 HTTP/1.1" 200 13919 "https://rajlaw.com.tw/blog11/" "Mozilla/5.0 (Macintosh; Intel Mac OS X 10_15_7) AppleWebKit/605.1.15 (KHTML, like Gecko) Version/17.4 Safari/605.1.15 (Applebot/0.1; +http://www.apple.com/go/applebot)"
17.246.23.149 - - [23/Aug/2026:16:40:09 +0800] "GET /wp-content/plugins/elementor/assets/js/frontend-modules.min.js?ver=3.2.3 HTTP/1.1" 200 65343 "https://rajlaw.com.tw/blog11/" "Mozilla/5.0 (Macintosh; Intel Mac OS X 10_15_7) AppleWebKit/605.1.15 (KHTML, like Gecko) Version/17.4 Safari/605.1.15 (Applebot/0.1; +http://www.apple.com/go/applebot)"
17.246.23.149 - - [23/Aug/2026:16:40:10 +0800] "GET /wp-content/plugins/elementor-pro/assets/lib/sticky/jquery.sticky.min.js?ver=3.2.2 HTTP/1.1" 200 6936 "https://rajlaw.com.tw/blog11/" "Mozilla/5.0 (Macintosh; Intel Mac OS X 10_15_7) AppleWebKit/605.1.15 (KHTML, like Gecko) Version/17.4 Safari/605.1.15 (Applebot/0.1; +http://www.apple.com/go/applebot)"
124.150.132.81 - - [23/Aug/2026:16:39:32 +0800] "POST /wp-cron.php?doing_wp_cron=1787474372.5113871097564697265625 HTTP/1.1" 500 8614 "-" "WordPress/7.1; https://rajlaw.com.tw"
17.246.23.149 - - [23/Aug/2026:16:40:12 +0800] "GET /wp-content/plugins/elementor-pro/assets/js/frontend.min.js?ver=3.2.2 HTTP/1.1" 200 57554 "https://rajlaw.com.tw/blog11/" "Mozilla/5.0 (Macintosh; Intel Mac OS X 10_15_7) AppleWebKit/605.1.15 (KHTML, like Gecko) Version/17.4 Safari/605.1.15 (Applebot/0.1; +http://www.apple.com/go/applebot)"
17.246.23.149 - - [23/Aug/2026:16:40:13 +0800] "GET /wp-content/plugins/elementor/assets/lib/waypoints/waypoints.min.js?ver=4.0.2 HTTP/1.1" 200 12540 "https://rajlaw.com.tw/blog11/" "Mozilla/5.0 (Macintosh; Intel Mac OS X 10_15_7) AppleWebKit/605.1.15 (KHTML, like Gecko) Version/17.4 Safari/605.1.15 (Applebot/0.1; +http://www.apple.com/go/applebot)"
17.246.23.149 - - [23/Aug/2026:16:40:15 +0800] "GET /wp-includes/js/jquery/ui/core.min.js?ver=1.14.2 HTTP/1.1" 200 19045 "https://rajlaw.com.tw/blog11/" "Mozilla/5.0 (Macintosh; Intel Mac OS X 10_15_7) AppleWebKit/605.1.15 (KHTML, like Gecko) Version/17.4 Safari/605.1.15 (Applebot/0.1; +http://www.apple.com/go/applebot)"
17.246.23.149 - - [23/Aug/2026:16:40:16 +0800] "GET /wp-content/plugins/blockart-blocks/assets/lib/swiper/swiper-bundle.min.js?ver=11.0.7 HTTP/1.1" 200 149752 "https://rajlaw.com.tw/blog11/" "Mozilla/5.0 (Macintosh; Intel Mac OS X 10_15_7) AppleWebKit/605.1.15 (KHTML, like Gecko) Version/17.4 Safari/605.1.15 (Applebot/0.1; +http://www.apple.com/go/applebot)"
17.246.23.149 - - [23/Aug/2026:16:40:18 +0800] "GET /wp-content/plugins/elementor/assets/lib/share-link/share-link.min.js?ver=3.2.3 HTTP/1.1" 200 2918 "https://rajlaw.com.tw/blog11/" "Mozilla/5.0 (Macintosh; Intel Mac OS X 10_15_7) AppleWebKit/605.1.15 (KHTML, like Gecko) Version/17.4 Safari/605.1.15 (Applebot/0.1; +http://www.apple.com/go/applebot)"
117.181.23.163 - - [23/Aug/2026:16:40:14 +0800] "GET /queen-of-the-nile-pokies-real-cash-21bets-casino-find-undetectable-incentives/ HTTP/1.1" 200 97274 "https://rajlaw.com.tw/category/bloga/news/page/6/" "Mozilla/5.0 (Macintosh; Intel Mac OS X 10_15_7) AppleWebKit/537.36 (KHTML, like Gecko) Chrome/145.0.0.0 Safari/537.36"
17.246.23.149 - - [23/Aug/2026:16:40:19 +0800] "GET /wp-content/plugins/elementor/assets/lib/dialog/dialog.min.js?ver=4.8.1 HTTP/1.1" 200 11205 "https://rajlaw.com.tw/blog11/" "Mozilla/5.0 (Macintosh; Intel Mac OS X 10_15_7) AppleWebKit/605.1.15 (KHTML, like Gecko) Version/17.4 Safari/605.1.15 (Applebot/0.1; +http://www.apple.com/go/applebot)"
17.246.23.149 - - [23/Aug/2026:16:40:20 +0800] "GET /wp-content/plugins/elementor/assets/js/frontend.min.js?ver=3.2.3 HTTP/1.1" 200 68149 "https://rajlaw.com.tw/blog11/" "Mozilla/5.0 (Macintosh; Intel Mac OS X 10_15_7) AppleWebKit/605.1.15 (KHTML, like Gecko) Version/17.4 Safari/605.1.15 (Applebot/0.1; +http://www.apple.com/go/applebot)"
17.246.23.149 - - [23/Aug/2026:16:40:22 +0800] "GET /wp-content/plugins/elementor-pro/assets/js/preloaded-elements-handlers.min.js?ver=3.2.2 HTTP/1.1" 200 157438 "https://rajlaw.com.tw/blog11/" "Mozilla/5.0 (Macintosh; Intel Mac OS X 10_15_7) AppleWebKit/605.1.15 (KHTML, like Gecko) Version/17.4 Safari/605.1.15 (Applebot/0.1; +http://www.apple.com/go/applebot)"
17.246.23.149 - - [23/Aug/2026:16:40:23 +0800] "GET /wp-content/plugins/elementor/assets/js/preloaded-modules.min.js?ver=3.2.3 HTTP/1.1" 200 58463 "https://rajlaw.com.tw/blog11/" "Mozilla/5.0 (Macintosh; Intel Mac OS X 10_15_7) AppleWebKit/605.1.15 (KHTML, like Gecko) Version/17.4 Safari/605.1.15 (Applebot/0.1; +http://www.apple.com/go/applebot)"
17.246.23.149 - - [23/Aug/2026:16:40:25 +0800] "GET /wp-includes/js/wp-emoji-release.min.js?ver=7.1 HTTP/1.1" 200 23123 "https://rajlaw.com.tw/blog11/" "Mozilla/5.0 (Macintosh; Intel Mac OS X 10_15_7) AppleWebKit/605.1.15 (KHTML, like Gecko) Version/17.4 Safari/605.1.15 (Applebot/0.1; +http://www.apple.com/go/applebot)"
120.14.74.30 - - [23/Aug/2026:16:40:23 +0800] "GET /queen-of-the-nile-pokies-real-cash-21bets-casino-find-undetectable-incentives/ HTTP/1.1" 200 97274 "https://rajlaw.com.tw/category/bloga/news/page/6/" "Mozilla/5.0 (Macintosh; Intel Mac OS X 10_15_7) AppleWebKit/537.36 (KHTML, like Gecko) Chrome/145.0.0.0 Safari/537.36"
9.129.55.227 - - [23/Aug/2026:16:41:25 +0800] "GET /%E5%8F%B0%E7%A9%8D%E9%9B%BB%E6%93%B4%E7%94%A2%E5%86%8D%E5%8A%A0%E7%A2%BC%EF%BC%812026%E5%B9%B4%E8%B3%87%E6%9C%AC%E9%A0%90%E7%AE%97607%E5%84%84%E7%BE%8E%E5%85%83%E9%80%BC%E8%BF%912%E5%85%86%E5%85%83/ HTTP/1.1" 500 49768 "-" "Mozilla/5.0 AppleWebKit/537.36 (KHTML, like Gecko); compatible; ChatGPT-User/1.0; +https://openai.com/bot"
