40.77.167.241 - - [23/Aug/2026:18:23:02 +0800] "GET /your-trusted-super-nudge-6000-gratissnurr-global-source-akte-online-gambling/ HTTP/1.1" 200 96948 "-" "Mozilla/5.0 AppleWebKit/537.36 (KHTML, like Gecko; compatible; bingbot/2.0; +http://www.bing.com/bingbot.htm) Chrome/116.0.1938.76 Safari/537.36"
129.227.90.153 - - [23/Aug/2026:18:23:04 +0800] "POST /xmlrpc.php HTTP/1.1" 200 6124 "-" "Mozilla/5.0 (Windows NT 10.0; Win64; x64; rv:138.0) Gecko/20100101 Firefox/138.0"
165.73.242.2 - - [23/Aug/2026:18:23:08 +0800] "POST /xmlrpc.php HTTP/1.1" 200 14569 "-" "Mozilla/5.0 (Windows NT 10.0; Win64; x64) AppleWebKit/537.36 (KHTML, like Gecko) Chrome/114.0.0.0 Safari/537.36"
124.150.132.81 - - [23/Aug/2026:18:23:08 +0800] "POST /wp-cron.php?doing_wp_cron=1787480588.9245090484619140625000 HTTP/1.1" 200 5843 "-" "WordPress/7.1; https://rajlaw.com.tw"
129.227.90.153 - - [23/Aug/2026:18:23:12 +0800] "POST /xmlrpc.php HTTP/1.1" 200 16750 "-" "Mozilla/5.0 (X11; Ubuntu; Linux x86_64; rv:137.0) Gecko/20100101 Firefox/137.0"
129.227.90.153 - - [23/Aug/2026:18:23:16 +0800] "GET /no-individual-get-or-description-is-revealed-until-you-to-definitely-investigations-is-actually-penned/ HTTP/1.1" 200 97176 "-" "Mozilla/5.0 (Macintosh; Intel Mac OS X 10_15_7) AppleWebKit/537.36 (KHTML, like Gecko) Chrome/136.0.0.0 Safari/537.36 Edg/136.0.0.0"
165.73.242.2 - - [23/Aug/2026:18:23:15 +0800] "GET /better-web-based-casinos-for-real-currency-choosing-the-top-on-line-casino-to-have-2026/ HTTP/1.1" 200 95197 "-" "Mozilla/5.0 (Windows NT 10.0; Win64; x64) AppleWebKit/537.36 (KHTML, like Gecko) Chrome/123.0.0.0 Safari/537.36"
129.227.90.153 - - [23/Aug/2026:18:23:57 +0800] "POST /xmlrpc.php HTTP/1.1" 200 6124 "-" "Mozilla/5.0 (Windows NT 10.0; Win64; x64) AppleWebKit/537.36 (KHTML, like Gecko) Chrome/134.0.0.0 Safari/537.36"
124.150.132.81 - - [23/Aug/2026:18:24:01 +0800] "POST /wp-cron.php?doing_wp_cron=1787480641.6715021133422851562500 HTTP/1.1" 200 5843 "-" "WordPress/7.1; https://rajlaw.com.tw"
129.227.90.153 - - [23/Aug/2026:18:24:05 +0800] "POST /xmlrpc.php HTTP/1.1" 200 16496 "-" "Mozilla/5.0 (Macintosh; Intel Mac OS X 10_15_7) AppleWebKit/537.36"
129.227.90.153 - - [23/Aug/2026:18:24:10 +0800] "GET /here-at-bally-wager-we-provide-an-exciting-type-of-offers/ HTTP/1.1" 200 96715 "-" "Mozilla/5.0 (Windows NT 10.0; Win64; x64) AppleWebKit/537.36 (KHTML, like Gecko) Chrome/148.0.0.0 Safari/537.36 Edg/148.0.0.0"
165.73.242.2 - - [23/Aug/2026:18:24:50 +0800] "POST /xmlrpc.php HTTP/1.1" 200 6124 "-" "Mozilla/5.0 (Windows NT 10.0; Win64; x64) AppleWebKit/537.36 (KHTML, like Gecko) Chrome/114.0.0.0 Safari/537.36"
129.227.90.153 - - [23/Aug/2026:18:24:52 +0800] "POST /xmlrpc.php HTTP/1.1" 200 6124 "-" "Mozilla/5.0 (Macintosh; Intel Mac OS X 10_15_7) AppleWebKit/537.36 (KHTML, like Gecko) Chrome/134.0.0.0 Safari/537.36"
124.150.132.81 - - [23/Aug/2026:18:24:54 +0800] "POST /wp-cron.php?doing_wp_cron=1787480694.6582939624786376953125 HTTP/1.1" 200 5843 "-" "WordPress/7.1; https://rajlaw.com.tw"
129.227.90.153 - - [23/Aug/2026:18:24:58 +0800] "POST /xmlrpc.php HTTP/1.1" 200 16101 "-" "Mozilla/5.0 (Windows NT 10.0; Win64; x64) AppleWebKit/537.36 (KHTML, like Gecko) obsidian/1.8.4 Chrome/130.0.6723.191 Electron/33.3.2 Safari/537.36"
129.227.90.153 - - [23/Aug/2026:18:25:03 +0800] "GET /so-if-you-are-looking-getting-an-enjoyable-night-out-inside-richland-this-is-the-best-place/ HTTP/1.1" 200 96520 "-" "Mozilla/5.0 (Macintosh; Intel Mac OS X 10_15_7) AppleWebKit/537.36 (KHTML, like Gecko) Chrome/131.0.0.0 Safari/537.36"
165.73.242.2 - - [23/Aug/2026:18:25:04 +0800] "POST /xmlrpc.php HTTP/1.1" 200 15788 "-" "Mozilla/5.0 (Windows NT 10.0; Win64; x64) AppleWebKit/537.36 (KHTML, like Gecko) Chrome/114.0.0.0 Safari/537.36"
40.77.167.241 - - [23/Aug/2026:18:25:12 +0800] "GET /rather-he-or-she-is-marketed-totally-free-given-that-a-reward-when-buying-selective-silver-money-bundles-or-through-important-send-when-you-look-at-the-needs/ HTTP/1.1" 200 96726 "-" "Mozilla/5.0 AppleWebKit/537.36 (KHTML, like Gecko; compatible; bingbot/2.0; +http://www.bing.com/bingbot.htm) Chrome/116.0.1938.76 Safari/537.36"
165.73.242.2 - - [23/Aug/2026:18:25:12 +0800] "GET /constantly-be-sure-gaming-permits-and-study-present-member-ratings-before-you-choose-one-fastest-payment-on-line-casino/ HTTP/1.1" 200 96472 "-" "Mozilla/5.0 (Windows NT 10.0; Win64; x64; rv:124.0) Gecko/20100101 Firefox/124.0"
52.167.144.209 - - [23/Aug/2026:18:25:32 +0800] "GET /%E6%BE%8E%E6%B9%96%E5%BC%B7%E5%8C%96%E5%85%A8%E6%B0%91%E9%98%B2%E8%A1%9B%E9%9F%8C%E6%80%A7%E3%80%80%E6%9B%BF%E4%BB%A3%E5%BD%B9%E5%82%99%E5%BD%B9%E5%BD%B9%E7%94%B7%E9%98%B2%E7%81%BD%E6%BC%94%E8%A8%93/ HTTP/1.1" 200 95161 "-" "Mozilla/5.0 AppleWebKit/537.36 (KHTML, like Gecko; compatible; bingbot/2.0; +http://www.bing.com/bingbot.htm) Chrome/116.0.1938.76 Safari/537.36"
52.167.144.209 - - [23/Aug/2026:18:25:43 +0800] "GET /aplikacje-vip-i-bedziesz-nudne-misje-ma-tendencje-dorzucaja-spiny-stawac-sie-korzysci/ HTTP/1.1" 200 99190 "-" "Mozilla/5.0 AppleWebKit/537.36 (KHTML, like Gecko; compatible; bingbot/2.0; +http://www.bing.com/bingbot.htm) Chrome/116.0.1938.76 Safari/537.36"
129.227.90.153 - - [23/Aug/2026:18:25:46 +0800] "POST /xmlrpc.php HTTP/1.1" 200 6124 "-" "Mozilla/5.0 (Windows NT 10.0; Win64; x64) AppleWebKit/537.36 (KHTML, like Gecko) Chrome/109.0.0.0 Safari/537.36"
124.150.132.81 - - [23/Aug/2026:18:25:50 +0800] "POST /wp-cron.php?doing_wp_cron=1787480750.8675119876861572265625 HTTP/1.1" 200 5843 "-" "WordPress/7.1; https://rajlaw.com.tw"
129.227.90.153 - - [23/Aug/2026:18:25:53 +0800] "POST /xmlrpc.php HTTP/1.1" 200 16426 "-" "Mozilla/5.0 (Macintosh; Intel Mac OS X 10.15; rv:138.0) Gecko/20100101 Firefox/138.0"
129.227.90.153 - - [23/Aug/2026:18:25:58 +0800] "GET /support-service-chat-remains-obtainable-from-cellular-user-interface-for-small-direction/ HTTP/1.1" 200 96771 "-" "Mozilla/5.0 (Macintosh; Intel Mac OS X 10_15_7) AppleWebKit/537.36 (KHTML, like Gecko) Chrome/136.0.0.0 Safari/537.36 Edg/136.0.0.0"
129.227.90.153 - - [23/Aug/2026:18:26:42 +0800] "POST /xmlrpc.php HTTP/1.1" 200 6124 "-" "Mozilla/5.0 (Windows NT 10.0; Win64; x64) AppleWebKit/537.36 (KHTML, like Gecko) Chrome/119.0.0.0 Safari/537.36"
165.73.242.2 - - [23/Aug/2026:18:26:45 +0800] "POST /xmlrpc.php HTTP/1.1" 200 6124 "-" "Mozilla/5.0 (Windows NT 10.0; Win64; x64) AppleWebKit/537.36 (KHTML, like Gecko) Chrome/114.0.0.0 Safari/537.36"
124.150.132.81 - - [23/Aug/2026:18:26:45 +0800] "POST /wp-cron.php?doing_wp_cron=1787480805.9389419555664062500000 HTTP/1.1" 200 5843 "-" "WordPress/7.1; https://rajlaw.com.tw"
129.227.90.153 - - [23/Aug/2026:18:26:49 +0800] "POST /xmlrpc.php HTTP/1.1" 200 16531 "-" "Mozilla/5.0 (Windows NT 10.0; Win64; x64) AppleWebKit/537.36 (KHTML, like Gecko) Chrome/134.0.0.0 YaBrowser/25.4.0.0 Safari/537.36"
129.227.90.153 - - [23/Aug/2026:18:26:53 +0800] "GET /no-emulator-otherwise-a-lot-more-application-is-necessary-for-browser-centered-pc-play/ HTTP/1.1" 200 96899 "-" "Mozilla/5.0 (Macintosh; Intel Mac OS X 10_15_7) AppleWebKit/537.36 (KHTML, like Gecko) Chrome/135.0.0.0 Safari/537.36"
165.73.242.2 - - [23/Aug/2026:18:26:56 +0800] "POST /xmlrpc.php HTTP/1.1" 200 14830 "-" "Mozilla/5.0 (Windows NT 10.0; Win64; x64) AppleWebKit/537.36 (KHTML, like Gecko) Chrome/114.0.0.0 Safari/537.36"
66.249.71.227 - - [23/Aug/2026:18:27:14 +0800] "GET /financial-import-casinos-152-roman-legion-slot-free-spins-sites-acknowledging-dumps-inside-2026/ HTTP/1.1" 200 96691 "-" "Mozilla/5.0 (Linux; Android 6.0.1; Nexus 5X Build/MMB29P) AppleWebKit/537.36 (KHTML, like Gecko) Chrome/151.0.7922.137 Mobile Safari/537.36 (compatible; GoogleOther)"
165.73.242.2 - - [23/Aug/2026:18:27:03 +0800] "GET /the-latest-sportsbook-point-from-the-cryptoleo-is-designed-along-with-your-ease-of-include-in-brain/ HTTP/1.1" 200 95453 "-" "Mozilla/5.0 (Windows NT 10.0; Win64; x64) AppleWebKit/537.36 (KHTML, like Gecko) Chrome/122.0.0.0 Safari/537.36"
129.227.90.153 - - [23/Aug/2026:18:27:36 +0800] "POST /xmlrpc.php HTTP/1.1" 200 6124 "-" "Mozilla/5.0 (Macintosh; Intel Mac OS X 10_15_7) AppleWebKit/537.36 (KHTML, like Gecko) Chrome/146.0.0.0 Safari/537.36"
129.227.90.153 - - [23/Aug/2026:18:27:43 +0800] "POST /xmlrpc.php HTTP/1.1" 200 15949 "-" "Mozilla/5.0 (Windows NT 10.0; Win64; x64) AppleWebKit/537.36 (KHTML, like Gecko) Chrome/131.0.0.0 Safari/537.36 Edg/131.0.0.0"
124.150.132.81 - - [23/Aug/2026:18:27:40 +0800] "POST /wp-cron.php?doing_wp_cron=1787480859.9709169864654541015625 HTTP/1.1" 200 5843 "-" "WordPress/7.1; https://rajlaw.com.tw"
129.227.90.153 - - [23/Aug/2026:18:27:48 +0800] "GET /they-often-times-appeal-to-higher-rollers-having-quite-high-playing-constraints-and-simply-no-detachment-restrictions/ HTTP/1.1" 200 96415 "-" "Mozilla/5.0 (Windows NT 10.0; Win64; x64) AppleWebKit/537.36 (KHTML, like Gecko) Chrome/91.0.4472.124 Safari/537.36"
129.227.90.153 - - [23/Aug/2026:18:28:32 +0800] "POST /xmlrpc.php HTTP/1.1" 200 6124 "-" "Mozilla/5.0 (Macintosh; Intel Mac OS X 10_15_7) AppleWebKit/537.36 (KHTML, like Gecko) Chrome/131.0.0.0 Safari/537.36"
124.150.132.81 - - [23/Aug/2026:18:28:36 +0800] "POST /wp-cron.php?doing_wp_cron=1787480916.2725300788879394531250 HTTP/1.1" 200 5843 "-" "WordPress/7.1; https://rajlaw.com.tw"
129.227.90.153 - - [23/Aug/2026:18:28:39 +0800] "POST /xmlrpc.php HTTP/1.1" 200 15880 "-" "Mozilla/5.0 (Windows NT 10.0; Win64; x64) AppleWebKit/537.36 (KHTML, like Gecko) obsidian/1.6.5 Chrome/124.0.6367.243 Electron/30.1.2 Safari/537.36"
129.227.90.153 - - [23/Aug/2026:18:28:44 +0800] "GET /at-our-very-own-local-casino-theres-no-time-off-because-of-social-vacations-travel-or-dinner-trips/ HTTP/1.1" 200 96325 "-" "Mozilla/5.0 (Macintosh; Intel Mac OS X 10_15_7) AppleWebKit/537.36 (KHTML, like Gecko) Chrome/116.0.0.0 Safari/537.36"
9.129.46.11 - - [23/Aug/2026:18:28:58 +0800] "GET /%E5%8F%B0%E5%8D%97%E6%B2%BB%E6%B0%B4%E6%B7%B9%E6%B0%B4%E9%9D%A2%E7%A9%8D%E6%B8%9B98%E3%80%80%E9%BB%83%E5%81%89%E5%93%B2%E5%86%8D%E7%88%AD%E5%8F%9620%E5%84%84%E5%85%83%E6%94%B9%E5%96%84%E4%B8%89/ HTTP/1.1" 200 99110 "-" "Mozilla/5.0 AppleWebKit/537.36 (KHTML, like Gecko); compatible; ChatGPT-User/1.0; +https://openai.com/bot"
129.227.90.153 - - [23/Aug/2026:18:29:28 +0800] "POST /xmlrpc.php HTTP/1.1" 200 6124 "-" "Mozilla/5.0 (Windows NT 10.0; Win64; x64; rv:150.0) Gecko/20100101 Firefox/150.0"
129.227.90.153 - - [23/Aug/2026:18:29:35 +0800] "POST /xmlrpc.php HTTP/1.1" 200 16424 "-" "Mozilla/5.0 (Windows NT 10.0; Win64; x64) AppleWebKit/537.36 (KHTML, like Gecko) Chrome/131.0.0.0 Safari/537.36 Edg/131.0.0.0"
129.227.90.153 - - [23/Aug/2026:18:29:39 +0800] "GET /customer-care-chat-stays-accessible-through-the-mobile-screen-to-own-short-advice/ HTTP/1.1" 200 96744 "-" "Mozilla/5.0 (Macintosh; Intel Mac OS X 10_15_7) AppleWebKit/605.1.15 (KHTML, like Gecko) Version/18.1 Safari/605.1.15"
58.87.96.143 - - [23/Aug/2026:18:29:52 +0800] "GET /category/blog1/blog8/ HTTP/1.1" 200 97507 "-" "Mozilla/5.0 (Windows NT 10.0; Win64; x64) AppleWebKit/537.36 (KHTML, like Gecko) Chrome/150.0.0.0 Safari/537.36"
58.87.96.143 - - [23/Aug/2026:18:29:56 +0800] "GET /wp-content/plugins/everest-forms/assets/css/everest-forms.css?ver=3.0.9.3 HTTP/1.1" 200 100836 "https://rajlaw.com.tw/category/blog1/blog8/" "Mozilla/5.0 (Windows NT 10.0; Win64; x64) AppleWebKit/537.36 (KHTML, like Gecko) Chrome/150.0.0.0 Safari/537.36"
58.87.96.143 - - [23/Aug/2026:18:29:56 +0800] "GET /wp-content/themes/zakra/assets/js/navigation.min.js?ver=4.0.6 HTTP/1.1" 200 4947 "https://rajlaw.com.tw/category/blog1/blog8/" "Mozilla/5.0 (Windows NT 10.0; Win64; x64) AppleWebKit/537.36 (KHTML, like Gecko) Chrome/150.0.0.0 Safari/537.36"
58.87.96.143 - - [23/Aug/2026:18:29:56 +0800] "GET /wp-content/themes/zakra/assets/js/skip-link-focus-fix.min.js?ver=4.0.6 HTTP/1.1" 200 804 "https://rajlaw.com.tw/category/blog1/blog8/" "Mozilla/5.0 (Windows NT 10.0; Win64; x64) AppleWebKit/537.36 (KHTML, like Gecko) Chrome/150.0.0.0 Safari/537.36"
58.87.96.143 - - [23/Aug/2026:18:29:56 +0800] "GET /wp-content/themes/zakra/inc/customizer/customind/assets/fontawesome/v6/css/all.min.css?ver=6.2.4 HTTP/1.1" 200 103513 "https://rajlaw.com.tw/category/blog1/blog8/" "Mozilla/5.0 (Windows NT 10.0; Win64; x64) AppleWebKit/537.36 (KHTML, like Gecko) Chrome/150.0.0.0 Safari/537.36"
58.87.96.143 - - [23/Aug/2026:18:29:56 +0800] "GET /wp-content/themes/zakra/assets/js/zakra-custom.min.js?ver=4.0.6 HTTP/1.1" 200 5963 "https://rajlaw.com.tw/category/blog1/blog8/" "Mozilla/5.0 (Windows NT 10.0; Win64; x64) AppleWebKit/537.36 (KHTML, like Gecko) Chrome/150.0.0.0 Safari/537.36"
124.150.132.81 - - [23/Aug/2026:18:29:31 +0800] "POST /wp-cron.php?doing_wp_cron=1787480971.8410899639129638671875 HTTP/1.1" 500 8614 "-" "WordPress/7.1; https://rajlaw.com.tw"
42.187.136.121 - - [23/Aug/2026:18:30:12 +0800] "GET /wp-content/uploads/2026/07/UlmMo82zlefr5xGoRdtr3nnvdjhnT4niqctmJhr0.jpg HTTP/1.1" 200 338915 "https://rajlaw.com.tw" "Mozilla/5.0 (Windows NT 10.0; Win64; x64) AppleWebKit/537.36 (KHTML, like Gecko) Chrome/120.0.0.0 Safari/537.36"
129.227.90.153 - - [23/Aug/2026:18:30:25 +0800] "POST /xmlrpc.php HTTP/1.1" 200 6124 "-" "Mozilla/5.0 (Windows NT 10.0; Win64; x64; rv:138.0) Gecko/20100101 Firefox/138.0"
129.227.90.153 - - [23/Aug/2026:18:30:32 +0800] "POST /xmlrpc.php HTTP/1.1" 200 16241 "-" "Mozilla/5.0 (Macintosh; Intel Mac OS X 10_15_7) AppleWebKit/537.36 (KHTML, like Gecko) Chrome/130.0.0.0 Safari/537.36"
129.227.90.153 - - [23/Aug/2026:18:30:38 +0800] "GET /offers-marketed-thanks-to-juwa-fb-pages-otherwise-personal-agents-can-differ-further/ HTTP/1.1" 200 96600 "-" "Mozilla/5.0 (Macintosh; Intel Mac OS X 10_15_7) AppleWebKit/605.1.15 (KHTML, like Gecko) Version/18.3 Safari/605.1.15"
57.141.4.46 - - [23/Aug/2026:18:31:10 +0800] "GET / HTTP/1.1" 200 139932 "-" "facebookexternalhit/1.1 (+http://www.facebook.com/externalhit_uatext.php)"
129.227.90.153 - - [23/Aug/2026:18:31:24 +0800] "POST /xmlrpc.php HTTP/1.1" 200 6124 "-" "Mozilla/5.0 (Windows NT 10.0; Win64; x64) AppleWebKit/537.36 (KHTML, like Gecko) Chrome/124.0.0.0 Safari/537.36"
129.227.90.153 - - [23/Aug/2026:18:31:31 +0800] "POST /xmlrpc.php HTTP/1.1" 200 16422 "-" "Mozilla/5.0 (X11; Linux x86_64) AppleWebKit/537.36 (KHTML, like Gecko) Chrome/134.0.0.0 Safari/537.36"
124.150.132.81 - - [23/Aug/2026:18:30:36 +0800] "POST /wp-cron.php?doing_wp_cron=1787481036.1331439018249511718750 HTTP/1.1" 200 5843 "-" "WordPress/7.1; https://rajlaw.com.tw"
129.227.90.153 - - [23/Aug/2026:18:31:37 +0800] "GET /the-fresh-new-jackpotrabbit-zero-deposit-bonus-will-provide-you-with-175000-gc-and-you-will-twenty-three-100-free-sc/ HTTP/1.1" 200 96896 "-" "Mozilla/5.0 (X11; Linux x86_64) AppleWebKit/537.36 (KHTML, like Gecko) Chrome/131.0.0.0 Safari/537.36"
124.150.132.81 - - [23/Aug/2026:18:31:41 +0800] "POST /wp-cron.php?doing_wp_cron=1787481101.2858240604400634765625 HTTP/1.1" 200 5843 "-" "WordPress/7.1; https://rajlaw.com.tw"
51.89.72.15 - - [23/Aug/2026:18:32:06 +0800] "GET /robots.txt HTTP/1.1" 200 5912 "-" "Mozilla/5.0 (compatible; AhrefsBot/7.0; +http://ahrefs.com/robot/)"
198.244.226.49 - - [23/Aug/2026:18:32:12 +0800] "GET /wp-sitemap.xml HTTP/1.1" 200 6449 "-" "Mozilla/5.0 (compatible; AhrefsBot/7.0; +http://ahrefs.com/robot/)"
124.150.132.81 - - [23/Aug/2026:18:32:09 +0800] "POST /wp-cron.php?doing_wp_cron=1787481129.6179308891296386718750 HTTP/1.1" 200 5843 "-" "WordPress/7.1; https://rajlaw.com.tw"
129.227.90.153 - - [23/Aug/2026:18:32:21 +0800] "POST /xmlrpc.php HTTP/1.1" 200 6124 "-" "Mozilla/5.0 (Windows NT 10.0; Win64; x64) AppleWebKit/537.36 (KHTML, like Gecko) Chrome/126.0.0.0 Safari/537.36"
129.227.90.153 - - [23/Aug/2026:18:32:28 +0800] "POST /xmlrpc.php HTTP/1.1" 200 16282 "-" "Mozilla/5.0 (Windows NT 10.0; Win64; x64) AppleWebKit/537.36 (KHTML, like Gecko) Chrome/109.0.0.0 Safari/537.36"
124.150.132.81 - - [23/Aug/2026:18:32:25 +0800] "POST /wp-cron.php?doing_wp_cron=1787481145.5779089927673339843750 HTTP/1.1" 200 5843 "-" "WordPress/7.1; https://rajlaw.com.tw"
52.167.144.139 - - [23/Aug/2026:18:32:30 +0800] "GET /kipweg-geldspel-geheimen-ontrafeld/ HTTP/1.1" 200 97931 "-" "Mozilla/5.0 AppleWebKit/537.36 (KHTML, like Gecko; compatible; bingbot/2.0; +http://www.bing.com/bingbot.htm) Chrome/116.0.1938.76 Safari/537.36"
129.227.90.153 - - [23/Aug/2026:18:32:33 +0800] "GET /the-brand-new-jackpotrabbit-no-put-extra-will-provide-you-with-175000-gc-and-you-may-twenty-three-totally-free-south-carolina/ HTTP/1.1" 200 96825 "-" "Mozilla/5.0 (Windows NT 10.0; Win64; x64) AppleWebKit/537.36 (KHTML, like Gecko) Chrome/134.0.0.0 YaBrowser/25.4.0.0 Safari/537.36"
129.227.90.153 - - [23/Aug/2026:18:33:18 +0800] "POST /xmlrpc.php HTTP/1.1" 200 6124 "-" "Mozilla/5.0 (Windows NT 10.0; Win64; x64) AppleWebKit/537.36 (KHTML, like Gecko) Chrome/120.0.0.0 Safari/537.36"
57.141.16.111 - - [23/Aug/2026:18:33:20 +0800] "GET / HTTP/1.1" 200 139932 "-" "facebookexternalhit/1.1 (+http://www.facebook.com/externalhit_uatext.php)"
124.150.132.81 - - [23/Aug/2026:18:33:23 +0800] "POST /wp-cron.php?doing_wp_cron=1787481203.3136529922485351562500 HTTP/1.1" 200 5843 "-" "WordPress/7.1; https://rajlaw.com.tw"
129.227.90.153 - - [23/Aug/2026:18:33:26 +0800] "POST /xmlrpc.php HTTP/1.1" 200 16250 "-" "Mozilla/5.0 (Macintosh; Intel Mac OS X 10.15; rv:138.0) Gecko/20100101 Firefox/138.0"
129.227.90.153 - - [23/Aug/2026:18:33:32 +0800] "GET /prefer-your-preferred-depositing-means-for-the-first-exchange-and-you-can-allege-the-fresh-new-acceptance-extra/ HTTP/1.1" 200 96746 "-" "Mozilla/5.0 (Windows NT 10.0; Win64; x64) AppleWebKit/537.36 (KHTML, like Gecko) Chrome/109.0.0.0 Safari/537.36"
66.249.72.201 - - [23/Aug/2026:18:33:41 +0800] "GET /take-a-look-at-webpage-to-discover-the-best-online-slots-sense/ HTTP/1.1" 200 94730 "-" "Mozilla/5.0 (Linux; Android 6.0.1; Nexus 5X Build/MMB29P) AppleWebKit/537.36 (KHTML, like Gecko) Chrome/151.0.7922.137 Mobile Safari/537.36 (compatible; GoogleOther)"
129.227.90.153 - - [23/Aug/2026:18:34:16 +0800] "POST /xmlrpc.php HTTP/1.1" 200 6124 "-" "Mozilla/5.0 (X11; Linux x86_64) AppleWebKit/537.36 (KHTML, like Gecko) Chrome/132.0.0.0 Safari/537.36"
124.150.132.81 - - [23/Aug/2026:18:34:21 +0800] "POST /wp-cron.php?doing_wp_cron=1787481260.9550719261169433593750 HTTP/1.1" 200 5843 "-" "WordPress/7.1; https://rajlaw.com.tw"
129.227.90.153 - - [23/Aug/2026:18:34:24 +0800] "POST /xmlrpc.php HTTP/1.1" 200 15982 "-" "Mozilla/5.0 (Windows NT 10.0; Win64; x64) AppleWebKit/537.36 (KHTML, like Gecko) Chrome/148.0.0.0 Safari/537.36 Edg/148.0.0.0"
129.227.90.153 - - [23/Aug/2026:18:34:28 +0800] "GET /therefore-if-you-are-searching-getting-a-great-night-out-during-the-richland-this-is-the-prime-set/ HTTP/1.1" 200 96378 "-" "Mozilla/5.0 (Windows NT 10.0; Win64; x64) AppleWebKit/537.36 (KHTML, like Gecko) Chrome/134.0.0.0 Safari/537.36"
24.249.199.4 - - [23/Aug/2026:18:34:37 +0800] "POST /xmlrpc.php HTTP/1.1" 200 6998 "-" "Mozilla/5.0 (Windows NT 10.0; Win64; x64) AppleWebKit/537.36 (KHTML, like Gecko) Chrome/124.0.0.0 Safari/537.36"
40.77.167.71 - - [23/Aug/2026:18:35:12 +0800] "GET /discover-more-within-our-help-guide-to-ontario-casinos-on-the-internet/ HTTP/1.1" 200 96263 "-" "Mozilla/5.0 AppleWebKit/537.36 (KHTML, like Gecko; compatible; bingbot/2.0; +http://www.bing.com/bingbot.htm) Chrome/116.0.1938.76 Safari/537.36"
129.227.90.153 - - [23/Aug/2026:18:35:14 +0800] "POST /xmlrpc.php HTTP/1.1" 200 6124 "-" "Mozilla/5.0 (Macintosh; Intel Mac OS X 10_15_7) AppleWebKit/605.1.15 (KHTML, like Gecko) Version/18.1 Safari/605.1.15"
124.150.132.81 - - [23/Aug/2026:18:35:19 +0800] "POST /wp-cron.php?doing_wp_cron=1787481318.8535420894622802734375 HTTP/1.1" 200 5843 "-" "WordPress/7.1; https://rajlaw.com.tw"
129.227.90.153 - - [23/Aug/2026:18:35:22 +0800] "POST /xmlrpc.php HTTP/1.1" 200 16560 "-" "Mozilla/5.0 (Windows NT 10.0; Win64; x64; rv:151.0) Gecko/20100101 Firefox/151.0"
129.227.90.153 - - [23/Aug/2026:18:35:27 +0800] "GET /the-new-rating-lies-in-a-size-with-100-as-the-very-legitimate/ HTTP/1.1" 200 96849 "-" "Mozilla/5.0 (Windows NT 10.0; Win64; x64) AppleWebKit/537.36 (KHTML, like Gecko) Chrome/133.0.0.0 Safari/537.36 OPR/118.0.0.0"
66.249.71.227 - - [23/Aug/2026:18:35:56 +0800] "GET /no-deposit-bonuses-excel-because-they-do-not-want-people-minimum-put-making-them-offered-to-all-new-players/ HTTP/1.1" 200 98253 "-" "Mozilla/5.0 (Linux; Android 6.0.1; Nexus 5X Build/MMB29P) AppleWebKit/537.36 (KHTML, like Gecko) Chrome/151.0.7922.137 Mobile Safari/537.36 (compatible; GoogleOther)"
129.227.90.153 - - [23/Aug/2026:18:36:12 +0800] "POST /xmlrpc.php HTTP/1.1" 200 6124 "-" "Mozilla/5.0 (Macintosh; Intel Mac OS X 10_15_7) AppleWebKit/537.36 (KHTML, like Gecko) Chrome/132.0.0.0 Safari/537.36"
124.150.132.81 - - [23/Aug/2026:18:36:16 +0800] "POST /wp-cron.php?doing_wp_cron=1787481376.3111441135406494140625 HTTP/1.1" 200 5843 "-" "WordPress/7.1; https://rajlaw.com.tw"
129.227.90.153 - - [23/Aug/2026:18:36:19 +0800] "POST /xmlrpc.php HTTP/1.1" 200 16074 "-" "Mozilla/5.0 (X11; Linux x86_64) AppleWebKit/537.36 (KHTML, like Gecko) Chrome/148.0.0.0 Safari/537.36"
52.167.144.139 - - [23/Aug/2026:18:36:20 +0800] "GET /test-post-created-2/ HTTP/1.1" 200 89738 "-" "Mozilla/5.0 AppleWebKit/537.36 (KHTML, like Gecko; compatible; bingbot/2.0; +http://www.bing.com/bingbot.htm) Chrome/116.0.1938.76 Safari/537.36"
129.227.90.153 - - [23/Aug/2026:18:36:24 +0800] "GET /i-became-as-well-as-satisfied-by-type-of-games-products-readily-available-at-the-cider-casino/ HTTP/1.1" 200 96447 "-" "Mozilla/5.0 (Windows NT 10.0; Win64; x64; rv:150.0) Gecko/20100101 Firefox/150.0"
40.77.167.71 - - [23/Aug/2026:18:36:32 +0800] "GET /fundamentally-this-is-why-make-use-of-free-ports-to-winnings-real-money-no-deposit-requisite/ HTTP/1.1" 200 95078 "-" "Mozilla/5.0 AppleWebKit/537.36 (KHTML, like Gecko; compatible; bingbot/2.0; +http://www.bing.com/bingbot.htm) Chrome/116.0.1938.76 Safari/537.36"
45.133.16.88 - - [23/Aug/2026:18:36:54 +0800] "GET /wp-login.php HTTP/1.1" 200 13944 "-" "Mozilla/5.0 (Macintosh; Intel Mac OS X 10_15_7) AppleWebKit/605.1.15 (KHTML, like Gecko) Version/18.0 Safari/605.1.15"
129.227.90.153 - - [23/Aug/2026:18:37:08 +0800] "POST /xmlrpc.php HTTP/1.1" 200 6124 "-" "Mozilla/5.0 (Macintosh; Intel Mac OS X 10_15_7) AppleWebKit/537.36 (KHTML, like Gecko) Chrome/146.0.0.0 Safari/537.36"
57.141.12.13 - - [23/Aug/2026:18:37:08 +0800] "GET / HTTP/1.1" 200 139932 "-" "facebookexternalhit/1.1 (+http://www.facebook.com/externalhit_uatext.php)"
124.150.132.81 - - [23/Aug/2026:18:37:13 +0800] "POST /wp-cron.php?doing_wp_cron=1787481433.1583230495452880859375 HTTP/1.1" 200 5843 "-" "WordPress/7.1; https://rajlaw.com.tw"
129.227.90.153 - - [23/Aug/2026:18:37:16 +0800] "POST /xmlrpc.php HTTP/1.1" 200 16658 "-" "Mozilla/5.0 (Windows NT 10.0; Win64; x64) AppleWebKit/537.36 (KHTML, like Gecko) Chrome/124.0 Safari/537.36"
129.227.90.153 - - [23/Aug/2026:18:37:20 +0800] "GET /this-is-ideal-for-individuals-who-visit-casinos-on-the-internet/ HTTP/1.1" 200 96926 "-" "Mozilla/5.0 (Macintosh; Intel Mac OS X 10_15_7) AppleWebKit/537.36 (KHTML, like Gecko) Chrome/132.0.0.0 Safari/537.36"
40.77.167.16 - - [23/Aug/2026:18:37:44 +0800] "GET /baxterbet-app-unlocks-next-gen-betting-thrills/ HTTP/1.1" 200 97739 "-" "Mozilla/5.0 AppleWebKit/537.36 (KHTML, like Gecko; compatible; bingbot/2.0; +http://www.bing.com/bingbot.htm) Chrome/116.0.1938.76 Safari/537.36"
111.18.100.238 - - [23/Aug/2026:18:37:56 +0800] "GET /wp-content/uploads/2026/07/EibfNZPMWosRlxBro1wjy7Tq4PuuJF2umI5iwS3C.jpg%201200w,%20https://rajlaw.com.tw/wp-content/uploads/2026/07/EibfNZPMWosRlxBro1wjy7Tq4PuuJF2umI5iwS3C-300x169.jpg%20300w,%20https://rajlaw.com.tw/wp-content/uploads/2026/07/EibfNZPMWosRlxBro1wjy7Tq4PuuJF2umI5iwS3C-1024x576.jpg%201024w,%20https://rajlaw.com.tw/wp-content/uploads/2026/07/EibfNZPMWosRlxBro1wjy7Tq4PuuJF2umI5iwS3C-768x432.jpg%20768w HTTP/1.1" 301 6351 "https://rajlaw.com.tw/" "Mozilla/5.0 (Windows NT 10.0; Win64; x64) AppleWebKit/537.36 (KHTML, like Gecko) Chrome/117.0.0.0 Safari/537.36"
111.18.100.238 - - [23/Aug/2026:18:38:01 +0800] "GET /wp-content/uploads/2026/07/EibfNZPMWosRlxBro1wjy7Tq4PuuJF2umI5iwS3C.jpg%201200w,%20https:/rajlaw.com.tw/wp-content/uploads/2026/07/EibfNZPMWosRlxBro1wjy7Tq4PuuJF2umI5iwS3C-300x169.jpg%20300w,%20https:/rajlaw.com.tw/wp-content/uploads/2026/07/EibfNZPMWosRlxBro1wjy7Tq4PuuJF2umI5iwS3C-1024x576.jpg%201024w,%20https:/rajlaw.com.tw/wp-content/uploads/2026/07/EibfNZPMWosRlxBro1wjy7Tq4PuuJF2umI5iwS3C-768x432.jpg%20768w HTTP/1.1" 500 63611 "https://rajlaw.com.tw/" "Mozilla/5.0 (Windows NT 10.0; Win64; x64) AppleWebKit/537.36 (KHTML, like Gecko) Chrome/117.0.0.0 Safari/537.36"
139.199.201.94 - - [23/Aug/2026:18:38:07 +0800] "GET /wp-content/uploads/2026/07/EibfNZPMWosRlxBro1wjy7Tq4PuuJF2umI5iwS3C.jpg%201200w,%20https://rajlaw.com.tw/wp-content/uploads/2026/07/EibfNZPMWosRlxBro1wjy7Tq4PuuJF2umI5iwS3C-300x169.jpg%20300w,%20https://rajlaw.com.tw/wp-content/uploads/2026/07/EibfNZPMWosRlxBro1wjy7Tq4PuuJF2umI5iwS3C-1024x576.jpg%201024w,%20https://rajlaw.com.tw/wp-content/uploads/2026/07/EibfNZPMWosRlxBro1wjy7Tq4PuuJF2umI5iwS3C-768x432.jpg%20768w HTTP/1.1" 301 6351 "https://rajlaw.com.tw/" "Mozilla/5.0 (Windows NT 10.0; Win64; x64) AppleWebKit/537.36 (KHTML, like Gecko) Chrome/117.0.0.0 Safari/537.36"
129.227.90.153 - - [23/Aug/2026:18:38:05 +0800] "POST /xmlrpc.php HTTP/1.1" 200 6124 "-" "Mozilla/5.0 (Macintosh; Intel Mac OS X 10_15_7) AppleWebKit/537.36 (KHTML, like Gecko) Chrome/131.0.0.0 Safari/537.36"
124.150.132.81 - - [23/Aug/2026:18:38:09 +0800] "POST /wp-cron.php?doing_wp_cron=1787481489.5973410606384277343750 HTTP/1.1" 200 5843 "-" "WordPress/7.1; https://rajlaw.com.tw"
57.141.2.40 - - [23/Aug/2026:18:38:09 +0800] "GET / HTTP/1.1" 200 139932 "-" "facebookexternalhit/1.1 (+http://www.facebook.com/externalhit_uatext.php)"
129.227.90.153 - - [23/Aug/2026:18:38:13 +0800] "POST /xmlrpc.php HTTP/1.1" 200 17087 "-" "Mozilla/5.0 (Macintosh; Intel Mac OS X 10_15_7) AppleWebKit/537.36 (KHTML, like Gecko) obsidian/1.8.10 Chrome/132.0.6834.196 Electron/34.2.0 Safari/537.36"
129.227.90.153 - - [23/Aug/2026:18:38:17 +0800] "GET /like-other-sweepstakes-casinos-jackpotrabbit-spends-a-couple-of-virtual-currencies-as-opposed-to-real-cash-transactions/ HTTP/1.1" 200 97519 "-" "Mozilla/5.0 (Macintosh; Intel Mac OS X 10_15_7) AppleWebKit/605.1.15 (KHTML, like Gecko) Version/17.4.1 Safari/605.1.15"
139.199.201.94 - - [23/Aug/2026:18:38:19 +0800] "GET /wp-content/uploads/2026/07/EibfNZPMWosRlxBro1wjy7Tq4PuuJF2umI5iwS3C.jpg%201200w,%20https:/rajlaw.com.tw/wp-content/uploads/2026/07/EibfNZPMWosRlxBro1wjy7Tq4PuuJF2umI5iwS3C-300x169.jpg%20300w,%20https:/rajlaw.com.tw/wp-content/uploads/2026/07/EibfNZPMWosRlxBro1wjy7Tq4PuuJF2umI5iwS3C-1024x576.jpg%201024w,%20https:/rajlaw.com.tw/wp-content/uploads/2026/07/EibfNZPMWosRlxBro1wjy7Tq4PuuJF2umI5iwS3C-768x432.jpg%20768w HTTP/1.1" 500 52461 "https://rajlaw.com.tw/" "Mozilla/5.0 (Windows NT 10.0; Win64; x64) AppleWebKit/537.36 (KHTML, like Gecko) Chrome/117.0.0.0 Safari/537.36"
52.167.144.139 - - [23/Aug/2026:18:38:20 +0800] "GET /i-casa-da-gioco-sicuri-online-utilizzano-perennemente-sistemi-completamente-trasparenti-se-vuoto-puo-succedere-leso/ HTTP/1.1" 200 96046 "-" "Mozilla/5.0 AppleWebKit/537.36 (KHTML, like Gecko; compatible; bingbot/2.0; +http://www.bing.com/bingbot.htm) Chrome/116.0.1938.76 Safari/537.36"
57.141.6.62 - - [23/Aug/2026:18:39:57 +0800] "GET / HTTP/1.1" 200 139932 "-" "facebookexternalhit/1.1 (+http://www.facebook.com/externalhit_uatext.php)"
66.249.72.199 - - [23/Aug/2026:18:40:25 +0800] "GET /the-local-marketplace-is-controlled-from-the-rhode-area-department-off-the-newest-lottery/ HTTP/1.1" 200 97209 "-" "Mozilla/5.0 (Linux; Android 6.0.1; Nexus 5X Build/MMB29P) AppleWebKit/537.36 (KHTML, like Gecko) Chrome/151.0.7922.137 Mobile Safari/537.36 (compatible; Googlebot/2.1; +http://www.google.com/bot.html)"
124.150.132.81 - - [23/Aug/2026:18:40:03 +0800] "POST /wp-cron.php?doing_wp_cron=1787481603.1554229259490966796875 HTTP/1.1" 500 8614 "-" "WordPress/7.1; https://rajlaw.com.tw"
47.128.47.213 - - [23/Aug/2026:18:40:46 +0800] "GET /jokabet-casino-reviews-revealing-hidden-truths/ HTTP/1.1" 200 97852 "-" "Mozilla/5.0 (Linux; Android 5.0) AppleWebKit/537.36 (KHTML, like Gecko) Mobile Safari/537.36 (compatible; Bytespider; https://bytedance.sg.larkoffice.com/docx/K5bxdypulop3IIxrJb0lOjLVgFe)"
185.135.85.252 - - [23/Aug/2026:18:42:35 +0800] "POST /xmlrpc.php HTTP/1.1" 200 6124 "-" "Mozilla/5.0 (Windows NT 10.0; Win64; x64) AppleWebKit/537.36 (KHTML, like Gecko) Chrome/122.0.0.0 Safari/537.36"
185.135.85.252 - - [23/Aug/2026:18:42:44 +0800] "POST /xmlrpc.php HTTP/1.1" 200 18499 "-" "Mozilla/5.0 (Windows NT 10.0; Win64; x64) AppleWebKit/537.36 (KHTML, like Gecko) obsidian/1.6.5 Chrome/124.0.6367.243 Electron/30.1.2 Safari/537.36"
57.141.24.107 - - [23/Aug/2026:18:42:46 +0800] "GET / HTTP/1.1" 200 139932 "-" "facebookexternalhit/1.1 (+http://www.facebook.com/externalhit_uatext.php)"
40.77.167.16 - - [23/Aug/2026:18:43:14 +0800] "GET /juguetear-en-juega-en-linea-en-linea-el-backgammon-online/ HTTP/1.1" 200 100927 "-" "Mozilla/5.0 AppleWebKit/537.36 (KHTML, like Gecko; compatible; bingbot/2.0; +http://www.bing.com/bingbot.htm) Chrome/116.0.1938.76 Safari/537.36"
124.150.132.81 - - [23/Aug/2026:18:42:40 +0800] "POST /wp-cron.php?doing_wp_cron=1787481760.2834320068359375000000 HTTP/1.1" 200 5843 "-" "WordPress/7.1; https://rajlaw.com.tw"
185.135.85.252 - - [23/Aug/2026:18:42:52 +0800] "GET /la-mayori%EF%BF%BDa-hombres-aporta-uno-de-los-importes-mas-profusamente-exitosos-y-no-ha-transpirado-vanguardistas-de-esa-fabrica/ HTTP/1.1" 200 83436 "-" "Mozilla/5.0 (X11; Linux x86_64) AppleWebKit/537.36 Chrome/124.0"
116.169.189.77 - - [23/Aug/2026:18:44:41 +0800] "GET /wp-json/wp/v2/posts/6718 HTTP/1.1" 200 14266 "-" "Mozilla/5.0 (Windows NT 10.0; Win64; x64) AppleWebKit/537.36 (KHTML, like Gecko) Chrome/144.0.0.0 Safari/537.36"
116.169.189.77 - - [23/Aug/2026:18:44:49 +0800] "GET /favicon.ico HTTP/1.1" 302 1395 "https://rajlaw.com.tw/wp-json/wp/v2/posts/6718" "Mozilla/5.0 (Windows NT 10.0; Win64; x64) AppleWebKit/537.36 (KHTML, like Gecko) Chrome/144.0.0.0 Safari/537.36"
40.77.167.77 - - [23/Aug/2026:18:45:34 +0800] "GET /casumo-maklercourtage-quelltext-slot-retro-reels-100-neukundenbonus-50-freispiele/ HTTP/1.1" 200 97180 "-" "Mozilla/5.0 AppleWebKit/537.36 (KHTML, like Gecko; compatible; bingbot/2.0; +http://www.bing.com/bingbot.htm) Chrome/116.0.1938.76 Safari/537.36"
57.141.18.24 - - [23/Aug/2026:18:45:37 +0800] "GET / HTTP/1.1" 200 139932 "-" "facebookexternalhit/1.1 (+http://www.facebook.com/externalhit_uatext.php)"
52.167.144.17 - - [23/Aug/2026:18:45:44 +0800] "GET /nederlands-bank-games-voor-optreden-betsoft-gokkast-online-2026/ HTTP/1.1" 200 97443 "-" "Mozilla/5.0 AppleWebKit/537.36 (KHTML, like Gecko; compatible; bingbot/2.0; +http://www.bing.com/bingbot.htm) Chrome/116.0.1938.76 Safari/537.36"
197.17.77.10 - - [23/Aug/2026:18:47:38 +0800] "GET //xmlrpc.php HTTP/1.1" 403 23234 "-" "Mozilla/5.0 (Windows NT 10.0; WOW64; rv:45.0) Gecko/20100101 Firefox/45.0"
52.167.144.17 - - [23/Aug/2026:18:47:54 +0800] "GET /10-freispiele-abzuglich-einzahlung-2026-netent-slots-spiele-neueste-angebote-je-brd/ HTTP/1.1" 200 100077 "-" "Mozilla/5.0 AppleWebKit/537.36 (KHTML, like Gecko; compatible; bingbot/2.0; +http://www.bing.com/bingbot.htm) Chrome/116.0.1938.76 Safari/537.36"
124.150.132.81 - - [23/Aug/2026:18:47:56 +0800] "POST /?wordfence_syncAttackData=1787482076.0711 HTTP/1.1" 200 5755 "-" "WordPress/7.1; https://rajlaw.com.tw"
52.167.144.17 - - [23/Aug/2026:18:48:00 +0800] "GET /%E5%9C%93%E7%B7%A3%E6%9C%83%E5%89%B5%E8%BE%A6%E4%BA%BA%E6%B9%AF%E7%99%BC%E9%89%85%E5%8F%97%E9%82%80%E9%96%8B%E8%AC%9B-%E6%9A%A2%E8%AB%87%E6%85%88%E5%96%84%E8%88%87%E5%BF%83%E7%90%86%E5%AD%B8%E9%BB%9E/ HTTP/1.1" 200 90079 "-" "Mozilla/5.0 AppleWebKit/537.36 (KHTML, like Gecko; compatible; bingbot/2.0; +http://www.bing.com/bingbot.htm) Chrome/116.0.1938.76 Safari/537.36"
57.141.8.41 - - [23/Aug/2026:18:48:29 +0800] "GET / HTTP/1.1" 200 139932 "-" "facebookexternalhit/1.1 (+http://www.facebook.com/externalhit_uatext.php)"
52.167.144.17 - - [23/Aug/2026:18:49:24 +0800] "GET /symptom-kritischer-link-rund-mr-bet-erfolg-durch-2-156-wird-keineswegs-ausgezahlt-account-gesperrt/ HTTP/1.1" 200 101104 "-" "Mozilla/5.0 AppleWebKit/537.36 (KHTML, like Gecko; compatible; bingbot/2.0; +http://www.bing.com/bingbot.htm) Chrome/116.0.1938.76 Safari/537.36"
124.150.132.81 - - [23/Aug/2026:18:49:28 +0800] "POST /wp-cron.php?doing_wp_cron=1787482168.7183330059051513671875 HTTP/1.1" 500 8614 "-" "WordPress/7.1; https://rajlaw.com.tw"
52.167.144.142 - - [23/Aug/2026:18:51:31 +0800] "GET /no-deposit-gambling-1-snowing-luck-enterprise-bonuses-182-to-have-august-2026/ HTTP/1.1" 200 98446 "-" "Mozilla/5.0 AppleWebKit/537.36 (KHTML, like Gecko; compatible; bingbot/2.0; +http://www.bing.com/bingbot.htm) Chrome/116.0.1938.76 Safari/537.36"
85.208.96.194 - - [23/Aug/2026:18:52:16 +0800] "GET /crescita-continua-e-senza-fine-con-drip/ HTTP/1.1" 200 97630 "-" "Mozilla/5.0 (compatible; SemrushBot/7~bl; +http://www.semrush.com/bot.html)"
57.141.0.38 - - [23/Aug/2026:18:52:21 +0800] "GET / HTTP/1.1" 200 139932 "-" "facebookexternalhit/1.1 (+http://www.facebook.com/externalhit_uatext.php)"
124.150.132.81 - - [23/Aug/2026:18:51:36 +0800] "POST /wp-cron.php?doing_wp_cron=1787482296.3649809360504150390625 HTTP/1.1" 200 5843 "-" "WordPress/7.1; https://rajlaw.com.tw"
52.167.144.142 - - [23/Aug/2026:18:52:52 +0800] "GET /fire-wildcard-pramie-features-re-spins-iron-man-2-online-vorwiderstand/ HTTP/1.1" 200 104093 "-" "Mozilla/5.0 AppleWebKit/537.36 (KHTML, like Gecko; compatible; bingbot/2.0; +http://www.bing.com/bingbot.htm) Chrome/116.0.1938.76 Safari/537.36"
66.249.71.226 - - [23/Aug/2026:18:53:13 +0800] "GET /navegar-sin-complicaciones-en-el-casino-online-argentino-que-pone-la-diversion-al-alcance-de-un-clic/ HTTP/1.1" 200 95186 "-" "Mozilla/5.0 (Linux; Android 6.0.1; Nexus 5X Build/MMB29P) AppleWebKit/537.36 (KHTML, like Gecko) Chrome/151.0.7922.137 Mobile Safari/537.36 (compatible; Googlebot/2.1; +http://www.google.com/bot.html)"
204.0.56.246 - - [23/Aug/2026:18:53:18 +0800] "GET /wp-content/plugins/everest-forms/readme.txt HTTP/1.1" 200 34750 "-" "Mozilla/5.0"
124.150.132.81 - - [23/Aug/2026:18:53:17 +0800] "POST /wp-cron.php?doing_wp_cron=1787482397.1787610054016113281250 HTTP/1.1" 200 5843 "-" "WordPress/7.1; https://rajlaw.com.tw"
204.0.56.246 - - [23/Aug/2026:18:53:18 +0800] "GET / HTTP/1.1" 200 139895 "-" "Mozilla/5.0"
204.0.56.246 - - [23/Aug/2026:18:53:25 +0800] "GET /contact HTTP/1.1" 301 5286 "-" "Mozilla/5.0"
204.0.56.246 - - [23/Aug/2026:18:53:25 +0800] "GET /contact/ HTTP/1.1" 200 122788 "-" "Mozilla/5.0"
204.0.56.246 - - [23/Aug/2026:18:53:25 +0800] "GET /contact-us HTTP/1.1" 404 86757 "-" "Mozilla/5.0"
204.0.56.246 - - [23/Aug/2026:18:53:29 +0800] "GET /form HTTP/1.1" 404 86757 "-" "Mozilla/5.0"
204.0.56.246 - - [23/Aug/2026:18:53:33 +0800] "POST /wp-admin/admin-ajax.php HTTP/1.1" 403 23233 "https://rajlaw.com.tw/" "Mozilla/5.0"
204.0.56.246 - - [23/Aug/2026:18:53:34 +0800] "POST /wp-admin/admin-ajax.php HTTP/1.1" 403 23233 "https://rajlaw.com.tw/" "Mozilla/5.0"
81.70.157.160 - - [23/Aug/2026:18:53:32 +0800] "GET /blog7/ HTTP/1.1" 200 103372 "-" "Mozilla/5.0 (Macintosh; Intel Mac OS X 10_15_7) AppleWebKit/537.36 (KHTML, like Gecko) Chrome/148.0.0.0 Safari/537.36"
81.70.157.160 - - [23/Aug/2026:18:53:36 +0800] "GET /wp-content/plugins/everest-forms/assets/css/everest-forms.css?ver=3.0.9.3 HTTP/1.1" 200 100836 "https://rajlaw.com.tw/blog7/" "Mozilla/5.0 (Macintosh; Intel Mac OS X 10_15_7) AppleWebKit/537.36 (KHTML, like Gecko) Chrome/148.0.0.0 Safari/537.36"
81.70.157.160 - - [23/Aug/2026:18:53:36 +0800] "GET /wp-content/plugins/elementor/assets/lib/animations/animations.min.css?ver=3.2.3 HTTP/1.1" 200 18963 "https://rajlaw.com.tw/blog7/" "Mozilla/5.0 (Macintosh; Intel Mac OS X 10_15_7) AppleWebKit/537.36 (KHTML, like Gecko) Chrome/148.0.0.0 Safari/537.36"
81.70.157.160 - - [23/Aug/2026:18:53:36 +0800] "GET /wp-includes/css/dashicons.min.css?ver=7.1 HTTP/1.1" 200 59557 "https://rajlaw.com.tw/blog7/" "Mozilla/5.0 (Macintosh; Intel Mac OS X 10_15_7) AppleWebKit/537.36 (KHTML, like Gecko) Chrome/148.0.0.0 Safari/537.36"
81.70.157.160 - - [23/Aug/2026:18:53:36 +0800] "GET /wp-content/plugins/elementor/assets/css/frontend.min.css?ver=3.2.3 HTTP/1.1" 200 118361 "https://rajlaw.com.tw/blog7/" "Mozilla/5.0 (Macintosh; Intel Mac OS X 10_15_7) AppleWebKit/537.36 (KHTML, like Gecko) Chrome/148.0.0.0 Safari/537.36"
81.70.157.160 - - [23/Aug/2026:18:53:36 +0800] "GET /wp-content/plugins/everest-forms/assets/css/intlTelInput.css?ver=3.0.9.3 HTTP/1.1" 200 45997 "https://rajlaw.com.tw/blog7/" "Mozilla/5.0 (Macintosh; Intel Mac OS X 10_15_7) AppleWebKit/537.36 (KHTML, like Gecko) Chrome/148.0.0.0 Safari/537.36"
81.70.157.160 - - [23/Aug/2026:18:53:36 +0800] "GET /wp-content/themes/zakra/inc/customizer/customind/assets/fontawesome/v6/css/all.min.css?ver=6.2.4 HTTP/1.1" 200 103651 "https://rajlaw.com.tw/blog7/" "Mozilla/5.0 (Macintosh; Intel Mac OS X 10_15_7) AppleWebKit/537.36 (KHTML, like Gecko) Chrome/148.0.0.0 Safari/537.36"
81.70.157.160 - - [23/Aug/2026:18:53:36 +0800] "GET /wp-content/uploads/elementor/css/post-3136.css?ver=1741875864 HTTP/1.1" 200 5047 "https://rajlaw.com.tw/blog7/" "Mozilla/5.0 (Macintosh; Intel Mac OS X 10_15_7) AppleWebKit/537.36 (KHTML, like Gecko) Chrome/148.0.0.0 Safari/537.36"
81.70.157.160 - - [23/Aug/2026:18:53:36 +0800] "GET /wp-content/themes/zakra/style.css?ver=4.0.6 HTTP/1.1" 200 106957 "https://rajlaw.com.tw/blog7/" "Mozilla/5.0 (Macintosh; Intel Mac OS X 10_15_7) AppleWebKit/537.36 (KHTML, like Gecko) Chrome/148.0.0.0 Safari/537.36"
81.70.157.160 - - [23/Aug/2026:18:53:36 +0800] "GET /wp-content/plugins/elementor/assets/lib/font-awesome/css/v4-shims.min.css?ver=3.2.3 HTTP/1.1" 200 27059 "https://rajlaw.com.tw/blog7/" "Mozilla/5.0 (Macintosh; Intel Mac OS X 10_15_7) AppleWebKit/537.36 (KHTML, like Gecko) Chrome/148.0.0.0 Safari/537.36"
81.70.157.160 - - [23/Aug/2026:18:53:37 +0800] "GET /wp-content/plugins/elementor/assets/lib/font-awesome/css/solid.min.css?ver=5.15.1 HTTP/1.1" 200 994 "https://rajlaw.com.tw/blog7/" "Mozilla/5.0 (Macintosh; Intel Mac OS X 10_15_7) AppleWebKit/537.36 (KHTML, like Gecko) Chrome/148.0.0.0 Safari/537.36"
81.70.157.160 - - [23/Aug/2026:18:53:37 +0800] "GET /wp-content/plugins/elementor-pro/assets/css/frontend.min.css?ver=3.2.2 HTTP/1.1" 200 211560 "https://rajlaw.com.tw/blog7/" "Mozilla/5.0 (Macintosh; Intel Mac OS X 10_15_7) AppleWebKit/537.36 (KHTML, like Gecko) Chrome/148.0.0.0 Safari/537.36"
81.70.157.160 - - [23/Aug/2026:18:53:37 +0800] "GET /wp-content/plugins/elementor/assets/lib/font-awesome/css/fontawesome.min.css?ver=5.15.1 HTTP/1.1" 200 58327 "https://rajlaw.com.tw/blog7/" "Mozilla/5.0 (Macintosh; Intel Mac OS X 10_15_7) AppleWebKit/537.36 (KHTML, like Gecko) Chrome/148.0.0.0 Safari/537.36"
81.70.157.160 - - [23/Aug/2026:18:53:37 +0800] "GET /wp-content/plugins/elementor/assets/lib/font-awesome/css/all.min.css?ver=3.2.3 HTTP/1.1" 200 59759 "https://rajlaw.com.tw/blog7/" "Mozilla/5.0 (Macintosh; Intel Mac OS X 10_15_7) AppleWebKit/537.36 (KHTML, like Gecko) Chrome/148.0.0.0 Safari/537.36"
81.70.157.160 - - [23/Aug/2026:18:53:37 +0800] "GET /wp-content/themes/zakra/assets/js/skip-link-focus-fix.min.js?ver=4.0.6 HTTP/1.1" 200 666 "https://rajlaw.com.tw/blog7/" "Mozilla/5.0 (Macintosh; Intel Mac OS X 10_15_7) AppleWebKit/537.36 (KHTML, like Gecko) Chrome/148.0.0.0 Safari/537.36"
81.70.157.160 - - [23/Aug/2026:18:53:37 +0800] "GET /wp-content/plugins/elementor-pro/assets/js/webpack-pro.runtime.min.js?ver=3.2.2 HTTP/1.1" 200 5877 "https://rajlaw.com.tw/blog7/" "Mozilla/5.0 (Macintosh; Intel Mac OS X 10_15_7) AppleWebKit/537.36 (KHTML, like Gecko) Chrome/148.0.0.0 Safari/537.36"
81.70.157.160 - - [23/Aug/2026:18:53:37 +0800] "GET /wp-content/plugins/elementor/assets/js/webpack.runtime.min.js?ver=3.2.3 HTTP/1.1" 200 5110 "https://rajlaw.com.tw/blog7/" "Mozilla/5.0 (Macintosh; Intel Mac OS X 10_15_7) AppleWebKit/537.36 (KHTML, like Gecko) Chrome/148.0.0.0 Safari/537.36"
81.70.157.160 - - [23/Aug/2026:18:53:37 +0800] "GET /wp-includes/js/imagesloaded.min.js?ver=5.0.0 HTTP/1.1" 200 5861 "https://rajlaw.com.tw/blog7/" "Mozilla/5.0 (Macintosh; Intel Mac OS X 10_15_7) AppleWebKit/537.36 (KHTML, like Gecko) Chrome/148.0.0.0 Safari/537.36"
81.70.157.160 - - [23/Aug/2026:18:53:37 +0800] "GET /wp-includes/js/jquery/jquery.min.js?ver=3.7.1 HTTP/1.1" 200 88041 "https://rajlaw.com.tw/blog7/" "Mozilla/5.0 (Macintosh; Intel Mac OS X 10_15_7) AppleWebKit/537.36 (KHTML, like Gecko) Chrome/148.0.0.0 Safari/537.36"
81.70.157.160 - - [23/Aug/2026:18:53:37 +0800] "GET /wp-includes/js/jquery/jquery-migrate.min.js?ver=3.4.1 HTTP/1.1" 200 13919 "https://rajlaw.com.tw/blog7/" "Mozilla/5.0 (Macintosh; Intel Mac OS X 10_15_7) AppleWebKit/537.36 (KHTML, like Gecko) Chrome/148.0.0.0 Safari/537.36"
81.70.157.160 - - [23/Aug/2026:18:53:37 +0800] "GET /wp-content/plugins/elementor/assets/js/frontend-modules.min.js?ver=3.2.3 HTTP/1.1" 200 65343 "https://rajlaw.com.tw/blog7/" "Mozilla/5.0 (Macintosh; Intel Mac OS X 10_15_7) AppleWebKit/537.36 (KHTML, like Gecko) Chrome/148.0.0.0 Safari/537.36"
81.70.157.160 - - [23/Aug/2026:18:53:37 +0800] "GET /wp-content/plugins/blockart-blocks/assets/lib/swiper/swiper-bundle.min.js?ver=11.0.7 HTTP/1.1" 200 149752 "https://rajlaw.com.tw/blog7/" "Mozilla/5.0 (Macintosh; Intel Mac OS X 10_15_7) AppleWebKit/537.36 (KHTML, like Gecko) Chrome/148.0.0.0 Safari/537.36"
81.70.157.160 - - [23/Aug/2026:18:53:37 +0800] "GET /wp-content/plugins/elementor/assets/lib/waypoints/waypoints.min.js?ver=4.0.2 HTTP/1.1" 200 12540 "https://rajlaw.com.tw/blog7/" "Mozilla/5.0 (Macintosh; Intel Mac OS X 10_15_7) AppleWebKit/537.36 (KHTML, like Gecko) Chrome/148.0.0.0 Safari/537.36"
81.70.157.160 - - [23/Aug/2026:18:53:37 +0800] "GET /wp-content/plugins/elementor-pro/assets/lib/sticky/jquery.sticky.min.js?ver=3.2.2 HTTP/1.1" 200 6936 "https://rajlaw.com.tw/blog7/" "Mozilla/5.0 (Macintosh; Intel Mac OS X 10_15_7) AppleWebKit/537.36 (KHTML, like Gecko) Chrome/148.0.0.0 Safari/537.36"
81.70.157.160 - - [23/Aug/2026:18:53:37 +0800] "GET /wp-content/plugins/elementor/assets/lib/dialog/dialog.min.js?ver=4.8.1 HTTP/1.1" 200 11205 "https://rajlaw.com.tw/blog7/" "Mozilla/5.0 (Macintosh; Intel Mac OS X 10_15_7) AppleWebKit/537.36 (KHTML, like Gecko) Chrome/148.0.0.0 Safari/537.36"
81.70.157.160 - - [23/Aug/2026:18:53:37 +0800] "GET /wp-content/plugins/elementor-pro/assets/js/frontend.min.js?ver=3.2.2 HTTP/1.1" 200 57554 "https://rajlaw.com.tw/blog7/" "Mozilla/5.0 (Macintosh; Intel Mac OS X 10_15_7) AppleWebKit/537.36 (KHTML, like Gecko) Chrome/148.0.0.0 Safari/537.36"
81.70.157.160 - - [23/Aug/2026:18:53:37 +0800] "GET /wp-content/plugins/elementor/assets/js/preloaded-modules.min.js?ver=3.2.3 HTTP/1.1" 200 58463 "https://rajlaw.com.tw/blog7/" "Mozilla/5.0 (Macintosh; Intel Mac OS X 10_15_7) AppleWebKit/537.36 (KHTML, like Gecko) Chrome/148.0.0.0 Safari/537.36"
81.70.157.160 - - [23/Aug/2026:18:53:37 +0800] "GET /wp-includes/js/jquery/ui/core.min.js?ver=1.14.2 HTTP/1.1" 200 19045 "https://rajlaw.com.tw/blog7/" "Mozilla/5.0 (Macintosh; Intel Mac OS X 10_15_7) AppleWebKit/537.36 (KHTML, like Gecko) Chrome/148.0.0.0 Safari/537.36"
81.70.157.160 - - [23/Aug/2026:18:53:37 +0800] "GET /wp-content/plugins/elementor/assets/js/frontend.min.js?ver=3.2.3 HTTP/1.1" 200 68149 "https://rajlaw.com.tw/blog7/" "Mozilla/5.0 (Macintosh; Intel Mac OS X 10_15_7) AppleWebKit/537.36 (KHTML, like Gecko) Chrome/148.0.0.0 Safari/537.36"
81.70.157.160 - - [23/Aug/2026:18:53:37 +0800] "GET /wp-content/plugins/elementor/assets/lib/share-link/share-link.min.js?ver=3.2.3 HTTP/1.1" 200 2918 "https://rajlaw.com.tw/blog7/" "Mozilla/5.0 (Macintosh; Intel Mac OS X 10_15_7) AppleWebKit/537.36 (KHTML, like Gecko) Chrome/148.0.0.0 Safari/537.36"
81.70.157.160 - - [23/Aug/2026:18:53:37 +0800] "GET /wp-content/plugins/elementor-pro/assets/js/preloaded-elements-handlers.min.js?ver=3.2.2 HTTP/1.1" 200 157438 "https://rajlaw.com.tw/blog7/" "Mozilla/5.0 (Macintosh; Intel Mac OS X 10_15_7) AppleWebKit/537.36 (KHTML, like Gecko) Chrome/148.0.0.0 Safari/537.36"
204.0.56.246 - - [23/Aug/2026:18:53:36 +0800] "POST /wp-admin/admin-ajax.php HTTP/1.1" 403 23233 "https://rajlaw.com.tw/" "Mozilla/5.0"
204.0.56.246 - - [23/Aug/2026:18:53:37 +0800] "POST /wp-admin/admin-ajax.php HTTP/1.1" 403 23233 "https://rajlaw.com.tw/" "Mozilla/5.0"
124.150.132.81 - - [23/Aug/2026:18:53:38 +0800] "POST /?wordfence_syncAttackData=1787482418.0918 HTTP/1.1" 200 5755 "-" "WordPress/7.1; https://rajlaw.com.tw"
40.77.167.77 - - [23/Aug/2026:18:53:34 +0800] "GET /play-19000-totally-free-harbors-brand-new-totally-free-ports-no-obtain/ HTTP/1.1" 200 94730 "-" "Mozilla/5.0 AppleWebKit/537.36 (KHTML, like Gecko; compatible; bingbot/2.0; +http://www.bing.com/bingbot.htm) Chrome/116.0.1938.76 Safari/537.36"
57.141.14.91 - - [23/Aug/2026:18:54:06 +0800] "GET / HTTP/1.1" 200 139932 "-" "facebookexternalhit/1.1 (+http://www.facebook.com/externalhit_uatext.php)"
36.137.207.80 - - [23/Aug/2026:18:54:32 +0800] "GET /you-get-a-flaccid-continuous-high-quality-gaming-platform-regarding-any-mobile-phone-resource/ HTTP/1.1" 200 95091 "https://rajlaw.com.tw/news/page/35/" "Mozilla/5.0 (Windows NT 10.0; Win64; x64) AppleWebKit/537.36 (KHTML, like Gecko) Chrome/142.0.0.0 Safari/537.36"
36.212.246.38 - - [23/Aug/2026:18:54:41 +0800] "GET /you-get-a-flaccid-continuous-high-quality-gaming-platform-regarding-any-mobile-phone-resource/ HTTP/1.1" 200 95091 "https://rajlaw.com.tw/news/page/35/" "Mozilla/5.0 (Windows NT 10.0; Win64; x64) AppleWebKit/537.36 (KHTML, like Gecko) Chrome/142.0.0.0 Safari/537.36"
57.141.20.27 - - [23/Aug/2026:18:56:57 +0800] "GET / HTTP/1.1" 200 139932 "-" "facebookexternalhit/1.1 (+http://www.facebook.com/externalhit_uatext.php)"
66.249.71.227 - - [23/Aug/2026:18:57:03 +0800] "GET /geisha-casino-slot-games-play-for-online-critical-link-with-no-packages/ HTTP/1.1" 200 101903 "-" "Mozilla/5.0 (Linux; Android 6.0.1; Nexus 5X Build/MMB29P) AppleWebKit/537.36 (KHTML, like Gecko) Chrome/151.0.7922.137 Mobile Safari/537.36 (compatible; Googlebot/2.1; +http://www.google.com/bot.html)"
40.77.167.35 - - [23/Aug/2026:18:58:05 +0800] "GET /?author=0 HTTP/1.1" 200 124734 "-" "Mozilla/5.0 AppleWebKit/537.36 (KHTML, like Gecko; compatible; bingbot/2.0; +http://www.bing.com/bingbot.htm) Chrome/116.0.1938.76 Safari/537.36"
40.77.167.35 - - [23/Aug/2026:18:58:10 +0800] "GET /accede-al-poder-de-cinco-leones/ HTTP/1.1" 200 93780 "-" "Mozilla/5.0 AppleWebKit/537.36 (KHTML, like Gecko; compatible; bingbot/2.0; +http://www.bing.com/bingbot.htm) Chrome/116.0.1938.76 Safari/537.36"
52.167.144.213 - - [23/Aug/2026:18:58:13 +0800] "GET /page/4/?author=0 HTTP/1.1" 200 124806 "-" "Mozilla/5.0 AppleWebKit/537.36 (KHTML, like Gecko; compatible; bingbot/2.0; +http://www.bing.com/bingbot.htm) Chrome/116.0.1938.76 Safari/537.36"
52.167.144.213 - - [23/Aug/2026:18:58:21 +0800] "GET /page/2/?author=0 HTTP/1.1" 200 120093 "-" "Mozilla/5.0 AppleWebKit/537.36 (KHTML, like Gecko; compatible; bingbot/2.0; +http://www.bing.com/bingbot.htm) Chrome/116.0.1938.76 Safari/537.36"
40.77.167.35 - - [23/Aug/2026:18:58:24 +0800] "GET /hell-spin-darmowe-spiny-fangst-nu/ HTTP/1.1" 200 91423 "-" "Mozilla/5.0 AppleWebKit/537.36 (KHTML, like Gecko; compatible; bingbot/2.0; +http://www.bing.com/bingbot.htm) Chrome/116.0.1938.76 Safari/537.36"
52.167.144.213 - - [23/Aug/2026:18:58:42 +0800] "GET /to-start-for-each-and-every-bullet-people-place-bets-in-the-betting-box-at-each-status/ HTTP/1.1" 200 98035 "-" "Mozilla/5.0 AppleWebKit/537.36 (KHTML, like Gecko; compatible; bingbot/2.0; +http://www.bing.com/bingbot.htm) Chrome/116.0.1938.76 Safari/537.36"
124.150.132.81 - - [23/Aug/2026:18:58:46 +0800] "POST /wp-cron.php?doing_wp_cron=1787482726.1027739048004150390625 HTTP/1.1" 200 5843 "-" "WordPress/7.1; https://rajlaw.com.tw"
190.140.214.197 - - [23/Aug/2026:18:59:35 +0800] "GET //xmlrpc.php HTTP/1.1" 403 23234 "-" "Mozilla/5.0 (Windows NT 10.0; WOW64; rv:45.0) Gecko/20100101 Firefox/45.0"
124.150.132.81 - - [23/Aug/2026:18:59:46 +0800] "POST /?wordfence_syncAttackData=1787482786.366 HTTP/1.1" 200 5755 "-" "WordPress/7.1; https://rajlaw.com.tw"
57.141.10.16 - - [23/Aug/2026:18:59:44 +0800] "GET / HTTP/1.1" 200 139932 "-" "facebookexternalhit/1.1 (+http://www.facebook.com/externalhit_uatext.php)"
124.150.132.81 - - [23/Aug/2026:18:59:49 +0800] "POST /wp-cron.php?doing_wp_cron=1787482789.4291970729827880859375 HTTP/1.1" 500 8614 "-" "WordPress/7.1; https://rajlaw.com.tw"
20.15.133.165 - - [23/Aug/2026:19:00:40 +0800] "GET /robots.txt HTTP/1.1" 200 6163 "-" "Mozilla/5.0 AppleWebKit/537.36 (KHTML, like Gecko; compatible; bingbot/2.0; +http://www.bing.com/bingbot.htm) Chrome/116.0.1938.76 Safari/537.36"
52.167.144.213 - - [23/Aug/2026:19:00:43 +0800] "GET /the-brand-new-jackpotrabbit-no-put-extra-will-provide-you-with-175000-gc-and-you-may-twenty-three-totally-free-south-carolina/ HTTP/1.1" 200 97095 "-" "Mozilla/5.0 AppleWebKit/537.36 (KHTML, like Gecko; compatible; bingbot/2.0; +http://www.bing.com/bingbot.htm) Chrome/116.0.1938.76 Safari/537.36"
40.77.167.35 - - [23/Aug/2026:19:00:45 +0800] "GET /the-fresh-new-jackpotrabbit-zero-deposit-bonus-will-provide-you-with-175000-gc-and-you-will-twenty-three-100-free-sc/ HTTP/1.1" 200 97224 "-" "Mozilla/5.0 AppleWebKit/537.36 (KHTML, like Gecko; compatible; bingbot/2.0; +http://www.bing.com/bingbot.htm) Chrome/116.0.1938.76 Safari/537.36"
52.167.144.213 - - [23/Aug/2026:19:00:47 +0800] "GET /the-new-rating-lies-in-a-size-with-100-as-the-very-legitimate/ HTTP/1.1" 200 92365 "-" "Mozilla/5.0 AppleWebKit/537.36 (KHTML, like Gecko; compatible; bingbot/2.0; +http://www.bing.com/bingbot.htm) Chrome/116.0.1938.76 Safari/537.36"
